[INFO] fetching crate cross-sandbox-core 0.1.1...
[INFO] testing cross-sandbox-core-0.1.1 against 1.99.0-beta.8+cargoflags=--release for beta-release-1.100-2
[INFO] extracting crate cross-sandbox-core 0.1.1 into /workspace/builds/worker-7-tc1/source
[INFO] started tweaking crates.io crate cross-sandbox-core 0.1.1
[INFO] finished tweaking crates.io crate cross-sandbox-core 0.1.1
[INFO] tweaked toml for crates.io crate cross-sandbox-core 0.1.1 written to /workspace/builds/worker-7-tc1/source/Cargo.toml
[INFO] validating manifest of crates.io crate cross-sandbox-core 0.1.1 on toolchain 1.99.0-beta.8
[INFO] running `Command { std: CARGO_HOME="/workspace/cargo-home" RUSTUP_HOME="/workspace/rustup-home" "/workspace/cargo-home/bin/cargo" "+1.99.0-beta.8" "metadata" "--manifest-path" "Cargo.toml" "--no-deps", kill_on_drop: false }`
[INFO] crate crates.io crate cross-sandbox-core 0.1.1 already has a lockfile, it will not be regenerated
[INFO] running `Command { std: CARGO_HOME="/workspace/cargo-home" RUSTUP_HOME="/workspace/rustup-home" "/workspace/cargo-home/bin/cargo" "+1.99.0-beta.8" "fetch" "--manifest-path" "Cargo.toml", kill_on_drop: false }`
[INFO] running `Command { std: "docker" "create" "-v" "/var/lib/crater-agent-workspace/builds/worker-7-tc1/source:/opt/rustwide/workdir:ro,Z" "-v" "/var/lib/crater-agent-workspace/builds/worker-7-tc1/target:/opt/rustwide/target:rw,Z" "-v" "/var/lib/crater-agent-workspace/cargo-home:/opt/rustwide/cargo-home:ro,Z" "-v" "/var/lib/crater-agent-workspace/rustup-home:/opt/rustwide/rustup-home:ro,Z" "-m" "1610612736" "--network" "none" "ghcr.io/rust-lang/crates-build-env/linux@sha256:77db811e55d90add9212f6832c23229e3de5f1c1f9905e8cb07319ea15df73ac" "sleep" "infinity", kill_on_drop: false }`
[INFO] [stdout] 7ee714e019cf96dc33f8afdca1f600e7b3d16d55f3f087bb77d54f6d40ffad46
[INFO] running `Command { std: "docker" "start" "7ee714e019cf96dc33f8afdca1f600e7b3d16d55f3f087bb77d54f6d40ffad46", kill_on_drop: false }`
[INFO] running `Command { std: "docker" "inspect" "7ee714e019cf96dc33f8afdca1f600e7b3d16d55f3f087bb77d54f6d40ffad46", kill_on_drop: false }`
[INFO] running `Command { std: "docker" "exec" "-e" "SOURCE_DIR=/opt/rustwide/workdir" "-e" "CARGO_HOME=/opt/rustwide/cargo-home" "-e" "RUSTUP_HOME=/opt/rustwide/rustup-home" "-e" "CARGO_TARGET_DIR=/opt/rustwide/target" "-w" "/opt/rustwide/workdir" "--user" "0:0" "7ee714e019cf96dc33f8afdca1f600e7b3d16d55f3f087bb77d54f6d40ffad46" "/opt/rustwide/cargo-home/bin/cargo" "+1.99.0-beta.8" "metadata" "--no-deps" "--format-version=1", kill_on_drop: false }`
[INFO] running `Command { std: "docker" "inspect" "7ee714e019cf96dc33f8afdca1f600e7b3d16d55f3f087bb77d54f6d40ffad46", kill_on_drop: false }`
[INFO] running `Command { std: "docker" "exec" "-e" "SOURCE_DIR=/opt/rustwide/workdir" "-e" "CARGO_HOME=/opt/rustwide/cargo-home" "-e" "RUSTUP_HOME=/opt/rustwide/rustup-home" "-e" "CARGO_TARGET_DIR=/opt/rustwide/target" "-e" "CARGO_INCREMENTAL=0" "-e" "RUST_BACKTRACE=full" "-e" "RUSTFLAGS=--cap-lints=warn" "-e" "RUSTDOCFLAGS=--cap-lints=warn" "-w" "/opt/rustwide/workdir" "--user" "0:0" "7ee714e019cf96dc33f8afdca1f600e7b3d16d55f3f087bb77d54f6d40ffad46" "/opt/rustwide/cargo-home/bin/cargo" "+1.99.0-beta.8" "build" "--frozen" "--message-format=json" "--release", kill_on_drop: false }`
[INFO] [stderr]    Compiling memchr v2.8.2
[INFO] [stderr]    Compiling syn v2.0.118
[INFO] [stderr]    Compiling log v0.4.32
[INFO] [stderr]    Compiling aho-corasick v1.1.4
[INFO] [stderr]    Compiling bstr v1.12.1
[INFO] [stderr]    Compiling serde_json v1.0.150
[INFO] [stderr]    Compiling regex-automata v0.4.14
[INFO] [stderr]    Compiling serde_derive v1.0.228
[INFO] [stderr]    Compiling thiserror-impl v2.0.18
[INFO] [stderr]    Compiling thiserror v2.0.18
[INFO] [stderr]    Compiling globset v0.4.18
[INFO] [stderr]    Compiling serde v1.0.228
[INFO] [stderr]    Compiling cross-sandbox-core v0.1.1 (/opt/rustwide/workdir)
[INFO] [stdout] warning: unused import: `PathBuf`
[INFO] [stdout]  --> src/config.rs:6:23
[INFO] [stdout]   |
[INFO] [stdout] 6 | use std::path::{Path, PathBuf};
[INFO] [stdout]   |                       ^^^^^^^
[INFO] [stdout]   |
[INFO] [stdout]   = note: `#[warn(unused_imports)]` (part of `#[warn(unused)]`) on by default
[INFO] [stdout] 
[INFO] [stdout] 
[INFO] [stderr]     Finished `release` profile [optimized] target(s) in 22.58s
[INFO] running `Command { std: "docker" "inspect" "7ee714e019cf96dc33f8afdca1f600e7b3d16d55f3f087bb77d54f6d40ffad46", kill_on_drop: false }`
[INFO] running `Command { std: "docker" "exec" "-e" "SOURCE_DIR=/opt/rustwide/workdir" "-e" "CARGO_HOME=/opt/rustwide/cargo-home" "-e" "RUSTUP_HOME=/opt/rustwide/rustup-home" "-e" "CARGO_TARGET_DIR=/opt/rustwide/target" "-e" "CARGO_INCREMENTAL=0" "-e" "RUST_BACKTRACE=full" "-e" "RUSTFLAGS=--cap-lints=warn" "-e" "RUSTDOCFLAGS=--cap-lints=warn" "-w" "/opt/rustwide/workdir" "--user" "0:0" "7ee714e019cf96dc33f8afdca1f600e7b3d16d55f3f087bb77d54f6d40ffad46" "/opt/rustwide/cargo-home/bin/cargo" "+1.99.0-beta.8" "test" "--frozen" "--no-run" "--message-format=json" "--release", kill_on_drop: false }`
[INFO] [stderr]    Compiling cross-sandbox-core v0.1.1 (/opt/rustwide/workdir)
[INFO] [stdout] warning: unused import: `PathBuf`
[INFO] [stdout]  --> src/config.rs:6:23
[INFO] [stdout]   |
[INFO] [stdout] 6 | use std::path::{Path, PathBuf};
[INFO] [stdout]   |                       ^^^^^^^
[INFO] [stdout]   |
[INFO] [stdout]   = note: `#[warn(unused_imports)]` (part of `#[warn(unused)]`) on by default
[INFO] [stdout] 
[INFO] [stdout] 
[INFO] [stdout] warning: unused import: `PathBuf`
[INFO] [stdout]  --> src/config.rs:6:23
[INFO] [stdout]   |
[INFO] [stdout] 6 | use std::path::{Path, PathBuf};
[INFO] [stdout]   |                       ^^^^^^^
[INFO] [stdout]   |
[INFO] [stdout]   = note: `#[warn(unused_imports)]` (part of `#[warn(unused)]`) on by default
[INFO] [stdout] 
[INFO] [stdout] 
[INFO] [stderr]     Finished `release` profile [optimized] target(s) in 3.12s
[INFO] running `Command { std: "docker" "inspect" "7ee714e019cf96dc33f8afdca1f600e7b3d16d55f3f087bb77d54f6d40ffad46", kill_on_drop: false }`
[INFO] running `Command { std: "docker" "exec" "-e" "SOURCE_DIR=/opt/rustwide/workdir" "-e" "CARGO_HOME=/opt/rustwide/cargo-home" "-e" "RUSTUP_HOME=/opt/rustwide/rustup-home" "-e" "CARGO_TARGET_DIR=/opt/rustwide/target" "-e" "CARGO_INCREMENTAL=0" "-e" "RUST_BACKTRACE=full" "-e" "RUSTFLAGS=--cap-lints=warn" "-e" "RUSTDOCFLAGS=--cap-lints=warn" "-w" "/opt/rustwide/workdir" "--user" "0:0" "7ee714e019cf96dc33f8afdca1f600e7b3d16d55f3f087bb77d54f6d40ffad46" "/opt/rustwide/cargo-home/bin/cargo" "+1.99.0-beta.8" "test" "--frozen" "--release", kill_on_drop: false }`
[INFO] [stderr] warning: unused import: `PathBuf`
[INFO] [stderr]  --> src/config.rs:6:23
[INFO] [stderr]   |
[INFO] [stderr] 6 | use std::path::{Path, PathBuf};
[INFO] [stderr]   |                       ^^^^^^^
[INFO] [stderr]   |
[INFO] [stderr]   = note: `#[warn(unused_imports)]` (part of `#[warn(unused)]`) on by default
[INFO] [stderr] 
[INFO] [stderr] warning: `cross-sandbox-core` (lib) generated 1 warning (run `cargo fix --lib -p cross-sandbox-core` to apply 1 suggestion)
[INFO] [stderr] warning: `cross-sandbox-core` (lib test) generated 1 warning (1 duplicate)
[INFO] [stderr]     Finished `release` profile [optimized] target(s) in 0.06s
[INFO] [stderr]      Running unittests src/lib.rs (/opt/rustwide/target/release/deps/cross_sandbox_core-615fce34fd8c686d)
[INFO] [stdout] 
[INFO] [stdout] running 55 tests
[INFO] [stdout] test acl::tests::test_file_rule_constructors ... ok
[INFO] [stdout] test acl::tests::test_file_permission_methods ... ok
[INFO] [stdout] test acl::tests::test_net_rule_any_protocol_alias ... ok
[INFO] [stdout] test acl::tests::test_net_rule_deny_all_serialize ... ok
[INFO] [stdout] test config::tests::test_config_from_json_basic ... ok
[INFO] [stdout] test acl::tests::test_net_rule_serialization ... ok
[INFO] [stdout] test acl::tests::test_file_permission_default ... ok
[INFO] [stdout] test config::tests::test_config_defaults_on_missing_fields ... ok
[INFO] [stdout] test config::tests::test_config_from_json_file_permissions ... ok
[INFO] [stdout] test config::tests::test_config_from_json_full ... ok
[INFO] [stdout] test acl::tests::test_net_action_serialization ... ok
[INFO] [stdout] test acl::tests::test_file_permission_serialization_roundtrip ... ok
[INFO] [stdout] test acl::tests::test_file_rule_serialization ... ok
[INFO] [stdout] test acl::tests::test_file_permission_deserialize ... ok
[INFO] [stdout] test acl::tests::test_net_protocol_is_any ... ok
[INFO] [stdout] test config::tests::test_config_validation_valid ... ok
[INFO] [stdout] test acl::tests::test_net_action_methods ... ok
[INFO] [stdout] test config::tests::test_config_from_json_invalid_type ... ok
[INFO] [stdout] test acl::tests::test_net_rule_constructors ... ok
[INFO] [stdout] test config::tests::test_deserialize_full_config ... ok
[INFO] [stdout] test config::tests::test_deserialize_minimal_config ... ok
[INFO] [stdout] test config::tests::test_config_validation_empty_pattern ... ok
[INFO] [stdout] test config::tests::test_config_validation_empty_rules ... ok
[INFO] [stdout] test config::tests::test_config_from_json_malformed ... ok
[INFO] [stdout] test config::tests::test_config_from_json_minimal ... ok
[INFO] [stdout] test config::tests::test_config_from_json_network_rules ... ok
[INFO] [stdout] test error::tests::test_sandbox_result_default ... ok
[INFO] [stdout] test config::tests::test_config_serialization_roundtrip ... ok
[INFO] [stdout] test error::tests::test_error_display ... ok
[INFO] [stdout] test config::tests::test_default_config_is_valid ... ok
[INFO] [stdout] test error::tests::test_error_from_string ... ok
[INFO] [stdout] test config::tests::test_strict_config_denies_network ... ok
[INFO] [stdout] test config::tests::test_config_from_json_unknown_field ... ok
[INFO] [stdout] test config::tests::test_timeout_serialization ... ok
[INFO] [stdout] test platform::tests::test_path_resolver_windows_system_to_linux ... ok
[INFO] [stdout] test platform::tests::test_path_resolver_windows_to_linux ... ok
[INFO] [stdout] test config::tests::test_file_rule_order_is_preserved ... ok
[INFO] [stdout] test config::tests::test_network_only_config ... ok
[INFO] [stdout] test config::tests::test_strict_config_denies_all_files ... ok
[INFO] [stdout] test platform::tests::test_path_resolver_macos_preserved ... ok
[INFO] [stdout] test platform::tests::test_path_resolver_windows_to_macos ... ok
[INFO] [stdout] test platform::tests::test_platform_is_unix ... ok
[INFO] [stdout] test platform::tests::test_platform_serialization ... ok
[INFO] [stdout] test error::tests::test_stream_event_debug ... ok
[INFO] [stdout] test platform::tests::test_path_resolver_linux_to_windows ... ok
[INFO] [stdout] test platform::tests::test_path_resolver_linux_preserved ... ok
[INFO] [stdout] test platform::tests::test_platform_current ... ok
[INFO] [stdout] test platform::tests::test_platform_name ... ok
[INFO] [stdout] test error::tests::test_sandbox_result_serialization ... ok
[INFO] [stdout] test platform::tests::test_path_resolver_windows_system_to_macos ... ok
[INFO] [stdout] test stream::tests::test_stream_receiver_collect ... ok
[INFO] [stdout] test stream::tests::test_stream_receiver_empty ... ok
[INFO] [stdout] test stream::tests::test_stream_receiver_first_done_wins ... ok
[INFO] [stdout] test acl::tests::test_net_protocol_serialization_roundtrip ... ok
[INFO] [stdout] test acl::tests::test_net_protocol_deserialize ... ok
[INFO] [stderr]    Doc-tests cross_sandbox_core
[INFO] [stdout] 
[INFO] [stdout] test result: ok. 55 passed; 0 failed; 0 ignored; 0 measured; 0 filtered out; finished in 0.07s
[INFO] [stdout] 
[INFO] [stdout] 
[INFO] [stdout] running 2 tests
[INFO] [stdout] test src/sandbox_trait.rs - sandbox_trait::PlatformSandbox (line 16) - compile ... FAILED
[INFO] [stdout] test src/config.rs - config::SandboxConfig::from_json (line 171) ... ok
[INFO] [stdout] 
[INFO] [stdout] failures:
[INFO] [stdout] 
[INFO] [stdout] ---- src/sandbox_trait.rs - sandbox_trait::PlatformSandbox (line 16) stdout ----
[INFO] [stdout] error[E0432]: unresolved import `sandbox_core`
[INFO] [stdout]   --> src/sandbox_trait.rs:17:5
[INFO] [stdout]    |
[INFO] [stdout] 17 | use sandbox_core::PlatformSandbox;
[INFO] [stdout]    |     ^^^^^^^^^^^^ use of unresolved module or unlinked crate `sandbox_core`
[INFO] [stdout]    |
[INFO] [stdout]    = help: if you wanted to use a crate named `sandbox_core`, use `cargo add sandbox_core` to add it to your `Cargo.toml`
[INFO] [stdout] 
[INFO] [stdout] error[E0433]: cannot find module or crate `sandbox_core` in this scope
[INFO] [stdout]   --> src/sandbox_trait.rs:28:13
[INFO] [stdout]    |
[INFO] [stdout] 28 |             sandbox_core::StreamEvent::Stdout(s) => print!("{}", s),
[INFO] [stdout]    |             ^^^^^^^^^^^^ use of unresolved module or unlinked crate `sandbox_core`
[INFO] [stdout]    |
[INFO] [stdout]    = help: if you wanted to use a crate named `sandbox_core`, use `cargo add sandbox_core` to add it to your `Cargo.toml`
[INFO] [stdout] 
[INFO] [stdout] error[E0433]: cannot find module or crate `sandbox_core` in this scope
[INFO] [stdout]   --> src/sandbox_trait.rs:29:13
[INFO] [stdout]    |
[INFO] [stdout] 29 |             sandbox_core::StreamEvent::Stderr(s) => eprint!("{}", s),
[INFO] [stdout]    |             ^^^^^^^^^^^^ use of unresolved module or unlinked crate `sandbox_core`
[INFO] [stdout]    |
[INFO] [stdout]    = help: if you wanted to use a crate named `sandbox_core`, use `cargo add sandbox_core` to add it to your `Cargo.toml`
[INFO] [stdout] 
[INFO] [stdout] error[E0433]: cannot find module or crate `sandbox_core` in this scope
[INFO] [stdout]   --> src/sandbox_trait.rs:30:13
[INFO] [stdout]    |
[INFO] [stdout] 30 |             sandbox_core::StreamEvent::Done(r) => {
[INFO] [stdout]    |             ^^^^^^^^^^^^ use of unresolved module or unlinked crate `sandbox_core`
[INFO] [stdout]    |
[INFO] [stdout]    = help: if you wanted to use a crate named `sandbox_core`, use `cargo add sandbox_core` to add it to your `Cargo.toml`
[INFO] [stdout] 
[INFO] [stdout] error[E0433]: cannot find module or crate `sandbox_core` in this scope
[INFO] [stdout]   --> src/sandbox_trait.rs:19:54
[INFO] [stdout]    |
[INFO] [stdout] 19 | fn run(sandbox: &impl PlatformSandbox) -> Result<(), sandbox_core::SandboxError> {
[INFO] [stdout]    |                                                      ^^^^^^^^^^^^ use of unresolved module or unlinked crate `sandbox_core`
[INFO] [stdout]    |
[INFO] [stdout]    = help: if you wanted to use a crate named `sandbox_core`, use `cargo add sandbox_core` to add it to your `Cargo.toml`
[INFO] [stdout] 
[INFO] [stdout] error: aborting due to 5 previous errors
[INFO] [stdout] 
[INFO] [stdout] Some errors have detailed explanations: E0432, E0433.
[INFO] [stdout] For more information about an error, try `rustc --explain E0432`.
[INFO] [stdout] Couldn't compile the test.
[INFO] [stdout] 
[INFO] [stdout] failures:
[INFO] [stdout]     src/sandbox_trait.rs - sandbox_trait::PlatformSandbox (line 16)
[INFO] [stdout] 
[INFO] [stdout] test result: FAILED. 1 passed; 1 failed; 0 ignored; 0 measured; 0 filtered out; finished in 0.49s
[INFO] [stdout] 
[INFO] [stderr] error: doctest failed, to rerun pass `--doc`
[INFO] running `Command { std: "docker" "inspect" "7ee714e019cf96dc33f8afdca1f600e7b3d16d55f3f087bb77d54f6d40ffad46", kill_on_drop: false }`
[INFO] running `Command { std: "docker" "rm" "-f" "7ee714e019cf96dc33f8afdca1f600e7b3d16d55f3f087bb77d54f6d40ffad46", kill_on_drop: false }`
[INFO] [stdout] 7ee714e019cf96dc33f8afdca1f600e7b3d16d55f3f087bb77d54f6d40ffad46
