[INFO] fetching crate croshet 0.1.0...
[INFO] testing croshet-0.1.0 against 1.100.0-beta.1+cargoflags=--release for beta-release-1.100-2
[INFO] extracting crate croshet 0.1.0 into /workspace/builds/worker-4-tc2/source
[INFO] removed /workspace/builds/worker-4-tc2/source/.cargo/config.toml
[INFO] started tweaking crates.io crate croshet 0.1.0
[INFO] removed 0 missing tests
[INFO] finished tweaking crates.io crate croshet 0.1.0
[INFO] tweaked toml for crates.io crate croshet 0.1.0 written to /workspace/builds/worker-4-tc2/source/Cargo.toml
[INFO] validating manifest of crates.io crate croshet 0.1.0 on toolchain 1.100.0-beta.1
[INFO] running `Command { std: CARGO_HOME="/workspace/cargo-home" RUSTUP_HOME="/workspace/rustup-home" "/workspace/cargo-home/bin/cargo" "+1.100.0-beta.1" "metadata" "--manifest-path" "Cargo.toml" "--no-deps", kill_on_drop: false }`
[INFO] crate crates.io crate croshet 0.1.0 already has a lockfile, it will not be regenerated
[INFO] running `Command { std: CARGO_HOME="/workspace/cargo-home" RUSTUP_HOME="/workspace/rustup-home" "/workspace/cargo-home/bin/cargo" "+1.100.0-beta.1" "fetch" "--manifest-path" "Cargo.toml", kill_on_drop: false }`
[INFO] running `Command { std: "docker" "create" "-v" "/var/lib/crater-agent-workspace/builds/worker-4-tc2/source:/opt/rustwide/workdir:ro,Z" "-v" "/var/lib/crater-agent-workspace/builds/worker-4-tc2/target:/opt/rustwide/target:rw,Z" "-v" "/var/lib/crater-agent-workspace/cargo-home:/opt/rustwide/cargo-home:ro,Z" "-v" "/var/lib/crater-agent-workspace/rustup-home:/opt/rustwide/rustup-home:ro,Z" "-m" "1610612736" "--network" "none" "ghcr.io/rust-lang/crates-build-env/linux@sha256:77db811e55d90add9212f6832c23229e3de5f1c1f9905e8cb07319ea15df73ac" "sleep" "infinity", kill_on_drop: false }`
[INFO] [stdout] 19de3e1a31449ea3e6d69280a62e0422237a61a28e6c72c12211bdc0b30cf802
[INFO] running `Command { std: "docker" "start" "19de3e1a31449ea3e6d69280a62e0422237a61a28e6c72c12211bdc0b30cf802", kill_on_drop: false }`
[INFO] running `Command { std: "docker" "inspect" "19de3e1a31449ea3e6d69280a62e0422237a61a28e6c72c12211bdc0b30cf802", kill_on_drop: false }`
[INFO] running `Command { std: "docker" "exec" "-e" "SOURCE_DIR=/opt/rustwide/workdir" "-e" "CARGO_HOME=/opt/rustwide/cargo-home" "-e" "RUSTUP_HOME=/opt/rustwide/rustup-home" "-e" "CARGO_TARGET_DIR=/opt/rustwide/target" "-w" "/opt/rustwide/workdir" "--user" "0:0" "19de3e1a31449ea3e6d69280a62e0422237a61a28e6c72c12211bdc0b30cf802" "/opt/rustwide/cargo-home/bin/cargo" "+1.100.0-beta.1" "metadata" "--no-deps" "--format-version=1", kill_on_drop: false }`
[INFO] running `Command { std: "docker" "inspect" "19de3e1a31449ea3e6d69280a62e0422237a61a28e6c72c12211bdc0b30cf802", kill_on_drop: false }`
[INFO] running `Command { std: "docker" "exec" "-e" "SOURCE_DIR=/opt/rustwide/workdir" "-e" "CARGO_HOME=/opt/rustwide/cargo-home" "-e" "RUSTUP_HOME=/opt/rustwide/rustup-home" "-e" "CARGO_TARGET_DIR=/opt/rustwide/target" "-e" "CARGO_INCREMENTAL=0" "-e" "RUST_BACKTRACE=full" "-e" "RUSTFLAGS=--cap-lints=warn" "-e" "RUSTDOCFLAGS=--cap-lints=warn" "-w" "/opt/rustwide/workdir" "--user" "0:0" "19de3e1a31449ea3e6d69280a62e0422237a61a28e6c72c12211bdc0b30cf802" "/opt/rustwide/cargo-home/bin/cargo" "+1.100.0-beta.1" "build" "--frozen" "--message-format=json" "--release", kill_on_drop: false }`
[INFO] [stderr]    Compiling libc v0.2.176
[INFO] [stderr]    Compiling object v0.36.7
[INFO] [stderr]    Compiling futures-core v0.3.31
[INFO] [stderr]    Compiling quote v1.0.38
[INFO] [stderr]    Compiling gimli v0.31.1
[INFO] [stderr]    Compiling indexmap v2.12.1
[INFO] [stderr]    Compiling miniz_oxide v0.8.2
[INFO] [stderr]    Compiling rustc-demangle v0.1.24
[INFO] [stderr]    Compiling futures-channel v0.3.31
[INFO] [stderr]    Compiling syn v2.0.95
[INFO] [stderr]    Compiling fixedbitset v0.4.2
[INFO] [stderr]    Compiling parking_lot_core v0.9.10
[INFO] [stderr]    Compiling cfg_aliases v0.2.1
[INFO] [stderr]    Compiling smallvec v1.13.2
[INFO] [stderr]    Compiling nix v0.29.0
[INFO] [stderr]    Compiling petgraph v0.6.5
[INFO] [stderr]    Compiling anyhow v1.0.95
[INFO] [stderr]    Compiling thiserror v2.0.9
[INFO] [stderr]    Compiling path-dedot v3.1.1
[INFO] [stderr]    Compiling dunce v1.0.5
[INFO] [stderr]    Compiling soft-canonicalize v0.3.6
[INFO] [stderr]    Compiling monch v0.5.0
[INFO] [stderr]    Compiling which v8.0.0
[INFO] [stderr]    Compiling thread-id v4.2.2
[INFO] [stderr]    Compiling mio v1.0.3
[INFO] [stderr]    Compiling signal-hook-registry v1.4.2
[INFO] [stderr]    Compiling addr2line v0.24.2
[INFO] [stderr]    Compiling futures-macro v0.3.31
[INFO] [stderr]    Compiling tokio-macros v2.5.0
[INFO] [stderr]    Compiling thiserror-impl v2.0.9
[INFO] [stderr]    Compiling sys_traits_macros v0.1.0
[INFO] [stderr]    Compiling async-trait v0.1.89
[INFO] [stderr]    Compiling sys_traits v0.1.17
[INFO] [stderr]    Compiling tokio v1.47.1
[INFO] [stderr]    Compiling backtrace v0.3.74
[INFO] [stderr]    Compiling futures-util v0.3.31
[INFO] [stderr]    Compiling parking_lot v0.12.3
[INFO] [stderr]    Compiling futures-executor v0.3.31
[INFO] [stderr]    Compiling futures v0.3.31
[INFO] [stderr]    Compiling croshet v0.1.0 (/opt/rustwide/workdir)
[INFO] [stderr]     Finished `release` profile [optimized] target(s) in 1m 10s
[INFO] [stderr] warning: the following packages contain code that will be rejected by a future version of Rust: nix v0.29.0
[INFO] [stderr] note: to see what the problems were, use the option `--future-incompat-report`, or run `cargo report future-incompatibilities --id 5`
[INFO] running `Command { std: "docker" "inspect" "19de3e1a31449ea3e6d69280a62e0422237a61a28e6c72c12211bdc0b30cf802", kill_on_drop: false }`
[INFO] running `Command { std: "docker" "exec" "-e" "SOURCE_DIR=/opt/rustwide/workdir" "-e" "CARGO_HOME=/opt/rustwide/cargo-home" "-e" "RUSTUP_HOME=/opt/rustwide/rustup-home" "-e" "CARGO_TARGET_DIR=/opt/rustwide/target" "-e" "CARGO_INCREMENTAL=0" "-e" "RUST_BACKTRACE=full" "-e" "RUSTFLAGS=--cap-lints=warn" "-e" "RUSTDOCFLAGS=--cap-lints=warn" "-w" "/opt/rustwide/workdir" "--user" "0:0" "19de3e1a31449ea3e6d69280a62e0422237a61a28e6c72c12211bdc0b30cf802" "/opt/rustwide/cargo-home/bin/cargo" "+1.100.0-beta.1" "test" "--frozen" "--no-run" "--message-format=json" "--release", kill_on_drop: false }`
[INFO] [stderr]    Compiling bitflags v2.6.0
[INFO] [stderr]    Compiling serde v1.0.217
[INFO] [stderr]    Compiling rustix v0.38.42
[INFO] [stderr]    Compiling serde_json v1.0.134
[INFO] [stderr]    Compiling linux-raw-sys v0.4.14
[INFO] [stderr]    Compiling getrandom v0.2.15
[INFO] [stderr]    Compiling pretty_assertions v1.4.1
[INFO] [stderr]    Compiling nix v0.29.0
[INFO] [stderr]    Compiling croshet v0.1.0 (/opt/rustwide/workdir)
[INFO] [stderr]    Compiling tempfile v3.15.0
[INFO] [stderr]     Finished `release` profile [optimized] target(s) in 58.84s
[INFO] [stderr] warning: the following packages contain code that will be rejected by a future version of Rust: nix v0.29.0
[INFO] [stderr] note: to see what the problems were, use the option `--future-incompat-report`, or run `cargo report future-incompatibilities --id 5`
[INFO] running `Command { std: "docker" "inspect" "19de3e1a31449ea3e6d69280a62e0422237a61a28e6c72c12211bdc0b30cf802", kill_on_drop: false }`
[INFO] running `Command { std: "docker" "exec" "-e" "SOURCE_DIR=/opt/rustwide/workdir" "-e" "CARGO_HOME=/opt/rustwide/cargo-home" "-e" "RUSTUP_HOME=/opt/rustwide/rustup-home" "-e" "CARGO_TARGET_DIR=/opt/rustwide/target" "-e" "CARGO_INCREMENTAL=0" "-e" "RUST_BACKTRACE=full" "-e" "RUSTFLAGS=--cap-lints=warn" "-e" "RUSTDOCFLAGS=--cap-lints=warn" "-w" "/opt/rustwide/workdir" "--user" "0:0" "19de3e1a31449ea3e6d69280a62e0422237a61a28e6c72c12211bdc0b30cf802" "/opt/rustwide/cargo-home/bin/cargo" "+1.100.0-beta.1" "test" "--frozen" "--release", kill_on_drop: false }`
[INFO] [stderr]     Finished `release` profile [optimized] target(s) in 0.13s
[INFO] [stderr] warning: the following packages contain code that will be rejected by a future version of Rust: nix v0.29.0
[INFO] [stderr] note: to see what the problems were, use the option `--future-incompat-report`, or run `cargo report future-incompatibilities --id 5`
[INFO] [stderr]      Running unittests src/lib.rs (/opt/rustwide/target/release/build/croshet/07b7c2df311cdd71/out/croshet-07b7c2df311cdd71)
[INFO] [stdout] 
[INFO] [stdout] running 45 tests
[INFO] [stdout] test parser::test::test_parse_u32 ... ok
[INFO] [stdout] test parser::test::test_sequential_list ... ok
[INFO] [stdout] test parser::test::test_main ... ok
[INFO] [stdout] test parser::test::test_single_quotes ... ok
[INFO] [stdout] test parser::test::test_env_var ... ok
[INFO] [stdout] test parser::test::tilde_expansion ... ok
[INFO] [stdout] test parser::test::test_single_quotes_mid_word ... ok
[INFO] [stdout] test parser::test::test_double_quotes ... ok
[INFO] [stdout] test parser::test::test_parse_word ... ok
[INFO] [stdout] test parser::test::test_redirects ... ok
[INFO] [stdout] test shell::commands::exit::test::executes_exit ... ok
[INFO] [stdout] test shell::commands::cat::test::parses_args ... ok
[INFO] [stdout] test shell::commands::exit::test::parses_args ... ok
[INFO] [stdout] test shell::commands::cd::test::gets_new_cd ... ok
[INFO] [stdout] test shell::commands::cd::test::parses_args ... ok
[INFO] [stdout] test shell::commands::cp_mv::test::should_move ... ok
[INFO] [stdout] test shell::commands::mkdir::test::parses_args ... ok
[INFO] [stdout] test shell::commands::head::test::copies_lines_with_shorter_buffer_size ... ok
[INFO] [stdout] test shell::commands::head::test::parses_args ... ok
[INFO] [stdout] test shell::commands::pwd::test::parses_args ... ok
[INFO] [stdout] test shell::commands::head::test::copies_lines_with_buffer_size_to_match_each_line_length ... ok
[INFO] [stdout] test shell::commands::head::test::copies_lines_with_long_buffer_size ... ok
[INFO] [stdout] test shell::commands::mkdir::test::test_creates ... ok
[INFO] [stdout] test shell::commands::rm::test::parses_args ... ok
[INFO] [stdout] test shell::commands::args::test::parses ... ok
[INFO] [stdout] test shell::commands::sleep::test::should_parse_args ... ok
[INFO] [stdout] test shell::commands::head::test::copies_lines_with_buffer_of_one_and_half_times_of_each_line_length ... ok
[INFO] [stdout] test shell::commands::unset::test::parse_args ... ok
[INFO] [stdout] test shell::commands::sleep::test::should_parse_arg ... ok
[INFO] [stdout] test shell::commands::xargs::test::should_delimit_blanks ... ok
[INFO] [stdout] test shell::commands::cp_mv::test::should_copy ... ok
[INFO] [stdout] test shell::commands::xargs::test::parses_args ... ok
[INFO] [stdout] test shell::commands::xargs::test::test_xargs_collect_args ... ok
[INFO] [stdout] test shell::execute::test::test_trim_and_normalize_whitespaces_to_spaces ... ok
[INFO] [stdout] test shell::types::test::test_propagation_and_is_aborted_flag ... ok
[INFO] [stdout] test shell::types::test::test_signal_propagation_on_sub_tree ... ok
[INFO] [stdout] test shell::commands::rm::test::test_force ... ok
[INFO] [stdout] test shell::types::test::test_signal_propagation_to_child_and_grandchild ... ok
[INFO] [stdout] test shell::types::test::test_wait_aborted ... ok
[INFO] [stdout] test shell::commands::rm::test::test_dir ... ok
[INFO] [stdout] test shell::commands::rm::test::test_recursive ... ok
[INFO] [stdout] test shell::types::test::test_drop_guard ... ok
[INFO] [stdout] test shell::types::test::test_dropped_child_signal_cleanup ... ok
[INFO] [stdout] test shell::types::test::test_send_and_wait_any ... ok
[INFO] [stdout] test shell::commands::sleep::test::should_execute ... ok
[INFO] [stdout] 
[INFO] [stdout] test result: ok. 45 passed; 0 failed; 0 ignored; 0 measured; 0 filtered out; finished in 0.12s
[INFO] [stdout] 
[INFO] [stdout] 
[INFO] [stdout] running 42 tests
[INFO] [stderr]      Running tests/integration_test.rs (/opt/rustwide/target/release/build/croshet/05fcbc328ab596f6/out/integration_test-05fcbc328ab596f6)
[INFO] [stdout] test boolean_logic ... ok
[INFO] [stdout] test custom_command ... ok
[INFO] [stdout] test cross_platform_shebang ... FAILED
[INFO] [stdout] test cat ... ok
[INFO] [stdout] test cp ... ok
[INFO] [stdout] test custom_command_resolve_command_path ... FAILED
[INFO] [stdout] test commands ... FAILED
[INFO] [stdout] test double_quotes ... ok
[INFO] [stdout] test env_variables ... FAILED
[INFO] [stdout] test exit ... ok
[INFO] [stdout] test glob_case_insensitive ... ok
[INFO] [stdout] test exit_code_var ... FAILED
[INFO] [stdout] test mkdir ... ok
[INFO] [stdout] test head ... ok
[INFO] [stdout] test glob_escapes ... ok
[INFO] [stdout] test mv ... ok
[INFO] [stdout] test glob_basic ... ok
[INFO] [stdout] test paren_escapes ... ok
[INFO] [stdout] test pipeline ... FAILED
[INFO] [stdout] test provided_signal_cancel ... ok
[INFO] [stdout] test pwd ... ok
[INFO] [stdout] test negated ... ok
[INFO] [stdout] test redirects_input ... ok
[INFO] [stdout] test redirects_output ... FAILED
[INFO] [stdout] test pwd_logical ... ok
[INFO] [stdout] test rm ... ok
[INFO] [stdout] test shell_variables ... FAILED
[INFO] [stdout] test subshells ... ok
[INFO] [stdout] test test_at_args_basic_expansion ... ok
[INFO] [stdout] test test_at_args_empty_strings ... ok
[INFO] [stdout] test stdin ... ok
[INFO] [stdout] test test_at_args_multiple_commands ... ok
[INFO] [stdout] test test_at_args_with_no_arguments ... ok
[INFO] [stdout] test tilde_expansion ... ok
[INFO] [stdout] test test_at_args_spaces ... ok
[INFO] [stdout] test unset ... FAILED
[INFO] [stdout] test xargs ... FAILED
[INFO] [stdout] test sequential_lists ... ok
[INFO] [stdout] test command_substitution ... ok
[INFO] [stdout] test backticks ... ok
[INFO] [stdout] test async_commands ... FAILED
[INFO] [stdout] test listens_for_signals_exits_gracefully ... ok
[INFO] [stdout] 
[INFO] [stdout] failures:
[INFO] [stdout] 
[INFO] [stdout] ---- cross_platform_shebang stdout ----
[INFO] [stdout] 
[INFO] [stdout] thread 'cross_platform_shebang' (1238) panicked at tests/test_builder.rs:264:5:
[INFO] [stdout] assertion failed: `(left == right)`: 
[INFO] [stdout] 
[INFO] [stdout] Failed for: echo 'print(5)' | ./file.luau
[INFO] [stdout] 
[INFO] [stdout] [1mDiff[0m [31m< left[0m / [32mright >[0m :
[INFO] [stdout] [31m<lune: command not found[0m
[INFO] [stdout] [31m<[0m
[INFO] [stdout] 
[INFO] [stdout] 
[INFO] [stdout] stack backtrace:
[INFO] [stdout]    0:     0x590a056b0f71 - <<std[617be2ca0a6fd877]::sys::backtrace::BacktraceLock>::print::DisplayBacktrace as core[a373ad73a504971]::fmt::Display>::fmt
[INFO] [stdout]    1:     0x590a056c72ea - core[a373ad73a504971]::fmt::write
[INFO] [stdout]    2:     0x590a056b624c - <alloc[2e1b2a31b91974c5]::vec::Vec<u8> as core[a373ad73a504971]::io::write::Write>::write_fmt
[INFO] [stdout]    3:     0x590a056889f6 - std[617be2ca0a6fd877]::panicking::default_hook::{closure#0}
[INFO] [stdout]    4:     0x590a056a71c9 - std[617be2ca0a6fd877]::panicking::default_hook
[INFO] [stderr] error: test failed, to rerun pass `--test integration_test`
[INFO] [stdout]    5:     0x590a055442f0 - test[aada8e7e76ba119b]::test_main_inner::{closure#0}
[INFO] [stdout]    6:     0x590a056a74f2 - std[617be2ca0a6fd877]::panicking::panic_with_hook
[INFO] [stdout]    7:     0x590a05688aa2 - std[617be2ca0a6fd877]::panicking::panic_handler::{closure#0}
[INFO] [stdout]    8:     0x590a05680df9 - std[617be2ca0a6fd877]::sys::backtrace::__rust_end_short_backtrace::<std[617be2ca0a6fd877]::panicking::panic_handler::{closure#0}, !>
[INFO] [stdout]    9:     0x590a0568992d - __rustc[ea4f61d10b84890b]::rust_begin_unwind
[INFO] [stdout]   10:     0x590a056c7a4c - core[a373ad73a504971]::panicking::panic_fmt
[INFO] [stdout]   11:     0x590a05519204 - <integration_test[6a9b7711df1b7233]::test_builder::TestBuilder>::run::{closure#0}
[INFO] [stdout]   12:     0x590a0550cb68 - integration_test[6a9b7711df1b7233]::cross_platform_shebang::{closure#0}
[INFO] [stdout]   13:     0x590a05532613 - <tokio[b340a9316e582d9]::runtime::scheduler::current_thread::Context>::enter::<core[a373ad73a504971]::task::poll::Poll<()>, <tokio[b340a9316e582d9]::runtime::scheduler::current_thread::CoreGuard>::block_on<core[a373ad73a504971]::pin::Pin<&mut core[a373ad73a504971]::pin::Pin<&mut dyn core[a373ad73a504971]::future::future::Future<Output = ()>>>>::{closure#0}::{closure#0}>
[INFO] [stdout]   14:     0x590a0553387c - <tokio[b340a9316e582d9]::runtime::context::scoped::Scoped<tokio[b340a9316e582d9]::runtime::scheduler::Context>>::set::<<tokio[b340a9316e582d9]::runtime::scheduler::current_thread::CoreGuard>::enter<<tokio[b340a9316e582d9]::runtime::scheduler::current_thread::CoreGuard>::block_on<core[a373ad73a504971]::pin::Pin<&mut core[a373ad73a504971]::pin::Pin<&mut dyn core[a373ad73a504971]::future::future::Future<Output = ()>>>>::{closure#0}, core[a373ad73a504971]::option::Option<()>>::{closure#0}, (alloc[2e1b2a31b91974c5]::boxed::Box<tokio[b340a9316e582d9]::runtime::scheduler::current_thread::Core>, core[a373ad73a504971]::option::Option<()>)>
[INFO] [stdout]   15:     0x590a05532e37 - <tokio[b340a9316e582d9]::runtime::scheduler::current_thread::CoreGuard>::block_on::<core[a373ad73a504971]::pin::Pin<&mut core[a373ad73a504971]::pin::Pin<&mut dyn core[a373ad73a504971]::future::future::Future<Output = ()>>>>
[INFO] [stdout]   16:     0x590a05534490 - tokio[b340a9316e582d9]::runtime::context::runtime::enter_runtime::<<tokio[b340a9316e582d9]::runtime::scheduler::current_thread::CurrentThread>::block_on<core[a373ad73a504971]::pin::Pin<&mut dyn core[a373ad73a504971]::future::future::Future<Output = ()>>>::{closure#0}, ()>
[INFO] [stdout]   17:     0x590a0553361a - <tokio[b340a9316e582d9]::runtime::runtime::Runtime>::block_on::<core[a373ad73a504971]::pin::Pin<&mut dyn core[a373ad73a504971]::future::future::Future<Output = ()>>>
[INFO] [stdout]   18:     0x590a0551b8de - <integration_test[6a9b7711df1b7233]::cross_platform_shebang::{closure#0} as core[a373ad73a504971]::ops::function::FnOnce<()>>::call_once
[INFO] [stdout]   19:     0x590a0553773b - test[aada8e7e76ba119b]::__rust_begin_short_backtrace::<core[a373ad73a504971]::result::Result<(), alloc[2e1b2a31b91974c5]::string::String>, fn() -> core[a373ad73a504971]::result::Result<(), alloc[2e1b2a31b91974c5]::string::String>>
[INFO] [stdout]   20:     0x590a05544915 - test[aada8e7e76ba119b]::run_test::{closure#0}
[INFO] [stdout]   21:     0x590a0553e204 - std[617be2ca0a6fd877]::sys::backtrace::__rust_begin_short_backtrace::<test[aada8e7e76ba119b]::run_test::{closure#1}, ()>
[INFO] [stdout]   22:     0x590a055479a2 - <std[617be2ca0a6fd877]::thread::lifecycle::spawn_unchecked<test[aada8e7e76ba119b]::run_test::{closure#1}, ()>::{closure#1} as core[a373ad73a504971]::ops::function::FnOnce<()>>::call_once::{shim:vtable#0}
[INFO] [stdout]   23:     0x590a056b018f - <std[617be2ca0a6fd877]::sys::thread::unix::Thread>::new::thread_start
[INFO] [stdout]   24:     0x75152cd5fdfa - <unknown>
[INFO] [stdout]   25:     0x75152cdf33d4 - clone
[INFO] [stdout]   26:                0x0 - <unknown>
[INFO] [stdout] 
[INFO] [stdout] ---- custom_command_resolve_command_path stdout ----
[INFO] [stdout] 
[INFO] [stdout] thread 'custom_command_resolve_command_path' (1260) panicked at tests/integration_test.rs:1384:14:
[INFO] [stdout] called `Result::unwrap()` on an `Err` value: CommandNotFound("lune")
[INFO] [stdout] stack backtrace:
[INFO] [stdout]    0:     0x590a056b0f71 - <<std[617be2ca0a6fd877]::sys::backtrace::BacktraceLock>::print::DisplayBacktrace as core[a373ad73a504971]::fmt::Display>::fmt
[INFO] [stdout]    1:     0x590a056c72ea - core[a373ad73a504971]::fmt::write
[INFO] [stdout]    2:     0x590a056b624c - <alloc[2e1b2a31b91974c5]::vec::Vec<u8> as core[a373ad73a504971]::io::write::Write>::write_fmt
[INFO] [stdout]    3:     0x590a056889f6 - std[617be2ca0a6fd877]::panicking::default_hook::{closure#0}
[INFO] [stdout]    4:     0x590a056a71c9 - std[617be2ca0a6fd877]::panicking::default_hook
[INFO] [stdout]    5:     0x590a055442f0 - test[aada8e7e76ba119b]::test_main_inner::{closure#0}
[INFO] [stdout]    6:     0x590a056a74f2 - std[617be2ca0a6fd877]::panicking::panic_with_hook
[INFO] [stdout]    7:     0x590a05688aa2 - std[617be2ca0a6fd877]::panicking::panic_handler::{closure#0}
[INFO] [stdout]    8:     0x590a05680df9 - std[617be2ca0a6fd877]::sys::backtrace::__rust_end_short_backtrace::<std[617be2ca0a6fd877]::panicking::panic_handler::{closure#0}, !>
[INFO] [stdout]    9:     0x590a0568992d - __rustc[ea4f61d10b84890b]::rust_begin_unwind
[INFO] [stdout]   10:     0x590a056c7a4c - core[a373ad73a504971]::panicking::panic_fmt
[INFO] [stdout]   11:     0x590a056c7822 - core[a373ad73a504971]::result::unwrap_failed
[INFO] [stdout]   12:     0x590a05504a08 - integration_test[6a9b7711df1b7233]::custom_command_resolve_command_path::{closure#0}::{closure#0}::{closure#0}
[INFO] [stdout]   13:     0x590a05526961 - <integration_test[6a9b7711df1b7233]::test_builder::FnShellCommand as croshet[b68e81e6c186cdc4]::shell::commands::ShellCommand>::execute::{closure#0}
[INFO] [stdout]   14:     0x590a055931b5 - croshet[b68e81e6c186cdc4]::shell::execute::execute_simple_command::{closure#0}
[INFO] [stdout]   15:     0x590a0558e797 - croshet[b68e81e6c186cdc4]::shell::execute::execute_sequence::{closure#0}
[INFO] [stdout]   16:     0x590a05595ce6 - croshet[b68e81e6c186cdc4]::shell::execute::execute_sequential_list::{closure#0}
[INFO] [stdout]   17:     0x590a05597434 - croshet[b68e81e6c186cdc4]::shell::execute::evaluate_word_parts::evaluate_word_parts_inner::{closure#0}
[INFO] [stdout]   18:     0x590a055ae088 - croshet[b68e81e6c186cdc4]::shell::execute::evaluate_args::{closure#0}
[INFO] [stdout]   19:     0x590a055ae477 - croshet[b68e81e6c186cdc4]::shell::execute::execute_simple_command::{closure#0}
[INFO] [stdout]   20:     0x590a055b24c0 - <futures_util[f78160a814ed7134]::future::maybe_done::MaybeDone<croshet[b68e81e6c186cdc4]::shell::execute::execute_command::{closure#0}> as core[a373ad73a504971]::future::future::Future>::poll
[INFO] [stdout]   21:     0x590a055cbecf - <futures_util[f78160a814ed7134]::future::join_all::JoinAll<croshet[b68e81e6c186cdc4]::shell::execute::execute_command::{closure#0}> as core[a373ad73a504971]::future::future::Future>::poll
[INFO] [stdout]   22:     0x590a0558e430 - croshet[b68e81e6c186cdc4]::shell::execute::execute_sequence::{closure#0}
[INFO] [stdout]   23:     0x590a05522497 - <std[617be2ca0a6fd877]::thread::local::LocalKey<tokio[b340a9316e582d9]::task::local::LocalData>>::with::<<tokio[b340a9316e582d9]::task::local::LocalSet>::with<core[a373ad73a504971]::task::poll::Poll<i32>, <tokio[b340a9316e582d9]::task::local::RunUntil<croshet[b68e81e6c186cdc4]::shell::execute::execute::{closure#0}> as core[a373ad73a504971]::future::future::Future>::poll::{closure#0}>::{closure#0}, core[a373ad73a504971]::task::poll::Poll<i32>>
[INFO] [stdout]   24:     0x590a055186d6 - <integration_test[6a9b7711df1b7233]::test_builder::TestBuilder>::run::{closure#0}
[INFO] [stdout]   25:     0x590a0550ef0d - integration_test[6a9b7711df1b7233]::custom_command_resolve_command_path::{closure#0}
[INFO] [stdout]   26:     0x590a05532613 - <tokio[b340a9316e582d9]::runtime::scheduler::current_thread::Context>::enter::<core[a373ad73a504971]::task::poll::Poll<()>, <tokio[b340a9316e582d9]::runtime::scheduler::current_thread::CoreGuard>::block_on<core[a373ad73a504971]::pin::Pin<&mut core[a373ad73a504971]::pin::Pin<&mut dyn core[a373ad73a504971]::future::future::Future<Output = ()>>>>::{closure#0}::{closure#0}>
[INFO] [stdout]   27:     0x590a0553387c - <tokio[b340a9316e582d9]::runtime::context::scoped::Scoped<tokio[b340a9316e582d9]::runtime::scheduler::Context>>::set::<<tokio[b340a9316e582d9]::runtime::scheduler::current_thread::CoreGuard>::enter<<tokio[b340a9316e582d9]::runtime::scheduler::current_thread::CoreGuard>::block_on<core[a373ad73a504971]::pin::Pin<&mut core[a373ad73a504971]::pin::Pin<&mut dyn core[a373ad73a504971]::future::future::Future<Output = ()>>>>::{closure#0}, core[a373ad73a504971]::option::Option<()>>::{closure#0}, (alloc[2e1b2a31b91974c5]::boxed::Box<tokio[b340a9316e582d9]::runtime::scheduler::current_thread::Core>, core[a373ad73a504971]::option::Option<()>)>
[INFO] [stdout]   28:     0x590a05532e37 - <tokio[b340a9316e582d9]::runtime::scheduler::current_thread::CoreGuard>::block_on::<core[a373ad73a504971]::pin::Pin<&mut core[a373ad73a504971]::pin::Pin<&mut dyn core[a373ad73a504971]::future::future::Future<Output = ()>>>>
[INFO] [stdout]   29:     0x590a05534490 - tokio[b340a9316e582d9]::runtime::context::runtime::enter_runtime::<<tokio[b340a9316e582d9]::runtime::scheduler::current_thread::CurrentThread>::block_on<core[a373ad73a504971]::pin::Pin<&mut dyn core[a373ad73a504971]::future::future::Future<Output = ()>>>::{closure#0}, ()>
[INFO] [stdout]   30:     0x590a0553361a - <tokio[b340a9316e582d9]::runtime::runtime::Runtime>::block_on::<core[a373ad73a504971]::pin::Pin<&mut dyn core[a373ad73a504971]::future::future::Future<Output = ()>>>
[INFO] [stdout]   31:     0x590a0551c5ee - <integration_test[6a9b7711df1b7233]::custom_command_resolve_command_path::{closure#0} as core[a373ad73a504971]::ops::function::FnOnce<()>>::call_once
[INFO] [stdout]   32:     0x590a0553773b - test[aada8e7e76ba119b]::__rust_begin_short_backtrace::<core[a373ad73a504971]::result::Result<(), alloc[2e1b2a31b91974c5]::string::String>, fn() -> core[a373ad73a504971]::result::Result<(), alloc[2e1b2a31b91974c5]::string::String>>
[INFO] [stdout]   33:     0x590a05544915 - test[aada8e7e76ba119b]::run_test::{closure#0}
[INFO] [stdout]   34:     0x590a0553e204 - std[617be2ca0a6fd877]::sys::backtrace::__rust_begin_short_backtrace::<test[aada8e7e76ba119b]::run_test::{closure#1}, ()>
[INFO] [stdout]   35:     0x590a055479a2 - <std[617be2ca0a6fd877]::thread::lifecycle::spawn_unchecked<test[aada8e7e76ba119b]::run_test::{closure#1}, ()>::{closure#1} as core[a373ad73a504971]::ops::function::FnOnce<()>>::call_once::{shim:vtable#0}
[INFO] [stdout]   36:     0x590a056b018f - <std[617be2ca0a6fd877]::sys::thread::unix::Thread>::new::thread_start
[INFO] [stdout]   37:     0x75152cd5fdfa - <unknown>
[INFO] [stdout]   38:     0x75152cdf33d4 - clone
[INFO] [stdout]   39:                0x0 - <unknown>
[INFO] [stdout] 
[INFO] [stdout] ---- commands stdout ----
[INFO] [stdout] 
[INFO] [stdout] thread 'commands' (1236) panicked at tests/test_builder.rs:264:5:
[INFO] [stdout] assertion failed: `(left == right)`: 
[INFO] [stdout] 
[INFO] [stdout] Failed for: echo 'print(require("@lune/process").env.VAR)' | VAR=1 lune run - && echo $VAR
[INFO] [stdout] 
[INFO] [stdout] [1mDiff[0m [31m< left[0m / [32mright >[0m :
[INFO] [stdout] [31m<lune: command not found[0m
[INFO] [stdout] [31m<[0m
[INFO] [stdout] 
[INFO] [stdout] 
[INFO] [stdout] stack backtrace:
[INFO] [stdout]    0:     0x590a056b0f71 - <<std[617be2ca0a6fd877]::sys::backtrace::BacktraceLock>::print::DisplayBacktrace as core[a373ad73a504971]::fmt::Display>::fmt
[INFO] [stdout]    1:     0x590a056c72ea - core[a373ad73a504971]::fmt::write
[INFO] [stdout]    2:     0x590a056b624c - <alloc[2e1b2a31b91974c5]::vec::Vec<u8> as core[a373ad73a504971]::io::write::Write>::write_fmt
[INFO] [stdout]    3:     0x590a056889f6 - std[617be2ca0a6fd877]::panicking::default_hook::{closure#0}
[INFO] [stdout]    4:     0x590a056a71c9 - std[617be2ca0a6fd877]::panicking::default_hook
[INFO] [stdout]    5:     0x590a055442f0 - test[aada8e7e76ba119b]::test_main_inner::{closure#0}
[INFO] [stdout]    6:     0x590a056a74f2 - std[617be2ca0a6fd877]::panicking::panic_with_hook
[INFO] [stdout]    7:     0x590a05688aa2 - std[617be2ca0a6fd877]::panicking::panic_handler::{closure#0}
[INFO] [stdout]    8:     0x590a05680df9 - std[617be2ca0a6fd877]::sys::backtrace::__rust_end_short_backtrace::<std[617be2ca0a6fd877]::panicking::panic_handler::{closure#0}, !>
[INFO] [stdout]    9:     0x590a0568992d - __rustc[ea4f61d10b84890b]::rust_begin_unwind
[INFO] [stdout]   10:     0x590a056c7a4c - core[a373ad73a504971]::panicking::panic_fmt
[INFO] [stdout]   11:     0x590a05519204 - <integration_test[6a9b7711df1b7233]::test_builder::TestBuilder>::run::{closure#0}
[INFO] [stdout]   12:     0x590a05514e58 - integration_test[6a9b7711df1b7233]::commands::{closure#0}
[INFO] [stdout]   13:     0x590a05532613 - <tokio[b340a9316e582d9]::runtime::scheduler::current_thread::Context>::enter::<core[a373ad73a504971]::task::poll::Poll<()>, <tokio[b340a9316e582d9]::runtime::scheduler::current_thread::CoreGuard>::block_on<core[a373ad73a504971]::pin::Pin<&mut core[a373ad73a504971]::pin::Pin<&mut dyn core[a373ad73a504971]::future::future::Future<Output = ()>>>>::{closure#0}::{closure#0}>
[INFO] [stdout]   14:     0x590a0553387c - <tokio[b340a9316e582d9]::runtime::context::scoped::Scoped<tokio[b340a9316e582d9]::runtime::scheduler::Context>>::set::<<tokio[b340a9316e582d9]::runtime::scheduler::current_thread::CoreGuard>::enter<<tokio[b340a9316e582d9]::runtime::scheduler::current_thread::CoreGuard>::block_on<core[a373ad73a504971]::pin::Pin<&mut core[a373ad73a504971]::pin::Pin<&mut dyn core[a373ad73a504971]::future::future::Future<Output = ()>>>>::{closure#0}, core[a373ad73a504971]::option::Option<()>>::{closure#0}, (alloc[2e1b2a31b91974c5]::boxed::Box<tokio[b340a9316e582d9]::runtime::scheduler::current_thread::Core>, core[a373ad73a504971]::option::Option<()>)>
[INFO] [stdout]   15:     0x590a05532e37 - <tokio[b340a9316e582d9]::runtime::scheduler::current_thread::CoreGuard>::block_on::<core[a373ad73a504971]::pin::Pin<&mut core[a373ad73a504971]::pin::Pin<&mut dyn core[a373ad73a504971]::future::future::Future<Output = ()>>>>
[INFO] [stdout]   16:     0x590a05534490 - tokio[b340a9316e582d9]::runtime::context::runtime::enter_runtime::<<tokio[b340a9316e582d9]::runtime::scheduler::current_thread::CurrentThread>::block_on<core[a373ad73a504971]::pin::Pin<&mut dyn core[a373ad73a504971]::future::future::Future<Output = ()>>>::{closure#0}, ()>
[INFO] [stdout]   17:     0x590a0553361a - <tokio[b340a9316e582d9]::runtime::runtime::Runtime>::block_on::<core[a373ad73a504971]::pin::Pin<&mut dyn core[a373ad73a504971]::future::future::Future<Output = ()>>>
[INFO] [stdout]   18:     0x590a0551d59e - <integration_test[6a9b7711df1b7233]::commands::{closure#0} as core[a373ad73a504971]::ops::function::FnOnce<()>>::call_once
[INFO] [stdout]   19:     0x590a0553773b - test[aada8e7e76ba119b]::__rust_begin_short_backtrace::<core[a373ad73a504971]::result::Result<(), alloc[2e1b2a31b91974c5]::string::String>, fn() -> core[a373ad73a504971]::result::Result<(), alloc[2e1b2a31b91974c5]::string::String>>
[INFO] [stdout]   20:     0x590a05544915 - test[aada8e7e76ba119b]::run_test::{closure#0}
[INFO] [stdout]   21:     0x590a0553e204 - std[617be2ca0a6fd877]::sys::backtrace::__rust_begin_short_backtrace::<test[aada8e7e76ba119b]::run_test::{closure#1}, ()>
[INFO] [stdout]   22:     0x590a055479a2 - <std[617be2ca0a6fd877]::thread::lifecycle::spawn_unchecked<test[aada8e7e76ba119b]::run_test::{closure#1}, ()>::{closure#1} as core[a373ad73a504971]::ops::function::FnOnce<()>>::call_once::{shim:vtable#0}
[INFO] [stdout]   23:     0x590a056b018f - <std[617be2ca0a6fd877]::sys::thread::unix::Thread>::new::thread_start
[INFO] [stdout]   24:     0x75152cd5fdfa - <unknown>
[INFO] [stdout]   25:     0x75152cdf33d4 - clone
[INFO] [stdout]   26:                0x0 - <unknown>
[INFO] [stdout] 
[INFO] [stdout] ---- env_variables stdout ----
[INFO] [stdout] 
[INFO] [stdout] thread 'env_variables' (1271) panicked at tests/test_builder.rs:264:5:
[INFO] [stdout] assertion failed: `(left == right)`: 
[INFO] [stdout] 
[INFO] [stdout] Failed for: echo $VAR && export VAR=1 && echo $VAR && echo 'print(require("@lune/process").env.VAR)' | lune run -
[INFO] [stdout] 
[INFO] [stdout] [1mDiff[0m [31m< left[0m / [32mright >[0m :
[INFO] [stdout] [31m<lune: command not found[0m
[INFO] [stdout] [31m<[0m
[INFO] [stdout] 
[INFO] [stdout] 
[INFO] [stdout] stack backtrace:
[INFO] [stdout]    0:     0x590a056b0f71 - <<std[617be2ca0a6fd877]::sys::backtrace::BacktraceLock>::print::DisplayBacktrace as core[a373ad73a504971]::fmt::Display>::fmt
[INFO] [stdout]    1:     0x590a056c72ea - core[a373ad73a504971]::fmt::write
[INFO] [stdout]    2:     0x590a056b624c - <alloc[2e1b2a31b91974c5]::vec::Vec<u8> as core[a373ad73a504971]::io::write::Write>::write_fmt
[INFO] [stdout]    3:     0x590a056889f6 - std[617be2ca0a6fd877]::panicking::default_hook::{closure#0}
[INFO] [stdout]    4:     0x590a056a71c9 - std[617be2ca0a6fd877]::panicking::default_hook
[INFO] [stdout]    5:     0x590a055442f0 - test[aada8e7e76ba119b]::test_main_inner::{closure#0}
[INFO] [stdout]    6:     0x590a056a74f2 - std[617be2ca0a6fd877]::panicking::panic_with_hook
[INFO] [stdout]    7:     0x590a05688aa2 - std[617be2ca0a6fd877]::panicking::panic_handler::{closure#0}
[INFO] [stdout]    8:     0x590a05680df9 - std[617be2ca0a6fd877]::sys::backtrace::__rust_end_short_backtrace::<std[617be2ca0a6fd877]::panicking::panic_handler::{closure#0}, !>
[INFO] [stdout]    9:     0x590a0568992d - __rustc[ea4f61d10b84890b]::rust_begin_unwind
[INFO] [stdout]   10:     0x590a056c7a4c - core[a373ad73a504971]::panicking::panic_fmt
[INFO] [stdout]   11:     0x590a05519204 - <integration_test[6a9b7711df1b7233]::test_builder::TestBuilder>::run::{closure#0}
[INFO] [stdout]   12:     0x590a05508158 - integration_test[6a9b7711df1b7233]::env_variables::{closure#0}
[INFO] [stdout]   13:     0x590a05532613 - <tokio[b340a9316e582d9]::runtime::scheduler::current_thread::Context>::enter::<core[a373ad73a504971]::task::poll::Poll<()>, <tokio[b340a9316e582d9]::runtime::scheduler::current_thread::CoreGuard>::block_on<core[a373ad73a504971]::pin::Pin<&mut core[a373ad73a504971]::pin::Pin<&mut dyn core[a373ad73a504971]::future::future::Future<Output = ()>>>>::{closure#0}::{closure#0}>
[INFO] [stdout]   14:     0x590a0553387c - <tokio[b340a9316e582d9]::runtime::context::scoped::Scoped<tokio[b340a9316e582d9]::runtime::scheduler::Context>>::set::<<tokio[b340a9316e582d9]::runtime::scheduler::current_thread::CoreGuard>::enter<<tokio[b340a9316e582d9]::runtime::scheduler::current_thread::CoreGuard>::block_on<core[a373ad73a504971]::pin::Pin<&mut core[a373ad73a504971]::pin::Pin<&mut dyn core[a373ad73a504971]::future::future::Future<Output = ()>>>>::{closure#0}, core[a373ad73a504971]::option::Option<()>>::{closure#0}, (alloc[2e1b2a31b91974c5]::boxed::Box<tokio[b340a9316e582d9]::runtime::scheduler::current_thread::Core>, core[a373ad73a504971]::option::Option<()>)>
[INFO] [stdout]   15:     0x590a05532e37 - <tokio[b340a9316e582d9]::runtime::scheduler::current_thread::CoreGuard>::block_on::<core[a373ad73a504971]::pin::Pin<&mut core[a373ad73a504971]::pin::Pin<&mut dyn core[a373ad73a504971]::future::future::Future<Output = ()>>>>
[INFO] [stdout]   16:     0x590a05534490 - tokio[b340a9316e582d9]::runtime::context::runtime::enter_runtime::<<tokio[b340a9316e582d9]::runtime::scheduler::current_thread::CurrentThread>::block_on<core[a373ad73a504971]::pin::Pin<&mut dyn core[a373ad73a504971]::future::future::Future<Output = ()>>>::{closure#0}, ()>
[INFO] [stdout]   17:     0x590a0553361a - <tokio[b340a9316e582d9]::runtime::runtime::Runtime>::block_on::<core[a373ad73a504971]::pin::Pin<&mut dyn core[a373ad73a504971]::future::future::Future<Output = ()>>>
[INFO] [stdout]   18:     0x590a0551a62e - <integration_test[6a9b7711df1b7233]::env_variables::{closure#0} as core[a373ad73a504971]::ops::function::FnOnce<()>>::call_once
[INFO] [stdout]   19:     0x590a0553773b - test[aada8e7e76ba119b]::__rust_begin_short_backtrace::<core[a373ad73a504971]::result::Result<(), alloc[2e1b2a31b91974c5]::string::String>, fn() -> core[a373ad73a504971]::result::Result<(), alloc[2e1b2a31b91974c5]::string::String>>
[INFO] [stdout]   20:     0x590a05544915 - test[aada8e7e76ba119b]::run_test::{closure#0}
[INFO] [stdout]   21:     0x590a0553e204 - std[617be2ca0a6fd877]::sys::backtrace::__rust_begin_short_backtrace::<test[aada8e7e76ba119b]::run_test::{closure#1}, ()>
[INFO] [stdout]   22:     0x590a055479a2 - <std[617be2ca0a6fd877]::thread::lifecycle::spawn_unchecked<test[aada8e7e76ba119b]::run_test::{closure#1}, ()>::{closure#1} as core[a373ad73a504971]::ops::function::FnOnce<()>>::call_once::{shim:vtable#0}
[INFO] [stdout]   23:     0x590a056b018f - <std[617be2ca0a6fd877]::sys::thread::unix::Thread>::new::thread_start
[INFO] [stdout]   24:     0x75152cd5fdfa - <unknown>
[INFO] [stdout]   25:     0x75152cdf33d4 - clone
[INFO] [stdout]   26:                0x0 - <unknown>
[INFO] [stdout] 
[INFO] [stdout] ---- exit_code_var stdout ----
[INFO] [stdout] 
[INFO] [stdout] thread 'exit_code_var' (1275) panicked at tests/test_builder.rs:264:5:
[INFO] [stdout] assertion failed: `(left == right)`: 
[INFO] [stdout] 
[INFO] [stdout] Failed for: (echo 'require("@lune/process").exit(25)' | lune run -) || echo $?
[INFO] [stdout] 
[INFO] [stdout] [1mDiff[0m [31m< left[0m / [32mright >[0m :
[INFO] [stdout] [31m<lune: command not found[0m
[INFO] [stdout] [31m<[0m
[INFO] [stdout] 
[INFO] [stdout] 
[INFO] [stdout] stack backtrace:
[INFO] [stdout]    0:     0x590a056b0f71 - <<std[617be2ca0a6fd877]::sys::backtrace::BacktraceLock>::print::DisplayBacktrace as core[a373ad73a504971]::fmt::Display>::fmt
[INFO] [stdout]    1:     0x590a056c72ea - core[a373ad73a504971]::fmt::write
[INFO] [stdout]    2:     0x590a056b624c - <alloc[2e1b2a31b91974c5]::vec::Vec<u8> as core[a373ad73a504971]::io::write::Write>::write_fmt
[INFO] [stdout]    3:     0x590a056889f6 - std[617be2ca0a6fd877]::panicking::default_hook::{closure#0}
[INFO] [stdout]    4:     0x590a056a71c9 - std[617be2ca0a6fd877]::panicking::default_hook
[INFO] [stdout]    5:     0x590a055442f0 - test[aada8e7e76ba119b]::test_main_inner::{closure#0}
[INFO] [stdout]    6:     0x590a056a74f2 - std[617be2ca0a6fd877]::panicking::panic_with_hook
[INFO] [stdout]    7:     0x590a05688aa2 - std[617be2ca0a6fd877]::panicking::panic_handler::{closure#0}
[INFO] [stdout]    8:     0x590a05680df9 - std[617be2ca0a6fd877]::sys::backtrace::__rust_end_short_backtrace::<std[617be2ca0a6fd877]::panicking::panic_handler::{closure#0}, !>
[INFO] [stdout]    9:     0x590a0568992d - __rustc[ea4f61d10b84890b]::rust_begin_unwind
[INFO] [stdout]   10:     0x590a056c7a4c - core[a373ad73a504971]::panicking::panic_fmt
[INFO] [stdout]   11:     0x590a05519204 - <integration_test[6a9b7711df1b7233]::test_builder::TestBuilder>::run::{closure#0}
[INFO] [stdout]   12:     0x590a055086fa - integration_test[6a9b7711df1b7233]::exit_code_var::{closure#0}
[INFO] [stdout]   13:     0x590a05532613 - <tokio[b340a9316e582d9]::runtime::scheduler::current_thread::Context>::enter::<core[a373ad73a504971]::task::poll::Poll<()>, <tokio[b340a9316e582d9]::runtime::scheduler::current_thread::CoreGuard>::block_on<core[a373ad73a504971]::pin::Pin<&mut core[a373ad73a504971]::pin::Pin<&mut dyn core[a373ad73a504971]::future::future::Future<Output = ()>>>>::{closure#0}::{closure#0}>
[INFO] [stdout]   14:     0x590a0553387c - <tokio[b340a9316e582d9]::runtime::context::scoped::Scoped<tokio[b340a9316e582d9]::runtime::scheduler::Context>>::set::<<tokio[b340a9316e582d9]::runtime::scheduler::current_thread::CoreGuard>::enter<<tokio[b340a9316e582d9]::runtime::scheduler::current_thread::CoreGuard>::block_on<core[a373ad73a504971]::pin::Pin<&mut core[a373ad73a504971]::pin::Pin<&mut dyn core[a373ad73a504971]::future::future::Future<Output = ()>>>>::{closure#0}, core[a373ad73a504971]::option::Option<()>>::{closure#0}, (alloc[2e1b2a31b91974c5]::boxed::Box<tokio[b340a9316e582d9]::runtime::scheduler::current_thread::Core>, core[a373ad73a504971]::option::Option<()>)>
[INFO] [stdout]   15:     0x590a05532e37 - <tokio[b340a9316e582d9]::runtime::scheduler::current_thread::CoreGuard>::block_on::<core[a373ad73a504971]::pin::Pin<&mut core[a373ad73a504971]::pin::Pin<&mut dyn core[a373ad73a504971]::future::future::Future<Output = ()>>>>
[INFO] [stdout]   16:     0x590a05534490 - tokio[b340a9316e582d9]::runtime::context::runtime::enter_runtime::<<tokio[b340a9316e582d9]::runtime::scheduler::current_thread::CurrentThread>::block_on<core[a373ad73a504971]::pin::Pin<&mut dyn core[a373ad73a504971]::future::future::Future<Output = ()>>>::{closure#0}, ()>
[INFO] [stdout]   17:     0x590a0553361a - <tokio[b340a9316e582d9]::runtime::runtime::Runtime>::block_on::<core[a373ad73a504971]::pin::Pin<&mut dyn core[a373ad73a504971]::future::future::Future<Output = ()>>>
[INFO] [stdout]   18:     0x590a0551a7de - <integration_test[6a9b7711df1b7233]::exit_code_var::{closure#0} as core[a373ad73a504971]::ops::function::FnOnce<()>>::call_once
[INFO] [stdout]   19:     0x590a0553773b - test[aada8e7e76ba119b]::__rust_begin_short_backtrace::<core[a373ad73a504971]::result::Result<(), alloc[2e1b2a31b91974c5]::string::String>, fn() -> core[a373ad73a504971]::result::Result<(), alloc[2e1b2a31b91974c5]::string::String>>
[INFO] [stdout]   20:     0x590a05544915 - test[aada8e7e76ba119b]::run_test::{closure#0}
[INFO] [stdout]   21:     0x590a0553e204 - std[617be2ca0a6fd877]::sys::backtrace::__rust_begin_short_backtrace::<test[aada8e7e76ba119b]::run_test::{closure#1}, ()>
[INFO] [stdout]   22:     0x590a055479a2 - <std[617be2ca0a6fd877]::thread::lifecycle::spawn_unchecked<test[aada8e7e76ba119b]::run_test::{closure#1}, ()>::{closure#1} as core[a373ad73a504971]::ops::function::FnOnce<()>>::call_once::{shim:vtable#0}
[INFO] [stdout]   23:     0x590a056b018f - <std[617be2ca0a6fd877]::sys::thread::unix::Thread>::new::thread_start
[INFO] [stdout]   24:     0x75152cd5fdfa - <unknown>
[INFO] [stdout]   25:     0x75152cdf33d4 - clone
[INFO] [stdout]   26:                0x0 - <unknown>
[INFO] [stdout] 
[INFO] [stdout] ---- pipeline stdout ----
[INFO] [stdout] 
[INFO] [stdout] thread 'pipeline' (1318) panicked at tests/test_builder.rs:264:5:
[INFO] [stdout] assertion failed: `(left == right)`: 
[INFO] [stdout] 
[INFO] [stdout] Failed for: echo 1 | lune run .
[INFO] [stdout] 
[INFO] [stdout] [1mDiff[0m [31m< left[0m / [32mright >[0m :
[INFO] [stdout] [31m<lune: command not found[0m
[INFO] [stdout] [31m<[0m
[INFO] [stdout] 
[INFO] [stdout] 
[INFO] [stdout] stack backtrace:
[INFO] [stdout]    0:     0x590a056b0f71 - <<std[617be2ca0a6fd877]::sys::backtrace::BacktraceLock>::print::DisplayBacktrace as core[a373ad73a504971]::fmt::Display>::fmt
[INFO] [stdout]    1:     0x590a056c72ea - core[a373ad73a504971]::fmt::write
[INFO] [stdout]    2:     0x590a056b624c - <alloc[2e1b2a31b91974c5]::vec::Vec<u8> as core[a373ad73a504971]::io::write::Write>::write_fmt
[INFO] [stdout]    3:     0x590a056889f6 - std[617be2ca0a6fd877]::panicking::default_hook::{closure#0}
[INFO] [stdout]    4:     0x590a056a71c9 - std[617be2ca0a6fd877]::panicking::default_hook
[INFO] [stdout]    5:     0x590a055442f0 - test[aada8e7e76ba119b]::test_main_inner::{closure#0}
[INFO] [stdout]    6:     0x590a056a74f2 - std[617be2ca0a6fd877]::panicking::panic_with_hook
[INFO] [stdout]    7:     0x590a05688aa2 - std[617be2ca0a6fd877]::panicking::panic_handler::{closure#0}
[INFO] [stdout]    8:     0x590a05680df9 - std[617be2ca0a6fd877]::sys::backtrace::__rust_end_short_backtrace::<std[617be2ca0a6fd877]::panicking::panic_handler::{closure#0}, !>
[INFO] [stdout]    9:     0x590a0568992d - __rustc[ea4f61d10b84890b]::rust_begin_unwind
[INFO] [stdout]   10:     0x590a056c7a4c - core[a373ad73a504971]::panicking::panic_fmt
[INFO] [stdout]   11:     0x590a05519204 - <integration_test[6a9b7711df1b7233]::test_builder::TestBuilder>::run::{closure#0}
[INFO] [stdout]   12:     0x590a055160e4 - integration_test[6a9b7711df1b7233]::pipeline::{closure#0}
[INFO] [stdout]   13:     0x590a05532613 - <tokio[b340a9316e582d9]::runtime::scheduler::current_thread::Context>::enter::<core[a373ad73a504971]::task::poll::Poll<()>, <tokio[b340a9316e582d9]::runtime::scheduler::current_thread::CoreGuard>::block_on<core[a373ad73a504971]::pin::Pin<&mut core[a373ad73a504971]::pin::Pin<&mut dyn core[a373ad73a504971]::future::future::Future<Output = ()>>>>::{closure#0}::{closure#0}>
[INFO] [stdout]   14:     0x590a0553387c - <tokio[b340a9316e582d9]::runtime::context::scoped::Scoped<tokio[b340a9316e582d9]::runtime::scheduler::Context>>::set::<<tokio[b340a9316e582d9]::runtime::scheduler::current_thread::CoreGuard>::enter<<tokio[b340a9316e582d9]::runtime::scheduler::current_thread::CoreGuard>::block_on<core[a373ad73a504971]::pin::Pin<&mut core[a373ad73a504971]::pin::Pin<&mut dyn core[a373ad73a504971]::future::future::Future<Output = ()>>>>::{closure#0}, core[a373ad73a504971]::option::Option<()>>::{closure#0}, (alloc[2e1b2a31b91974c5]::boxed::Box<tokio[b340a9316e582d9]::runtime::scheduler::current_thread::Core>, core[a373ad73a504971]::option::Option<()>)>
[INFO] [stdout]   15:     0x590a05532e37 - <tokio[b340a9316e582d9]::runtime::scheduler::current_thread::CoreGuard>::block_on::<core[a373ad73a504971]::pin::Pin<&mut core[a373ad73a504971]::pin::Pin<&mut dyn core[a373ad73a504971]::future::future::Future<Output = ()>>>>
[INFO] [stdout]   16:     0x590a05534490 - tokio[b340a9316e582d9]::runtime::context::runtime::enter_runtime::<<tokio[b340a9316e582d9]::runtime::scheduler::current_thread::CurrentThread>::block_on<core[a373ad73a504971]::pin::Pin<&mut dyn core[a373ad73a504971]::future::future::Future<Output = ()>>>::{closure#0}, ()>
[INFO] [stdout]   17:     0x590a0553361a - <tokio[b340a9316e582d9]::runtime::runtime::Runtime>::block_on::<core[a373ad73a504971]::pin::Pin<&mut dyn core[a373ad73a504971]::future::future::Future<Output = ()>>>
[INFO] [stdout]   18:     0x590a0551d6fe - <integration_test[6a9b7711df1b7233]::pipeline::{closure#0} as core[a373ad73a504971]::ops::function::FnOnce<()>>::call_once
[INFO] [stdout]   19:     0x590a0553773b - test[aada8e7e76ba119b]::__rust_begin_short_backtrace::<core[a373ad73a504971]::result::Result<(), alloc[2e1b2a31b91974c5]::string::String>, fn() -> core[a373ad73a504971]::result::Result<(), alloc[2e1b2a31b91974c5]::string::String>>
[INFO] [stdout]   20:     0x590a05544915 - test[aada8e7e76ba119b]::run_test::{closure#0}
[INFO] [stdout]   21:     0x590a0553e204 - std[617be2ca0a6fd877]::sys::backtrace::__rust_begin_short_backtrace::<test[aada8e7e76ba119b]::run_test::{closure#1}, ()>
[INFO] [stdout]   22:     0x590a055479a2 - <std[617be2ca0a6fd877]::thread::lifecycle::spawn_unchecked<test[aada8e7e76ba119b]::run_test::{closure#1}, ()>::{closure#1} as core[a373ad73a504971]::ops::function::FnOnce<()>>::call_once::{shim:vtable#0}
[INFO] [stdout]   23:     0x590a056b018f - <std[617be2ca0a6fd877]::sys::thread::unix::Thread>::new::thread_start
[INFO] [stdout]   24:     0x75152cd5fdfa - <unknown>
[INFO] [stdout]   25:     0x75152cdf33d4 - clone
[INFO] [stdout]   26:                0x0 - <unknown>
[INFO] [stdout] 
[INFO] [stdout] ---- redirects_output stdout ----
[INFO] [stdout] 
[INFO] [stdout] thread 'redirects_output' (1339) panicked at tests/test_builder.rs:264:5:
[INFO] [stdout] assertion failed: `(left == right)`: 
[INFO] [stdout] 
[INFO] [stdout] Failed for: echo 'stdio = require("@lune/stdio"); stdio.write("1\n"); stdio.ewrite("5\n")' | lune run - 1> test.txt
[INFO] [stdout] 
[INFO] [stdout] [1mDiff[0m [31m< left[0m / [32mright >[0m :
[INFO] [stdout] [31m<[0m[1;48;5;52;31mlune: command not found[0m
[INFO] [stdout] [32m>[0m[1;48;5;22;32m5[0m
[INFO] [stdout]  
[INFO] [stdout] 
[INFO] [stdout] 
[INFO] [stdout] stack backtrace:
[INFO] [stdout]    0:     0x590a056b0f71 - <<std[617be2ca0a6fd877]::sys::backtrace::BacktraceLock>::print::DisplayBacktrace as core[a373ad73a504971]::fmt::Display>::fmt
[INFO] [stdout]    1:     0x590a056c72ea - core[a373ad73a504971]::fmt::write
[INFO] [stdout]    2:     0x590a056b624c - <alloc[2e1b2a31b91974c5]::vec::Vec<u8> as core[a373ad73a504971]::io::write::Write>::write_fmt
[INFO] [stdout]    3:     0x590a056889f6 - std[617be2ca0a6fd877]::panicking::default_hook::{closure#0}
[INFO] [stdout]    4:     0x590a056a71c9 - std[617be2ca0a6fd877]::panicking::default_hook
[INFO] [stdout]    5:     0x590a055442f0 - test[aada8e7e76ba119b]::test_main_inner::{closure#0}
[INFO] [stdout]    6:     0x590a056a74f2 - std[617be2ca0a6fd877]::panicking::panic_with_hook
[INFO] [stdout]    7:     0x590a05688aa2 - std[617be2ca0a6fd877]::panicking::panic_handler::{closure#0}
[INFO] [stdout]    8:     0x590a05680df9 - std[617be2ca0a6fd877]::sys::backtrace::__rust_end_short_backtrace::<std[617be2ca0a6fd877]::panicking::panic_handler::{closure#0}, !>
[INFO] [stdout]    9:     0x590a0568992d - __rustc[ea4f61d10b84890b]::rust_begin_unwind
[INFO] [stdout]   10:     0x590a056c7a4c - core[a373ad73a504971]::panicking::panic_fmt
[INFO] [stdout]   11:     0x590a05519204 - <integration_test[6a9b7711df1b7233]::test_builder::TestBuilder>::run::{closure#0}
[INFO] [stdout]   12:     0x590a0550a7c9 - integration_test[6a9b7711df1b7233]::redirects_output::{closure#0}
[INFO] [stdout]   13:     0x590a05532613 - <tokio[b340a9316e582d9]::runtime::scheduler::current_thread::Context>::enter::<core[a373ad73a504971]::task::poll::Poll<()>, <tokio[b340a9316e582d9]::runtime::scheduler::current_thread::CoreGuard>::block_on<core[a373ad73a504971]::pin::Pin<&mut core[a373ad73a504971]::pin::Pin<&mut dyn core[a373ad73a504971]::future::future::Future<Output = ()>>>>::{closure#0}::{closure#0}>
[INFO] [stdout]   14:     0x590a0553387c - <tokio[b340a9316e582d9]::runtime::context::scoped::Scoped<tokio[b340a9316e582d9]::runtime::scheduler::Context>>::set::<<tokio[b340a9316e582d9]::runtime::scheduler::current_thread::CoreGuard>::enter<<tokio[b340a9316e582d9]::runtime::scheduler::current_thread::CoreGuard>::block_on<core[a373ad73a504971]::pin::Pin<&mut core[a373ad73a504971]::pin::Pin<&mut dyn core[a373ad73a504971]::future::future::Future<Output = ()>>>>::{closure#0}, core[a373ad73a504971]::option::Option<()>>::{closure#0}, (alloc[2e1b2a31b91974c5]::boxed::Box<tokio[b340a9316e582d9]::runtime::scheduler::current_thread::Core>, core[a373ad73a504971]::option::Option<()>)>
[INFO] [stdout]   15:     0x590a05532e37 - <tokio[b340a9316e582d9]::runtime::scheduler::current_thread::CoreGuard>::block_on::<core[a373ad73a504971]::pin::Pin<&mut core[a373ad73a504971]::pin::Pin<&mut dyn core[a373ad73a504971]::future::future::Future<Output = ()>>>>
[INFO] [stdout]   16:     0x590a05534490 - tokio[b340a9316e582d9]::runtime::context::runtime::enter_runtime::<<tokio[b340a9316e582d9]::runtime::scheduler::current_thread::CurrentThread>::block_on<core[a373ad73a504971]::pin::Pin<&mut dyn core[a373ad73a504971]::future::future::Future<Output = ()>>>::{closure#0}, ()>
[INFO] [stdout]   17:     0x590a0553361a - <tokio[b340a9316e582d9]::runtime::runtime::Runtime>::block_on::<core[a373ad73a504971]::pin::Pin<&mut dyn core[a373ad73a504971]::future::future::Future<Output = ()>>>
[INFO] [stdout]   18:     0x590a0551b1be - <integration_test[6a9b7711df1b7233]::redirects_output::{closure#0} as core[a373ad73a504971]::ops::function::FnOnce<()>>::call_once
[INFO] [stdout]   19:     0x590a0553773b - test[aada8e7e76ba119b]::__rust_begin_short_backtrace::<core[a373ad73a504971]::result::Result<(), alloc[2e1b2a31b91974c5]::string::String>, fn() -> core[a373ad73a504971]::result::Result<(), alloc[2e1b2a31b91974c5]::string::String>>
[INFO] [stdout]   20:     0x590a05544915 - test[aada8e7e76ba119b]::run_test::{closure#0}
[INFO] [stdout]   21:     0x590a0553e204 - std[617be2ca0a6fd877]::sys::backtrace::__rust_begin_short_backtrace::<test[aada8e7e76ba119b]::run_test::{closure#1}, ()>
[INFO] [stdout]   22:     0x590a055479a2 - <std[617be2ca0a6fd877]::thread::lifecycle::spawn_unchecked<test[aada8e7e76ba119b]::run_test::{closure#1}, ()>::{closure#1} as core[a373ad73a504971]::ops::function::FnOnce<()>>::call_once::{shim:vtable#0}
[INFO] [stdout]   23:     0x590a056b018f - <std[617be2ca0a6fd877]::sys::thread::unix::Thread>::new::thread_start
[INFO] [stdout]   24:     0x75152cd5fdfa - <unknown>
[INFO] [stdout]   25:     0x75152cdf33d4 - clone
[INFO] [stdout]   26:                0x0 - <unknown>
[INFO] [stdout] 
[INFO] [stdout] ---- shell_variables stdout ----
[INFO] [stdout] 
[INFO] [stdout] thread 'shell_variables' (1353) panicked at tests/test_builder.rs:264:5:
[INFO] [stdout] assertion failed: `(left == right)`: 
[INFO] [stdout] 
[INFO] [stdout] Failed for: echo $VAR && VAR=1 && echo $VAR && echo 'print(require("@lune/process").env.VAR)' | lune run -
[INFO] [stdout] 
[INFO] [stdout] [1mDiff[0m [31m< left[0m / [32mright >[0m :
[INFO] [stdout] [31m<lune: command not found[0m
[INFO] [stdout] [31m<[0m
[INFO] [stdout] 
[INFO] [stdout] 
[INFO] [stdout] stack backtrace:
[INFO] [stdout]    0:     0x590a056b0f71 - <<std[617be2ca0a6fd877]::sys::backtrace::BacktraceLock>::print::DisplayBacktrace as core[a373ad73a504971]::fmt::Display>::fmt
[INFO] [stdout]    1:     0x590a056c72ea - core[a373ad73a504971]::fmt::write
[INFO] [stdout]    2:     0x590a056b624c - <alloc[2e1b2a31b91974c5]::vec::Vec<u8> as core[a373ad73a504971]::io::write::Write>::write_fmt
[INFO] [stdout]    3:     0x590a056889f6 - std[617be2ca0a6fd877]::panicking::default_hook::{closure#0}
[INFO] [stdout]    4:     0x590a056a71c9 - std[617be2ca0a6fd877]::panicking::default_hook
[INFO] [stdout]    5:     0x590a055442f0 - test[aada8e7e76ba119b]::test_main_inner::{closure#0}
[INFO] [stdout]    6:     0x590a056a74f2 - std[617be2ca0a6fd877]::panicking::panic_with_hook
[INFO] [stdout]    7:     0x590a05688aa2 - std[617be2ca0a6fd877]::panicking::panic_handler::{closure#0}
[INFO] [stdout]    8:     0x590a05680df9 - std[617be2ca0a6fd877]::sys::backtrace::__rust_end_short_backtrace::<std[617be2ca0a6fd877]::panicking::panic_handler::{closure#0}, !>
[INFO] [stdout]    9:     0x590a0568992d - __rustc[ea4f61d10b84890b]::rust_begin_unwind
[INFO] [stdout]   10:     0x590a056c7a4c - core[a373ad73a504971]::panicking::panic_fmt
[INFO] [stdout]   11:     0x590a05519204 - <integration_test[6a9b7711df1b7233]::test_builder::TestBuilder>::run::{closure#0}
[INFO] [stdout]   12:     0x590a05509c6c - integration_test[6a9b7711df1b7233]::shell_variables::{closure#0}
[INFO] [stdout]   13:     0x590a05532613 - <tokio[b340a9316e582d9]::runtime::scheduler::current_thread::Context>::enter::<core[a373ad73a504971]::task::poll::Poll<()>, <tokio[b340a9316e582d9]::runtime::scheduler::current_thread::CoreGuard>::block_on<core[a373ad73a504971]::pin::Pin<&mut core[a373ad73a504971]::pin::Pin<&mut dyn core[a373ad73a504971]::future::future::Future<Output = ()>>>>::{closure#0}::{closure#0}>
[INFO] [stdout]   14:     0x590a0553387c - <tokio[b340a9316e582d9]::runtime::context::scoped::Scoped<tokio[b340a9316e582d9]::runtime::scheduler::Context>>::set::<<tokio[b340a9316e582d9]::runtime::scheduler::current_thread::CoreGuard>::enter<<tokio[b340a9316e582d9]::runtime::scheduler::current_thread::CoreGuard>::block_on<core[a373ad73a504971]::pin::Pin<&mut core[a373ad73a504971]::pin::Pin<&mut dyn core[a373ad73a504971]::future::future::Future<Output = ()>>>>::{closure#0}, core[a373ad73a504971]::option::Option<()>>::{closure#0}, (alloc[2e1b2a31b91974c5]::boxed::Box<tokio[b340a9316e582d9]::runtime::scheduler::current_thread::Core>, core[a373ad73a504971]::option::Option<()>)>
[INFO] [stdout]   15:     0x590a05532e37 - <tokio[b340a9316e582d9]::runtime::scheduler::current_thread::CoreGuard>::block_on::<core[a373ad73a504971]::pin::Pin<&mut core[a373ad73a504971]::pin::Pin<&mut dyn core[a373ad73a504971]::future::future::Future<Output = ()>>>>
[INFO] [stdout]   16:     0x590a05534490 - tokio[b340a9316e582d9]::runtime::context::runtime::enter_runtime::<<tokio[b340a9316e582d9]::runtime::scheduler::current_thread::CurrentThread>::block_on<core[a373ad73a504971]::pin::Pin<&mut dyn core[a373ad73a504971]::future::future::Future<Output = ()>>>::{closure#0}, ()>
[INFO] [stdout]   17:     0x590a0553361a - <tokio[b340a9316e582d9]::runtime::runtime::Runtime>::block_on::<core[a373ad73a504971]::pin::Pin<&mut dyn core[a373ad73a504971]::future::future::Future<Output = ()>>>
[INFO] [stdout]   18:     0x590a0551aefe - <integration_test[6a9b7711df1b7233]::shell_variables::{closure#0} as core[a373ad73a504971]::ops::function::FnOnce<()>>::call_once
[INFO] [stdout]   19:     0x590a0553773b - test[aada8e7e76ba119b]::__rust_begin_short_backtrace::<core[a373ad73a504971]::result::Result<(), alloc[2e1b2a31b91974c5]::string::String>, fn() -> core[a373ad73a504971]::result::Result<(), alloc[2e1b2a31b91974c5]::string::String>>
[INFO] [stdout]   20:     0x590a05544915 - test[aada8e7e76ba119b]::run_test::{closure#0}
[INFO] [stdout]   21:     0x590a0553e204 - std[617be2ca0a6fd877]::sys::backtrace::__rust_begin_short_backtrace::<test[aada8e7e76ba119b]::run_test::{closure#1}, ()>
[INFO] [stdout]   22:     0x590a055479a2 - <std[617be2ca0a6fd877]::thread::lifecycle::spawn_unchecked<test[aada8e7e76ba119b]::run_test::{closure#1}, ()>::{closure#1} as core[a373ad73a504971]::ops::function::FnOnce<()>>::call_once::{shim:vtable#0}
[INFO] [stdout]   23:     0x590a056b018f - <std[617be2ca0a6fd877]::sys::thread::unix::Thread>::new::thread_start
[INFO] [stdout]   24:     0x75152cd5fdfa - <unknown>
[INFO] [stdout]   25:     0x75152cdf33d4 - clone
[INFO] [stdout]   26:                0x0 - <unknown>
[INFO] [stdout] 
[INFO] [stdout] ---- unset stdout ----
[INFO] [stdout] 
[INFO] [stdout] thread 'unset' (1388) panicked at tests/test_builder.rs:264:5:
[INFO] [stdout] assertion failed: `(left == right)`: 
[INFO] [stdout] 
[INFO] [stdout] Failed for: export VAR1=1 VAR2=2 VAR3=3 && unset VAR1 && echo '   local process = require("@lune/process")   for i = 1, 3 do       print(process.env[`VAR{i}`])   end' | lune run -
[INFO] [stdout] 
[INFO] [stdout] [1mDiff[0m [31m< left[0m / [32mright >[0m :
[INFO] [stdout] [31m<lune: command not found[0m
[INFO] [stdout] [31m<[0m
[INFO] [stdout] 
[INFO] [stdout] 
[INFO] [stdout] stack backtrace:
[INFO] [stdout]    0:     0x590a056b0f71 - <<std[617be2ca0a6fd877]::sys::backtrace::BacktraceLock>::print::DisplayBacktrace as core[a373ad73a504971]::fmt::Display>::fmt
[INFO] [stdout]    1:     0x590a056c72ea - core[a373ad73a504971]::fmt::write
[INFO] [stdout]    2:     0x590a056b624c - <alloc[2e1b2a31b91974c5]::vec::Vec<u8> as core[a373ad73a504971]::io::write::Write>::write_fmt
[INFO] [stdout]    3:     0x590a056889f6 - std[617be2ca0a6fd877]::panicking::default_hook::{closure#0}
[INFO] [stdout]    4:     0x590a056a71c9 - std[617be2ca0a6fd877]::panicking::default_hook
[INFO] [stdout]    5:     0x590a055442f0 - test[aada8e7e76ba119b]::test_main_inner::{closure#0}
[INFO] [stdout]    6:     0x590a056a74f2 - std[617be2ca0a6fd877]::panicking::panic_with_hook
[INFO] [stdout]    7:     0x590a05688aa2 - std[617be2ca0a6fd877]::panicking::panic_handler::{closure#0}
[INFO] [stdout]    8:     0x590a05680df9 - std[617be2ca0a6fd877]::sys::backtrace::__rust_end_short_backtrace::<std[617be2ca0a6fd877]::panicking::panic_handler::{closure#0}, !>
[INFO] [stdout]    9:     0x590a0568992d - __rustc[ea4f61d10b84890b]::rust_begin_unwind
[INFO] [stdout]   10:     0x590a056c7a4c - core[a373ad73a504971]::panicking::panic_fmt
[INFO] [stdout]   11:     0x590a05519204 - <integration_test[6a9b7711df1b7233]::test_builder::TestBuilder>::run::{closure#0}
[INFO] [stdout]   12:     0x590a0551253b - integration_test[6a9b7711df1b7233]::unset::{closure#0}
[INFO] [stdout]   13:     0x590a05532613 - <tokio[b340a9316e582d9]::runtime::scheduler::current_thread::Context>::enter::<core[a373ad73a504971]::task::poll::Poll<()>, <tokio[b340a9316e582d9]::runtime::scheduler::current_thread::CoreGuard>::block_on<core[a373ad73a504971]::pin::Pin<&mut core[a373ad73a504971]::pin::Pin<&mut dyn core[a373ad73a504971]::future::future::Future<Output = ()>>>>::{closure#0}::{closure#0}>
[INFO] [stdout]   14:     0x590a0553387c - <tokio[b340a9316e582d9]::runtime::context::scoped::Scoped<tokio[b340a9316e582d9]::runtime::scheduler::Context>>::set::<<tokio[b340a9316e582d9]::runtime::scheduler::current_thread::CoreGuard>::enter<<tokio[b340a9316e582d9]::runtime::scheduler::current_thread::CoreGuard>::block_on<core[a373ad73a504971]::pin::Pin<&mut core[a373ad73a504971]::pin::Pin<&mut dyn core[a373ad73a504971]::future::future::Future<Output = ()>>>>::{closure#0}, core[a373ad73a504971]::option::Option<()>>::{closure#0}, (alloc[2e1b2a31b91974c5]::boxed::Box<tokio[b340a9316e582d9]::runtime::scheduler::current_thread::Core>, core[a373ad73a504971]::option::Option<()>)>
[INFO] [stdout]   15:     0x590a05532e37 - <tokio[b340a9316e582d9]::runtime::scheduler::current_thread::CoreGuard>::block_on::<core[a373ad73a504971]::pin::Pin<&mut core[a373ad73a504971]::pin::Pin<&mut dyn core[a373ad73a504971]::future::future::Future<Output = ()>>>>
[INFO] [stdout]   16:     0x590a05534490 - tokio[b340a9316e582d9]::runtime::context::runtime::enter_runtime::<<tokio[b340a9316e582d9]::runtime::scheduler::current_thread::CurrentThread>::block_on<core[a373ad73a504971]::pin::Pin<&mut dyn core[a373ad73a504971]::future::future::Future<Output = ()>>>::{closure#0}, ()>
[INFO] [stdout]   17:     0x590a0553361a - <tokio[b340a9316e582d9]::runtime::runtime::Runtime>::block_on::<core[a373ad73a504971]::pin::Pin<&mut dyn core[a373ad73a504971]::future::future::Future<Output = ()>>>
[INFO] [stdout]   18:     0x590a0551d17e - <integration_test[6a9b7711df1b7233]::unset::{closure#0} as core[a373ad73a504971]::ops::function::FnOnce<()>>::call_once
[INFO] [stdout]   19:     0x590a0553773b - test[aada8e7e76ba119b]::__rust_begin_short_backtrace::<core[a373ad73a504971]::result::Result<(), alloc[2e1b2a31b91974c5]::string::String>, fn() -> core[a373ad73a504971]::result::Result<(), alloc[2e1b2a31b91974c5]::string::String>>
[INFO] [stdout]   20:     0x590a05544915 - test[aada8e7e76ba119b]::run_test::{closure#0}
[INFO] [stdout]   21:     0x590a0553e204 - std[617be2ca0a6fd877]::sys::backtrace::__rust_begin_short_backtrace::<test[aada8e7e76ba119b]::run_test::{closure#1}, ()>
[INFO] [stdout]   22:     0x590a055479a2 - <std[617be2ca0a6fd877]::thread::lifecycle::spawn_unchecked<test[aada8e7e76ba119b]::run_test::{closure#1}, ()>::{closure#1} as core[a373ad73a504971]::ops::function::FnOnce<()>>::call_once::{shim:vtable#0}
[INFO] [stdout]   23:     0x590a056b018f - <std[617be2ca0a6fd877]::sys::thread::unix::Thread>::new::thread_start
[INFO] [stdout]   24:     0x75152cd5fdfa - <unknown>
[INFO] [stdout]   25:     0x75152cdf33d4 - clone
[INFO] [stdout]   26:                0x0 - <unknown>
[INFO] [stdout] 
[INFO] [stdout] ---- xargs stdout ----
[INFO] [stdout] 
[INFO] [stdout] thread 'xargs' (1391) panicked at tests/test_builder.rs:264:5:
[INFO] [stdout] assertion failed: `(left == right)`: 
[INFO] [stdout] 
[INFO] [stdout] Failed for: echo "print('testing\nthis')" | lune run - | xargs
[INFO] [stdout] 
[INFO] [stdout] [1mDiff[0m [31m< left[0m / [32mright >[0m :
[INFO] [stdout] [31m<lune: command not found[0m
[INFO] [stdout] [31m<[0m
[INFO] [stdout] 
[INFO] [stdout] 
[INFO] [stdout] stack backtrace:
[INFO] [stdout]    0:     0x590a056b0f71 - <<std[617be2ca0a6fd877]::sys::backtrace::BacktraceLock>::print::DisplayBacktrace as core[a373ad73a504971]::fmt::Display>::fmt
[INFO] [stdout]    1:     0x590a056c72ea - core[a373ad73a504971]::fmt::write
[INFO] [stdout]    2:     0x590a056b624c - <alloc[2e1b2a31b91974c5]::vec::Vec<u8> as core[a373ad73a504971]::io::write::Write>::write_fmt
[INFO] [stdout]    3:     0x590a056889f6 - std[617be2ca0a6fd877]::panicking::default_hook::{closure#0}
[INFO] [stdout]    4:     0x590a056a71c9 - std[617be2ca0a6fd877]::panicking::default_hook
[INFO] [stdout]    5:     0x590a055442f0 - test[aada8e7e76ba119b]::test_main_inner::{closure#0}
[INFO] [stdout]    6:     0x590a056a74f2 - std[617be2ca0a6fd877]::panicking::panic_with_hook
[INFO] [stdout]    7:     0x590a05688aa2 - std[617be2ca0a6fd877]::panicking::panic_handler::{closure#0}
[INFO] [stdout]    8:     0x590a05680df9 - std[617be2ca0a6fd877]::sys::backtrace::__rust_end_short_backtrace::<std[617be2ca0a6fd877]::panicking::panic_handler::{closure#0}, !>
[INFO] [stdout]    9:     0x590a0568992d - __rustc[ea4f61d10b84890b]::rust_begin_unwind
[INFO] [stdout]   10:     0x590a056c7a4c - core[a373ad73a504971]::panicking::panic_fmt
[INFO] [stdout]   11:     0x590a05519204 - <integration_test[6a9b7711df1b7233]::test_builder::TestBuilder>::run::{closure#0}
[INFO] [stdout]   12:     0x590a05513458 - integration_test[6a9b7711df1b7233]::xargs::{closure#0}
[INFO] [stdout]   13:     0x590a05532613 - <tokio[b340a9316e582d9]::runtime::scheduler::current_thread::Context>::enter::<core[a373ad73a504971]::task::poll::Poll<()>, <tokio[b340a9316e582d9]::runtime::scheduler::current_thread::CoreGuard>::block_on<core[a373ad73a504971]::pin::Pin<&mut core[a373ad73a504971]::pin::Pin<&mut dyn core[a373ad73a504971]::future::future::Future<Output = ()>>>>::{closure#0}::{closure#0}>
[INFO] [stdout]   14:     0x590a0553387c - <tokio[b340a9316e582d9]::runtime::context::scoped::Scoped<tokio[b340a9316e582d9]::runtime::scheduler::Context>>::set::<<tokio[b340a9316e582d9]::runtime::scheduler::current_thread::CoreGuard>::enter<<tokio[b340a9316e582d9]::runtime::scheduler::current_thread::CoreGuard>::block_on<core[a373ad73a504971]::pin::Pin<&mut core[a373ad73a504971]::pin::Pin<&mut dyn core[a373ad73a504971]::future::future::Future<Output = ()>>>>::{closure#0}, core[a373ad73a504971]::option::Option<()>>::{closure#0}, (alloc[2e1b2a31b91974c5]::boxed::Box<tokio[b340a9316e582d9]::runtime::scheduler::current_thread::Core>, core[a373ad73a504971]::option::Option<()>)>
[INFO] [stdout]   15:     0x590a05532e37 - <tokio[b340a9316e582d9]::runtime::scheduler::current_thread::CoreGuard>::block_on::<core[a373ad73a504971]::pin::Pin<&mut core[a373ad73a504971]::pin::Pin<&mut dyn core[a373ad73a504971]::future::future::Future<Output = ()>>>>
[INFO] [stdout]   16:     0x590a05534490 - tokio[b340a9316e582d9]::runtime::context::runtime::enter_runtime::<<tokio[b340a9316e582d9]::runtime::scheduler::current_thread::CurrentThread>::block_on<core[a373ad73a504971]::pin::Pin<&mut dyn core[a373ad73a504971]::future::future::Future<Output = ()>>>::{closure#0}, ()>
[INFO] [stdout]   17:     0x590a0553361a - <tokio[b340a9316e582d9]::runtime::runtime::Runtime>::block_on::<core[a373ad73a504971]::pin::Pin<&mut dyn core[a373ad73a504971]::future::future::Future<Output = ()>>>
[INFO] [stdout]   18:     0x590a0551d2de - <integration_test[6a9b7711df1b7233]::xargs::{closure#0} as core[a373ad73a504971]::ops::function::FnOnce<()>>::call_once
[INFO] [stdout]   19:     0x590a0553773b - test[aada8e7e76ba119b]::__rust_begin_short_backtrace::<core[a373ad73a504971]::result::Result<(), alloc[2e1b2a31b91974c5]::string::String>, fn() -> core[a373ad73a504971]::result::Result<(), alloc[2e1b2a31b91974c5]::string::String>>
[INFO] [stdout]   20:     0x590a05544915 - test[aada8e7e76ba119b]::run_test::{closure#0}
[INFO] [stdout]   21:     0x590a0553e204 - std[617be2ca0a6fd877]::sys::backtrace::__rust_begin_short_backtrace::<test[aada8e7e76ba119b]::run_test::{closure#1}, ()>
[INFO] [stdout]   22:     0x590a055479a2 - <std[617be2ca0a6fd877]::thread::lifecycle::spawn_unchecked<test[aada8e7e76ba119b]::run_test::{closure#1}, ()>::{closure#1} as core[a373ad73a504971]::ops::function::FnOnce<()>>::call_once::{shim:vtable#0}
[INFO] [stdout]   23:     0x590a056b018f - <std[617be2ca0a6fd877]::sys::thread::unix::Thread>::new::thread_start
[INFO] [stdout]   24:     0x75152cd5fdfa - <unknown>
[INFO] [stdout]   25:     0x75152cdf33d4 - clone
[INFO] [stdout]   26:                0x0 - <unknown>
[INFO] [stdout] 
[INFO] [stdout] ---- async_commands stdout ----
[INFO] [stdout] 
[INFO] [stdout] thread 'async_commands' (1224) panicked at tests/test_builder.rs:264:5:
[INFO] [stdout] assertion failed: `(left == right)`: 
[INFO] [stdout] 
[INFO] [stdout] Failed for: echo 'require("@lune/process").exit(1)' | lune run - & sleep 5 && echo 2 & echo 1
[INFO] [stdout] 
[INFO] [stdout] [1mDiff[0m [31m< left[0m / [32mright >[0m :
[INFO] [stdout] [31m<lune: command not found[0m
[INFO] [stdout] [31m<[0m
[INFO] [stdout] 
[INFO] [stdout] 
[INFO] [stdout] stack backtrace:
[INFO] [stdout]    0:     0x590a056b0f71 - <<std[617be2ca0a6fd877]::sys::backtrace::BacktraceLock>::print::DisplayBacktrace as core[a373ad73a504971]::fmt::Display>::fmt
[INFO] [stdout]    1:     0x590a056c72ea - core[a373ad73a504971]::fmt::write
[INFO] [stdout]    2:     0x590a056b624c - <alloc[2e1b2a31b91974c5]::vec::Vec<u8> as core[a373ad73a504971]::io::write::Write>::write_fmt
[INFO] [stdout]    3:     0x590a056889f6 - std[617be2ca0a6fd877]::panicking::default_hook::{closure#0}
[INFO] [stdout]    4:     0x590a056a71c9 - std[617be2ca0a6fd877]::panicking::default_hook
[INFO] [stdout]    5:     0x590a055442f0 - test[aada8e7e76ba119b]::test_main_inner::{closure#0}
[INFO] [stdout]    6:     0x590a056a74f2 - std[617be2ca0a6fd877]::panicking::panic_with_hook
[INFO] [stdout]    7:     0x590a05688aa2 - std[617be2ca0a6fd877]::panicking::panic_handler::{closure#0}
[INFO] [stdout]    8:     0x590a05680df9 - std[617be2ca0a6fd877]::sys::backtrace::__rust_end_short_backtrace::<std[617be2ca0a6fd877]::panicking::panic_handler::{closure#0}, !>
[INFO] [stdout]    9:     0x590a0568992d - __rustc[ea4f61d10b84890b]::rust_begin_unwind
[INFO] [stdout]   10:     0x590a056c7a4c - core[a373ad73a504971]::panicking::panic_fmt
[INFO] [stdout]   11:     0x590a05519204 - <integration_test[6a9b7711df1b7233]::test_builder::TestBuilder>::run::{closure#0}
[INFO] [stdout]   12:     0x590a0550910d - integration_test[6a9b7711df1b7233]::async_commands::{closure#0}
[INFO] [stdout]   13:     0x590a05532613 - <tokio[b340a9316e582d9]::runtime::scheduler::current_thread::Context>::enter::<core[a373ad73a504971]::task::poll::Poll<()>, <tokio[b340a9316e582d9]::runtime::scheduler::current_thread::CoreGuard>::block_on<core[a373ad73a504971]::pin::Pin<&mut core[a373ad73a504971]::pin::Pin<&mut dyn core[a373ad73a504971]::future::future::Future<Output = ()>>>>::{closure#0}::{closure#0}>
[INFO] [stdout]   14:     0x590a0553387c - <tokio[b340a9316e582d9]::runtime::context::scoped::Scoped<tokio[b340a9316e582d9]::runtime::scheduler::Context>>::set::<<tokio[b340a9316e582d9]::runtime::scheduler::current_thread::CoreGuard>::enter<<tokio[b340a9316e582d9]::runtime::scheduler::current_thread::CoreGuard>::block_on<core[a373ad73a504971]::pin::Pin<&mut core[a373ad73a504971]::pin::Pin<&mut dyn core[a373ad73a504971]::future::future::Future<Output = ()>>>>::{closure#0}, core[a373ad73a504971]::option::Option<()>>::{closure#0}, (alloc[2e1b2a31b91974c5]::boxed::Box<tokio[b340a9316e582d9]::runtime::scheduler::current_thread::Core>, core[a373ad73a504971]::option::Option<()>)>
[INFO] [stdout]   15:     0x590a05532e37 - <tokio[b340a9316e582d9]::runtime::scheduler::current_thread::CoreGuard>::block_on::<core[a373ad73a504971]::pin::Pin<&mut core[a373ad73a504971]::pin::Pin<&mut dyn core[a373ad73a504971]::future::future::Future<Output = ()>>>>
[INFO] [stdout]   16:     0x590a05534490 - tokio[b340a9316e582d9]::runtime::context::runtime::enter_runtime::<<tokio[b340a9316e582d9]::runtime::scheduler::current_thread::CurrentThread>::block_on<core[a373ad73a504971]::pin::Pin<&mut dyn core[a373ad73a504971]::future::future::Future<Output = ()>>>::{closure#0}, ()>
[INFO] [stdout]   17:     0x590a0553361a - <tokio[b340a9316e582d9]::runtime::runtime::Runtime>::block_on::<core[a373ad73a504971]::pin::Pin<&mut dyn core[a373ad73a504971]::future::future::Future<Output = ()>>>
[INFO] [stdout]   18:     0x590a0551aabe - <integration_test[6a9b7711df1b7233]::async_commands::{closure#0} as core[a373ad73a504971]::ops::function::FnOnce<()>>::call_once
[INFO] [stdout]   19:     0x590a0553773b - test[aada8e7e76ba119b]::__rust_begin_short_backtrace::<core[a373ad73a504971]::result::Result<(), alloc[2e1b2a31b91974c5]::string::String>, fn() -> core[a373ad73a504971]::result::Result<(), alloc[2e1b2a31b91974c5]::string::String>>
[INFO] [stdout]   20:     0x590a05544915 - test[aada8e7e76ba119b]::run_test::{closure#0}
[INFO] [stdout]   21:     0x590a0553e204 - std[617be2ca0a6fd877]::sys::backtrace::__rust_begin_short_backtrace::<test[aada8e7e76ba119b]::run_test::{closure#1}, ()>
[INFO] [stdout]   22:     0x590a055479a2 - <std[617be2ca0a6fd877]::thread::lifecycle::spawn_unchecked<test[aada8e7e76ba119b]::run_test::{closure#1}, ()>::{closure#1} as core[a373ad73a504971]::ops::function::FnOnce<()>>::call_once::{shim:vtable#0}
[INFO] [stdout]   23:     0x590a056b018f - <std[617be2ca0a6fd877]::sys::thread::unix::Thread>::new::thread_start
[INFO] [stdout]   24:     0x75152cd5fdfa - <unknown>
[INFO] [stdout]   25:     0x75152cdf33d4 - clone
[INFO] [stdout]   26:                0x0 - <unknown>
[INFO] [stdout] 
[INFO] [stdout] 
[INFO] [stdout] failures:
[INFO] [stdout]     async_commands
[INFO] [stdout]     commands
[INFO] [stdout]     cross_platform_shebang
[INFO] [stdout]     custom_command_resolve_command_path
[INFO] [stdout]     env_variables
[INFO] [stdout]     exit_code_var
[INFO] [stdout]     pipeline
[INFO] [stdout]     redirects_output
[INFO] [stdout]     shell_variables
[INFO] [stdout]     unset
[INFO] [stdout]     xargs
[INFO] [stdout] 
[INFO] [stdout] test result: FAILED. 31 passed; 11 failed; 0 ignored; 0 measured; 0 filtered out; finished in 1.15s
[INFO] [stdout] 
[INFO] running `Command { std: "docker" "inspect" "19de3e1a31449ea3e6d69280a62e0422237a61a28e6c72c12211bdc0b30cf802", kill_on_drop: false }`
[INFO] running `Command { std: "docker" "rm" "-f" "19de3e1a31449ea3e6d69280a62e0422237a61a28e6c72c12211bdc0b30cf802", kill_on_drop: false }`
[INFO] [stdout] 19de3e1a31449ea3e6d69280a62e0422237a61a28e6c72c12211bdc0b30cf802
