[INFO] fetching crate croque 0.10.0...
[INFO] testing croque-0.10.0 against 1.99.0-beta.8+cargoflags=--release for beta-release-1.100-2
[INFO] extracting crate croque 0.10.0 into /workspace/builds/worker-3-tc1/source
[INFO] started tweaking crates.io crate croque 0.10.0
[INFO] removed 0 missing tests
[INFO] finished tweaking crates.io crate croque 0.10.0
[INFO] tweaked toml for crates.io crate croque 0.10.0 written to /workspace/builds/worker-3-tc1/source/Cargo.toml
[INFO] validating manifest of crates.io crate croque 0.10.0 on toolchain 1.99.0-beta.8
[INFO] running `Command { std: CARGO_HOME="/workspace/cargo-home" RUSTUP_HOME="/workspace/rustup-home" "/workspace/cargo-home/bin/cargo" "+1.99.0-beta.8" "metadata" "--manifest-path" "Cargo.toml" "--no-deps", kill_on_drop: false }`
[INFO] crate crates.io crate croque 0.10.0 already has a lockfile, it will not be regenerated
[INFO] running `Command { std: CARGO_HOME="/workspace/cargo-home" RUSTUP_HOME="/workspace/rustup-home" "/workspace/cargo-home/bin/cargo" "+1.99.0-beta.8" "fetch" "--manifest-path" "Cargo.toml", kill_on_drop: false }`
[INFO] [stderr]     Blocking waiting for file lock on package cache
[INFO] [stderr]     Updating crates.io index
[INFO] [stderr]     Blocking waiting for file lock on package cache
[INFO] [stderr]  Downloading crates ...
[INFO] [stderr]   Downloaded hostname v0.4.2
[INFO] [stderr]   Downloaded uzers v0.12.2
[INFO] [stderr]   Downloaded console v0.16.3
[INFO] [stderr]   Downloaded dirs v6.0.0
[INFO] [stderr]   Downloaded libredox v0.1.16
[INFO] [stderr]   Downloaded clap_derive v4.6.1
[INFO] [stderr]   Downloaded bitcode_derive v0.6.9
[INFO] [stderr]   Downloaded insta v1.47.2
[INFO] [stderr]   Downloaded bitcode v0.6.9
[INFO] [stderr]   Downloaded cc v1.2.62
[INFO] [stderr]   Downloaded git2 v0.21.0
[INFO] [stderr]   Downloaded glam v0.33.0
[INFO] [stderr]   Downloaded libz-sys v1.1.28
[INFO] [stderr]   Downloaded libgit2-sys v0.18.4+1.9.3
[INFO] running `Command { std: "docker" "create" "-v" "/var/lib/crater-agent-workspace/builds/worker-3-tc1/source:/opt/rustwide/workdir:ro,Z" "-v" "/var/lib/crater-agent-workspace/builds/worker-3-tc1/target:/opt/rustwide/target:rw,Z" "-v" "/var/lib/crater-agent-workspace/cargo-home:/opt/rustwide/cargo-home:ro,Z" "-v" "/var/lib/crater-agent-workspace/rustup-home:/opt/rustwide/rustup-home:ro,Z" "-m" "1610612736" "--network" "none" "ghcr.io/rust-lang/crates-build-env/linux@sha256:77db811e55d90add9212f6832c23229e3de5f1c1f9905e8cb07319ea15df73ac" "sleep" "infinity", kill_on_drop: false }`
[INFO] [stdout] 3be4be8f0c5fb512b0ec253873aee9ce8824070ba5159b95030ba8dac46ebf26
[INFO] running `Command { std: "docker" "start" "3be4be8f0c5fb512b0ec253873aee9ce8824070ba5159b95030ba8dac46ebf26", kill_on_drop: false }`
[INFO] running `Command { std: "docker" "inspect" "3be4be8f0c5fb512b0ec253873aee9ce8824070ba5159b95030ba8dac46ebf26", kill_on_drop: false }`
[INFO] running `Command { std: "docker" "exec" "-e" "SOURCE_DIR=/opt/rustwide/workdir" "-e" "CARGO_HOME=/opt/rustwide/cargo-home" "-e" "RUSTUP_HOME=/opt/rustwide/rustup-home" "-e" "CARGO_TARGET_DIR=/opt/rustwide/target" "-w" "/opt/rustwide/workdir" "--user" "0:0" "3be4be8f0c5fb512b0ec253873aee9ce8824070ba5159b95030ba8dac46ebf26" "/opt/rustwide/cargo-home/bin/cargo" "+1.99.0-beta.8" "metadata" "--no-deps" "--format-version=1", kill_on_drop: false }`
[INFO] running `Command { std: "docker" "inspect" "3be4be8f0c5fb512b0ec253873aee9ce8824070ba5159b95030ba8dac46ebf26", kill_on_drop: false }`
[INFO] running `Command { std: "docker" "exec" "-e" "SOURCE_DIR=/opt/rustwide/workdir" "-e" "CARGO_HOME=/opt/rustwide/cargo-home" "-e" "RUSTUP_HOME=/opt/rustwide/rustup-home" "-e" "CARGO_TARGET_DIR=/opt/rustwide/target" "-e" "CARGO_INCREMENTAL=0" "-e" "RUST_BACKTRACE=full" "-e" "RUSTFLAGS=--cap-lints=warn" "-e" "RUSTDOCFLAGS=--cap-lints=warn" "-w" "/opt/rustwide/workdir" "--user" "0:0" "3be4be8f0c5fb512b0ec253873aee9ce8824070ba5159b95030ba8dac46ebf26" "/opt/rustwide/cargo-home/bin/cargo" "+1.99.0-beta.8" "build" "--frozen" "--message-format=json" "--release", kill_on_drop: false }`
[INFO] [stderr]    Compiling libc v0.2.186
[INFO] [stderr]    Compiling proc-macro2 v1.0.106
[INFO] [stderr]    Compiling quote v1.0.45
[INFO] [stderr]    Compiling unicode-ident v1.0.24
[INFO] [stderr]    Compiling find-msvc-tools v0.1.9
[INFO] [stderr]    Compiling pkg-config v0.3.33
[INFO] [stderr]    Compiling vcpkg v0.2.15
[INFO] [stderr]    Compiling serde_core v1.0.228
[INFO] [stderr]    Compiling autocfg v1.5.1
[INFO] [stderr]    Compiling utf8parse v0.2.2
[INFO] [stderr]    Compiling anstyle-parse v1.0.0
[INFO] [stderr]    Compiling anstyle-query v1.1.5
[INFO] [stderr]    Compiling anstyle v1.0.14
[INFO] [stderr]    Compiling num-traits v0.2.19
[INFO] [stderr]    Compiling serde v1.0.228
[INFO] [stderr]    Compiling zmij v1.0.21
[INFO] [stderr]    Compiling is_terminal_polyfill v1.70.2
[INFO] [stderr]    Compiling colorchoice v1.0.5
[INFO] [stderr]    Compiling anstream v1.0.0
[INFO] [stderr]    Compiling memchr v2.8.0
[INFO] [stderr]    Compiling serde_json v1.0.150
[INFO] [stderr]    Compiling strsim v0.11.1
[INFO] [stderr]    Compiling log v0.4.30
[INFO] [stderr]    Compiling clap_lex v1.1.0
[INFO] [stderr]    Compiling hashbrown v0.17.1
[INFO] [stderr]    Compiling syn v2.0.117
[INFO] [stderr]    Compiling thiserror v2.0.18
[INFO] [stderr]    Compiling jobserver v0.1.34
[INFO] [stderr]    Compiling option-ext v0.2.0
[INFO] [stderr]    Compiling equivalent v1.0.2
[INFO] [stderr]    Compiling itoa v1.0.18
[INFO] [stderr]    Compiling dirs-sys v0.5.0
[INFO] [stderr]    Compiling clap_builder v4.6.0
[INFO] [stderr]    Compiling cc v1.2.62
[INFO] [stderr]    Compiling indexmap v2.14.0
[INFO] [stderr]    Compiling bytemuck v1.25.0
[INFO] [stderr]    Compiling bitflags v2.11.1
[INFO] [stderr]    Compiling iana-time-zone v0.1.65
[INFO] [stderr]    Compiling ryu v1.0.23
[INFO] [stderr]    Compiling cfg-if v1.0.4
[INFO] [stderr]    Compiling hostname v0.4.2
[INFO] [stderr]    Compiling chrono v0.4.44
[INFO] [stderr]    Compiling dirs v6.0.0
[INFO] [stderr]    Compiling uzers v0.12.2
[INFO] [stderr]    Compiling aho-corasick v1.1.4
[INFO] [stderr]    Compiling nu-ansi-term v0.50.3
[INFO] [stderr]    Compiling unicode-width v0.2.2
[INFO] [stderr]    Compiling libz-sys v1.1.28
[INFO] [stderr]    Compiling libgit2-sys v0.18.4+1.9.3
[INFO] [stderr]    Compiling serde_derive v1.0.228
[INFO] [stderr]    Compiling clap_derive v4.6.1
[INFO] [stderr]    Compiling thiserror-impl v2.0.18
[INFO] [stderr]    Compiling bitcode_derive v0.6.9
[INFO] [stderr]    Compiling clap v4.6.1
[INFO] [stderr]    Compiling bitcode v0.6.9
[INFO] [stderr]    Compiling serde_yaml v0.9.34+deprecated
[INFO] [stderr]    Compiling git2 v0.21.0
[INFO] [stderr]    Compiling croque v0.10.0 (/opt/rustwide/workdir)
[INFO] [stdout] warning: associated function `default_content` is never used
[INFO] [stdout]    --> src/config/os.rs:314:8
[INFO] [stdout]     |
[INFO] [stdout] 313 | impl MacOsConfig {
[INFO] [stdout]     | ---------------- associated function in this implementation
[INFO] [stdout] 314 |     fn default_content() -> String {
[INFO] [stdout]     |        ^^^^^^^^^^^^^^^
[INFO] [stdout]     |
[INFO] [stdout]     = note: `#[warn(dead_code)]` (part of `#[warn(unused)]`) on by default
[INFO] [stdout] 
[INFO] [stdout] 
[INFO] [stdout] warning: associated function `default_content` is never used
[INFO] [stdout]    --> src/config/os.rs:339:8
[INFO] [stdout]     |
[INFO] [stdout] 338 | impl WindowsOsConfig {
[INFO] [stdout]     | -------------------- associated function in this implementation
[INFO] [stdout] 339 |     fn default_content() -> String {
[INFO] [stdout]     |        ^^^^^^^^^^^^^^^
[INFO] [stdout] 
[INFO] [stdout] 
[INFO] [stderr]     Finished `release` profile [optimized] target(s) in 2m 55s
[INFO] running `Command { std: "docker" "inspect" "3be4be8f0c5fb512b0ec253873aee9ce8824070ba5159b95030ba8dac46ebf26", kill_on_drop: false }`
[INFO] running `Command { std: "docker" "exec" "-e" "SOURCE_DIR=/opt/rustwide/workdir" "-e" "CARGO_HOME=/opt/rustwide/cargo-home" "-e" "RUSTUP_HOME=/opt/rustwide/rustup-home" "-e" "CARGO_TARGET_DIR=/opt/rustwide/target" "-e" "CARGO_INCREMENTAL=0" "-e" "RUST_BACKTRACE=full" "-e" "RUSTFLAGS=--cap-lints=warn" "-e" "RUSTDOCFLAGS=--cap-lints=warn" "-w" "/opt/rustwide/workdir" "--user" "0:0" "3be4be8f0c5fb512b0ec253873aee9ce8824070ba5159b95030ba8dac46ebf26" "/opt/rustwide/cargo-home/bin/cargo" "+1.99.0-beta.8" "test" "--frozen" "--no-run" "--message-format=json" "--release", kill_on_drop: false }`
[INFO] [stderr]    Compiling bitflags v2.11.1
[INFO] [stderr]    Compiling rustix v1.1.4
[INFO] [stderr]    Compiling getrandom v0.4.2
[INFO] [stderr]    Compiling linux-raw-sys v0.12.1
[INFO] [stderr]    Compiling fastrand v2.4.1
[INFO] [stderr]    Compiling once_cell v1.21.4
[INFO] [stderr]    Compiling console v0.16.3
[INFO] [stderr]    Compiling git2 v0.21.0
[INFO] [stderr]    Compiling tempfile v3.27.0
[INFO] [stderr]    Compiling insta v1.47.2
[INFO] [stderr]    Compiling croque v0.10.0 (/opt/rustwide/workdir)
[INFO] [stdout] warning: method `write_file` is never used
[INFO] [stdout]   --> tests/helpers/mod.rs:44:12
[INFO] [stdout]    |
[INFO] [stdout] 13 | impl TestEnv {
[INFO] [stdout]    | ------------ method in this implementation
[INFO] [stdout] ...
[INFO] [stdout] 44 |     pub fn write_file(&self, filename: &str, content: &str) {
[INFO] [stdout]    |            ^^^^^^^^^^
[INFO] [stdout]    |
[INFO] [stdout]    = note: `#[warn(dead_code)]` (part of `#[warn(unused)]`) on by default
[INFO] [stdout] 
[INFO] [stdout] 
[INFO] [stdout] warning: associated function `default_content` is never used
[INFO] [stdout]    --> src/config/os.rs:314:8
[INFO] [stdout]     |
[INFO] [stdout] 313 | impl MacOsConfig {
[INFO] [stdout]     | ---------------- associated function in this implementation
[INFO] [stdout] 314 |     fn default_content() -> String {
[INFO] [stdout]     |        ^^^^^^^^^^^^^^^
[INFO] [stdout]     |
[INFO] [stdout]     = note: `#[warn(dead_code)]` (part of `#[warn(unused)]`) on by default
[INFO] [stdout] 
[INFO] [stdout] 
[INFO] [stdout] warning: associated function `default_content` is never used
[INFO] [stdout]    --> src/config/os.rs:339:8
[INFO] [stdout]     |
[INFO] [stdout] 338 | impl WindowsOsConfig {
[INFO] [stdout]     | -------------------- associated function in this implementation
[INFO] [stdout] 339 |     fn default_content() -> String {
[INFO] [stdout]     |        ^^^^^^^^^^^^^^^
[INFO] [stdout] 
[INFO] [stdout] 
[INFO] [stdout] warning: methods `data_gh` and `data_glab` are never used
[INFO] [stdout]   --> tests/prompt_test.rs:62:8
[INFO] [stdout]    |
[INFO] [stdout] 20 | impl PromptInput {
[INFO] [stdout]    | ---------------- methods in this implementation
[INFO] [stdout] ...
[INFO] [stdout] 62 |     fn data_gh(&mut self, data_gh: &str) -> &mut Self {
[INFO] [stdout]    |        ^^^^^^^
[INFO] [stdout] ...
[INFO] [stdout] 67 |     fn data_glab(&mut self, data_glab: &str) -> &mut Self {
[INFO] [stdout]    |        ^^^^^^^^^
[INFO] [stdout]    |
[INFO] [stdout]    = note: `#[warn(dead_code)]` (part of `#[warn(unused)]`) on by default
[INFO] [stdout] 
[INFO] [stdout] 
[INFO] [stdout] warning: associated function `default_content` is never used
[INFO] [stdout]    --> src/config/os.rs:314:8
[INFO] [stdout]     |
[INFO] [stdout] 313 | impl MacOsConfig {
[INFO] [stdout]     | ---------------- associated function in this implementation
[INFO] [stdout] 314 |     fn default_content() -> String {
[INFO] [stdout]     |        ^^^^^^^^^^^^^^^
[INFO] [stdout]     |
[INFO] [stdout]     = note: `#[warn(dead_code)]` (part of `#[warn(unused)]`) on by default
[INFO] [stdout] 
[INFO] [stdout] 
[INFO] [stdout] warning: associated function `default_content` is never used
[INFO] [stdout]    --> src/config/os.rs:339:8
[INFO] [stdout]     |
[INFO] [stdout] 338 | impl WindowsOsConfig {
[INFO] [stdout]     | -------------------- associated function in this implementation
[INFO] [stdout] 339 |     fn default_content() -> String {
[INFO] [stdout]     |        ^^^^^^^^^^^^^^^
[INFO] [stdout] 
[INFO] [stdout] 
[INFO] [stderr]     Finished `release` profile [optimized] target(s) in 1m 01s
[INFO] running `Command { std: "docker" "inspect" "3be4be8f0c5fb512b0ec253873aee9ce8824070ba5159b95030ba8dac46ebf26", kill_on_drop: false }`
[INFO] running `Command { std: "docker" "exec" "-e" "SOURCE_DIR=/opt/rustwide/workdir" "-e" "CARGO_HOME=/opt/rustwide/cargo-home" "-e" "RUSTUP_HOME=/opt/rustwide/rustup-home" "-e" "CARGO_TARGET_DIR=/opt/rustwide/target" "-e" "CARGO_INCREMENTAL=0" "-e" "RUST_BACKTRACE=full" "-e" "RUSTFLAGS=--cap-lints=warn" "-e" "RUSTDOCFLAGS=--cap-lints=warn" "-w" "/opt/rustwide/workdir" "--user" "0:0" "3be4be8f0c5fb512b0ec253873aee9ce8824070ba5159b95030ba8dac46ebf26" "/opt/rustwide/cargo-home/bin/cargo" "+1.99.0-beta.8" "test" "--frozen" "--release", kill_on_drop: false }`
[INFO] [stderr] warning: associated function `default_content` is never used
[INFO] [stderr]    --> src/config/os.rs:314:8
[INFO] [stderr]     |
[INFO] [stderr] 313 | impl MacOsConfig {
[INFO] [stderr]     | ---------------- associated function in this implementation
[INFO] [stderr] 314 |     fn default_content() -> String {
[INFO] [stderr]     |        ^^^^^^^^^^^^^^^
[INFO] [stderr]     |
[INFO] [stderr]     = note: `#[warn(dead_code)]` (part of `#[warn(unused)]`) on by default
[INFO] [stderr] 
[INFO] [stderr] warning: associated function `default_content` is never used
[INFO] [stderr]    --> src/config/os.rs:339:8
[INFO] [stderr]     |
[INFO] [stderr] 338 | impl WindowsOsConfig {
[INFO] [stderr]     | -------------------- associated function in this implementation
[INFO] [stderr] 339 |     fn default_content() -> String {
[INFO] [stderr]     |        ^^^^^^^^^^^^^^^
[INFO] [stderr] 
[INFO] [stderr] warning: `croque` (bin "croque") generated 2 warnings
[INFO] [stderr] warning: methods `data_gh` and `data_glab` are never used
[INFO] [stderr]   --> tests/prompt_test.rs:62:8
[INFO] [stderr]    |
[INFO] [stderr] 20 | impl PromptInput {
[INFO] [stderr]    | ---------------- methods in this implementation
[INFO] [stderr] ...
[INFO] [stderr] 62 |     fn data_gh(&mut self, data_gh: &str) -> &mut Self {
[INFO] [stderr]    |        ^^^^^^^
[INFO] [stderr] ...
[INFO] [stderr] 67 |     fn data_glab(&mut self, data_glab: &str) -> &mut Self {
[INFO] [stderr]    |        ^^^^^^^^^
[INFO] [stderr]    |
[INFO] [stderr]    = note: `#[warn(dead_code)]` (part of `#[warn(unused)]`) on by default
[INFO] [stderr] 
[INFO] [stderr] warning: method `write_file` is never used
[INFO] [stderr]   --> tests/helpers/mod.rs:44:12
[INFO] [stderr]    |
[INFO] [stderr] 13 | impl TestEnv {
[INFO] [stderr]    | ------------ method in this implementation
[INFO] [stderr] ...
[INFO] [stderr] 44 |     pub fn write_file(&self, filename: &str, content: &str) {
[INFO] [stderr]    |            ^^^^^^^^^^
[INFO] [stderr]    |
[INFO] [stderr]    = note: `#[warn(dead_code)]` (part of `#[warn(unused)]`) on by default
[INFO] [stderr] 
[INFO] [stderr] warning: `croque` (test "prompt_test") generated 1 warning
[INFO] [stderr] warning: `croque` (bin "croque" test) generated 2 warnings (2 duplicates)
[INFO] [stderr] warning: `croque` (test "config_test") generated 1 warning
[INFO] [stderr]     Finished `release` profile [optimized] target(s) in 0.19s
[INFO] [stderr]      Running unittests src/main.rs (/opt/rustwide/target/release/deps/croque-a05dc0e3c04c6e4f)
[INFO] [stdout] 
[INFO] [stdout] running 11 tests
[INFO] [stdout] test config::style::tests::test_deserialize ... ok
[INFO] [stdout] test segment::path::shrink::test_shrink_file_name ... ok
[INFO] [stdout] test segment::direnv::tests::test_build ... ok
[INFO] [stdout] test segment::path::shrink::test_shrink_path ... ok
[INFO] [stdout] test segment::path::tests::test_build ... ok
[INFO] [stdout] test segment::status::tests::test_build ... ok
[INFO] [stdout] test segment::user::tests::test_build ... ok
[INFO] [stdout] test shell::tests::test_control ... ok
[INFO] [stdout] test command::config::test_theme ... ok
[INFO] [stdout] test segment::path::shrink::test_expand_tilde ... ok
[INFO] [stdout] test segment::duration::tests::test_build ... ok
[INFO] [stdout] 
[INFO] [stdout] test result: ok. 11 passed; 0 failed; 0 ignored; 0 measured; 0 filtered out; finished in 0.00s
[INFO] [stdout] 
[INFO] [stderr]      Running tests/config_test.rs (/opt/rustwide/target/release/deps/config_test-c358cd8e12661d4f)
[INFO] [stdout] 
[INFO] [stdout] running 1 test
[INFO] [stdout] test test_config ... ok
[INFO] [stdout] 
[INFO] [stdout] test result: ok. 1 passed; 0 failed; 0 ignored; 0 measured; 0 filtered out; finished in 0.02s
[INFO] [stdout] 
[INFO] [stderr]      Running tests/init_test.rs (/opt/rustwide/target/release/deps/init_test-ac2563bd3b927b02)
[INFO] [stdout] 
[INFO] [stdout] running 3 tests
[INFO] [stdout] test test_init_fish ... FAILED
[INFO] [stdout] test test_init_zsh ... FAILED
[INFO] [stdout] test test_init_bash ... ok
[INFO] [stdout] 
[INFO] [stdout] failures:
[INFO] [stdout] 
[INFO] [stdout] ---- test_init_fish stdout ----
[INFO] [stdout] 
[INFO] [stdout] thread 'test_init_fish' (2253) panicked at tests/init_test.rs:18:10:
[INFO] [stdout] called `Result::unwrap()` on an `Err` value: Os { code: 2, kind: NotFound, message: "No such file or directory" }
[INFO] [stdout] stack backtrace:
[INFO] [stdout]    0:     0x5b8c20b11e61 - <<std[70759c8f55707aa4]::sys::backtrace::BacktraceLock>::print::DisplayBacktrace as core[df12db4294e9bfd3]::fmt::Display>::fmt
[INFO] [stdout]    1:     0x5b8c20b28e1a - core[df12db4294e9bfd3]::fmt::write
[INFO] [stdout]    2:     0x5b8c20b1686c - <alloc[2182bb758b4b3781]::vec::Vec<u8> as core[df12db4294e9bfd3]::io::write::Write>::write_fmt
[INFO] [stdout]    3:     0x5b8c20aeb066 - std[70759c8f55707aa4]::panicking::default_hook::{closure#0}
[INFO] [stdout]    4:     0x5b8c20b09059 - std[70759c8f55707aa4]::panicking::default_hook
[INFO] [stdout]    5:     0x5b8c20aa12e0 - test[9d35eded1c95d3be]::test_main_inner::<test[9d35eded1c95d3be]::test_main_static::{closure#0}>::{closure#0}
[INFO] [stdout]    6:     0x5b8c20b09212 - std[70759c8f55707aa4]::panicking::panic_with_hook
[INFO] [stdout]    7:     0x5b8c20aeb112 - std[70759c8f55707aa4]::panicking::panic_handler::{closure#0}
[INFO] [stdout]    8:     0x5b8c20ae39b9 - std[70759c8f55707aa4]::sys::backtrace::__rust_end_short_backtrace::<std[70759c8f55707aa4]::panicking::panic_handler::{closure#0}, !>
[INFO] [stdout]    9:     0x5b8c20aebdad - __rustc[8fa7c3cbc660c2b3]::rust_begin_unwind
[INFO] [stdout]   10:     0x5b8c20b2957c - core[df12db4294e9bfd3]::panicking::panic_fmt
[INFO] [stdout]   11:     0x5b8c20b29352 - core[df12db4294e9bfd3]::result::unwrap_failed
[INFO] [stdout]   12:     0x5b8c20a296b8 - init_test[4e2ab23322dcfab7]::run_shell
[INFO] [stdout]   13:     0x5b8c20a2b06a - <init_test[4e2ab23322dcfab7]::test_init_fish::{closure#0} as core[df12db4294e9bfd3]::ops::function::FnOnce<()>>::call_once
[INFO] [stdout]   14:     0x5b8c20a945cb - test[9d35eded1c95d3be]::__rust_begin_short_backtrace::<core[df12db4294e9bfd3]::result::Result<(), alloc[2182bb758b4b3781]::string::String>, fn() -> core[df12db4294e9bfd3]::result::Result<(), alloc[2182bb758b4b3781]::string::String>>
[INFO] [stdout]   15:     0x5b8c20aa1c35 - test[9d35eded1c95d3be]::run_test::{closure#0}
[INFO] [stdout]   16:     0x5b8c20a9b4f4 - std[70759c8f55707aa4]::sys::backtrace::__rust_begin_short_backtrace::<test[9d35eded1c95d3be]::run_test::{closure#1}, ()>
[INFO] [stdout]   17:     0x5b8c20aa4d92 - <std[70759c8f55707aa4]::thread::lifecycle::spawn_unchecked<test[9d35eded1c95d3be]::run_test::{closure#1}, ()>::{closure#1} as core[df12db4294e9bfd3]::ops::function::FnOnce<()>>::call_once::{shim:vtable#0}
[INFO] [stdout]   18:     0x5b8c20b10e89 - <std[70759c8f55707aa4]::sys::thread::unix::Thread>::new::thread_start
[INFO] [stdout]   19:     0x743e217fddfa - <unknown>
[INFO] [stdout]   20:     0x743e218913d4 - clone
[INFO] [stdout]   21:                0x0 - <unknown>
[INFO] [stdout] 
[INFO] [stdout] ---- test_init_zsh stdout ----
[INFO] [stdout] 
[INFO] [stdout] thread 'test_init_zsh' (2254) panicked at tests/init_test.rs:18:10:
[INFO] [stdout] called `Result::unwrap()` on an `Err` value: Os { code: 2, kind: NotFound, message: "No such file or directory" }
[INFO] [stdout] stack backtrace:
[INFO] [stdout]    0:     0x5b8c20b11e61 - <<std[70759c8f55707aa4]::sys::backtrace::BacktraceLock>::print::DisplayBacktrace as core[df12db4294e9bfd3]::fmt::Display>::fmt
[INFO] [stdout]    1:     0x5b8c20b28e1a - core[df12db4294e9bfd3]::fmt::write
[INFO] [stdout]    2:     0x5b8c20b1686c - <alloc[2182bb758b4b3781]::vec::Vec<u8> as core[df12db4294e9bfd3]::io::write::Write>::write_fmt
[INFO] [stdout]    3:     0x5b8c20aeb066 - std[70759c8f55707aa4]::panicking::default_hook::{closure#0}
[INFO] [stdout]    4:     0x5b8c20b09059 - std[70759c8f55707aa4]::panicking::default_hook
[INFO] [stdout]    5:     0x5b8c20aa12e0 - test[9d35eded1c95d3be]::test_main_inner::<test[9d35eded1c95d3be]::test_main_static::{closure#0}>::{closure#0}
[INFO] [stdout]    6:     0x5b8c20b09212 - std[70759c8f55707aa4]::panicking::panic_with_hook
[INFO] [stdout]    7:     0x5b8c20aeb112 - std[70759c8f55707aa4]::panicking::panic_handler::{closure#0}
[INFO] [stdout]    8:     0x5b8c20ae39b9 - std[70759c8f55707aa4]::sys::backtrace::__rust_end_short_backtrace::<std[70759c8f55707aa4]::panicking::panic_handler::{closure#0}, !>
[INFO] [stdout]    9:     0x5b8c20aebdad - __rustc[8fa7c3cbc660c2b3]::rust_begin_unwind
[INFO] [stdout]   10:     0x5b8c20b2957c - core[df12db4294e9bfd3]::panicking::panic_fmt
[INFO] [stdout]   11:     0x5b8c20b29352 - core[df12db4294e9bfd3]::result::unwrap_failed
[INFO] [stdout]   12:     0x5b8c20a296b8 - init_test[4e2ab23322dcfab7]::run_shell
[INFO] [stdout]   13:     0x5b8c20a2a7a3 - <init_test[4e2ab23322dcfab7]::test_init_zsh::{closure#0} as core[df12db4294e9bfd3]::ops::function::FnOnce<()>>::call_once
[INFO] [stdout]   14:     0x5b8c20a945cb - test[9d35eded1c95d3be]::__rust_begin_short_backtrace::<core[df12db4294e9bfd3]::result::Result<(), alloc[2182bb758b4b3781]::string::String>, fn() -> core[df12db4294e9bfd3]::result::Result<(), alloc[2182bb758b4b3781]::string::String>>
[INFO] [stdout]   15:     0x5b8c20aa1c35 - test[9d35eded1c95d3be]::run_test::{closure#0}
[INFO] [stdout]   16:     0x5b8c20a9b4f4 - std[70759c8f55707aa4]::sys::backtrace::__rust_begin_short_backtrace::<test[9d35eded1c95d3be]::run_test::{closure#1}, ()>
[INFO] [stdout]   17:     0x5b8c20aa4d92 - <std[70759c8f55707aa4]::thread::lifecycle::spawn_unchecked<test[9d35eded1c95d3be]::run_test::{closure#1}, ()>::{closure#1} as core[df12db4294e9bfd3]::ops::function::FnOnce<()>>::call_once::{shim:vtable#0}
[INFO] [stdout]   18:     0x5b8c20b10e89 - <std[70759c8f55707aa4]::sys::thread::unix::Thread>::new::thread_start
[INFO] [stdout]   19:     0x743e217fddfa - <unknown>
[INFO] [stdout]   20:     0x743e218913d4 - clone
[INFO] [stdout]   21:                0x0 - <unknown>
[INFO] [stdout] 
[INFO] [stdout] 
[INFO] [stdout] failures:
[INFO] [stdout]     test_init_fish
[INFO] [stdout]     test_init_zsh
[INFO] [stdout] 
[INFO] [stdout] test result: FAILED. 1 passed; 2 failed; 0 ignored; 0 measured; 0 filtered out; finished in 0.11s
[INFO] [stdout] 
[INFO] [stderr] error: test failed, to rerun pass `--test init_test`
[INFO] running `Command { std: "docker" "inspect" "3be4be8f0c5fb512b0ec253873aee9ce8824070ba5159b95030ba8dac46ebf26", kill_on_drop: false }`
[INFO] running `Command { std: "docker" "rm" "-f" "3be4be8f0c5fb512b0ec253873aee9ce8824070ba5159b95030ba8dac46ebf26", kill_on_drop: false }`
[INFO] [stdout] 3be4be8f0c5fb512b0ec253873aee9ce8824070ba5159b95030ba8dac46ebf26
