[INFO] fetching crate croma-cli 1.3.0...
[INFO] testing croma-cli-1.3.0 against 1.99.0-beta.8+cargoflags=--release for beta-release-1.100-2
[INFO] extracting crate croma-cli 1.3.0 into /workspace/builds/worker-3-tc1/source
[INFO] started tweaking crates.io crate croma-cli 1.3.0
[INFO] removed 0 missing tests
[INFO] finished tweaking crates.io crate croma-cli 1.3.0
[INFO] tweaked toml for crates.io crate croma-cli 1.3.0 written to /workspace/builds/worker-3-tc1/source/Cargo.toml
[INFO] validating manifest of crates.io crate croma-cli 1.3.0 on toolchain 1.99.0-beta.8
[INFO] running `Command { std: CARGO_HOME="/workspace/cargo-home" RUSTUP_HOME="/workspace/rustup-home" "/workspace/cargo-home/bin/cargo" "+1.99.0-beta.8" "metadata" "--manifest-path" "Cargo.toml" "--no-deps", kill_on_drop: false }`
[INFO] crate crates.io crate croma-cli 1.3.0 already has a lockfile, it will not be regenerated
[INFO] running `Command { std: CARGO_HOME="/workspace/cargo-home" RUSTUP_HOME="/workspace/rustup-home" "/workspace/cargo-home/bin/cargo" "+1.99.0-beta.8" "fetch" "--manifest-path" "Cargo.toml", kill_on_drop: false }`
[INFO] [stderr]     Updating crates.io index
[INFO] [stderr]  Downloading crates ...
[INFO] [stderr]   Downloaded roxmltree v0.21.1
[INFO] [stderr]   Downloaded croma-fmt v1.3.0
[INFO] [stderr]   Downloaded owo-colors v4.3.0
[INFO] [stderr]   Downloaded clap_derive v4.6.4
[INFO] [stderr]   Downloaded clap v4.6.4
[INFO] [stderr]   Downloaded clap_builder v4.6.2
[INFO] [stderr]   Downloaded croma-core v1.3.0
[INFO] running `Command { std: "docker" "create" "-v" "/var/lib/crater-agent-workspace/builds/worker-3-tc1/source:/opt/rustwide/workdir:ro,Z" "-v" "/var/lib/crater-agent-workspace/builds/worker-3-tc1/target:/opt/rustwide/target:rw,Z" "-v" "/var/lib/crater-agent-workspace/cargo-home:/opt/rustwide/cargo-home:ro,Z" "-v" "/var/lib/crater-agent-workspace/rustup-home:/opt/rustwide/rustup-home:ro,Z" "-m" "1610612736" "--network" "none" "ghcr.io/rust-lang/crates-build-env/linux@sha256:77db811e55d90add9212f6832c23229e3de5f1c1f9905e8cb07319ea15df73ac" "sleep" "infinity", kill_on_drop: false }`
[INFO] [stdout] 24a94d76225c3eefc0d34816eae1f876af274e5205cecc5e313732770bbda079
[INFO] running `Command { std: "docker" "start" "24a94d76225c3eefc0d34816eae1f876af274e5205cecc5e313732770bbda079", kill_on_drop: false }`
[INFO] running `Command { std: "docker" "inspect" "24a94d76225c3eefc0d34816eae1f876af274e5205cecc5e313732770bbda079", kill_on_drop: false }`
[INFO] running `Command { std: "docker" "exec" "-e" "SOURCE_DIR=/opt/rustwide/workdir" "-e" "CARGO_HOME=/opt/rustwide/cargo-home" "-e" "RUSTUP_HOME=/opt/rustwide/rustup-home" "-e" "CARGO_TARGET_DIR=/opt/rustwide/target" "-w" "/opt/rustwide/workdir" "--user" "0:0" "24a94d76225c3eefc0d34816eae1f876af274e5205cecc5e313732770bbda079" "/opt/rustwide/cargo-home/bin/cargo" "+1.99.0-beta.8" "metadata" "--no-deps" "--format-version=1", kill_on_drop: false }`
[INFO] running `Command { std: "docker" "inspect" "24a94d76225c3eefc0d34816eae1f876af274e5205cecc5e313732770bbda079", kill_on_drop: false }`
[INFO] running `Command { std: "docker" "exec" "-e" "SOURCE_DIR=/opt/rustwide/workdir" "-e" "CARGO_HOME=/opt/rustwide/cargo-home" "-e" "RUSTUP_HOME=/opt/rustwide/rustup-home" "-e" "CARGO_TARGET_DIR=/opt/rustwide/target" "-e" "CARGO_INCREMENTAL=0" "-e" "RUST_BACKTRACE=full" "-e" "RUSTFLAGS=--cap-lints=warn" "-e" "RUSTDOCFLAGS=--cap-lints=warn" "-w" "/opt/rustwide/workdir" "--user" "0:0" "24a94d76225c3eefc0d34816eae1f876af274e5205cecc5e313732770bbda079" "/opt/rustwide/cargo-home/bin/cargo" "+1.99.0-beta.8" "build" "--frozen" "--message-format=json" "--release", kill_on_drop: false }`
[INFO] [stderr]    Compiling memchr v2.8.1
[INFO] [stderr]    Compiling utf8parse v0.2.2
[INFO] [stderr]    Compiling anstyle v1.0.14
[INFO] [stderr]    Compiling zmij v1.0.21
[INFO] [stderr]    Compiling serde_core v1.0.229
[INFO] [stderr]    Compiling is_terminal_polyfill v1.70.2
[INFO] [stderr]    Compiling colorchoice v1.0.5
[INFO] [stderr]    Compiling anstyle-query v1.1.5
[INFO] [stderr]    Compiling owo-colors v4.3.0
[INFO] [stderr]    Compiling serde_json v1.0.151
[INFO] [stderr]    Compiling heck v0.5.0
[INFO] [stderr]    Compiling strsim v0.11.1
[INFO] [stderr]    Compiling clap_lex v1.1.0
[INFO] [stderr]    Compiling syn v3.0.3
[INFO] [stderr]    Compiling anstyle-parse v1.0.0
[INFO] [stderr]    Compiling anstream v1.0.0
[INFO] [stderr]    Compiling clap_builder v4.6.2
[INFO] [stderr]    Compiling roxmltree v0.21.1
[INFO] [stderr]    Compiling croma-core v1.3.0
[INFO] [stderr]    Compiling clap_derive v4.6.4
[INFO] [stderr]    Compiling clap v4.6.4
[INFO] [stderr]    Compiling croma-fmt v1.3.0
[INFO] [stderr]    Compiling croma-cli v1.3.0 (/opt/rustwide/workdir)
[INFO] [stderr]     Finished `release` profile [optimized] target(s) in 41.83s
[INFO] running `Command { std: "docker" "inspect" "24a94d76225c3eefc0d34816eae1f876af274e5205cecc5e313732770bbda079", kill_on_drop: false }`
[INFO] running `Command { std: "docker" "exec" "-e" "SOURCE_DIR=/opt/rustwide/workdir" "-e" "CARGO_HOME=/opt/rustwide/cargo-home" "-e" "RUSTUP_HOME=/opt/rustwide/rustup-home" "-e" "CARGO_TARGET_DIR=/opt/rustwide/target" "-e" "CARGO_INCREMENTAL=0" "-e" "RUST_BACKTRACE=full" "-e" "RUSTFLAGS=--cap-lints=warn" "-e" "RUSTDOCFLAGS=--cap-lints=warn" "-w" "/opt/rustwide/workdir" "--user" "0:0" "24a94d76225c3eefc0d34816eae1f876af274e5205cecc5e313732770bbda079" "/opt/rustwide/cargo-home/bin/cargo" "+1.99.0-beta.8" "test" "--frozen" "--no-run" "--message-format=json" "--release", kill_on_drop: false }`
[INFO] [stderr]    Compiling croma-cli v1.3.0 (/opt/rustwide/workdir)
[INFO] [stderr]     Finished `release` profile [optimized] target(s) in 1.99s
[INFO] running `Command { std: "docker" "inspect" "24a94d76225c3eefc0d34816eae1f876af274e5205cecc5e313732770bbda079", kill_on_drop: false }`
[INFO] running `Command { std: "docker" "exec" "-e" "SOURCE_DIR=/opt/rustwide/workdir" "-e" "CARGO_HOME=/opt/rustwide/cargo-home" "-e" "RUSTUP_HOME=/opt/rustwide/rustup-home" "-e" "CARGO_TARGET_DIR=/opt/rustwide/target" "-e" "CARGO_INCREMENTAL=0" "-e" "RUST_BACKTRACE=full" "-e" "RUSTFLAGS=--cap-lints=warn" "-e" "RUSTDOCFLAGS=--cap-lints=warn" "-w" "/opt/rustwide/workdir" "--user" "0:0" "24a94d76225c3eefc0d34816eae1f876af274e5205cecc5e313732770bbda079" "/opt/rustwide/cargo-home/bin/cargo" "+1.99.0-beta.8" "test" "--frozen" "--release", kill_on_drop: false }`
[INFO] [stderr]     Finished `release` profile [optimized] target(s) in 0.04s
[INFO] [stderr]      Running unittests src/main.rs (/opt/rustwide/target/release/deps/croma-e819534e2c307d8b)
[INFO] [stdout] 
[INFO] [stdout] running 8 tests
[INFO] [stdout] test agent::tests::index_lists_every_topic_with_a_usage_hint ... ok
[INFO] [stderr]      Running tests/cli.rs (/opt/rustwide/target/release/deps/cli-e03cac501dcb5c82)
[INFO] [stdout] test agent::tests::topic_page_shows_summary_and_body ... ok
[INFO] [stdout] test reader_tests::read_format_abc_threads_the_legend_option ... ok
[INFO] [stdout] test reader_tests::read_format_xml_reemits_the_writer_inverse_image ... ok
[INFO] [stdout] test reader_tests::malformed_xml_yields_a_diagnostic_and_does_not_panic ... ok
[INFO] [stdout] test reader_tests::read_format_abc_equals_write_abc_of_the_reconstructed_score ... ok
[INFO] [stdout] test reader_tests::read_format_dump_renders_the_score_debug ... ok
[INFO] [stdout] test reader_tests::read_format_abc_round_trips_the_pitch_sequence_through_xml ... ok
[INFO] [stdout] 
[INFO] [stdout] test result: ok. 8 passed; 0 failed; 0 ignored; 0 measured; 0 filtered out; finished in 0.00s
[INFO] [stdout] 
[INFO] [stdout] 
[INFO] [stdout] running 20 tests
[INFO] [stdout] test fmt_check_exits_zero_when_already_formatted ... ok
[INFO] [stdout] test invalid_abc_check_reports_code_span_and_snippet ... ok
[INFO] [stdout] test fmt_write_updates_file_in_place ... ok
[INFO] [stdout] test fmt_check_and_write_together_is_a_usage_error ... ok
[INFO] [stdout] test missing_file_exits_nonzero_with_clear_error ... ok
[INFO] [stdout] test dump_abc_roundtrips_a_simple_tune ... ok
[INFO] [stdout] test invalid_command_exits_nonzero_and_prints_usage ... ok
[INFO] [stdout] test json_diagnostics_escape_quotes_and_xml_like_text_in_messages ... ok
[INFO] [stdout] test fmt_auto_fix_applies_detached_length_and_reports_it ... ok
[INFO] [stdout] test fmt_writes_canonical_formatting_to_stdout ... ok
[INFO] [stdout] test dump_commands_emit_debug_output ... FAILED
[INFO] [stdout] test fmt_check_exits_one_and_reports_when_unformatted ... ok
[INFO] [stdout] test invalid_option_combination_exits_nonzero ... ok
[INFO] [stdout] test croma_carrier_warnings_can_be_silenced_from_cli ... ok
[INFO] [stdout] test xml_writes_to_output_file_and_keeps_stdout_quiet ... FAILED
[INFO] [stdout] test check_accepts_basic_abc ... FAILED
[INFO] [stdout] test json_diagnostics_are_parseable_when_diagnostics_exist ... ok
[INFO] [stdout] test xml_emits_musicxml_to_stdout ... FAILED
[INFO] [stdout] test xml_output_write_error_does_not_dump_partial_xml_to_stdout ... FAILED
[INFO] [stderr] error: test failed, to rerun pass `--test cli`
[INFO] [stdout] test warnings_as_errors_turns_warning_only_input_into_failure ... ok
[INFO] [stdout] 
[INFO] [stdout] failures:
[INFO] [stdout] 
[INFO] [stdout] ---- dump_commands_emit_debug_output stdout ----
[INFO] [stdout] 
[INFO] [stdout] thread 'dump_commands_emit_debug_output' (699) panicked at tests/cli.rs:334:5:
[INFO] [stdout] expected success
[INFO] [stdout] stdout:
[INFO] [stdout] 
[INFO] [stdout] stderr:
[INFO] [stdout] failed to read `/opt/examples/basic.abc`: No such file or directory (os error 2)
[INFO] [stdout] 
[INFO] [stdout] stack backtrace:
[INFO] [stdout]    0:     0x6420578b15e1 - <<std[70759c8f55707aa4]::sys::backtrace::BacktraceLock>::print::DisplayBacktrace as core[df12db4294e9bfd3]::fmt::Display>::fmt
[INFO] [stdout]    1:     0x6420578c647a - core[df12db4294e9bfd3]::fmt::write
[INFO] [stdout]    2:     0x6420578b5cfc - <alloc[2182bb758b4b3781]::vec::Vec<u8> as core[df12db4294e9bfd3]::io::write::Write>::write_fmt
[INFO] [stdout]    3:     0x64205788c0d6 - std[70759c8f55707aa4]::panicking::default_hook::{closure#0}
[INFO] [stdout]    4:     0x6420578a9119 - std[70759c8f55707aa4]::panicking::default_hook
[INFO] [stdout]    5:     0x642057840330 - test[9d35eded1c95d3be]::test_main_inner::<test[9d35eded1c95d3be]::test_main_static::{closure#0}>::{closure#0}
[INFO] [stdout]    6:     0x6420578a92d2 - std[70759c8f55707aa4]::panicking::panic_with_hook
[INFO] [stdout]    7:     0x64205788c182 - std[70759c8f55707aa4]::panicking::panic_handler::{closure#0}
[INFO] [stdout]    8:     0x642057884c59 - std[70759c8f55707aa4]::sys::backtrace::__rust_end_short_backtrace::<std[70759c8f55707aa4]::panicking::panic_handler::{closure#0}, !>
[INFO] [stdout]    9:     0x64205788cd7d - __rustc[8fa7c3cbc660c2b3]::rust_begin_unwind
[INFO] [stdout]   10:     0x6420578c6bac - core[df12db4294e9bfd3]::panicking::panic_fmt
[INFO] [stdout]   11:     0x642057828ca6 - cli[8ee88b69cab6f68e]::assert_success
[INFO] [stdout]   12:     0x64205782a24a - <cli[8ee88b69cab6f68e]::dump_commands_emit_debug_output::{closure#0} as core[df12db4294e9bfd3]::ops::function::FnOnce<()>>::call_once
[INFO] [stdout]   13:     0x64205783361b - test[9d35eded1c95d3be]::__rust_begin_short_backtrace::<core[df12db4294e9bfd3]::result::Result<(), alloc[2182bb758b4b3781]::string::String>, fn() -> core[df12db4294e9bfd3]::result::Result<(), alloc[2182bb758b4b3781]::string::String>>
[INFO] [stdout]   14:     0x642057840c85 - test[9d35eded1c95d3be]::run_test::{closure#0}
[INFO] [stdout]   15:     0x64205783a544 - std[70759c8f55707aa4]::sys::backtrace::__rust_begin_short_backtrace::<test[9d35eded1c95d3be]::run_test::{closure#1}, ()>
[INFO] [stdout]   16:     0x642057843de2 - <std[70759c8f55707aa4]::thread::lifecycle::spawn_unchecked<test[9d35eded1c95d3be]::run_test::{closure#1}, ()>::{closure#1} as core[df12db4294e9bfd3]::ops::function::FnOnce<()>>::call_once::{shim:vtable#0}
[INFO] [stdout]   17:     0x6420578b0959 - <std[70759c8f55707aa4]::sys::thread::unix::Thread>::new::thread_start
[INFO] [stdout]   18:     0x75216ccd3dfa - <unknown>
[INFO] [stdout]   19:     0x75216cd673d4 - clone
[INFO] [stdout]   20:                0x0 - <unknown>
[INFO] [stdout] 
[INFO] [stdout] ---- xml_writes_to_output_file_and_keeps_stdout_quiet stdout ----
[INFO] [stdout] 
[INFO] [stdout] thread 'xml_writes_to_output_file_and_keeps_stdout_quiet' (729) panicked at tests/cli.rs:334:5:
[INFO] [stdout] expected success
[INFO] [stdout] stdout:
[INFO] [stdout] 
[INFO] [stdout] stderr:
[INFO] [stdout] failed to read `/opt/examples/basic.abc`: No such file or directory (os error 2)
[INFO] [stdout] 
[INFO] [stdout] stack backtrace:
[INFO] [stdout]    0:     0x6420578b15e1 - <<std[70759c8f55707aa4]::sys::backtrace::BacktraceLock>::print::DisplayBacktrace as core[df12db4294e9bfd3]::fmt::Display>::fmt
[INFO] [stdout]    1:     0x6420578c647a - core[df12db4294e9bfd3]::fmt::write
[INFO] [stdout]    2:     0x6420578b5cfc - <alloc[2182bb758b4b3781]::vec::Vec<u8> as core[df12db4294e9bfd3]::io::write::Write>::write_fmt
[INFO] [stdout]    3:     0x64205788c0d6 - std[70759c8f55707aa4]::panicking::default_hook::{closure#0}
[INFO] [stdout]    4:     0x6420578a9119 - std[70759c8f55707aa4]::panicking::default_hook
[INFO] [stdout]    5:     0x642057840330 - test[9d35eded1c95d3be]::test_main_inner::<test[9d35eded1c95d3be]::test_main_static::{closure#0}>::{closure#0}
[INFO] [stdout]    6:     0x6420578a92d2 - std[70759c8f55707aa4]::panicking::panic_with_hook
[INFO] [stdout]    7:     0x64205788c182 - std[70759c8f55707aa4]::panicking::panic_handler::{closure#0}
[INFO] [stdout]    8:     0x642057884c59 - std[70759c8f55707aa4]::sys::backtrace::__rust_end_short_backtrace::<std[70759c8f55707aa4]::panicking::panic_handler::{closure#0}, !>
[INFO] [stdout]    9:     0x64205788cd7d - __rustc[8fa7c3cbc660c2b3]::rust_begin_unwind
[INFO] [stdout]   10:     0x6420578c6bac - core[df12db4294e9bfd3]::panicking::panic_fmt
[INFO] [stdout]   11:     0x642057828ca6 - cli[8ee88b69cab6f68e]::assert_success
[INFO] [stdout]   12:     0x64205782ce81 - <cli[8ee88b69cab6f68e]::xml_writes_to_output_file_and_keeps_stdout_quiet::{closure#0} as core[df12db4294e9bfd3]::ops::function::FnOnce<()>>::call_once
[INFO] [stdout]   13:     0x64205783361b - test[9d35eded1c95d3be]::__rust_begin_short_backtrace::<core[df12db4294e9bfd3]::result::Result<(), alloc[2182bb758b4b3781]::string::String>, fn() -> core[df12db4294e9bfd3]::result::Result<(), alloc[2182bb758b4b3781]::string::String>>
[INFO] [stdout]   14:     0x642057840c85 - test[9d35eded1c95d3be]::run_test::{closure#0}
[INFO] [stdout]   15:     0x64205783a544 - std[70759c8f55707aa4]::sys::backtrace::__rust_begin_short_backtrace::<test[9d35eded1c95d3be]::run_test::{closure#1}, ()>
[INFO] [stdout]   16:     0x642057843de2 - <std[70759c8f55707aa4]::thread::lifecycle::spawn_unchecked<test[9d35eded1c95d3be]::run_test::{closure#1}, ()>::{closure#1} as core[df12db4294e9bfd3]::ops::function::FnOnce<()>>::call_once::{shim:vtable#0}
[INFO] [stdout]   17:     0x6420578b0959 - <std[70759c8f55707aa4]::sys::thread::unix::Thread>::new::thread_start
[INFO] [stdout]   18:     0x75216ccd3dfa - <unknown>
[INFO] [stdout]   19:     0x75216cd673d4 - clone
[INFO] [stdout]   20:                0x0 - <unknown>
[INFO] [stdout] 
[INFO] [stdout] ---- check_accepts_basic_abc stdout ----
[INFO] [stdout] 
[INFO] [stdout] thread 'check_accepts_basic_abc' (696) panicked at tests/cli.rs:334:5:
[INFO] [stdout] expected success
[INFO] [stdout] stdout:
[INFO] [stdout] 
[INFO] [stdout] stderr:
[INFO] [stdout] failed to read `/opt/examples/basic.abc`: No such file or directory (os error 2)
[INFO] [stdout] 
[INFO] [stdout] stack backtrace:
[INFO] [stdout]    0:     0x6420578b15e1 - <<std[70759c8f55707aa4]::sys::backtrace::BacktraceLock>::print::DisplayBacktrace as core[df12db4294e9bfd3]::fmt::Display>::fmt
[INFO] [stdout]    1:     0x6420578c647a - core[df12db4294e9bfd3]::fmt::write
[INFO] [stdout]    2:     0x6420578b5cfc - <alloc[2182bb758b4b3781]::vec::Vec<u8> as core[df12db4294e9bfd3]::io::write::Write>::write_fmt
[INFO] [stdout]    3:     0x64205788c0d6 - std[70759c8f55707aa4]::panicking::default_hook::{closure#0}
[INFO] [stdout]    4:     0x6420578a9119 - std[70759c8f55707aa4]::panicking::default_hook
[INFO] [stdout]    5:     0x642057840330 - test[9d35eded1c95d3be]::test_main_inner::<test[9d35eded1c95d3be]::test_main_static::{closure#0}>::{closure#0}
[INFO] [stdout]    6:     0x6420578a92d2 - std[70759c8f55707aa4]::panicking::panic_with_hook
[INFO] [stdout]    7:     0x64205788c182 - std[70759c8f55707aa4]::panicking::panic_handler::{closure#0}
[INFO] [stdout]    8:     0x642057884c59 - std[70759c8f55707aa4]::sys::backtrace::__rust_end_short_backtrace::<std[70759c8f55707aa4]::panicking::panic_handler::{closure#0}, !>
[INFO] [stdout]    9:     0x64205788cd7d - __rustc[8fa7c3cbc660c2b3]::rust_begin_unwind
[INFO] [stdout]   10:     0x6420578c6bac - core[df12db4294e9bfd3]::panicking::panic_fmt
[INFO] [stdout]   11:     0x642057828ca6 - cli[8ee88b69cab6f68e]::assert_success
[INFO] [stdout]   12:     0x642057829c69 - <cli[8ee88b69cab6f68e]::check_accepts_basic_abc::{closure#0} as core[df12db4294e9bfd3]::ops::function::FnOnce<()>>::call_once
[INFO] [stdout]   13:     0x64205783361b - test[9d35eded1c95d3be]::__rust_begin_short_backtrace::<core[df12db4294e9bfd3]::result::Result<(), alloc[2182bb758b4b3781]::string::String>, fn() -> core[df12db4294e9bfd3]::result::Result<(), alloc[2182bb758b4b3781]::string::String>>
[INFO] [stdout]   14:     0x642057840c85 - test[9d35eded1c95d3be]::run_test::{closure#0}
[INFO] [stdout]   15:     0x64205783a544 - std[70759c8f55707aa4]::sys::backtrace::__rust_begin_short_backtrace::<test[9d35eded1c95d3be]::run_test::{closure#1}, ()>
[INFO] [stdout]   16:     0x642057843de2 - <std[70759c8f55707aa4]::thread::lifecycle::spawn_unchecked<test[9d35eded1c95d3be]::run_test::{closure#1}, ()>::{closure#1} as core[df12db4294e9bfd3]::ops::function::FnOnce<()>>::call_once::{shim:vtable#0}
[INFO] [stdout]   17:     0x6420578b0959 - <std[70759c8f55707aa4]::sys::thread::unix::Thread>::new::thread_start
[INFO] [stdout]   18:     0x75216ccd3dfa - <unknown>
[INFO] [stdout]   19:     0x75216cd673d4 - clone
[INFO] [stdout]   20:                0x0 - <unknown>
[INFO] [stdout] 
[INFO] [stdout] ---- xml_emits_musicxml_to_stdout stdout ----
[INFO] [stdout] 
[INFO] [stdout] thread 'xml_emits_musicxml_to_stdout' (727) panicked at tests/cli.rs:334:5:
[INFO] [stdout] expected success
[INFO] [stdout] stdout:
[INFO] [stdout] 
[INFO] [stdout] stderr:
[INFO] [stdout] failed to read `/opt/examples/basic.abc`: No such file or directory (os error 2)
[INFO] [stdout] 
[INFO] [stdout] stack backtrace:
[INFO] [stdout]    0:     0x6420578b15e1 - <<std[70759c8f55707aa4]::sys::backtrace::BacktraceLock>::print::DisplayBacktrace as core[df12db4294e9bfd3]::fmt::Display>::fmt
[INFO] [stdout]    1:     0x6420578c647a - core[df12db4294e9bfd3]::fmt::write
[INFO] [stdout]    2:     0x6420578b5cfc - <alloc[2182bb758b4b3781]::vec::Vec<u8> as core[df12db4294e9bfd3]::io::write::Write>::write_fmt
[INFO] [stdout]    3:     0x64205788c0d6 - std[70759c8f55707aa4]::panicking::default_hook::{closure#0}
[INFO] [stdout]    4:     0x6420578a9119 - std[70759c8f55707aa4]::panicking::default_hook
[INFO] [stdout]    5:     0x642057840330 - test[9d35eded1c95d3be]::test_main_inner::<test[9d35eded1c95d3be]::test_main_static::{closure#0}>::{closure#0}
[INFO] [stdout]    6:     0x6420578a92d2 - std[70759c8f55707aa4]::panicking::panic_with_hook
[INFO] [stdout]    7:     0x64205788c182 - std[70759c8f55707aa4]::panicking::panic_handler::{closure#0}
[INFO] [stdout]    8:     0x642057884c59 - std[70759c8f55707aa4]::sys::backtrace::__rust_end_short_backtrace::<std[70759c8f55707aa4]::panicking::panic_handler::{closure#0}, !>
[INFO] [stdout]    9:     0x64205788cd7d - __rustc[8fa7c3cbc660c2b3]::rust_begin_unwind
[INFO] [stdout]   10:     0x6420578c6bac - core[df12db4294e9bfd3]::panicking::panic_fmt
[INFO] [stdout]   11:     0x642057828ca6 - cli[8ee88b69cab6f68e]::assert_success
[INFO] [stdout]   12:     0x642057829eea - <cli[8ee88b69cab6f68e]::xml_emits_musicxml_to_stdout::{closure#0} as core[df12db4294e9bfd3]::ops::function::FnOnce<()>>::call_once
[INFO] [stdout]   13:     0x64205783361b - test[9d35eded1c95d3be]::__rust_begin_short_backtrace::<core[df12db4294e9bfd3]::result::Result<(), alloc[2182bb758b4b3781]::string::String>, fn() -> core[df12db4294e9bfd3]::result::Result<(), alloc[2182bb758b4b3781]::string::String>>
[INFO] [stdout]   14:     0x642057840c85 - test[9d35eded1c95d3be]::run_test::{closure#0}
[INFO] [stdout]   15:     0x64205783a544 - std[70759c8f55707aa4]::sys::backtrace::__rust_begin_short_backtrace::<test[9d35eded1c95d3be]::run_test::{closure#1}, ()>
[INFO] [stdout]   16:     0x642057843de2 - <std[70759c8f55707aa4]::thread::lifecycle::spawn_unchecked<test[9d35eded1c95d3be]::run_test::{closure#1}, ()>::{closure#1} as core[df12db4294e9bfd3]::ops::function::FnOnce<()>>::call_once::{shim:vtable#0}
[INFO] [stdout]   17:     0x6420578b0959 - <std[70759c8f55707aa4]::sys::thread::unix::Thread>::new::thread_start
[INFO] [stdout]   18:     0x75216ccd3dfa - <unknown>
[INFO] [stdout]   19:     0x75216cd673d4 - clone
[INFO] [stdout]   20:                0x0 - <unknown>
[INFO] [stdout] 
[INFO] [stdout] ---- xml_output_write_error_does_not_dump_partial_xml_to_stdout stdout ----
[INFO] [stdout] 
[INFO] [stdout] thread 'xml_output_write_error_does_not_dump_partial_xml_to_stdout' (728) panicked at tests/cli.rs:267:5:
[INFO] [stdout] assertion failed: stderr(&output).contains("failed to write")
[INFO] [stdout] stack backtrace:
[INFO] [stdout]    0:     0x6420578b15e1 - <<std[70759c8f55707aa4]::sys::backtrace::BacktraceLock>::print::DisplayBacktrace as core[df12db4294e9bfd3]::fmt::Display>::fmt
[INFO] [stdout]    1:     0x6420578c647a - core[df12db4294e9bfd3]::fmt::write
[INFO] [stdout]    2:     0x6420578b5cfc - <alloc[2182bb758b4b3781]::vec::Vec<u8> as core[df12db4294e9bfd3]::io::write::Write>::write_fmt
[INFO] [stdout]    3:     0x64205788c0d6 - std[70759c8f55707aa4]::panicking::default_hook::{closure#0}
[INFO] [stdout]    4:     0x6420578a9119 - std[70759c8f55707aa4]::panicking::default_hook
[INFO] [stdout]    5:     0x642057840330 - test[9d35eded1c95d3be]::test_main_inner::<test[9d35eded1c95d3be]::test_main_static::{closure#0}>::{closure#0}
[INFO] [stdout]    6:     0x6420578a92d2 - std[70759c8f55707aa4]::panicking::panic_with_hook
[INFO] [stdout]    7:     0x64205788c1b4 - std[70759c8f55707aa4]::panicking::panic_handler::{closure#0}
[INFO] [stdout]    8:     0x642057884c59 - std[70759c8f55707aa4]::sys::backtrace::__rust_end_short_backtrace::<std[70759c8f55707aa4]::panicking::panic_handler::{closure#0}, !>
[INFO] [stdout]    9:     0x64205788cd7d - __rustc[8fa7c3cbc660c2b3]::rust_begin_unwind
[INFO] [stdout]   10:     0x6420578c6bac - core[df12db4294e9bfd3]::panicking::panic_fmt
[INFO] [stdout]   11:     0x6420578c6b72 - core[df12db4294e9bfd3]::panicking::panic
[INFO] [stdout]   12:     0x64205782e6a1 - <cli[8ee88b69cab6f68e]::xml_output_write_error_does_not_dump_partial_xml_to_stdout::{closure#0} as core[df12db4294e9bfd3]::ops::function::FnOnce<()>>::call_once
[INFO] [stdout]   13:     0x64205783361b - test[9d35eded1c95d3be]::__rust_begin_short_backtrace::<core[df12db4294e9bfd3]::result::Result<(), alloc[2182bb758b4b3781]::string::String>, fn() -> core[df12db4294e9bfd3]::result::Result<(), alloc[2182bb758b4b3781]::string::String>>
[INFO] [stdout]   14:     0x642057840c85 - test[9d35eded1c95d3be]::run_test::{closure#0}
[INFO] [stdout]   15:     0x64205783a544 - std[70759c8f55707aa4]::sys::backtrace::__rust_begin_short_backtrace::<test[9d35eded1c95d3be]::run_test::{closure#1}, ()>
[INFO] [stdout]   16:     0x642057843de2 - <std[70759c8f55707aa4]::thread::lifecycle::spawn_unchecked<test[9d35eded1c95d3be]::run_test::{closure#1}, ()>::{closure#1} as core[df12db4294e9bfd3]::ops::function::FnOnce<()>>::call_once::{shim:vtable#0}
[INFO] [stdout]   17:     0x6420578b0959 - <std[70759c8f55707aa4]::sys::thread::unix::Thread>::new::thread_start
[INFO] [stdout]   18:     0x75216ccd3dfa - <unknown>
[INFO] [stdout]   19:     0x75216cd673d4 - clone
[INFO] [stdout]   20:                0x0 - <unknown>
[INFO] [stdout] 
[INFO] [stdout] 
[INFO] [stdout] failures:
[INFO] [stdout]     check_accepts_basic_abc
[INFO] [stdout]     dump_commands_emit_debug_output
[INFO] [stdout]     xml_emits_musicxml_to_stdout
[INFO] [stdout]     xml_output_write_error_does_not_dump_partial_xml_to_stdout
[INFO] [stdout]     xml_writes_to_output_file_and_keeps_stdout_quiet
[INFO] [stdout] 
[INFO] [stdout] test result: FAILED. 15 passed; 5 failed; 0 ignored; 0 measured; 0 filtered out; finished in 0.35s
[INFO] [stdout] 
[INFO] running `Command { std: "docker" "inspect" "24a94d76225c3eefc0d34816eae1f876af274e5205cecc5e313732770bbda079", kill_on_drop: false }`
[INFO] running `Command { std: "docker" "rm" "-f" "24a94d76225c3eefc0d34816eae1f876af274e5205cecc5e313732770bbda079", kill_on_drop: false }`
[INFO] [stdout] 24a94d76225c3eefc0d34816eae1f876af274e5205cecc5e313732770bbda079
