[INFO] fetching crate criticality 0.0.1-rc.3...
[INFO] testing criticality-0.0.1-rc.3 against 1.100.0-beta.1+cargoflags=--release for beta-release-1.100-2
[INFO] extracting crate criticality 0.0.1-rc.3 into /workspace/builds/worker-3-tc2/source
[INFO] started tweaking crates.io crate criticality 0.0.1-rc.3
[INFO] removed 0 missing tests
[INFO] finished tweaking crates.io crate criticality 0.0.1-rc.3
[INFO] tweaked toml for crates.io crate criticality 0.0.1-rc.3 written to /workspace/builds/worker-3-tc2/source/Cargo.toml
[INFO] validating manifest of crates.io crate criticality 0.0.1-rc.3 on toolchain 1.100.0-beta.1
[INFO] running `Command { std: CARGO_HOME="/workspace/cargo-home" RUSTUP_HOME="/workspace/rustup-home" "/workspace/cargo-home/bin/cargo" "+1.100.0-beta.1" "metadata" "--manifest-path" "Cargo.toml" "--no-deps", kill_on_drop: false }`
[INFO] crate crates.io crate criticality 0.0.1-rc.3 already has a lockfile, it will not be regenerated
[INFO] running `Command { std: CARGO_HOME="/workspace/cargo-home" RUSTUP_HOME="/workspace/rustup-home" "/workspace/cargo-home/bin/cargo" "+1.100.0-beta.1" "fetch" "--manifest-path" "Cargo.toml", kill_on_drop: false }`
[INFO] running `Command { std: "docker" "create" "-v" "/var/lib/crater-agent-workspace/builds/worker-3-tc2/source:/opt/rustwide/workdir:ro,Z" "-v" "/var/lib/crater-agent-workspace/builds/worker-3-tc2/target:/opt/rustwide/target:rw,Z" "-v" "/var/lib/crater-agent-workspace/cargo-home:/opt/rustwide/cargo-home:ro,Z" "-v" "/var/lib/crater-agent-workspace/rustup-home:/opt/rustwide/rustup-home:ro,Z" "-m" "1610612736" "--network" "none" "ghcr.io/rust-lang/crates-build-env/linux@sha256:77db811e55d90add9212f6832c23229e3de5f1c1f9905e8cb07319ea15df73ac" "sleep" "infinity", kill_on_drop: false }`
[INFO] [stdout] f1e05dff9443e947bf516e12e9cccb175ea33b9a74ca5ad29a5d975ff17972fe
[INFO] running `Command { std: "docker" "start" "f1e05dff9443e947bf516e12e9cccb175ea33b9a74ca5ad29a5d975ff17972fe", kill_on_drop: false }`
[INFO] running `Command { std: "docker" "inspect" "f1e05dff9443e947bf516e12e9cccb175ea33b9a74ca5ad29a5d975ff17972fe", kill_on_drop: false }`
[INFO] running `Command { std: "docker" "exec" "-e" "SOURCE_DIR=/opt/rustwide/workdir" "-e" "CARGO_HOME=/opt/rustwide/cargo-home" "-e" "RUSTUP_HOME=/opt/rustwide/rustup-home" "-e" "CARGO_TARGET_DIR=/opt/rustwide/target" "-w" "/opt/rustwide/workdir" "--user" "0:0" "f1e05dff9443e947bf516e12e9cccb175ea33b9a74ca5ad29a5d975ff17972fe" "/opt/rustwide/cargo-home/bin/cargo" "+1.100.0-beta.1" "metadata" "--no-deps" "--format-version=1", kill_on_drop: false }`
[INFO] running `Command { std: "docker" "inspect" "f1e05dff9443e947bf516e12e9cccb175ea33b9a74ca5ad29a5d975ff17972fe", kill_on_drop: false }`
[INFO] running `Command { std: "docker" "exec" "-e" "SOURCE_DIR=/opt/rustwide/workdir" "-e" "CARGO_HOME=/opt/rustwide/cargo-home" "-e" "RUSTUP_HOME=/opt/rustwide/rustup-home" "-e" "CARGO_TARGET_DIR=/opt/rustwide/target" "-e" "CARGO_INCREMENTAL=0" "-e" "RUST_BACKTRACE=full" "-e" "RUSTFLAGS=--cap-lints=warn" "-e" "RUSTDOCFLAGS=--cap-lints=warn" "-w" "/opt/rustwide/workdir" "--user" "0:0" "f1e05dff9443e947bf516e12e9cccb175ea33b9a74ca5ad29a5d975ff17972fe" "/opt/rustwide/cargo-home/bin/cargo" "+1.100.0-beta.1" "build" "--frozen" "--message-format=json" "--release", kill_on_drop: false }`
[INFO] [stderr]    Compiling bytebudget v0.0.1-rc.1
[INFO] [stderr]    Compiling criticality v0.0.1-rc.3 (/opt/rustwide/workdir)
[INFO] [stderr]     Finished `release` profile [optimized] target(s) in 0.64s
[INFO] running `Command { std: "docker" "inspect" "f1e05dff9443e947bf516e12e9cccb175ea33b9a74ca5ad29a5d975ff17972fe", kill_on_drop: false }`
[INFO] running `Command { std: "docker" "exec" "-e" "SOURCE_DIR=/opt/rustwide/workdir" "-e" "CARGO_HOME=/opt/rustwide/cargo-home" "-e" "RUSTUP_HOME=/opt/rustwide/rustup-home" "-e" "CARGO_TARGET_DIR=/opt/rustwide/target" "-e" "CARGO_INCREMENTAL=0" "-e" "RUST_BACKTRACE=full" "-e" "RUSTFLAGS=--cap-lints=warn" "-e" "RUSTDOCFLAGS=--cap-lints=warn" "-w" "/opt/rustwide/workdir" "--user" "0:0" "f1e05dff9443e947bf516e12e9cccb175ea33b9a74ca5ad29a5d975ff17972fe" "/opt/rustwide/cargo-home/bin/cargo" "+1.100.0-beta.1" "test" "--frozen" "--no-run" "--message-format=json" "--release", kill_on_drop: false }`
[INFO] [stderr]    Compiling criticality v0.0.1-rc.3 (/opt/rustwide/workdir)
[INFO] [stderr]     Finished `release` profile [optimized] target(s) in 5.17s
[INFO] running `Command { std: "docker" "inspect" "f1e05dff9443e947bf516e12e9cccb175ea33b9a74ca5ad29a5d975ff17972fe", kill_on_drop: false }`
[INFO] running `Command { std: "docker" "exec" "-e" "SOURCE_DIR=/opt/rustwide/workdir" "-e" "CARGO_HOME=/opt/rustwide/cargo-home" "-e" "RUSTUP_HOME=/opt/rustwide/rustup-home" "-e" "CARGO_TARGET_DIR=/opt/rustwide/target" "-e" "CARGO_INCREMENTAL=0" "-e" "RUST_BACKTRACE=full" "-e" "RUSTFLAGS=--cap-lints=warn" "-e" "RUSTDOCFLAGS=--cap-lints=warn" "-w" "/opt/rustwide/workdir" "--user" "0:0" "f1e05dff9443e947bf516e12e9cccb175ea33b9a74ca5ad29a5d975ff17972fe" "/opt/rustwide/cargo-home/bin/cargo" "+1.100.0-beta.1" "test" "--frozen" "--release", kill_on_drop: false }`
[INFO] [stderr]     Finished `release` profile [optimized] target(s) in 0.03s
[INFO] [stderr]      Running unittests src/lib.rs (/opt/rustwide/target/release/build/criticality/8bfd3b1abb5f37f7/out/criticality-8bfd3b1abb5f37f7)
[INFO] [stdout] 
[INFO] [stdout] running 0 tests
[INFO] [stdout] 
[INFO] [stdout] test result: ok. 0 passed; 0 failed; 0 ignored; 0 measured; 0 filtered out; finished in 0.00s
[INFO] [stdout] 
[INFO] [stderr]      Running tests/entropy.rs (/opt/rustwide/target/release/build/criticality/be3fa5383ef0df04/out/entropy-be3fa5383ef0df04)
[INFO] [stdout] 
[INFO] [stdout] running 6 tests
[INFO] [stdout] test edge_bounds_and_forced_rejection_paths_are_exercised ... ok
[INFO] [stdout] test bounded_index_mapping_has_portable_versioned_vectors ... ok
[INFO] [stdout] test splitmix64_has_portable_versioned_vectors ... ok
[INFO] [stdout] test independent_streams_are_stable_under_unrelated_draws ... ok
[INFO] [stdout] test empty_bound_is_explicit_and_does_not_consume_entropy ... ok
[INFO] [stdout] test reduced_width_model_is_exhaustively_uniform ... ok
[INFO] [stdout] 
[INFO] [stdout] test result: ok. 6 passed; 0 failed; 0 ignored; 0 measured; 0 filtered out; finished in 0.00s
[INFO] [stdout] 
[INFO] [stderr]      Running tests/persona_dispatcher.rs (/opt/rustwide/target/release/build/criticality/5b24b0832a14cb02/out/persona_dispatcher-5b24b0832a14cb02)
[INFO] [stdout] 
[INFO] [stdout] running 1 test
[INFO] [stdout] test dispatcher_owns_transition_effects_and_phase_policy ... ok
[INFO] [stdout] 
[INFO] [stdout] test result: ok. 1 passed; 0 failed; 0 ignored; 0 measured; 0 filtered out; finished in 0.00s
[INFO] [stdout] 
[INFO] [stderr]      Running tests/persona_outbox.rs (/opt/rustwide/target/release/build/criticality/50b233783720fc47/out/persona_outbox-50b233783720fc47)
[INFO] [stdout] 
[INFO] [stdout] running 2 tests
[INFO] [stdout] test outbox_replacement_failure_preserves_both_values ... ok
[INFO] [stdout] test outbox_owns_supersession_and_publication_state ... ok
[INFO] [stdout] 
[INFO] [stdout] test result: ok. 2 passed; 0 failed; 0 ignored; 0 measured; 0 filtered out; finished in 0.00s
[INFO] [stdout] 
[INFO] [stderr]      Running tests/persona_relay.rs (/opt/rustwide/target/release/build/criticality/e922727249a1d51f/out/persona_relay-e922727249a1d51f)
[INFO] [stdout] 
[INFO] [stdout] running 4 tests
[INFO] [stdout] test relay_composes_script_plan_timeline_trace_and_replay ... ok
[INFO] [stdout] test relay_preflights_count_without_mutation ... ok
[INFO] [stdout] test relay_rolls_back_all_outcomes_after_late_failure ... ok
[INFO] [stdout] test relay_preserves_atomic_multi_outcome_admission ... ok
[INFO] [stdout] 
[INFO] [stdout] test result: ok. 4 passed; 0 failed; 0 ignored; 0 measured; 0 filtered out; finished in 0.00s
[INFO] [stdout] 
[INFO] [stderr]      Running tests/persona_retrying_client.rs (/opt/rustwide/target/release/build/criticality/6db8d9044784f5f3/out/persona_retrying_client-6db8d9044784f5f3)
[INFO] [stdout] 
[INFO] [stdout] running 1 test
[INFO] [stdout] test retrying_client_owns_retry_policy_and_run_loop ... ok
[INFO] [stdout] 
[INFO] [stdout] test result: ok. 1 passed; 0 failed; 0 ignored; 0 measured; 0 filtered out; finished in 0.00s
[INFO] [stdout] 
[INFO] [stderr]      Running tests/persona_watchdog.rs (/opt/rustwide/target/release/build/criticality/d95f91fba2c334bc/out/persona_watchdog-d95f91fba2c334bc)
[INFO] [stdout] 
[INFO] [stdout] running 1 test
[INFO] [stderr]      Running tests/plan.rs (/opt/rustwide/target/release/build/criticality/80fdd913ff2ccf3f/out/plan-80fdd913ff2ccf3f)
[INFO] [stdout] test watchdog_owns_heartbeat_deadline_and_expiration_policy ... ok
[INFO] [stdout] 
[INFO] [stdout] test result: ok. 1 passed; 0 failed; 0 ignored; 0 measured; 0 filtered out; finished in 0.00s
[INFO] [stdout] 
[INFO] [stdout] 
[INFO] [stdout] running 2 tests
[INFO] [stdout] test planned_values_preserve_delay_ownership_and_mapping ... ok
[INFO] [stdout] test finite_plans_preserve_exact_order_and_cardinality ... ok
[INFO] [stdout] 
[INFO] [stderr]      Running tests/public_boundary.rs (/opt/rustwide/target/release/build/criticality/41c1fa042f317b0d/out/public_boundary-41c1fa042f317b0d)
[INFO] [stdout] test result: ok. 2 passed; 0 failed; 0 ignored; 0 measured; 0 filtered out; finished in 0.00s
[INFO] [stdout] 
[INFO] [stdout] 
[INFO] [stdout] running 2 tests
[INFO] [stdout] test core_manifest_and_facade_use_one_locked_no_std_dependency ... FAILED
[INFO] [stdout] test package_identity_is_explicit ... ok
[INFO] [stderr] error: test failed, to rerun pass `--test public_boundary`
[INFO] [stdout] 
[INFO] [stdout] failures:
[INFO] [stdout] 
[INFO] [stdout] ---- core_manifest_and_facade_use_one_locked_no_std_dependency stdout ----
[INFO] [stdout] 
[INFO] [stdout] thread 'core_manifest_and_facade_use_one_locked_no_std_dependency' (698) panicked at tests/public_boundary.rs:14:5:
[INFO] [stdout] assertion failed: dependencies.eq(["bytebudget = { version = \"=0.0.1-rc.1\", default-features = false }"])
[INFO] [stdout] stack backtrace:
[INFO] [stdout]    0:     0x57ba647f8c01 - <<std[617be2ca0a6fd877]::sys::backtrace::BacktraceLock>::print::DisplayBacktrace as core[a373ad73a504971]::fmt::Display>::fmt
[INFO] [stdout]    1:     0x57ba6480cafa - core[a373ad73a504971]::fmt::write
[INFO] [stdout]    2:     0x57ba647fce1c - <alloc[2e1b2a31b91974c5]::vec::Vec<u8> as core[a373ad73a504971]::io::write::Write>::write_fmt
[INFO] [stdout]    3:     0x57ba647d5066 - std[617be2ca0a6fd877]::panicking::default_hook::{closure#0}
[INFO] [stdout]    4:     0x57ba647f1299 - std[617be2ca0a6fd877]::panicking::default_hook
[INFO] [stdout]    5:     0x57ba6478d940 - test[aada8e7e76ba119b]::test_main_inner::{closure#0}
[INFO] [stdout]    6:     0x57ba647f1452 - std[617be2ca0a6fd877]::panicking::panic_with_hook
[INFO] [stdout]    7:     0x57ba647d5144 - std[617be2ca0a6fd877]::panicking::panic_handler::{closure#0}
[INFO] [stdout]    8:     0x57ba647cde29 - std[617be2ca0a6fd877]::sys::backtrace::__rust_end_short_backtrace::<std[617be2ca0a6fd877]::panicking::panic_handler::{closure#0}, !>
[INFO] [stdout]    9:     0x57ba647d5d1d - __rustc[ea4f61d10b84890b]::rust_begin_unwind
[INFO] [stdout]   10:     0x57ba6480d22c - core[a373ad73a504971]::panicking::panic_fmt
[INFO] [stdout]   11:     0x57ba6480d1f2 - core[a373ad73a504971]::panicking::panic
[INFO] [stdout]   12:     0x57ba64780824 - <public_boundary[b5e2c3896bbf072d]::core_manifest_and_facade_use_one_locked_no_std_dependency::{closure#0} as core[a373ad73a504971]::ops::function::FnOnce<()>>::call_once
[INFO] [stdout]   13:     0x57ba64780d8b - test[aada8e7e76ba119b]::__rust_begin_short_backtrace::<core[a373ad73a504971]::result::Result<(), alloc[2e1b2a31b91974c5]::string::String>, fn() -> core[a373ad73a504971]::result::Result<(), alloc[2e1b2a31b91974c5]::string::String>>
[INFO] [stdout]   14:     0x57ba6478df65 - test[aada8e7e76ba119b]::run_test::{closure#0}
[INFO] [stdout]   15:     0x57ba64787854 - std[617be2ca0a6fd877]::sys::backtrace::__rust_begin_short_backtrace::<test[aada8e7e76ba119b]::run_test::{closure#1}, ()>
[INFO] [stdout]   16:     0x57ba64790ff2 - <std[617be2ca0a6fd877]::thread::lifecycle::spawn_unchecked<test[aada8e7e76ba119b]::run_test::{closure#1}, ()>::{closure#1} as core[a373ad73a504971]::ops::function::FnOnce<()>>::call_once::{shim:vtable#0}
[INFO] [stdout]   17:     0x57ba647f845f - <std[617be2ca0a6fd877]::sys::thread::unix::Thread>::new::thread_start
[INFO] [stdout]   18:     0x7fb15e4d5dfa - <unknown>
[INFO] [stdout]   19:     0x7fb15e5693d4 - clone
[INFO] [stdout]   20:                0x0 - <unknown>
[INFO] [stdout] 
[INFO] [stdout] 
[INFO] [stdout] failures:
[INFO] [stdout]     core_manifest_and_facade_use_one_locked_no_std_dependency
[INFO] [stdout] 
[INFO] [stdout] test result: FAILED. 1 passed; 1 failed; 0 ignored; 0 measured; 0 filtered out; finished in 0.00s
[INFO] [stdout] 
[INFO] running `Command { std: "docker" "inspect" "f1e05dff9443e947bf516e12e9cccb175ea33b9a74ca5ad29a5d975ff17972fe", kill_on_drop: false }`
[INFO] running `Command { std: "docker" "rm" "-f" "f1e05dff9443e947bf516e12e9cccb175ea33b9a74ca5ad29a5d975ff17972fe", kill_on_drop: false }`
[INFO] [stdout] f1e05dff9443e947bf516e12e9cccb175ea33b9a74ca5ad29a5d975ff17972fe
