[INFO] fetching crate critical-path-check 3.0.0...
[INFO] testing critical-path-check-3.0.0 against 1.99.0-beta.8+cargoflags=--release for beta-release-1.100-2
[INFO] extracting crate critical-path-check 3.0.0 into /workspace/builds/worker-6-tc1/source
[INFO] started tweaking crates.io crate critical-path-check 3.0.0
[INFO] finished tweaking crates.io crate critical-path-check 3.0.0
[INFO] tweaked toml for crates.io crate critical-path-check 3.0.0 written to /workspace/builds/worker-6-tc1/source/Cargo.toml
[INFO] validating manifest of crates.io crate critical-path-check 3.0.0 on toolchain 1.99.0-beta.8
[INFO] running `Command { std: CARGO_HOME="/workspace/cargo-home" RUSTUP_HOME="/workspace/rustup-home" "/workspace/cargo-home/bin/cargo" "+1.99.0-beta.8" "metadata" "--manifest-path" "Cargo.toml" "--no-deps", kill_on_drop: false }`
[INFO] crate crates.io crate critical-path-check 3.0.0 already has a lockfile, it will not be regenerated
[INFO] running `Command { std: CARGO_HOME="/workspace/cargo-home" RUSTUP_HOME="/workspace/rustup-home" "/workspace/cargo-home/bin/cargo" "+1.99.0-beta.8" "fetch" "--manifest-path" "Cargo.toml", kill_on_drop: false }`
[INFO] [stderr]     Updating crates.io index
[INFO] [stderr]  Downloading crates ...
[INFO] [stderr]   Downloaded colored v3.1.1
[INFO] [stderr]   Downloaded async-recursion v1.1.1
[INFO] [stderr]   Downloaded minreq v2.14.1
[INFO] [stderr]   Downloaded fancy-regex v0.18.0
[INFO] [stderr]   Downloaded webpki-roots v0.25.4
[INFO] running `Command { std: "docker" "create" "-v" "/var/lib/crater-agent-workspace/builds/worker-6-tc1/source:/opt/rustwide/workdir:ro,Z" "-v" "/var/lib/crater-agent-workspace/builds/worker-6-tc1/target:/opt/rustwide/target:rw,Z" "-v" "/var/lib/crater-agent-workspace/cargo-home:/opt/rustwide/cargo-home:ro,Z" "-v" "/var/lib/crater-agent-workspace/rustup-home:/opt/rustwide/rustup-home:ro,Z" "-m" "1610612736" "--network" "none" "ghcr.io/rust-lang/crates-build-env/linux@sha256:77db811e55d90add9212f6832c23229e3de5f1c1f9905e8cb07319ea15df73ac" "sleep" "infinity", kill_on_drop: false }`
[INFO] [stdout] 198636e79383fa8aeaae672e51ea88332ae1e2ca2aa002f028df1c24d81bafcd
[INFO] running `Command { std: "docker" "start" "198636e79383fa8aeaae672e51ea88332ae1e2ca2aa002f028df1c24d81bafcd", kill_on_drop: false }`
[INFO] running `Command { std: "docker" "inspect" "198636e79383fa8aeaae672e51ea88332ae1e2ca2aa002f028df1c24d81bafcd", kill_on_drop: false }`
[INFO] running `Command { std: "docker" "exec" "-e" "SOURCE_DIR=/opt/rustwide/workdir" "-e" "CARGO_HOME=/opt/rustwide/cargo-home" "-e" "RUSTUP_HOME=/opt/rustwide/rustup-home" "-e" "CARGO_TARGET_DIR=/opt/rustwide/target" "-w" "/opt/rustwide/workdir" "--user" "0:0" "198636e79383fa8aeaae672e51ea88332ae1e2ca2aa002f028df1c24d81bafcd" "/opt/rustwide/cargo-home/bin/cargo" "+1.99.0-beta.8" "metadata" "--no-deps" "--format-version=1", kill_on_drop: false }`
[INFO] running `Command { std: "docker" "inspect" "198636e79383fa8aeaae672e51ea88332ae1e2ca2aa002f028df1c24d81bafcd", kill_on_drop: false }`
[INFO] running `Command { std: "docker" "exec" "-e" "SOURCE_DIR=/opt/rustwide/workdir" "-e" "CARGO_HOME=/opt/rustwide/cargo-home" "-e" "RUSTUP_HOME=/opt/rustwide/rustup-home" "-e" "CARGO_TARGET_DIR=/opt/rustwide/target" "-e" "CARGO_INCREMENTAL=0" "-e" "RUST_BACKTRACE=full" "-e" "RUSTFLAGS=--cap-lints=warn" "-e" "RUSTDOCFLAGS=--cap-lints=warn" "-w" "/opt/rustwide/workdir" "--user" "0:0" "198636e79383fa8aeaae672e51ea88332ae1e2ca2aa002f028df1c24d81bafcd" "/opt/rustwide/cargo-home/bin/cargo" "+1.99.0-beta.8" "build" "--frozen" "--message-format=json" "--release", kill_on_drop: false }`
[INFO] [stderr]    Compiling find-msvc-tools v0.1.10
[INFO] [stderr]    Compiling smallvec v1.15.2
[INFO] [stderr]    Compiling rustls v0.21.12
[INFO] [stderr]    Compiling crossbeam-utils v0.8.22
[INFO] [stderr]    Compiling regex-syntax v0.8.11
[INFO] [stderr]    Compiling bit-vec v0.8.0
[INFO] [stderr]    Compiling aho-corasick v1.1.5
[INFO] [stderr]    Compiling log v0.4.33
[INFO] [stderr]    Compiling hashbrown v0.14.5
[INFO] [stderr]    Compiling getrandom v0.2.17
[INFO] [stderr]    Compiling errno v0.3.14
[INFO] [stderr]    Compiling mio v1.2.2
[INFO] [stderr]    Compiling socket2 v0.6.5
[INFO] [stderr]    Compiling webpki-roots v0.25.4
[INFO] [stderr]    Compiling quote v1.0.47
[INFO] [stderr]    Compiling colored v3.1.1
[INFO] [stderr]    Compiling signal-hook-registry v1.4.8
[INFO] [stderr]    Compiling normalize-path v0.2.1
[INFO] [stderr]    Compiling cc v1.4.2
[INFO] [stderr]    Compiling syn v3.0.3
[INFO] [stderr]    Compiling syn v2.0.119
[INFO] [stderr]    Compiling bit-set v0.8.0
[INFO] [stderr]    Compiling parking_lot_core v0.9.12
[INFO] [stderr]    Compiling parking_lot v0.12.5
[INFO] [stderr]    Compiling dashmap v6.2.1
[INFO] [stderr]    Compiling ring v0.17.14
[INFO] [stderr]    Compiling regex-automata v0.4.18
[INFO] [stderr]    Compiling tokio-macros v2.7.2
[INFO] [stderr]    Compiling tokio v1.53.1
[INFO] [stderr]    Compiling async-recursion v1.1.1
[INFO] [stderr]    Compiling regex v1.13.1
[INFO] [stderr]    Compiling fancy-regex v0.18.0
[INFO] [stderr]    Compiling rustls-webpki v0.101.7
[INFO] [stderr]    Compiling sct v0.7.1
[INFO] [stderr]    Compiling minreq v2.14.1
[INFO] [stderr]    Compiling critical-path-check v3.0.0 (/opt/rustwide/workdir)
[INFO] [stdout] warning: associated functions `traversal_error`, `failed_to_parse_file`, and `file_issue` are never used
[INFO] [stdout]   --> logger/logger.rs:18:12
[INFO] [stdout]    |
[INFO] [stdout]  5 | impl Logger {
[INFO] [stdout]    | ----------- associated functions in this implementation
[INFO] [stdout] ...
[INFO] [stdout] 18 |     pub fn traversal_error(path: &str) {
[INFO] [stdout]    |            ^^^^^^^^^^^^^^^
[INFO] [stdout] ...
[INFO] [stdout] 22 |     pub fn failed_to_parse_file(path: &str) {
[INFO] [stdout]    |            ^^^^^^^^^^^^^^^^^^^^
[INFO] [stdout] ...
[INFO] [stdout] 30 |     pub fn file_issue() {
[INFO] [stdout]    |            ^^^^^^^^^^
[INFO] [stdout]    |
[INFO] [stdout]    = note: `#[warn(dead_code)]` (part of `#[warn(unused)]`) on by default
[INFO] [stdout] 
[INFO] [stdout] 
[INFO] [stdout] warning: variant `String` is never constructed
[INFO] [stdout]  --> argv/argv.rs:9:5
[INFO] [stdout]   |
[INFO] [stdout] 8 | pub enum ArgvType {
[INFO] [stdout]   |          -------- variant in this enum
[INFO] [stdout] 9 |     String,
[INFO] [stdout]   |     ^^^^^^
[INFO] [stdout]   |
[INFO] [stdout]   = note: `ArgvType` has a derived impl for the trait `Clone`, but this is intentionally ignored during dead code analysis
[INFO] [stdout]   = note: `#[warn(dead_code)]` (part of `#[warn(unused)]`) on by default
[INFO] [stdout] 
[INFO] [stdout] 
[INFO] [stdout] warning: methods `get_first` and `get_all` are never used
[INFO] [stdout]   --> argv/argv.rs:44:12
[INFO] [stdout]    |
[INFO] [stdout] 27 | impl Argv {
[INFO] [stdout]    | --------- methods in this implementation
[INFO] [stdout] ...
[INFO] [stdout] 44 |     pub fn get_first(&self, key: &str) -> String {
[INFO] [stdout]    |            ^^^^^^^^^
[INFO] [stdout] ...
[INFO] [stdout] 53 |     pub fn get_all(&mut self, key: &str) -> &mut Vec<String> {
[INFO] [stdout]    |            ^^^^^^^
[INFO] [stdout] 
[INFO] [stdout] 
[INFO] [stdout] warning: multiple associated items are never used
[INFO] [stdout]    --> critical_path_check/critical_path_check.rs:60:12
[INFO] [stdout]     |
[INFO] [stdout]  34 | impl CriticalPathCheck {
[INFO] [stdout]     | ---------------------- associated items in this implementation
[INFO] [stdout] ...
[INFO] [stdout]  60 |     pub fn from_path_buf(root_html: &Path) -> Self {
[INFO] [stdout]     |            ^^^^^^^^^^^^^
[INFO] [stdout] ...
[INFO] [stdout]  75 |     pub fn assert(&self, bytes: usize) -> bool {
[INFO] [stdout]     |            ^^^^^^
[INFO] [stdout] ...
[INFO] [stdout]  88 |     pub fn assert_javascript(&self, bytes: usize) -> bool {
[INFO] [stdout]     |            ^^^^^^^^^^^^^^^^^
[INFO] [stdout] ...
[INFO] [stdout] 101 |     pub fn assert_css(&self, bytes: usize) -> bool {
[INFO] [stdout]     |            ^^^^^^^^^^
[INFO] [stdout] ...
[INFO] [stdout] 114 |     pub fn assert_html(&self, bytes: usize) -> bool {
[INFO] [stdout]     |            ^^^^^^^^^^^
[INFO] [stdout] ...
[INFO] [stdout] 126 |     pub fn measure(&self) -> usize {
[INFO] [stdout]     |            ^^^^^^^
[INFO] [stdout] ...
[INFO] [stdout] 140 |     pub fn run(&self) -> CriticalResources {
[INFO] [stdout]     |            ^^^
[INFO] [stdout] 
[INFO] [stdout] 
[INFO] [stdout] warning: associated functions `traversal_error`, `failed_to_parse_file`, and `file_issue` are never used
[INFO] [stdout]   --> logger/logger.rs:18:12
[INFO] [stdout]    |
[INFO] [stdout]  5 | impl Logger {
[INFO] [stdout]    | ----------- associated functions in this implementation
[INFO] [stdout] ...
[INFO] [stdout] 18 |     pub fn traversal_error(path: &str) {
[INFO] [stdout]    |            ^^^^^^^^^^^^^^^
[INFO] [stdout] ...
[INFO] [stdout] 22 |     pub fn failed_to_parse_file(path: &str) {
[INFO] [stdout]    |            ^^^^^^^^^^^^^^^^^^^^
[INFO] [stdout] ...
[INFO] [stdout] 30 |     pub fn file_issue() {
[INFO] [stdout]    |            ^^^^^^^^^^
[INFO] [stdout] 
[INFO] [stdout] 
[INFO] [stdout] warning: methods `clear_resolved_paths`, `clear_unresolved_paths`, `clear_paths`, and `log_resolved` are never used
[INFO] [stdout]   --> visitor/explored_paths.rs:31:12
[INFO] [stdout]    |
[INFO] [stdout] 15 | impl ExploredPaths {
[INFO] [stdout]    | ------------------ methods in this implementation
[INFO] [stdout] ...
[INFO] [stdout] 31 |     pub fn clear_resolved_paths(&mut self) {
[INFO] [stdout]    |            ^^^^^^^^^^^^^^^^^^^^
[INFO] [stdout] ...
[INFO] [stdout] 35 |     pub fn clear_unresolved_paths(&mut self) {
[INFO] [stdout]    |            ^^^^^^^^^^^^^^^^^^^^^^
[INFO] [stdout] ...
[INFO] [stdout] 49 |     fn clear_paths(&mut self, storage: PathStore) {
[INFO] [stdout]    |        ^^^^^^^^^^^
[INFO] [stdout] ...
[INFO] [stdout] 54 |     pub fn log_resolved(&self) {
[INFO] [stdout]    |            ^^^^^^^^^^^^
[INFO] [stdout] 
[INFO] [stdout] 
[INFO] [stderr]     Finished `release` profile [optimized] target(s) in 1m 08s
[INFO] running `Command { std: "docker" "inspect" "198636e79383fa8aeaae672e51ea88332ae1e2ca2aa002f028df1c24d81bafcd", kill_on_drop: false }`
[INFO] running `Command { std: "docker" "exec" "-e" "SOURCE_DIR=/opt/rustwide/workdir" "-e" "CARGO_HOME=/opt/rustwide/cargo-home" "-e" "RUSTUP_HOME=/opt/rustwide/rustup-home" "-e" "CARGO_TARGET_DIR=/opt/rustwide/target" "-e" "CARGO_INCREMENTAL=0" "-e" "RUST_BACKTRACE=full" "-e" "RUSTFLAGS=--cap-lints=warn" "-e" "RUSTDOCFLAGS=--cap-lints=warn" "-w" "/opt/rustwide/workdir" "--user" "0:0" "198636e79383fa8aeaae672e51ea88332ae1e2ca2aa002f028df1c24d81bafcd" "/opt/rustwide/cargo-home/bin/cargo" "+1.99.0-beta.8" "test" "--frozen" "--no-run" "--message-format=json" "--release", kill_on_drop: false }`
[INFO] [stderr]    Compiling critical-path-check v3.0.0 (/opt/rustwide/workdir)
[INFO] [stdout] warning: associated functions `traversal_error`, `failed_to_parse_file`, and `file_issue` are never used
[INFO] [stdout]   --> logger/logger.rs:18:12
[INFO] [stdout]    |
[INFO] [stdout]  5 | impl Logger {
[INFO] [stdout]    | ----------- associated functions in this implementation
[INFO] [stdout] ...
[INFO] [stdout] 18 |     pub fn traversal_error(path: &str) {
[INFO] [stdout]    |            ^^^^^^^^^^^^^^^
[INFO] [stdout] ...
[INFO] [stdout] 22 |     pub fn failed_to_parse_file(path: &str) {
[INFO] [stdout]    |            ^^^^^^^^^^^^^^^^^^^^
[INFO] [stdout] ...
[INFO] [stdout] 30 |     pub fn file_issue() {
[INFO] [stdout]    |            ^^^^^^^^^^
[INFO] [stdout]    |
[INFO] [stdout]    = note: `#[warn(dead_code)]` (part of `#[warn(unused)]`) on by default
[INFO] [stdout] 
[INFO] [stdout] 
[INFO] [stdout] warning: associated functions `traversal_error`, `failed_to_parse_file`, and `file_issue` are never used
[INFO] [stdout]   --> logger/logger.rs:18:12
[INFO] [stdout]    |
[INFO] [stdout]  5 | impl Logger {
[INFO] [stdout]    | ----------- associated functions in this implementation
[INFO] [stdout] ...
[INFO] [stdout] 18 |     pub fn traversal_error(path: &str) {
[INFO] [stdout]    |            ^^^^^^^^^^^^^^^
[INFO] [stdout] ...
[INFO] [stdout] 22 |     pub fn failed_to_parse_file(path: &str) {
[INFO] [stdout]    |            ^^^^^^^^^^^^^^^^^^^^
[INFO] [stdout] ...
[INFO] [stdout] 30 |     pub fn file_issue() {
[INFO] [stdout]    |            ^^^^^^^^^^
[INFO] [stdout]    |
[INFO] [stdout]    = note: `#[warn(dead_code)]` (part of `#[warn(unused)]`) on by default
[INFO] [stdout] 
[INFO] [stdout] 
[INFO] [stdout] warning: variant `String` is never constructed
[INFO] [stdout]  --> argv/argv.rs:9:5
[INFO] [stdout]   |
[INFO] [stdout] 8 | pub enum ArgvType {
[INFO] [stdout]   |          -------- variant in this enum
[INFO] [stdout] 9 |     String,
[INFO] [stdout]   |     ^^^^^^
[INFO] [stdout]   |
[INFO] [stdout]   = note: `ArgvType` has a derived impl for the trait `Clone`, but this is intentionally ignored during dead code analysis
[INFO] [stdout]   = note: `#[warn(dead_code)]` (part of `#[warn(unused)]`) on by default
[INFO] [stdout] 
[INFO] [stdout] 
[INFO] [stdout] warning: methods `get_first` and `get_all` are never used
[INFO] [stdout]   --> argv/argv.rs:44:12
[INFO] [stdout]    |
[INFO] [stdout] 27 | impl Argv {
[INFO] [stdout]    | --------- methods in this implementation
[INFO] [stdout] ...
[INFO] [stdout] 44 |     pub fn get_first(&self, key: &str) -> String {
[INFO] [stdout]    |            ^^^^^^^^^
[INFO] [stdout] ...
[INFO] [stdout] 53 |     pub fn get_all(&mut self, key: &str) -> &mut Vec<String> {
[INFO] [stdout]    |            ^^^^^^^
[INFO] [stdout] 
[INFO] [stdout] 
[INFO] [stdout] warning: multiple associated items are never used
[INFO] [stdout]    --> critical_path_check/critical_path_check.rs:60:12
[INFO] [stdout]     |
[INFO] [stdout]  34 | impl CriticalPathCheck {
[INFO] [stdout]     | ---------------------- associated items in this implementation
[INFO] [stdout] ...
[INFO] [stdout]  60 |     pub fn from_path_buf(root_html: &Path) -> Self {
[INFO] [stdout]     |            ^^^^^^^^^^^^^
[INFO] [stdout] ...
[INFO] [stdout]  75 |     pub fn assert(&self, bytes: usize) -> bool {
[INFO] [stdout]     |            ^^^^^^
[INFO] [stdout] ...
[INFO] [stdout]  88 |     pub fn assert_javascript(&self, bytes: usize) -> bool {
[INFO] [stdout]     |            ^^^^^^^^^^^^^^^^^
[INFO] [stdout] ...
[INFO] [stdout] 101 |     pub fn assert_css(&self, bytes: usize) -> bool {
[INFO] [stdout]     |            ^^^^^^^^^^
[INFO] [stdout] ...
[INFO] [stdout] 114 |     pub fn assert_html(&self, bytes: usize) -> bool {
[INFO] [stdout]     |            ^^^^^^^^^^^
[INFO] [stdout] ...
[INFO] [stdout] 126 |     pub fn measure(&self) -> usize {
[INFO] [stdout]     |            ^^^^^^^
[INFO] [stdout] ...
[INFO] [stdout] 140 |     pub fn run(&self) -> CriticalResources {
[INFO] [stdout]     |            ^^^
[INFO] [stdout] 
[INFO] [stdout] 
[INFO] [stdout] warning: associated functions `traversal_error`, `failed_to_parse_file`, and `file_issue` are never used
[INFO] [stdout]   --> logger/logger.rs:18:12
[INFO] [stdout]    |
[INFO] [stdout]  5 | impl Logger {
[INFO] [stdout]    | ----------- associated functions in this implementation
[INFO] [stdout] ...
[INFO] [stdout] 18 |     pub fn traversal_error(path: &str) {
[INFO] [stdout]    |            ^^^^^^^^^^^^^^^
[INFO] [stdout] ...
[INFO] [stdout] 22 |     pub fn failed_to_parse_file(path: &str) {
[INFO] [stdout]    |            ^^^^^^^^^^^^^^^^^^^^
[INFO] [stdout] ...
[INFO] [stdout] 30 |     pub fn file_issue() {
[INFO] [stdout]    |            ^^^^^^^^^^
[INFO] [stdout] 
[INFO] [stdout] 
[INFO] [stdout] warning: methods `clear_resolved_paths`, `clear_unresolved_paths`, `clear_paths`, and `log_resolved` are never used
[INFO] [stdout]   --> visitor/explored_paths.rs:31:12
[INFO] [stdout]    |
[INFO] [stdout] 15 | impl ExploredPaths {
[INFO] [stdout]    | ------------------ methods in this implementation
[INFO] [stdout] ...
[INFO] [stdout] 31 |     pub fn clear_resolved_paths(&mut self) {
[INFO] [stdout]    |            ^^^^^^^^^^^^^^^^^^^^
[INFO] [stdout] ...
[INFO] [stdout] 35 |     pub fn clear_unresolved_paths(&mut self) {
[INFO] [stdout]    |            ^^^^^^^^^^^^^^^^^^^^^^
[INFO] [stdout] ...
[INFO] [stdout] 49 |     fn clear_paths(&mut self, storage: PathStore) {
[INFO] [stdout]    |        ^^^^^^^^^^^
[INFO] [stdout] ...
[INFO] [stdout] 54 |     pub fn log_resolved(&self) {
[INFO] [stdout]    |            ^^^^^^^^^^^^
[INFO] [stdout] 
[INFO] [stdout] 
[INFO] [stderr]     Finished `release` profile [optimized] target(s) in 0.80s
[INFO] running `Command { std: "docker" "inspect" "198636e79383fa8aeaae672e51ea88332ae1e2ca2aa002f028df1c24d81bafcd", kill_on_drop: false }`
[INFO] running `Command { std: "docker" "exec" "-e" "SOURCE_DIR=/opt/rustwide/workdir" "-e" "CARGO_HOME=/opt/rustwide/cargo-home" "-e" "RUSTUP_HOME=/opt/rustwide/rustup-home" "-e" "CARGO_TARGET_DIR=/opt/rustwide/target" "-e" "CARGO_INCREMENTAL=0" "-e" "RUST_BACKTRACE=full" "-e" "RUSTFLAGS=--cap-lints=warn" "-e" "RUSTDOCFLAGS=--cap-lints=warn" "-w" "/opt/rustwide/workdir" "--user" "0:0" "198636e79383fa8aeaae672e51ea88332ae1e2ca2aa002f028df1c24d81bafcd" "/opt/rustwide/cargo-home/bin/cargo" "+1.99.0-beta.8" "test" "--frozen" "--release", kill_on_drop: false }`
[INFO] [stderr] warning: associated functions `traversal_error`, `failed_to_parse_file`, and `file_issue` are never used
[INFO] [stderr]   --> logger/logger.rs:18:12
[INFO] [stderr]    |
[INFO] [stderr]  5 | impl Logger {
[INFO] [stderr]    | ----------- associated functions in this implementation
[INFO] [stderr] ...
[INFO] [stderr] 18 |     pub fn traversal_error(path: &str) {
[INFO] [stderr]    |            ^^^^^^^^^^^^^^^
[INFO] [stderr] ...
[INFO] [stderr] 22 |     pub fn failed_to_parse_file(path: &str) {
[INFO] [stderr]    |            ^^^^^^^^^^^^^^^^^^^^
[INFO] [stderr] ...
[INFO] [stderr] 30 |     pub fn file_issue() {
[INFO] [stderr]    |            ^^^^^^^^^^
[INFO] [stderr]    |
[INFO] [stderr]    = note: `#[warn(dead_code)]` (part of `#[warn(unused)]`) on by default
[INFO] [stderr] 
[INFO] [stderr] warning: `critical-path-check` (lib) generated 1 warning
[INFO] [stderr] warning: variant `String` is never constructed
[INFO] [stderr]  --> argv/argv.rs:9:5
[INFO] [stderr]   |
[INFO] [stderr] 8 | pub enum ArgvType {
[INFO] [stderr]   |          -------- variant in this enum
[INFO] [stderr] 9 |     String,
[INFO] [stderr]   |     ^^^^^^
[INFO] [stderr]   |
[INFO] [stderr]   = note: `ArgvType` has a derived impl for the trait `Clone`, but this is intentionally ignored during dead code analysis
[INFO] [stderr]   = note: `#[warn(dead_code)]` (part of `#[warn(unused)]`) on by default
[INFO] [stderr] 
[INFO] [stderr] warning: methods `get_first` and `get_all` are never used
[INFO] [stderr]   --> argv/argv.rs:44:12
[INFO] [stderr]    |
[INFO] [stderr] 27 | impl Argv {
[INFO] [stderr]    | --------- methods in this implementation
[INFO] [stderr] ...
[INFO] [stderr] 44 |     pub fn get_first(&self, key: &str) -> String {
[INFO] [stderr]    |            ^^^^^^^^^
[INFO] [stderr] ...
[INFO] [stderr] 53 |     pub fn get_all(&mut self, key: &str) -> &mut Vec<String> {
[INFO] [stderr]    |            ^^^^^^^
[INFO] [stderr] 
[INFO] [stderr] warning: multiple associated items are never used
[INFO] [stderr]    --> critical_path_check/critical_path_check.rs:60:12
[INFO] [stderr]     |
[INFO] [stderr]  34 | impl CriticalPathCheck {
[INFO] [stderr]     | ---------------------- associated items in this implementation
[INFO] [stderr] ...
[INFO] [stderr]  60 |     pub fn from_path_buf(root_html: &Path) -> Self {
[INFO] [stderr]     |            ^^^^^^^^^^^^^
[INFO] [stderr] ...
[INFO] [stderr]  75 |     pub fn assert(&self, bytes: usize) -> bool {
[INFO] [stderr]     |            ^^^^^^
[INFO] [stderr] ...
[INFO] [stderr]  88 |     pub fn assert_javascript(&self, bytes: usize) -> bool {
[INFO] [stderr]     |            ^^^^^^^^^^^^^^^^^
[INFO] [stderr] ...
[INFO] [stderr] 101 |     pub fn assert_css(&self, bytes: usize) -> bool {
[INFO] [stderr]     |            ^^^^^^^^^^
[INFO] [stderr] ...
[INFO] [stderr] 114 |     pub fn assert_html(&self, bytes: usize) -> bool {
[INFO] [stderr]     |            ^^^^^^^^^^^
[INFO] [stderr] ...
[INFO] [stderr] 126 |     pub fn measure(&self) -> usize {
[INFO] [stderr]     |            ^^^^^^^
[INFO] [stderr] ...
[INFO] [stderr] 140 |     pub fn run(&self) -> CriticalResources {
[INFO] [stderr]     |            ^^^
[INFO] [stderr] 
[INFO] [stderr] warning: associated functions `traversal_error`, `failed_to_parse_file`, and `file_issue` are never used
[INFO] [stderr]   --> logger/logger.rs:18:12
[INFO] [stderr]    |
[INFO] [stderr]  5 | impl Logger {
[INFO] [stderr]    | ----------- associated functions in this implementation
[INFO] [stderr] ...
[INFO] [stderr] 18 |     pub fn traversal_error(path: &str) {
[INFO] [stderr]    |            ^^^^^^^^^^^^^^^
[INFO] [stderr] ...
[INFO] [stderr] 22 |     pub fn failed_to_parse_file(path: &str) {
[INFO] [stderr]    |            ^^^^^^^^^^^^^^^^^^^^
[INFO] [stderr] ...
[INFO] [stderr] 30 |     pub fn file_issue() {
[INFO] [stderr]    |            ^^^^^^^^^^
[INFO] [stderr] 
[INFO] [stderr] warning: methods `clear_resolved_paths`, `clear_unresolved_paths`, `clear_paths`, and `log_resolved` are never used
[INFO] [stderr]   --> visitor/explored_paths.rs:31:12
[INFO] [stderr]    |
[INFO] [stderr] 15 | impl ExploredPaths {
[INFO] [stderr]    | ------------------ methods in this implementation
[INFO] [stderr] ...
[INFO] [stderr] 31 |     pub fn clear_resolved_paths(&mut self) {
[INFO] [stderr]    |            ^^^^^^^^^^^^^^^^^^^^
[INFO] [stderr] ...
[INFO] [stderr] 35 |     pub fn clear_unresolved_paths(&mut self) {
[INFO] [stderr]    |            ^^^^^^^^^^^^^^^^^^^^^^
[INFO] [stderr] ...
[INFO] [stderr] 49 |     fn clear_paths(&mut self, storage: PathStore) {
[INFO] [stderr]    |        ^^^^^^^^^^^
[INFO] [stderr] ...
[INFO] [stderr] 54 |     pub fn log_resolved(&self) {
[INFO] [stderr]    |            ^^^^^^^^^^^^
[INFO] [stderr] 
[INFO] [stderr] warning: `critical-path-check` (bin "critical-path-check" test) generated 5 warnings
[INFO] [stderr] warning: `critical-path-check` (lib test) generated 1 warning (1 duplicate)
[INFO] [stderr]     Finished `release` profile [optimized] target(s) in 0.08s
[INFO] [stderr]      Running unittests lib.rs (/opt/rustwide/target/release/deps/critical_path_check-3f3609bbec314695)
[INFO] [stderr]      Running unittests main.rs (/opt/rustwide/target/release/deps/critical_path_check-08392048bc671dcb)
[INFO] [stdout] 
[INFO] [stdout] running 0 tests
[INFO] [stdout] 
[INFO] [stdout] test result: ok. 0 passed; 0 failed; 0 ignored; 0 measured; 0 filtered out; finished in 0.00s
[INFO] [stdout] 
[INFO] [stdout] 
[INFO] [stderr]    Doc-tests critical_path_check
[INFO] [stdout] running 0 tests
[INFO] [stdout] 
[INFO] [stdout] test result: ok. 0 passed; 0 failed; 0 ignored; 0 measured; 0 filtered out; finished in 0.00s
[INFO] [stdout] 
[INFO] [stdout] 
[INFO] [stdout] running 12 tests
[INFO] [stdout] test critical_path_check/critical_path_check.rs - critical_path_check::critical_path_check::CriticalPathCheck (line 19) ... FAILED
[INFO] [stdout] test critical_path_check/critical_path_check.rs - critical_path_check::critical_path_check::CriticalPathCheck::new (line 41) ... FAILED
[INFO] [stdout] test lib.rs - analyze_critical_path (line 21) ... FAILED
[INFO] [stdout] test critical_path_check/critical_path_check.rs - critical_path_check::critical_path_check::CriticalPathCheck::as_json (line 170) ... FAILED
[INFO] [stdout] test critical_path_check/critical_path_check.rs - critical_path_check::critical_path_check::CriticalPathCheck::assert (line 71) ... FAILED
[INFO] [stdout] test critical_path_check/critical_path_check.rs - critical_path_check::critical_path_check::CriticalPathCheck::assert_css (line 97) ... FAILED
[INFO] [stdout] test critical_path_check/critical_path_check.rs - critical_path_check::critical_path_check::CriticalPathCheck::assert_javascript (line 84) ... FAILED
[INFO] [stdout] test critical_path_check/critical_path_check.rs - critical_path_check::critical_path_check::CriticalPathCheck::run_cli (line 149) ... FAILED
[INFO] [stdout] test critical_path_check/critical_path_check.rs - critical_path_check::critical_path_check::CriticalPathCheck::from_path_buf (line 56) ... FAILED
[INFO] [stdout] test critical_path_check/critical_path_check.rs - critical_path_check::critical_path_check::CriticalPathCheck::assert_html (line 110) ... FAILED
[INFO] [stdout] test critical_path_check/critical_path_check.rs - critical_path_check::critical_path_check::CriticalPathCheck::measure (line 122) ... FAILED
[INFO] [stdout] test critical_path_check/critical_path_check.rs - critical_path_check::critical_path_check::CriticalPathCheck::run (line 136) ... FAILED
[INFO] [stdout] 
[INFO] [stdout] failures:
[INFO] [stdout] 
[INFO] [stdout] ---- critical_path_check/critical_path_check.rs - critical_path_check::critical_path_check::CriticalPathCheck (line 19) stdout ----
[INFO] [stdout] error: expected item, found keyword `let`
[INFO] [stdout]   --> critical_path_check/critical_path_check.rs:22:1
[INFO] [stdout]    |
[INFO] [stdout] 22 | let cp_check = CriticalPathCheck::new("<absolute-path-to-html-str>");
[INFO] [stdout]    | ^^^
[INFO] [stdout]    | |
[INFO] [stdout]    | `let` cannot be used for global variables
[INFO] [stdout]    | help: consider using `static` or `const` instead of `let`
[INFO] [stdout]    |
[INFO] [stdout]    = note: for a full list of items that can appear in modules, see <https://doc.rust-lang.org/reference/items.html>
[INFO] [stdout] 
[INFO] [stdout] error: aborting due to 1 previous error
[INFO] [stdout] 
[INFO] [stdout] Couldn't compile the test.
[INFO] [stdout] ---- critical_path_check/critical_path_check.rs - critical_path_check::critical_path_check::CriticalPathCheck::new (line 41) stdout ----
[INFO] [stdout] error[E0433]: cannot find type `CriticalPathCheck` in this scope
[INFO] [stdout]   --> critical_path_check/critical_path_check.rs:42:16
[INFO] [stdout]    |
[INFO] [stdout] 42 | let cp_check = CriticalPathCheck::new("/path/to/index.html");
[INFO] [stdout]    |                ^^^^^^^^^^^^^^^^^ use of undeclared type `CriticalPathCheck`
[INFO] [stdout] 
[INFO] [stdout] error: aborting due to 1 previous error
[INFO] [stdout] 
[INFO] [stdout] For more information about this error, try `rustc --explain E0433`.
[INFO] [stdout] Couldn't compile the test.
[INFO] [stdout] ---- lib.rs - analyze_critical_path (line 21) stdout ----
[INFO] [stdout] error[E0433]: cannot find type `PathBuf` in this scope
[INFO] [stdout]   --> lib.rs:25:15
[INFO] [stdout]    |
[INFO] [stdout] 25 | let my_html = PathBuf::from("/path/to/my/root.html");
[INFO] [stdout]    |               ^^^^^^^ use of undeclared type `PathBuf`
[INFO] [stdout]    |
[INFO] [stdout] help: consider importing this struct
[INFO] [stdout]    |
[INFO] [stdout] 20 + use std::path::PathBuf;
[INFO] [stdout]    |
[INFO] [stdout] 
[INFO] [stdout] error: aborting due to 1 previous error
[INFO] [stdout] 
[INFO] [stdout] For more information about this error, try `rustc --explain E0433`.
[INFO] [stdout] Couldn't compile the test.
[INFO] [stdout] ---- critical_path_check/critical_path_check.rs - critical_path_check::critical_path_check::CriticalPathCheck::as_json (line 170) stdout ----
[INFO] [stdout] error[E0433]: cannot find type `CriticalPathCheck` in this scope
[INFO] [stdout]    --> critical_path_check/critical_path_check.rs:171:16
[INFO] [stdout]     |
[INFO] [stdout] 171 | let cp_check = CriticalPathCheck::new("/path/to/index.html");
[INFO] [stdout]     |                ^^^^^^^^^^^^^^^^^ use of undeclared type `CriticalPathCheck`
[INFO] [stdout] 
[INFO] [stdout] error: aborting due to 1 previous error
[INFO] [stdout] 
[INFO] [stdout] For more information about this error, try `rustc --explain E0433`.
[INFO] [stdout] Couldn't compile the test.
[INFO] [stdout] ---- critical_path_check/critical_path_check.rs - critical_path_check::critical_path_check::CriticalPathCheck::assert (line 71) stdout ----
[INFO] [stdout] error[E0433]: cannot find type `CriticalPathCheck` in this scope
[INFO] [stdout]   --> critical_path_check/critical_path_check.rs:72:16
[INFO] [stdout]    |
[INFO] [stdout] 72 | let cp_check = CriticalPathCheck::new("/path/to/index.html");
[INFO] [stdout]    |                ^^^^^^^^^^^^^^^^^ use of undeclared type `CriticalPathCheck`
[INFO] [stdout] 
[INFO] [stdout] error: aborting due to 1 previous error
[INFO] [stdout] 
[INFO] [stdout] For more information about this error, try `rustc --explain E0433`.
[INFO] [stdout] Couldn't compile the test.
[INFO] [stdout] ---- critical_path_check/critical_path_check.rs - critical_path_check::critical_path_check::CriticalPathCheck::assert_css (line 97) stdout ----
[INFO] [stdout] error[E0433]: cannot find type `CriticalPathCheck` in this scope
[INFO] [stdout]   --> critical_path_check/critical_path_check.rs:98:16
[INFO] [stdout]    |
[INFO] [stdout] 98 | let cp_check = CriticalPathCheck::new("/path/to/index.html");
[INFO] [stdout]    |                ^^^^^^^^^^^^^^^^^ use of undeclared type `CriticalPathCheck`
[INFO] [stdout] 
[INFO] [stdout] error: aborting due to 1 previous error
[INFO] [stdout] 
[INFO] [stdout] For more information about this error, try `rustc --explain E0433`.
[INFO] [stdout] Couldn't compile the test.
[INFO] [stdout] ---- critical_path_check/critical_path_check.rs - critical_path_check::critical_path_check::CriticalPathCheck::assert_javascript (line 84) stdout ----
[INFO] [stdout] error[E0433]: cannot find type `CriticalPathCheck` in this scope
[INFO] [stdout]   --> critical_path_check/critical_path_check.rs:85:16
[INFO] [stdout]    |
[INFO] [stdout] 85 | let cp_check = CriticalPathCheck::new("/path/to/index.html");
[INFO] [stdout]    |                ^^^^^^^^^^^^^^^^^ use of undeclared type `CriticalPathCheck`
[INFO] [stdout] 
[INFO] [stdout] error: aborting due to 1 previous error
[INFO] [stdout] 
[INFO] [stdout] For more information about this error, try `rustc --explain E0433`.
[INFO] [stdout] Couldn't compile the test.
[INFO] [stdout] ---- critical_path_check/critical_path_check.rs - critical_path_check::critical_path_check::CriticalPathCheck::run_cli (line 149) stdout ----
[INFO] [stdout] error[E0433]: cannot find type `CriticalPathCheck` in this scope
[INFO] [stdout]    --> critical_path_check/critical_path_check.rs:150:16
[INFO] [stdout]     |
[INFO] [stdout] 150 | let cp_check = CriticalPathCheck::new("/path/to/index.html");
[INFO] [stdout]     |                ^^^^^^^^^^^^^^^^^ use of undeclared type `CriticalPathCheck`
[INFO] [stdout] 
[INFO] [stdout] error: aborting due to 1 previous error
[INFO] [stdout] 
[INFO] [stdout] For more information about this error, try `rustc --explain E0433`.
[INFO] [stdout] Couldn't compile the test.
[INFO] [stdout] ---- critical_path_check/critical_path_check.rs - critical_path_check::critical_path_check::CriticalPathCheck::from_path_buf (line 56) stdout ----
[INFO] [stdout] error[E0433]: cannot find type `PathBuf` in this scope
[INFO] [stdout]   --> critical_path_check/critical_path_check.rs:57:15
[INFO] [stdout]    |
[INFO] [stdout] 57 | let my_path = PathBuf::from("/path/to/index.html");
[INFO] [stdout]    |               ^^^^^^^ use of undeclared type `PathBuf`
[INFO] [stdout]    |
[INFO] [stdout] help: consider importing this struct
[INFO] [stdout]    |
[INFO] [stdout] 56 + use std::path::PathBuf;
[INFO] [stdout]    |
[INFO] [stdout] 
[INFO] [stdout] error[E0433]: cannot find type `CriticalPathCheck` in this scope
[INFO] [stdout]   --> critical_path_check/critical_path_check.rs:58:16
[INFO] [stdout]    |
[INFO] [stdout] 58 | let cp_check = CriticalPathCheck::from_path_buf(&my_path);
[INFO] [stdout]    |                ^^^^^^^^^^^^^^^^^ use of undeclared type `CriticalPathCheck`
[INFO] [stdout] 
[INFO] [stdout] error: aborting due to 2 previous errors
[INFO] [stdout] 
[INFO] [stdout] For more information about this error, try `rustc --explain E0433`.
[INFO] [stdout] Couldn't compile the test.
[INFO] [stdout] ---- critical_path_check/critical_path_check.rs - critical_path_check::critical_path_check::CriticalPathCheck::assert_html (line 110) stdout ----
[INFO] [stdout] error[E0433]: cannot find type `CriticalPathCheck` in this scope
[INFO] [stdout]    --> critical_path_check/critical_path_check.rs:111:16
[INFO] [stdout]     |
[INFO] [stdout] 111 | let cp_check = CriticalPathCheck::new("/path/to/index.html");
[INFO] [stdout]     |                ^^^^^^^^^^^^^^^^^ use of undeclared type `CriticalPathCheck`
[INFO] [stdout] 
[INFO] [stdout] error: aborting due to 1 previous error
[INFO] [stdout] 
[INFO] [stdout] For more information about this error, try `rustc --explain E0433`.
[INFO] [stdout] Couldn't compile the test.
[INFO] [stdout] ---- critical_path_check/critical_path_check.rs - critical_path_check::critical_path_check::CriticalPathCheck::measure (line 122) stdout ----
[INFO] [stdout] error[E0433]: cannot find type `CriticalPathCheck` in this scope
[INFO] [stdout]    --> critical_path_check/critical_path_check.rs:123:16
[INFO] [stdout]     |
[INFO] [stdout] 123 | let cp_check = CriticalPathCheck::new("/path/to/index.html");
[INFO] [stdout]     |                ^^^^^^^^^^^^^^^^^ use of undeclared type `CriticalPathCheck`
[INFO] [stdout] 
[INFO] [stdout] error: aborting due to 1 previous error
[INFO] [stdout] 
[INFO] [stdout] For more information about this error, try `rustc --explain E0433`.
[INFO] [stdout] Couldn't compile the test.
[INFO] [stdout] ---- critical_path_check/critical_path_check.rs - critical_path_check::critical_path_check::CriticalPathCheck::run (line 136) stdout ----
[INFO] [stdout] error[E0425]: cannot find type `CriticalResources` in this scope
[INFO] [stdout]    --> critical_path_check/critical_path_check.rs:138:13
[INFO] [stdout]     |
[INFO] [stdout] 138 | let result: CriticalResources = cp_check.run();
[INFO] [stdout]     |             ^^^^^^^^^^^^^^^^^ not found in this scope
[INFO] [stdout] 
[INFO] [stdout] error[E0433]: cannot find type `CriticalPathCheck` in this scope
[INFO] [stdout]    --> critical_path_check/critical_path_check.rs:137:16
[INFO] [stdout]     |
[INFO] [stdout] 137 | let cp_check = CriticalPathCheck::new("/path/to/index.html");
[INFO] [stdout]     |                ^^^^^^^^^^^^^^^^^ use of undeclared type `CriticalPathCheck`
[INFO] [stdout] 
[INFO] [stdout] error: aborting due to 2 previous errors
[INFO] [stdout] 
[INFO] [stdout] Some errors have detailed explanations: E0425, E0433.
[INFO] [stdout] For more information about an error, try `rustc --explain E0425`.
[INFO] [stdout] Couldn't compile the test.
[INFO] [stdout] 
[INFO] [stdout] failures:
[INFO] [stdout]     critical_path_check/critical_path_check.rs - critical_path_check::critical_path_check::CriticalPathCheck (line 19)
[INFO] [stdout]     critical_path_check/critical_path_check.rs - critical_path_check::critical_path_check::CriticalPathCheck::as_json (line 170)
[INFO] [stdout]     critical_path_check/critical_path_check.rs - critical_path_check::critical_path_check::CriticalPathCheck::assert (line 71)
[INFO] [stdout]     critical_path_check/critical_path_check.rs - critical_path_check::critical_path_check::CriticalPathCheck::assert_css (line 97)
[INFO] [stdout]     critical_path_check/critical_path_check.rs - critical_path_check::critical_path_check::CriticalPathCheck::assert_html (line 110)
[INFO] [stdout]     critical_path_check/critical_path_check.rs - critical_path_check::critical_path_check::CriticalPathCheck::assert_javascript (line 84)
[INFO] [stdout]     critical_path_check/critical_path_check.rs - critical_path_check::critical_path_check::CriticalPathCheck::from_path_buf (line 56)
[INFO] [stdout]     critical_path_check/critical_path_check.rs - critical_path_check::critical_path_check::CriticalPathCheck::measure (line 122)
[INFO] [stdout]     critical_path_check/critical_path_check.rs - critical_path_check::critical_path_check::CriticalPathCheck::new (line 41)
[INFO] [stdout]     critical_path_check/critical_path_check.rs - critical_path_check::critical_path_check::CriticalPathCheck::run (line 136)
[INFO] [stdout]     critical_path_check/critical_path_check.rs - critical_path_check::critical_path_check::CriticalPathCheck::run_cli (line 149)
[INFO] [stdout]     lib.rs - analyze_critical_path (line 21)
[INFO] [stdout] 
[INFO] [stdout] test result: FAILED. 0 passed; 12 failed; 0 ignored; 0 measured; 0 filtered out; finished in 0.35s
[INFO] [stdout] 
[INFO] [stdout] all doctests ran in 0.55s; merged doctests compilation took 0.20s
[INFO] [stderr] error: doctest failed, to rerun pass `--doc`
[INFO] running `Command { std: "docker" "inspect" "198636e79383fa8aeaae672e51ea88332ae1e2ca2aa002f028df1c24d81bafcd", kill_on_drop: false }`
[INFO] running `Command { std: "docker" "rm" "-f" "198636e79383fa8aeaae672e51ea88332ae1e2ca2aa002f028df1c24d81bafcd", kill_on_drop: false }`
[INFO] [stdout] 198636e79383fa8aeaae672e51ea88332ae1e2ca2aa002f028df1c24d81bafcd
