[INFO] fetching crate crisp-reveal 1.9.0...
[INFO] testing crisp-reveal-1.9.0 against 1.100.0-beta.1+cargoflags=--release for beta-release-1.100-2
[INFO] extracting crate crisp-reveal 1.9.0 into /workspace/builds/worker-5-tc2/source
[INFO] started tweaking crates.io crate crisp-reveal 1.9.0
[INFO] removed 0 missing tests
[INFO] finished tweaking crates.io crate crisp-reveal 1.9.0
[INFO] tweaked toml for crates.io crate crisp-reveal 1.9.0 written to /workspace/builds/worker-5-tc2/source/Cargo.toml
[INFO] validating manifest of crates.io crate crisp-reveal 1.9.0 on toolchain 1.100.0-beta.1
[INFO] running `Command { std: CARGO_HOME="/workspace/cargo-home" RUSTUP_HOME="/workspace/rustup-home" "/workspace/cargo-home/bin/cargo" "+1.100.0-beta.1" "metadata" "--manifest-path" "Cargo.toml" "--no-deps", kill_on_drop: false }`
[INFO] crate crates.io crate crisp-reveal 1.9.0 already has a lockfile, it will not be regenerated
[INFO] running `Command { std: CARGO_HOME="/workspace/cargo-home" RUSTUP_HOME="/workspace/rustup-home" "/workspace/cargo-home/bin/cargo" "+1.100.0-beta.1" "fetch" "--manifest-path" "Cargo.toml", kill_on_drop: false }`
[INFO] running `Command { std: "docker" "create" "-v" "/var/lib/crater-agent-workspace/builds/worker-5-tc2/source:/opt/rustwide/workdir:ro,Z" "-v" "/var/lib/crater-agent-workspace/builds/worker-5-tc2/target:/opt/rustwide/target:rw,Z" "-v" "/var/lib/crater-agent-workspace/cargo-home:/opt/rustwide/cargo-home:ro,Z" "-v" "/var/lib/crater-agent-workspace/rustup-home:/opt/rustwide/rustup-home:ro,Z" "-m" "1610612736" "--network" "none" "ghcr.io/rust-lang/crates-build-env/linux@sha256:77db811e55d90add9212f6832c23229e3de5f1c1f9905e8cb07319ea15df73ac" "sleep" "infinity", kill_on_drop: false }`
[INFO] [stdout] c05dcb2df3748ac7fd201ccbe376922af90181e1e70389e8d3e089e5042f2626
[INFO] running `Command { std: "docker" "start" "c05dcb2df3748ac7fd201ccbe376922af90181e1e70389e8d3e089e5042f2626", kill_on_drop: false }`
[INFO] running `Command { std: "docker" "inspect" "c05dcb2df3748ac7fd201ccbe376922af90181e1e70389e8d3e089e5042f2626", kill_on_drop: false }`
[INFO] running `Command { std: "docker" "exec" "-e" "SOURCE_DIR=/opt/rustwide/workdir" "-e" "CARGO_HOME=/opt/rustwide/cargo-home" "-e" "RUSTUP_HOME=/opt/rustwide/rustup-home" "-e" "CARGO_TARGET_DIR=/opt/rustwide/target" "-w" "/opt/rustwide/workdir" "--user" "0:0" "c05dcb2df3748ac7fd201ccbe376922af90181e1e70389e8d3e089e5042f2626" "/opt/rustwide/cargo-home/bin/cargo" "+1.100.0-beta.1" "metadata" "--no-deps" "--format-version=1", kill_on_drop: false }`
[INFO] running `Command { std: "docker" "inspect" "c05dcb2df3748ac7fd201ccbe376922af90181e1e70389e8d3e089e5042f2626", kill_on_drop: false }`
[INFO] running `Command { std: "docker" "exec" "-e" "SOURCE_DIR=/opt/rustwide/workdir" "-e" "CARGO_HOME=/opt/rustwide/cargo-home" "-e" "RUSTUP_HOME=/opt/rustwide/rustup-home" "-e" "CARGO_TARGET_DIR=/opt/rustwide/target" "-e" "CARGO_INCREMENTAL=0" "-e" "RUST_BACKTRACE=full" "-e" "RUSTFLAGS=--cap-lints=warn" "-e" "RUSTDOCFLAGS=--cap-lints=warn" "-w" "/opt/rustwide/workdir" "--user" "0:0" "c05dcb2df3748ac7fd201ccbe376922af90181e1e70389e8d3e089e5042f2626" "/opt/rustwide/cargo-home/bin/cargo" "+1.100.0-beta.1" "build" "--frozen" "--message-format=json" "--release", kill_on_drop: false }`
[INFO] [stderr]    Compiling proc-macro2 v1.0.106
[INFO] [stderr]    Compiling unicode-ident v1.0.24
[INFO] [stderr]    Compiling quote v1.0.45
[INFO] [stderr]    Compiling serde_core v1.0.228
[INFO] [stderr]    Compiling serde v1.0.228
[INFO] [stderr]    Compiling thiserror v2.0.18
[INFO] [stderr]    Compiling equivalent v1.0.2
[INFO] [stderr]    Compiling hashbrown v0.17.1
[INFO] [stderr]    Compiling zmij v1.0.21
[INFO] [stderr]    Compiling winnow v0.7.15
[INFO] [stderr]    Compiling crisp-ast v1.9.0
[INFO] [stderr]    Compiling toml_write v0.1.2
[INFO] [stderr]    Compiling serde_json v1.0.150
[INFO] [stderr]    Compiling memchr v2.8.2
[INFO] [stderr]    Compiling itoa v1.0.18
[INFO] [stderr]    Compiling libc v0.2.186
[INFO] [stderr]    Compiling getrandom v0.4.2
[INFO] [stderr]    Compiling rustix v1.1.4
[INFO] [stderr]    Compiling anyhow v1.0.102
[INFO] [stderr]    Compiling cfg-if v1.0.4
[INFO] [stderr]    Compiling bitflags v2.13.0
[INFO] [stderr]    Compiling linux-raw-sys v0.12.1
[INFO] [stderr]    Compiling fastrand v2.4.1
[INFO] [stderr]    Compiling once_cell v1.21.4
[INFO] [stderr]    Compiling indexmap v2.14.0
[INFO] [stderr]    Compiling syn v2.0.117
[INFO] [stderr]    Compiling tempfile v3.27.0
[INFO] [stderr]    Compiling serde_derive v1.0.228
[INFO] [stderr]    Compiling thiserror-impl v2.0.18
[INFO] [stderr]    Compiling crisp-lexer v1.9.0
[INFO] [stderr]    Compiling crisp-diagnostics v1.9.0
[INFO] [stderr]    Compiling crisp-parser v1.9.0
[INFO] [stderr]    Compiling toml_datetime v0.6.11
[INFO] [stderr]    Compiling serde_spanned v0.6.9
[INFO] [stderr]    Compiling toml_edit v0.22.27
[INFO] [stderr]    Compiling toml v0.8.23
[INFO] [stderr]    Compiling crisp-manifest v1.9.0
[INFO] [stderr]    Compiling crisp-resolve v1.9.0
[INFO] [stderr]    Compiling crisp-typeck v1.9.0
[INFO] [stderr]    Compiling crisp-ownership v1.9.0
[INFO] [stderr]    Compiling crisp-errors v1.9.0
[INFO] [stderr]    Compiling crisp-regions v1.9.0
[INFO] [stderr]    Compiling crisp-cir v1.9.0
[INFO] [stderr]    Compiling crisp-rust-emit v1.9.0
[INFO] [stderr]    Compiling crisp-reveal v1.9.0 (/opt/rustwide/workdir)
[INFO] [stderr]     Finished `release` profile [optimized] target(s) in 55.52s
[INFO] running `Command { std: "docker" "inspect" "c05dcb2df3748ac7fd201ccbe376922af90181e1e70389e8d3e089e5042f2626", kill_on_drop: false }`
[INFO] running `Command { std: "docker" "exec" "-e" "SOURCE_DIR=/opt/rustwide/workdir" "-e" "CARGO_HOME=/opt/rustwide/cargo-home" "-e" "RUSTUP_HOME=/opt/rustwide/rustup-home" "-e" "CARGO_TARGET_DIR=/opt/rustwide/target" "-e" "CARGO_INCREMENTAL=0" "-e" "RUST_BACKTRACE=full" "-e" "RUSTFLAGS=--cap-lints=warn" "-e" "RUSTDOCFLAGS=--cap-lints=warn" "-w" "/opt/rustwide/workdir" "--user" "0:0" "c05dcb2df3748ac7fd201ccbe376922af90181e1e70389e8d3e089e5042f2626" "/opt/rustwide/cargo-home/bin/cargo" "+1.100.0-beta.1" "test" "--frozen" "--no-run" "--message-format=json" "--release", kill_on_drop: false }`
[INFO] [stderr]    Compiling libc v0.2.186
[INFO] [stderr]    Compiling once_cell v1.21.4
[INFO] [stderr]    Compiling similar v2.7.0
[INFO] [stderr]    Compiling getrandom v0.4.2
[INFO] [stderr]    Compiling console v0.16.3
[INFO] [stderr]    Compiling tempfile v3.27.0
[INFO] [stderr]    Compiling crisp-rust-emit v1.9.0
[INFO] [stderr]    Compiling insta v1.48.0
[INFO] [stderr]    Compiling crisp-reveal v1.9.0 (/opt/rustwide/workdir)
[INFO] [stderr]     Finished `release` profile [optimized] target(s) in 24.14s
[INFO] running `Command { std: "docker" "inspect" "c05dcb2df3748ac7fd201ccbe376922af90181e1e70389e8d3e089e5042f2626", kill_on_drop: false }`
[INFO] running `Command { std: "docker" "exec" "-e" "SOURCE_DIR=/opt/rustwide/workdir" "-e" "CARGO_HOME=/opt/rustwide/cargo-home" "-e" "RUSTUP_HOME=/opt/rustwide/rustup-home" "-e" "CARGO_TARGET_DIR=/opt/rustwide/target" "-e" "CARGO_INCREMENTAL=0" "-e" "RUST_BACKTRACE=full" "-e" "RUSTFLAGS=--cap-lints=warn" "-e" "RUSTDOCFLAGS=--cap-lints=warn" "-w" "/opt/rustwide/workdir" "--user" "0:0" "c05dcb2df3748ac7fd201ccbe376922af90181e1e70389e8d3e089e5042f2626" "/opt/rustwide/cargo-home/bin/cargo" "+1.100.0-beta.1" "test" "--frozen" "--release", kill_on_drop: false }`
[INFO] [stderr]     Finished `release` profile [optimized] target(s) in 0.10s
[INFO] [stderr]      Running unittests src/lib.rs (/opt/rustwide/target/release/build/crisp-reveal/444d6b8011efaca7/out/crisp_reveal-444d6b8011efaca7)
[INFO] [stderr]      Running tests/reveal_errors.rs (/opt/rustwide/target/release/build/crisp-reveal/ae4e40923136a8f1/out/reveal_errors-ae4e40923136a8f1)
[INFO] [stdout] 
[INFO] [stdout] running 0 tests
[INFO] [stdout] 
[INFO] [stdout] test result: ok. 0 passed; 0 failed; 0 ignored; 0 measured; 0 filtered out; finished in 0.00s
[INFO] [stdout] 
[INFO] [stdout] 
[INFO] [stdout] running 2 tests
[INFO] [stdout] test reveal_fallible_errors ... FAILED
[INFO] [stdout] test reveal_hello_no_errors ... FAILED
[INFO] [stdout] 
[INFO] [stdout] failures:
[INFO] [stdout] 
[INFO] [stdout] ---- reveal_fallible_errors stdout ----
[INFO] [stdout] 
[INFO] [stdout] thread 'reveal_fallible_errors' (1551) panicked at tests/reveal_errors.rs:7:36:
[INFO] [stdout] reveal errors: [E0042] resolve error: crate has no src/ directory at /opt/rustwide/workdir/../../examples/fallible
[INFO] [stdout] 
[INFO] [stdout] Caused by:
[INFO] [stdout]     crate has no src/ directory at /opt/rustwide/workdir/../../examples/fallible
[INFO] [stdout] 
[INFO] [stdout] Stack backtrace:
[INFO] [stdout]    0: <anyhow::Error as core::convert::From<crisp_typeck::infer::TypeError>>::from
[INFO] [stdout]    1: crisp_reveal::errors::reveal_errors
[INFO] [stdout]    2: <reveal_errors::reveal_fallible_errors::{closure#0} as core::ops::function::FnOnce<()>>::call_once
[INFO] [stdout]    3: test::__rust_begin_short_backtrace::<core::result::Result<(), alloc::string::String>, fn() -> core::result::Result<(), alloc::string::String>>
[INFO] [stdout]    4: test::run_test::{closure#0}
[INFO] [stdout]    5: std::sys::backtrace::__rust_begin_short_backtrace::<test::run_test::{closure#1}, ()>
[INFO] [stdout]    6: <std::thread::lifecycle::spawn_unchecked<test::run_test::{closure#1}, ()>::{closure#1} as core::ops::function::FnOnce<()>>::call_once::{shim:vtable#0}
[INFO] [stdout]    7: <std::sys::thread::unix::Thread>::new::thread_start
[INFO] [stdout]    8: <unknown>
[INFO] [stdout]    9: clone
[INFO] [stdout] stack backtrace:
[INFO] [stdout]    0:     0x620a664e5621 - <<std[617be2ca0a6fd877]::sys::backtrace::BacktraceLock>::print::DisplayBacktrace as core[a373ad73a504971]::fmt::Display>::fmt
[INFO] [stdout]    1:     0x620a664fcc2a - core[a373ad73a504971]::fmt::write
[INFO] [stdout]    2:     0x620a664ea2ac - <alloc[2e1b2a31b91974c5]::vec::Vec<u8> as core[a373ad73a504971]::io::write::Write>::write_fmt
[INFO] [stdout]    3:     0x620a664be246 - std[617be2ca0a6fd877]::panicking::default_hook::{closure#0}
[INFO] [stdout]    4:     0x620a664dc739 - std[617be2ca0a6fd877]::panicking::default_hook
[INFO] [stdout]    5:     0x620a6633d410 - test[aada8e7e76ba119b]::test_main_inner::{closure#0}
[INFO] [stdout]    6:     0x620a664dc8f2 - std[617be2ca0a6fd877]::panicking::panic_with_hook
[INFO] [stdout]    7:     0x620a664be2f2 - std[617be2ca0a6fd877]::panicking::panic_handler::{closure#0}
[INFO] [stdout]    8:     0x620a664b6599 - std[617be2ca0a6fd877]::sys::backtrace::__rust_end_short_backtrace::<std[617be2ca0a6fd877]::panicking::panic_handler::{closure#0}, !>
[INFO] [stdout]    9:     0x620a664bf0ad - __rustc[ea4f61d10b84890b]::rust_begin_unwind
[INFO] [stdout]   10:     0x620a664fd38c - core[a373ad73a504971]::panicking::panic_fmt
[INFO] [stdout]   11:     0x620a664fd162 - core[a373ad73a504971]::result::unwrap_failed
[INFO] [stdout]   12:     0x620a662c5295 - <reveal_errors[e853953c4552c3e0]::reveal_fallible_errors::{closure#0} as core[a373ad73a504971]::ops::function::FnOnce<()>>::call_once
[INFO] [stdout]   13:     0x620a6633085b - test[aada8e7e76ba119b]::__rust_begin_short_backtrace::<core[a373ad73a504971]::result::Result<(), alloc[2e1b2a31b91974c5]::string::String>, fn() -> core[a373ad73a504971]::result::Result<(), alloc[2e1b2a31b91974c5]::string::String>>
[INFO] [stdout]   14:     0x620a6633da35 - test[aada8e7e76ba119b]::run_test::{closure#0}
[INFO] [stdout]   15:     0x620a66337324 - std[617be2ca0a6fd877]::sys::backtrace::__rust_begin_short_backtrace::<test[aada8e7e76ba119b]::run_test::{closure#1}, ()>
[INFO] [stdout]   16:     0x620a66340ac2 - <std[617be2ca0a6fd877]::thread::lifecycle::spawn_unchecked<test[aada8e7e76ba119b]::run_test::{closure#1}, ()>::{closure#1} as core[a373ad73a504971]::ops::function::FnOnce<()>>::call_once::{shim:vtable#0}
[INFO] [stdout]   17:     0x620a664e45ff - <std[617be2ca0a6fd877]::sys::thread::unix::Thread>::new::thread_start
[INFO] [stdout]   18:     0x7a92ac01bdfa - <unknown>
[INFO] [stdout]   19:     0x7a92ac0af3d4 - clone
[INFO] [stdout]   20:                0x0 - <unknown>
[INFO] [stdout] 
[INFO] [stdout] ---- reveal_hello_no_errors stdout ----
[INFO] [stdout] 
[INFO] [stdout] thread 'reveal_hello_no_errors' (1552) panicked at tests/reveal_errors.rs:14:36:
[INFO] [stdout] reveal hello errors: [E0042] resolve error: crate has no src/ directory at /opt/rustwide/workdir/../../examples/hello
[INFO] [stdout] 
[INFO] [stdout] Caused by:
[INFO] [stdout]     crate has no src/ directory at /opt/rustwide/workdir/../../examples/hello
[INFO] [stdout] 
[INFO] [stdout] Stack backtrace:
[INFO] [stdout]    0: <anyhow::Error as core::convert::From<crisp_typeck::infer::TypeError>>::from
[INFO] [stdout]    1: crisp_reveal::errors::reveal_errors
[INFO] [stdout]    2: <reveal_errors::reveal_hello_no_errors::{closure#0} as core::ops::function::FnOnce<()>>::call_once
[INFO] [stdout]    3: test::__rust_begin_short_backtrace::<core::result::Result<(), alloc::string::String>, fn() -> core::result::Result<(), alloc::string::String>>
[INFO] [stdout]    4: test::run_test::{closure#0}
[INFO] [stdout]    5: std::sys::backtrace::__rust_begin_short_backtrace::<test::run_test::{closure#1}, ()>
[INFO] [stdout]    6: <std::thread::lifecycle::spawn_unchecked<test::run_test::{closure#1}, ()>::{closure#1} as core::ops::function::FnOnce<()>>::call_once::{shim:vtable#0}
[INFO] [stdout]    7: <std::sys::thread::unix::Thread>::new::thread_start
[INFO] [stdout]    8: <unknown>
[INFO] [stdout]    9: clone
[INFO] [stdout] stack backtrace:
[INFO] [stdout]    0:     0x620a664e5621 - <<std[617be2ca0a6fd877]::sys::backtrace::BacktraceLock>::print::DisplayBacktrace as core[a373ad73a504971]::fmt::Display>::fmt
[INFO] [stdout]    1:     0x620a664fcc2a - core[a373ad73a504971]::fmt::write
[INFO] [stdout]    2:     0x620a664ea2ac - <alloc[2e1b2a31b91974c5]::vec::Vec<u8> as core[a373ad73a504971]::io::write::Write>::write_fmt
[INFO] [stdout]    3:     0x620a664be246 - std[617be2ca0a6fd877]::panicking::default_hook::{closure#0}
[INFO] [stdout]    4:     0x620a664dc739 - std[617be2ca0a6fd877]::panicking::default_hook
[INFO] [stdout]    5:     0x620a6633d410 - test[aada8e7e76ba119b]::test_main_inner::{closure#0}
[INFO] [stdout]    6:     0x620a664dc8f2 - std[617be2ca0a6fd877]::panicking::panic_with_hook
[INFO] [stdout]    7:     0x620a664be2f2 - std[617be2ca0a6fd877]::panicking::panic_handler::{closure#0}
[INFO] [stdout]    8:     0x620a664b6599 - std[617be2ca0a6fd877]::sys::backtrace::__rust_end_short_backtrace::<std[617be2ca0a6fd877]::panicking::panic_handler::{closure#0}, !>
[INFO] [stdout]    9:     0x620a664bf0ad - __rustc[ea4f61d10b84890b]::rust_begin_unwind
[INFO] [stdout]   10:     0x620a664fd38c - core[a373ad73a504971]::panicking::panic_fmt
[INFO] [stdout]   11:     0x620a664fd162 - core[a373ad73a504971]::result::unwrap_failed
[INFO] [stdout]   12:     0x620a662c54fb - <reveal_errors[e853953c4552c3e0]::reveal_hello_no_errors::{closure#0} as core[a373ad73a504971]::ops::function::FnOnce<()>>::call_once
[INFO] [stdout]   13:     0x620a6633085b - test[aada8e7e76ba119b]::__rust_begin_short_backtrace::<core[a373ad73a504971]::result::Result<(), alloc[2e1b2a31b91974c5]::string::String>, fn() -> core[a373ad73a504971]::result::Result<(), alloc[2e1b2a31b91974c5]::string::String>>
[INFO] [stdout]   14:     0x620a6633da35 - test[aada8e7e76ba119b]::run_test::{closure#0}
[INFO] [stdout]   15:     0x620a66337324 - std[617be2ca0a6fd877]::sys::backtrace::__rust_begin_short_backtrace::<test[aada8e7e76ba119b]::run_test::{closure#1}, ()>
[INFO] [stdout]   16:     0x620a66340ac2 - <std[617be2ca0a6fd877]::thread::lifecycle::spawn_unchecked<test[aada8e7e76ba119b]::run_test::{closure#1}, ()>::{closure#1} as core[a373ad73a504971]::ops::function::FnOnce<()>>::call_once::{shim:vtable#0}
[INFO] [stdout]   17:     0x620a664e45ff - <std[617be2ca0a6fd877]::sys::thread::unix::Thread>::new::thread_start
[INFO] [stdout]   18:     0x7a92ac01bdfa - <unknown>
[INFO] [stdout]   19:     0x7a92ac0af3d4 - clone
[INFO] [stdout]   20:                0x0 - <unknown>
[INFO] [stdout] 
[INFO] [stdout] 
[INFO] [stdout] failures:
[INFO] [stdout]     reveal_fallible_errors
[INFO] [stdout]     reveal_hello_no_errors
[INFO] [stdout] 
[INFO] [stdout] test result: FAILED. 0 passed; 2 failed; 0 ignored; 0 measured; 0 filtered out; finished in 0.01s
[INFO] [stdout] 
[INFO] [stderr] error: test failed, to rerun pass `--test reveal_errors`
[INFO] running `Command { std: "docker" "inspect" "c05dcb2df3748ac7fd201ccbe376922af90181e1e70389e8d3e089e5042f2626", kill_on_drop: false }`
[INFO] running `Command { std: "docker" "rm" "-f" "c05dcb2df3748ac7fd201ccbe376922af90181e1e70389e8d3e089e5042f2626", kill_on_drop: false }`
[INFO] [stdout] c05dcb2df3748ac7fd201ccbe376922af90181e1e70389e8d3e089e5042f2626
