[INFO] fetching crate crisp-resolve 1.9.0...
[INFO] testing crisp-resolve-1.9.0 against 1.99.0-beta.8+cargoflags=--release for beta-release-1.100-2
[INFO] extracting crate crisp-resolve 1.9.0 into /workspace/builds/worker-0-tc1/source
[INFO] started tweaking crates.io crate crisp-resolve 1.9.0
[INFO] removed 0 missing tests
[INFO] finished tweaking crates.io crate crisp-resolve 1.9.0
[INFO] tweaked toml for crates.io crate crisp-resolve 1.9.0 written to /workspace/builds/worker-0-tc1/source/Cargo.toml
[INFO] validating manifest of crates.io crate crisp-resolve 1.9.0 on toolchain 1.99.0-beta.8
[INFO] running `Command { std: CARGO_HOME="/workspace/cargo-home" RUSTUP_HOME="/workspace/rustup-home" "/workspace/cargo-home/bin/cargo" "+1.99.0-beta.8" "metadata" "--manifest-path" "Cargo.toml" "--no-deps", kill_on_drop: false }`
[INFO] crate crates.io crate crisp-resolve 1.9.0 already has a lockfile, it will not be regenerated
[INFO] running `Command { std: CARGO_HOME="/workspace/cargo-home" RUSTUP_HOME="/workspace/rustup-home" "/workspace/cargo-home/bin/cargo" "+1.99.0-beta.8" "fetch" "--manifest-path" "Cargo.toml", kill_on_drop: false }`
[INFO] [stderr]     Updating crates.io index
[INFO] [stderr]  Downloading crates ...
[INFO] [stderr]   Downloaded crisp-parser v1.9.0
[INFO] [stderr]   Downloaded crisp-manifest v1.9.0
[INFO] [stderr]   Downloaded crisp-lexer v1.9.0
[INFO] [stderr]   Downloaded crisp-ast v1.9.0
[INFO] running `Command { std: "docker" "create" "-v" "/var/lib/crater-agent-workspace/builds/worker-0-tc1/source:/opt/rustwide/workdir:ro,Z" "-v" "/var/lib/crater-agent-workspace/builds/worker-0-tc1/target:/opt/rustwide/target:rw,Z" "-v" "/var/lib/crater-agent-workspace/cargo-home:/opt/rustwide/cargo-home:ro,Z" "-v" "/var/lib/crater-agent-workspace/rustup-home:/opt/rustwide/rustup-home:ro,Z" "-m" "1610612736" "--network" "none" "ghcr.io/rust-lang/crates-build-env/linux@sha256:77db811e55d90add9212f6832c23229e3de5f1c1f9905e8cb07319ea15df73ac" "sleep" "infinity", kill_on_drop: false }`
[INFO] [stdout] 1aaef32e6d9b2090c205a6e826f826669baf89c851adbfb39247bc93e25d8f75
[INFO] running `Command { std: "docker" "start" "1aaef32e6d9b2090c205a6e826f826669baf89c851adbfb39247bc93e25d8f75", kill_on_drop: false }`
[INFO] running `Command { std: "docker" "inspect" "1aaef32e6d9b2090c205a6e826f826669baf89c851adbfb39247bc93e25d8f75", kill_on_drop: false }`
[INFO] running `Command { std: "docker" "exec" "-e" "SOURCE_DIR=/opt/rustwide/workdir" "-e" "CARGO_HOME=/opt/rustwide/cargo-home" "-e" "RUSTUP_HOME=/opt/rustwide/rustup-home" "-e" "CARGO_TARGET_DIR=/opt/rustwide/target" "-w" "/opt/rustwide/workdir" "--user" "0:0" "1aaef32e6d9b2090c205a6e826f826669baf89c851adbfb39247bc93e25d8f75" "/opt/rustwide/cargo-home/bin/cargo" "+1.99.0-beta.8" "metadata" "--no-deps" "--format-version=1", kill_on_drop: false }`
[INFO] running `Command { std: "docker" "inspect" "1aaef32e6d9b2090c205a6e826f826669baf89c851adbfb39247bc93e25d8f75", kill_on_drop: false }`
[INFO] running `Command { std: "docker" "exec" "-e" "SOURCE_DIR=/opt/rustwide/workdir" "-e" "CARGO_HOME=/opt/rustwide/cargo-home" "-e" "RUSTUP_HOME=/opt/rustwide/rustup-home" "-e" "CARGO_TARGET_DIR=/opt/rustwide/target" "-e" "CARGO_INCREMENTAL=0" "-e" "RUST_BACKTRACE=full" "-e" "RUSTFLAGS=--cap-lints=warn" "-e" "RUSTDOCFLAGS=--cap-lints=warn" "-w" "/opt/rustwide/workdir" "--user" "0:0" "1aaef32e6d9b2090c205a6e826f826669baf89c851adbfb39247bc93e25d8f75" "/opt/rustwide/cargo-home/bin/cargo" "+1.99.0-beta.8" "build" "--frozen" "--message-format=json" "--release", kill_on_drop: false }`
[INFO] [stderr]    Compiling syn v2.0.117
[INFO] [stderr]    Compiling winnow v0.7.15
[INFO] [stderr]    Compiling toml_write v0.1.2
[INFO] [stderr]    Compiling serde_json v1.0.150
[INFO] [stderr]    Compiling crisp-ast v1.9.0
[INFO] [stderr]    Compiling memchr v2.8.2
[INFO] [stderr]    Compiling serde_derive v1.0.228
[INFO] [stderr]    Compiling thiserror-impl v2.0.18
[INFO] [stderr]    Compiling thiserror v2.0.18
[INFO] [stderr]    Compiling crisp-lexer v1.9.0
[INFO] [stderr]    Compiling crisp-parser v1.9.0
[INFO] [stderr]    Compiling serde v1.0.228
[INFO] [stderr]    Compiling toml_datetime v0.6.11
[INFO] [stderr]    Compiling serde_spanned v0.6.9
[INFO] [stderr]    Compiling toml_edit v0.22.27
[INFO] [stderr]    Compiling toml v0.8.23
[INFO] [stderr]    Compiling crisp-manifest v1.9.0
[INFO] [stderr]    Compiling crisp-resolve v1.9.0 (/opt/rustwide/workdir)
[INFO] [stderr]     Finished `release` profile [optimized] target(s) in 41.56s
[INFO] running `Command { std: "docker" "inspect" "1aaef32e6d9b2090c205a6e826f826669baf89c851adbfb39247bc93e25d8f75", kill_on_drop: false }`
[INFO] running `Command { std: "docker" "exec" "-e" "SOURCE_DIR=/opt/rustwide/workdir" "-e" "CARGO_HOME=/opt/rustwide/cargo-home" "-e" "RUSTUP_HOME=/opt/rustwide/rustup-home" "-e" "CARGO_TARGET_DIR=/opt/rustwide/target" "-e" "CARGO_INCREMENTAL=0" "-e" "RUST_BACKTRACE=full" "-e" "RUSTFLAGS=--cap-lints=warn" "-e" "RUSTDOCFLAGS=--cap-lints=warn" "-w" "/opt/rustwide/workdir" "--user" "0:0" "1aaef32e6d9b2090c205a6e826f826669baf89c851adbfb39247bc93e25d8f75" "/opt/rustwide/cargo-home/bin/cargo" "+1.99.0-beta.8" "test" "--frozen" "--no-run" "--message-format=json" "--release", kill_on_drop: false }`
[INFO] [stderr]    Compiling console v0.16.3
[INFO] [stderr]    Compiling similar v2.7.0
[INFO] [stderr]    Compiling insta v1.48.0
[INFO] [stderr]    Compiling crisp-resolve v1.9.0 (/opt/rustwide/workdir)
[INFO] [stderr]     Finished `release` profile [optimized] target(s) in 19.30s
[INFO] running `Command { std: "docker" "inspect" "1aaef32e6d9b2090c205a6e826f826669baf89c851adbfb39247bc93e25d8f75", kill_on_drop: false }`
[INFO] running `Command { std: "docker" "exec" "-e" "SOURCE_DIR=/opt/rustwide/workdir" "-e" "CARGO_HOME=/opt/rustwide/cargo-home" "-e" "RUSTUP_HOME=/opt/rustwide/rustup-home" "-e" "CARGO_TARGET_DIR=/opt/rustwide/target" "-e" "CARGO_INCREMENTAL=0" "-e" "RUST_BACKTRACE=full" "-e" "RUSTFLAGS=--cap-lints=warn" "-e" "RUSTDOCFLAGS=--cap-lints=warn" "-w" "/opt/rustwide/workdir" "--user" "0:0" "1aaef32e6d9b2090c205a6e826f826669baf89c851adbfb39247bc93e25d8f75" "/opt/rustwide/cargo-home/bin/cargo" "+1.99.0-beta.8" "test" "--frozen" "--release", kill_on_drop: false }`
[INFO] [stderr]     Finished `release` profile [optimized] target(s) in 0.09s
[INFO] [stderr]      Running unittests src/lib.rs (/opt/rustwide/target/release/deps/crisp_resolve-0313df00bcfe6dcf)
[INFO] [stdout] 
[INFO] [stdout] running 1 test
[INFO] [stdout] test warning::tests::w0048_display_mentions_code_and_disambiguation ... ok
[INFO] [stderr]      Running tests/generics_resolve.rs (/opt/rustwide/target/release/deps/generics_resolve-661aa54a869f53b7)
[INFO] [stdout] 
[INFO] [stdout] test result: ok. 1 passed; 0 failed; 0 ignored; 0 measured; 0 filtered out; finished in 0.00s
[INFO] [stdout] 
[INFO] [stdout] 
[INFO] [stdout] running 5 tests
[INFO] [stderr] error: test failed, to rerun pass `--test generics_resolve`
[INFO] [stdout] test shapes_generic_example_resolves ... FAILED
[INFO] [stdout] test generics_pub_example_resolves ... FAILED
[INFO] [stdout] test generics_implicit_example_resolves ... FAILED
[INFO] [stdout] test generics_example_resolves ... FAILED
[INFO] [stdout] test shapes_user_example_resolves ... FAILED
[INFO] [stdout] 
[INFO] [stdout] failures:
[INFO] [stdout] 
[INFO] [stdout] ---- shapes_generic_example_resolves stdout ----
[INFO] [stdout] 
[INFO] [stdout] thread 'shapes_generic_example_resolves' (676) panicked at tests/generics_resolve.rs:18:10:
[INFO] [stdout] examples/shapes_generic must resolve: NoSrcDir { root: "/opt/rustwide/workdir/../../examples/shapes_generic" }
[INFO] [stdout] stack backtrace:
[INFO] [stdout]    0:     0x6546263f4b71 - <<std[70759c8f55707aa4]::sys::backtrace::BacktraceLock>::print::DisplayBacktrace as core[df12db4294e9bfd3]::fmt::Display>::fmt
[INFO] [stdout]    1:     0x654626409efa - core[df12db4294e9bfd3]::fmt::write
[INFO] [stdout]    2:     0x6546263f92fc - <alloc[2182bb758b4b3781]::vec::Vec<u8> as core[df12db4294e9bfd3]::io::write::Write>::write_fmt
[INFO] [stdout]    3:     0x6546263d05e6 - std[70759c8f55707aa4]::panicking::default_hook::{closure#0}
[INFO] [stdout]    4:     0x6546263ecd59 - std[70759c8f55707aa4]::panicking::default_hook
[INFO] [stdout]    5:     0x654626302910 - test[9d35eded1c95d3be]::test_main_inner::<test[9d35eded1c95d3be]::test_main_static::{closure#0}>::{closure#0}
[INFO] [stdout]    6:     0x6546263ecf12 - std[70759c8f55707aa4]::panicking::panic_with_hook
[INFO] [stdout]    7:     0x6546263d0692 - std[70759c8f55707aa4]::panicking::panic_handler::{closure#0}
[INFO] [stdout]    8:     0x6546263c91e9 - std[70759c8f55707aa4]::sys::backtrace::__rust_end_short_backtrace::<std[70759c8f55707aa4]::panicking::panic_handler::{closure#0}, !>
[INFO] [stdout]    9:     0x6546263d128d - __rustc[8fa7c3cbc660c2b3]::rust_begin_unwind
[INFO] [stdout]   10:     0x65462640a62c - core[df12db4294e9bfd3]::panicking::panic_fmt
[INFO] [stdout]   11:     0x65462640a402 - core[df12db4294e9bfd3]::result::unwrap_failed
[INFO] [stdout]   12:     0x6546262f59c8 - <generics_resolve[3ae0e4fe8bd55fb5]::shapes_generic_example_resolves::{closure#0} as core[df12db4294e9bfd3]::ops::function::FnOnce<()>>::call_once
[INFO] [stdout]   13:     0x6546262f5bfb - test[9d35eded1c95d3be]::__rust_begin_short_backtrace::<core[df12db4294e9bfd3]::result::Result<(), alloc[2182bb758b4b3781]::string::String>, fn() -> core[df12db4294e9bfd3]::result::Result<(), alloc[2182bb758b4b3781]::string::String>>
[INFO] [stdout]   14:     0x654626303265 - test[9d35eded1c95d3be]::run_test::{closure#0}
[INFO] [stdout]   15:     0x6546262fcb24 - std[70759c8f55707aa4]::sys::backtrace::__rust_begin_short_backtrace::<test[9d35eded1c95d3be]::run_test::{closure#1}, ()>
[INFO] [stdout]   16:     0x6546263063c2 - <std[70759c8f55707aa4]::thread::lifecycle::spawn_unchecked<test[9d35eded1c95d3be]::run_test::{closure#1}, ()>::{closure#1} as core[df12db4294e9bfd3]::ops::function::FnOnce<()>>::call_once::{shim:vtable#0}
[INFO] [stdout]   17:     0x6546263f40d9 - <std[70759c8f55707aa4]::sys::thread::unix::Thread>::new::thread_start
[INFO] [stdout]   18:     0x70f6b56aadfa - <unknown>
[INFO] [stdout]   19:     0x70f6b573e3d4 - clone
[INFO] [stdout]   20:                0x0 - <unknown>
[INFO] [stdout] 
[INFO] [stdout] ---- generics_pub_example_resolves stdout ----
[INFO] [stdout] 
[INFO] [stdout] thread 'generics_pub_example_resolves' (675) panicked at tests/generics_resolve.rs:34:55:
[INFO] [stdout] examples/generics_pub must resolve: NoSrcDir { root: "/opt/rustwide/workdir/../../examples/generics_pub" }
[INFO] [stdout] stack backtrace:
[INFO] [stdout]    0:     0x6546263f4b71 - <<std[70759c8f55707aa4]::sys::backtrace::BacktraceLock>::print::DisplayBacktrace as core[df12db4294e9bfd3]::fmt::Display>::fmt
[INFO] [stdout]    1:     0x654626409efa - core[df12db4294e9bfd3]::fmt::write
[INFO] [stdout]    2:     0x6546263f92fc - <alloc[2182bb758b4b3781]::vec::Vec<u8> as core[df12db4294e9bfd3]::io::write::Write>::write_fmt
[INFO] [stdout]    3:     0x6546263d05e6 - std[70759c8f55707aa4]::panicking::default_hook::{closure#0}
[INFO] [stdout]    4:     0x6546263ecd59 - std[70759c8f55707aa4]::panicking::default_hook
[INFO] [stdout]    5:     0x654626302910 - test[9d35eded1c95d3be]::test_main_inner::<test[9d35eded1c95d3be]::test_main_static::{closure#0}>::{closure#0}
[INFO] [stdout]    6:     0x6546263ecf12 - std[70759c8f55707aa4]::panicking::panic_with_hook
[INFO] [stdout]    7:     0x6546263d0692 - std[70759c8f55707aa4]::panicking::panic_handler::{closure#0}
[INFO] [stdout]    8:     0x6546263c91e9 - std[70759c8f55707aa4]::sys::backtrace::__rust_end_short_backtrace::<std[70759c8f55707aa4]::panicking::panic_handler::{closure#0}, !>
[INFO] [stdout]    9:     0x6546263d128d - __rustc[8fa7c3cbc660c2b3]::rust_begin_unwind
[INFO] [stdout]   10:     0x65462640a62c - core[df12db4294e9bfd3]::panicking::panic_fmt
[INFO] [stdout]   11:     0x65462640a402 - core[df12db4294e9bfd3]::result::unwrap_failed
[INFO] [stdout]   12:     0x6546262f5838 - <generics_resolve[3ae0e4fe8bd55fb5]::generics_pub_example_resolves::{closure#0} as core[df12db4294e9bfd3]::ops::function::FnOnce<()>>::call_once
[INFO] [stdout]   13:     0x6546262f5bfb - test[9d35eded1c95d3be]::__rust_begin_short_backtrace::<core[df12db4294e9bfd3]::result::Result<(), alloc[2182bb758b4b3781]::string::String>, fn() -> core[df12db4294e9bfd3]::result::Result<(), alloc[2182bb758b4b3781]::string::String>>
[INFO] [stdout]   14:     0x654626303265 - test[9d35eded1c95d3be]::run_test::{closure#0}
[INFO] [stdout]   15:     0x6546262fcb24 - std[70759c8f55707aa4]::sys::backtrace::__rust_begin_short_backtrace::<test[9d35eded1c95d3be]::run_test::{closure#1}, ()>
[INFO] [stdout]   16:     0x6546263063c2 - <std[70759c8f55707aa4]::thread::lifecycle::spawn_unchecked<test[9d35eded1c95d3be]::run_test::{closure#1}, ()>::{closure#1} as core[df12db4294e9bfd3]::ops::function::FnOnce<()>>::call_once::{shim:vtable#0}
[INFO] [stdout]   17:     0x6546263f40d9 - <std[70759c8f55707aa4]::sys::thread::unix::Thread>::new::thread_start
[INFO] [stdout]   18:     0x70f6b56aadfa - <unknown>
[INFO] [stdout]   19:     0x70f6b573e3d4 - clone
[INFO] [stdout]   20:                0x0 - <unknown>
[INFO] [stdout] 
[INFO] [stdout] ---- generics_implicit_example_resolves stdout ----
[INFO] [stdout] 
[INFO] [stdout] thread 'generics_implicit_example_resolves' (674) panicked at tests/generics_resolve.rs:29:10:
[INFO] [stdout] examples/generics_implicit must resolve: NoSrcDir { root: "/opt/rustwide/workdir/../../examples/generics_implicit" }
[INFO] [stdout] stack backtrace:
[INFO] [stdout]    0:     0x6546263f4b71 - <<std[70759c8f55707aa4]::sys::backtrace::BacktraceLock>::print::DisplayBacktrace as core[df12db4294e9bfd3]::fmt::Display>::fmt
[INFO] [stdout]    1:     0x654626409efa - core[df12db4294e9bfd3]::fmt::write
[INFO] [stdout]    2:     0x6546263f92fc - <alloc[2182bb758b4b3781]::vec::Vec<u8> as core[df12db4294e9bfd3]::io::write::Write>::write_fmt
[INFO] [stdout]    3:     0x6546263d05e6 - std[70759c8f55707aa4]::panicking::default_hook::{closure#0}
[INFO] [stdout]    4:     0x6546263ecd59 - std[70759c8f55707aa4]::panicking::default_hook
[INFO] [stdout]    5:     0x654626302910 - test[9d35eded1c95d3be]::test_main_inner::<test[9d35eded1c95d3be]::test_main_static::{closure#0}>::{closure#0}
[INFO] [stdout]    6:     0x6546263ecf12 - std[70759c8f55707aa4]::panicking::panic_with_hook
[INFO] [stdout]    7:     0x6546263d0692 - std[70759c8f55707aa4]::panicking::panic_handler::{closure#0}
[INFO] [stdout]    8:     0x6546263c91e9 - std[70759c8f55707aa4]::sys::backtrace::__rust_end_short_backtrace::<std[70759c8f55707aa4]::panicking::panic_handler::{closure#0}, !>
[INFO] [stdout]    9:     0x6546263d128d - __rustc[8fa7c3cbc660c2b3]::rust_begin_unwind
[INFO] [stdout]   10:     0x65462640a62c - core[df12db4294e9bfd3]::panicking::panic_fmt
[INFO] [stdout]   11:     0x65462640a402 - core[df12db4294e9bfd3]::result::unwrap_failed
[INFO] [stdout]   12:     0x6546262f5b58 - <generics_resolve[3ae0e4fe8bd55fb5]::generics_implicit_example_resolves::{closure#0} as core[df12db4294e9bfd3]::ops::function::FnOnce<()>>::call_once
[INFO] [stdout]   13:     0x6546262f5bfb - test[9d35eded1c95d3be]::__rust_begin_short_backtrace::<core[df12db4294e9bfd3]::result::Result<(), alloc[2182bb758b4b3781]::string::String>, fn() -> core[df12db4294e9bfd3]::result::Result<(), alloc[2182bb758b4b3781]::string::String>>
[INFO] [stdout]   14:     0x654626303265 - test[9d35eded1c95d3be]::run_test::{closure#0}
[INFO] [stdout]   15:     0x6546262fcb24 - std[70759c8f55707aa4]::sys::backtrace::__rust_begin_short_backtrace::<test[9d35eded1c95d3be]::run_test::{closure#1}, ()>
[INFO] [stdout]   16:     0x6546263063c2 - <std[70759c8f55707aa4]::thread::lifecycle::spawn_unchecked<test[9d35eded1c95d3be]::run_test::{closure#1}, ()>::{closure#1} as core[df12db4294e9bfd3]::ops::function::FnOnce<()>>::call_once::{shim:vtable#0}
[INFO] [stdout]   17:     0x6546263f40d9 - <std[70759c8f55707aa4]::sys::thread::unix::Thread>::new::thread_start
[INFO] [stdout]   18:     0x70f6b56aadfa - <unknown>
[INFO] [stdout]   19:     0x70f6b573e3d4 - clone
[INFO] [stdout]   20:                0x0 - <unknown>
[INFO] [stdout] 
[INFO] [stdout] ---- generics_example_resolves stdout ----
[INFO] [stdout] 
[INFO] [stdout] thread 'generics_example_resolves' (673) panicked at tests/generics_resolve.rs:12:51:
[INFO] [stdout] examples/generics must resolve: NoSrcDir { root: "/opt/rustwide/workdir/../../examples/generics" }
[INFO] [stdout] stack backtrace:
[INFO] [stdout]    0:     0x6546263f4b71 - <<std[70759c8f55707aa4]::sys::backtrace::BacktraceLock>::print::DisplayBacktrace as core[df12db4294e9bfd3]::fmt::Display>::fmt
[INFO] [stdout]    1:     0x654626409efa - core[df12db4294e9bfd3]::fmt::write
[INFO] [stdout]    2:     0x6546263f92fc - <alloc[2182bb758b4b3781]::vec::Vec<u8> as core[df12db4294e9bfd3]::io::write::Write>::write_fmt
[INFO] [stdout]    3:     0x6546263d05e6 - std[70759c8f55707aa4]::panicking::default_hook::{closure#0}
[INFO] [stdout]    4:     0x6546263ecd59 - std[70759c8f55707aa4]::panicking::default_hook
[INFO] [stdout]    5:     0x654626302910 - test[9d35eded1c95d3be]::test_main_inner::<test[9d35eded1c95d3be]::test_main_static::{closure#0}>::{closure#0}
[INFO] [stdout]    6:     0x6546263ecf12 - std[70759c8f55707aa4]::panicking::panic_with_hook
[INFO] [stdout]    7:     0x6546263d0692 - std[70759c8f55707aa4]::panicking::panic_handler::{closure#0}
[INFO] [stdout]    8:     0x6546263c91e9 - std[70759c8f55707aa4]::sys::backtrace::__rust_end_short_backtrace::<std[70759c8f55707aa4]::panicking::panic_handler::{closure#0}, !>
[INFO] [stdout]    9:     0x6546263d128d - __rustc[8fa7c3cbc660c2b3]::rust_begin_unwind
[INFO] [stdout]   10:     0x65462640a62c - core[df12db4294e9bfd3]::panicking::panic_fmt
[INFO] [stdout]   11:     0x65462640a402 - core[df12db4294e9bfd3]::result::unwrap_failed
[INFO] [stdout]   12:     0x6546262f5518 - <generics_resolve[3ae0e4fe8bd55fb5]::generics_example_resolves::{closure#0} as core[df12db4294e9bfd3]::ops::function::FnOnce<()>>::call_once
[INFO] [stdout]   13:     0x6546262f5bfb - test[9d35eded1c95d3be]::__rust_begin_short_backtrace::<core[df12db4294e9bfd3]::result::Result<(), alloc[2182bb758b4b3781]::string::String>, fn() -> core[df12db4294e9bfd3]::result::Result<(), alloc[2182bb758b4b3781]::string::String>>
[INFO] [stdout]   14:     0x654626303265 - test[9d35eded1c95d3be]::run_test::{closure#0}
[INFO] [stdout]   15:     0x6546262fcb24 - std[70759c8f55707aa4]::sys::backtrace::__rust_begin_short_backtrace::<test[9d35eded1c95d3be]::run_test::{closure#1}, ()>
[INFO] [stdout]   16:     0x6546263063c2 - <std[70759c8f55707aa4]::thread::lifecycle::spawn_unchecked<test[9d35eded1c95d3be]::run_test::{closure#1}, ()>::{closure#1} as core[df12db4294e9bfd3]::ops::function::FnOnce<()>>::call_once::{shim:vtable#0}
[INFO] [stdout]   17:     0x6546263f40d9 - <std[70759c8f55707aa4]::sys::thread::unix::Thread>::new::thread_start
[INFO] [stdout]   18:     0x70f6b56aadfa - <unknown>
[INFO] [stdout]   19:     0x70f6b573e3d4 - clone
[INFO] [stdout]   20:                0x0 - <unknown>
[INFO] [stdout] 
[INFO] [stdout] ---- shapes_user_example_resolves stdout ----
[INFO] [stdout] 
[INFO] [stdout] thread 'shapes_user_example_resolves' (677) panicked at tests/generics_resolve.rs:23:54:
[INFO] [stdout] examples/shapes_user must resolve: NoSrcDir { root: "/opt/rustwide/workdir/../../examples/shapes_user" }
[INFO] [stdout] stack backtrace:
[INFO] [stdout]    0:     0x6546263f4b71 - <<std[70759c8f55707aa4]::sys::backtrace::BacktraceLock>::print::DisplayBacktrace as core[df12db4294e9bfd3]::fmt::Display>::fmt
[INFO] [stdout]    1:     0x654626409efa - core[df12db4294e9bfd3]::fmt::write
[INFO] [stdout]    2:     0x6546263f92fc - <alloc[2182bb758b4b3781]::vec::Vec<u8> as core[df12db4294e9bfd3]::io::write::Write>::write_fmt
[INFO] [stdout]    3:     0x6546263d05e6 - std[70759c8f55707aa4]::panicking::default_hook::{closure#0}
[INFO] [stdout]    4:     0x6546263ecd59 - std[70759c8f55707aa4]::panicking::default_hook
[INFO] [stdout]    5:     0x654626302910 - test[9d35eded1c95d3be]::test_main_inner::<test[9d35eded1c95d3be]::test_main_static::{closure#0}>::{closure#0}
[INFO] [stdout]    6:     0x6546263ecf12 - std[70759c8f55707aa4]::panicking::panic_with_hook
[INFO] [stdout]    7:     0x6546263d0692 - std[70759c8f55707aa4]::panicking::panic_handler::{closure#0}
[INFO] [stdout]    8:     0x6546263c91e9 - std[70759c8f55707aa4]::sys::backtrace::__rust_end_short_backtrace::<std[70759c8f55707aa4]::panicking::panic_handler::{closure#0}, !>
[INFO] [stdout]    9:     0x6546263d128d - __rustc[8fa7c3cbc660c2b3]::rust_begin_unwind
[INFO] [stdout]   10:     0x65462640a62c - core[df12db4294e9bfd3]::panicking::panic_fmt
[INFO] [stdout]   11:     0x65462640a402 - core[df12db4294e9bfd3]::result::unwrap_failed
[INFO] [stdout]   12:     0x6546262f56a8 - <generics_resolve[3ae0e4fe8bd55fb5]::shapes_user_example_resolves::{closure#0} as core[df12db4294e9bfd3]::ops::function::FnOnce<()>>::call_once
[INFO] [stdout]   13:     0x6546262f5bfb - test[9d35eded1c95d3be]::__rust_begin_short_backtrace::<core[df12db4294e9bfd3]::result::Result<(), alloc[2182bb758b4b3781]::string::String>, fn() -> core[df12db4294e9bfd3]::result::Result<(), alloc[2182bb758b4b3781]::string::String>>
[INFO] [stdout]   14:     0x654626303265 - test[9d35eded1c95d3be]::run_test::{closure#0}
[INFO] [stdout]   15:     0x6546262fcb24 - std[70759c8f55707aa4]::sys::backtrace::__rust_begin_short_backtrace::<test[9d35eded1c95d3be]::run_test::{closure#1}, ()>
[INFO] [stdout]   16:     0x6546263063c2 - <std[70759c8f55707aa4]::thread::lifecycle::spawn_unchecked<test[9d35eded1c95d3be]::run_test::{closure#1}, ()>::{closure#1} as core[df12db4294e9bfd3]::ops::function::FnOnce<()>>::call_once::{shim:vtable#0}
[INFO] [stdout]   17:     0x6546263f40d9 - <std[70759c8f55707aa4]::sys::thread::unix::Thread>::new::thread_start
[INFO] [stdout]   18:     0x70f6b56aadfa - <unknown>
[INFO] [stdout]   19:     0x70f6b573e3d4 - clone
[INFO] [stdout]   20:                0x0 - <unknown>
[INFO] [stdout] 
[INFO] [stdout] 
[INFO] [stdout] failures:
[INFO] [stdout]     generics_example_resolves
[INFO] [stdout]     generics_implicit_example_resolves
[INFO] [stdout]     generics_pub_example_resolves
[INFO] [stdout]     shapes_generic_example_resolves
[INFO] [stdout]     shapes_user_example_resolves
[INFO] [stdout] 
[INFO] [stdout] test result: FAILED. 0 passed; 5 failed; 0 ignored; 0 measured; 0 filtered out; finished in 0.01s
[INFO] [stdout] 
[INFO] running `Command { std: "docker" "inspect" "1aaef32e6d9b2090c205a6e826f826669baf89c851adbfb39247bc93e25d8f75", kill_on_drop: false }`
[INFO] running `Command { std: "docker" "rm" "-f" "1aaef32e6d9b2090c205a6e826f826669baf89c851adbfb39247bc93e25d8f75", kill_on_drop: false }`
[INFO] [stdout] 1aaef32e6d9b2090c205a6e826f826669baf89c851adbfb39247bc93e25d8f75
