[INFO] fetching crate crisp-regions 1.9.0...
[INFO] testing crisp-regions-1.9.0 against 1.99.0-beta.8+cargoflags=--release for beta-release-1.100-2
[INFO] extracting crate crisp-regions 1.9.0 into /workspace/builds/worker-6-tc1/source
[INFO] started tweaking crates.io crate crisp-regions 1.9.0
[INFO] finished tweaking crates.io crate crisp-regions 1.9.0
[INFO] tweaked toml for crates.io crate crisp-regions 1.9.0 written to /workspace/builds/worker-6-tc1/source/Cargo.toml
[INFO] validating manifest of crates.io crate crisp-regions 1.9.0 on toolchain 1.99.0-beta.8
[INFO] running `Command { std: CARGO_HOME="/workspace/cargo-home" RUSTUP_HOME="/workspace/rustup-home" "/workspace/cargo-home/bin/cargo" "+1.99.0-beta.8" "metadata" "--manifest-path" "Cargo.toml" "--no-deps", kill_on_drop: false }`
[INFO] crate crates.io crate crisp-regions 1.9.0 already has a lockfile, it will not be regenerated
[INFO] running `Command { std: CARGO_HOME="/workspace/cargo-home" RUSTUP_HOME="/workspace/rustup-home" "/workspace/cargo-home/bin/cargo" "+1.99.0-beta.8" "fetch" "--manifest-path" "Cargo.toml", kill_on_drop: false }`
[INFO] [stderr]     Updating crates.io index
[INFO] [stderr]  Downloading crates ...
[INFO] [stderr]   Downloaded crisp-lexer v1.9.0
[INFO] [stderr]   Downloaded crisp-ast v1.9.0
[INFO] [stderr]   Downloaded crisp-parser v1.9.0
[INFO] [stderr]   Downloaded crisp-typeck v1.9.0
[INFO] [stderr]   Downloaded crisp-ownership v1.9.0
[INFO] [stderr]   Downloaded crisp-resolve v1.9.0
[INFO] [stderr]   Downloaded crisp-manifest v1.9.0
[INFO] running `Command { std: "docker" "create" "-v" "/var/lib/crater-agent-workspace/builds/worker-6-tc1/source:/opt/rustwide/workdir:ro,Z" "-v" "/var/lib/crater-agent-workspace/builds/worker-6-tc1/target:/opt/rustwide/target:rw,Z" "-v" "/var/lib/crater-agent-workspace/cargo-home:/opt/rustwide/cargo-home:ro,Z" "-v" "/var/lib/crater-agent-workspace/rustup-home:/opt/rustwide/rustup-home:ro,Z" "-m" "1610612736" "--network" "none" "ghcr.io/rust-lang/crates-build-env/linux@sha256:77db811e55d90add9212f6832c23229e3de5f1c1f9905e8cb07319ea15df73ac" "sleep" "infinity", kill_on_drop: false }`
[INFO] [stdout] a3bca3a588e5273f684fdb17a6090f0fd78fb8fccd30cf855472c02e5d388d51
[INFO] running `Command { std: "docker" "start" "a3bca3a588e5273f684fdb17a6090f0fd78fb8fccd30cf855472c02e5d388d51", kill_on_drop: false }`
[INFO] running `Command { std: "docker" "inspect" "a3bca3a588e5273f684fdb17a6090f0fd78fb8fccd30cf855472c02e5d388d51", kill_on_drop: false }`
[INFO] running `Command { std: "docker" "exec" "-e" "SOURCE_DIR=/opt/rustwide/workdir" "-e" "CARGO_HOME=/opt/rustwide/cargo-home" "-e" "RUSTUP_HOME=/opt/rustwide/rustup-home" "-e" "CARGO_TARGET_DIR=/opt/rustwide/target" "-w" "/opt/rustwide/workdir" "--user" "0:0" "a3bca3a588e5273f684fdb17a6090f0fd78fb8fccd30cf855472c02e5d388d51" "/opt/rustwide/cargo-home/bin/cargo" "+1.99.0-beta.8" "metadata" "--no-deps" "--format-version=1", kill_on_drop: false }`
[INFO] running `Command { std: "docker" "inspect" "a3bca3a588e5273f684fdb17a6090f0fd78fb8fccd30cf855472c02e5d388d51", kill_on_drop: false }`
[INFO] running `Command { std: "docker" "exec" "-e" "SOURCE_DIR=/opt/rustwide/workdir" "-e" "CARGO_HOME=/opt/rustwide/cargo-home" "-e" "RUSTUP_HOME=/opt/rustwide/rustup-home" "-e" "CARGO_TARGET_DIR=/opt/rustwide/target" "-e" "CARGO_INCREMENTAL=0" "-e" "RUST_BACKTRACE=full" "-e" "RUSTFLAGS=--cap-lints=warn" "-e" "RUSTDOCFLAGS=--cap-lints=warn" "-w" "/opt/rustwide/workdir" "--user" "0:0" "a3bca3a588e5273f684fdb17a6090f0fd78fb8fccd30cf855472c02e5d388d51" "/opt/rustwide/cargo-home/bin/cargo" "+1.99.0-beta.8" "build" "--frozen" "--message-format=json" "--release", kill_on_drop: false }`
[INFO] [stderr]    Compiling quote v1.0.45
[INFO] [stderr]    Compiling proc-macro2 v1.0.106
[INFO] [stderr]    Compiling serde_core v1.0.228
[INFO] [stderr]    Compiling serde v1.0.228
[INFO] [stderr]    Compiling zmij v1.0.21
[INFO] [stderr]    Compiling serde_json v1.0.150
[INFO] [stderr]    Compiling crisp-ast v1.9.0
[INFO] [stderr]    Compiling memchr v2.8.2
[INFO] [stderr]    Compiling syn v2.0.117
[INFO] [stderr]    Compiling serde_derive v1.0.228
[INFO] [stderr]    Compiling thiserror-impl v2.0.18
[INFO] [stderr]    Compiling thiserror v2.0.18
[INFO] [stderr]    Compiling crisp-lexer v1.9.0
[INFO] [stderr]    Compiling crisp-parser v1.9.0
[INFO] [stderr]    Compiling serde_spanned v0.6.9
[INFO] [stderr]    Compiling toml_datetime v0.6.11
[INFO] [stderr]    Compiling toml_edit v0.22.27
[INFO] [stderr]    Compiling toml v0.8.23
[INFO] [stderr]    Compiling crisp-manifest v1.9.0
[INFO] [stderr]    Compiling crisp-resolve v1.9.0
[INFO] [stderr]    Compiling crisp-typeck v1.9.0
[INFO] [stderr]    Compiling crisp-ownership v1.9.0
[INFO] [stderr]    Compiling crisp-regions v1.9.0 (/opt/rustwide/workdir)
[INFO] [stderr]     Finished `release` profile [optimized] target(s) in 40.30s
[INFO] running `Command { std: "docker" "inspect" "a3bca3a588e5273f684fdb17a6090f0fd78fb8fccd30cf855472c02e5d388d51", kill_on_drop: false }`
[INFO] running `Command { std: "docker" "exec" "-e" "SOURCE_DIR=/opt/rustwide/workdir" "-e" "CARGO_HOME=/opt/rustwide/cargo-home" "-e" "RUSTUP_HOME=/opt/rustwide/rustup-home" "-e" "CARGO_TARGET_DIR=/opt/rustwide/target" "-e" "CARGO_INCREMENTAL=0" "-e" "RUST_BACKTRACE=full" "-e" "RUSTFLAGS=--cap-lints=warn" "-e" "RUSTDOCFLAGS=--cap-lints=warn" "-w" "/opt/rustwide/workdir" "--user" "0:0" "a3bca3a588e5273f684fdb17a6090f0fd78fb8fccd30cf855472c02e5d388d51" "/opt/rustwide/cargo-home/bin/cargo" "+1.99.0-beta.8" "test" "--frozen" "--no-run" "--message-format=json" "--release", kill_on_drop: false }`
[INFO] [stderr]    Compiling libc v0.2.186
[INFO] [stderr]    Compiling getrandom v0.4.2
[INFO] [stderr]    Compiling fastrand v2.4.1
[INFO] [stderr]    Compiling rustix v1.1.4
[INFO] [stderr]    Compiling console v0.16.3
[INFO] [stderr]    Compiling tempfile v3.27.0
[INFO] [stderr]    Compiling insta v1.48.0
[INFO] [stderr]    Compiling crisp-regions v1.9.0 (/opt/rustwide/workdir)
[INFO] [stderr]     Finished `release` profile [optimized] target(s) in 14.08s
[INFO] running `Command { std: "docker" "inspect" "a3bca3a588e5273f684fdb17a6090f0fd78fb8fccd30cf855472c02e5d388d51", kill_on_drop: false }`
[INFO] running `Command { std: "docker" "exec" "-e" "SOURCE_DIR=/opt/rustwide/workdir" "-e" "CARGO_HOME=/opt/rustwide/cargo-home" "-e" "RUSTUP_HOME=/opt/rustwide/rustup-home" "-e" "CARGO_TARGET_DIR=/opt/rustwide/target" "-e" "CARGO_INCREMENTAL=0" "-e" "RUST_BACKTRACE=full" "-e" "RUSTFLAGS=--cap-lints=warn" "-e" "RUSTDOCFLAGS=--cap-lints=warn" "-w" "/opt/rustwide/workdir" "--user" "0:0" "a3bca3a588e5273f684fdb17a6090f0fd78fb8fccd30cf855472c02e5d388d51" "/opt/rustwide/cargo-home/bin/cargo" "+1.99.0-beta.8" "test" "--frozen" "--release", kill_on_drop: false }`
[INFO] [stderr]     Finished `release` profile [optimized] target(s) in 0.07s
[INFO] [stderr]      Running unittests src/lib.rs (/opt/rustwide/target/release/deps/crisp_regions-f41a009530e00b44)
[INFO] [stdout] 
[INFO] [stdout] running 3 tests
[INFO] [stdout] test display::tests::format_hello ... FAILED
[INFO] [stdout] test assign::tests::hello_lifetimes_elided ... FAILED
[INFO] [stdout] test assign::tests::longest_two_refs_unified ... ok
[INFO] [stdout] 
[INFO] [stdout] failures:
[INFO] [stdout] 
[INFO] [stdout] ---- display::tests::format_hello stdout ----
[INFO] [stdout] 
[INFO] [stdout] thread 'display::tests::format_hello' (908) panicked at src/display.rs:71:53:
[INFO] [stdout] called `Result::unwrap()` on an `Err` value: Resolve(NoSrcDir { root: "/opt/rustwide/workdir/../../examples/hello" })
[INFO] [stdout] stack backtrace:
[INFO] [stdout]    0:     0x603ca7130ef1 - <<std[70759c8f55707aa4]::sys::backtrace::BacktraceLock>::print::DisplayBacktrace as core[df12db4294e9bfd3]::fmt::Display>::fmt
[INFO] [stdout]    1:     0x603ca714627a - core[df12db4294e9bfd3]::fmt::write
[INFO] [stdout]    2:     0x603ca713567c - <alloc[2182bb758b4b3781]::vec::Vec<u8> as core[df12db4294e9bfd3]::io::write::Write>::write_fmt
[INFO] [stdout]    3:     0x603ca710c966 - std[70759c8f55707aa4]::panicking::default_hook::{closure#0}
[INFO] [stdout]    4:     0x603ca71290d9 - std[70759c8f55707aa4]::panicking::default_hook
[INFO] [stdout]    5:     0x603ca6f9a0a0 - test[9d35eded1c95d3be]::test_main_inner::<test[9d35eded1c95d3be]::test_main_static::{closure#0}>::{closure#0}
[INFO] [stdout]    6:     0x603ca7129292 - std[70759c8f55707aa4]::panicking::panic_with_hook
[INFO] [stdout]    7:     0x603ca710ca12 - std[70759c8f55707aa4]::panicking::panic_handler::{closure#0}
[INFO] [stdout]    8:     0x603ca7105569 - std[70759c8f55707aa4]::sys::backtrace::__rust_end_short_backtrace::<std[70759c8f55707aa4]::panicking::panic_handler::{closure#0}, !>
[INFO] [stdout]    9:     0x603ca710d60d - __rustc[8fa7c3cbc660c2b3]::rust_begin_unwind
[INFO] [stdout]   10:     0x603ca71469ac - core[df12db4294e9bfd3]::panicking::panic_fmt
[INFO] [stdout]   11:     0x603ca7146782 - core[df12db4294e9bfd3]::result::unwrap_failed
[INFO] [stdout]   12:     0x603ca6f8ccfb - crisp_regions[1f5ca4b449c4b965]::display::tests::format_hello
[INFO] [stdout]   13:     0x603ca6f7b4b9 - <crisp_regions[1f5ca4b449c4b965]::display::tests::format_hello::{closure#0} as core[df12db4294e9bfd3]::ops::function::FnOnce<()>>::call_once
[INFO] [stdout]   14:     0x603ca6f8d38b - test[9d35eded1c95d3be]::__rust_begin_short_backtrace::<core[df12db4294e9bfd3]::result::Result<(), alloc[2182bb758b4b3781]::string::String>, fn() -> core[df12db4294e9bfd3]::result::Result<(), alloc[2182bb758b4b3781]::string::String>>
[INFO] [stdout]   15:     0x603ca6f9a9f5 - test[9d35eded1c95d3be]::run_test::{closure#0}
[INFO] [stdout]   16:     0x603ca6f942b4 - std[70759c8f55707aa4]::sys::backtrace::__rust_begin_short_backtrace::<test[9d35eded1c95d3be]::run_test::{closure#1}, ()>
[INFO] [stdout]   17:     0x603ca6f9db52 - <std[70759c8f55707aa4]::thread::lifecycle::spawn_unchecked<test[9d35eded1c95d3be]::run_test::{closure#1}, ()>::{closure#1} as core[df12db4294e9bfd3]::ops::function::FnOnce<()>>::call_once::{shim:vtable#0}
[INFO] [stdout]   18:     0x603ca7130459 - <std[70759c8f55707aa4]::sys::thread::unix::Thread>::new::thread_start
[INFO] [stdout]   19:     0x76089de9edfa - <unknown>
[INFO] [stdout]   20:     0x76089df323d4 - clone
[INFO] [stdout]   21:                0x0 - <unknown>
[INFO] [stdout] 
[INFO] [stdout] ---- assign::tests::hello_lifetimes_elided stdout ----
[INFO] [stdout] 
[INFO] [stdout] thread 'assign::tests::hello_lifetimes_elided' (906) panicked at src/assign.rs:190:67:
[INFO] [stdout] regions hello: Ownership(Resolve(NoSrcDir { root: "/opt/rustwide/workdir/../../examples/hello" }))
[INFO] [stdout] stack backtrace:
[INFO] [stdout]    0:     0x603ca7130ef1 - <<std[70759c8f55707aa4]::sys::backtrace::BacktraceLock>::print::DisplayBacktrace as core[df12db4294e9bfd3]::fmt::Display>::fmt
[INFO] [stdout]    1:     0x603ca714627a - core[df12db4294e9bfd3]::fmt::write
[INFO] [stdout]    2:     0x603ca713567c - <alloc[2182bb758b4b3781]::vec::Vec<u8> as core[df12db4294e9bfd3]::io::write::Write>::write_fmt
[INFO] [stdout]    3:     0x603ca710c966 - std[70759c8f55707aa4]::panicking::default_hook::{closure#0}
[INFO] [stdout]    4:     0x603ca71290d9 - std[70759c8f55707aa4]::panicking::default_hook
[INFO] [stdout]    5:     0x603ca6f9a0a0 - test[9d35eded1c95d3be]::test_main_inner::<test[9d35eded1c95d3be]::test_main_static::{closure#0}>::{closure#0}
[INFO] [stdout]    6:     0x603ca7129292 - std[70759c8f55707aa4]::panicking::panic_with_hook
[INFO] [stdout]    7:     0x603ca710ca12 - std[70759c8f55707aa4]::panicking::panic_handler::{closure#0}
[INFO] [stdout]    8:     0x603ca7105569 - std[70759c8f55707aa4]::sys::backtrace::__rust_end_short_backtrace::<std[70759c8f55707aa4]::panicking::panic_handler::{closure#0}, !>
[INFO] [stdout]    9:     0x603ca710d60d - __rustc[8fa7c3cbc660c2b3]::rust_begin_unwind
[INFO] [stdout]   10:     0x603ca71469ac - core[df12db4294e9bfd3]::panicking::panic_fmt
[INFO] [stdout]   11:     0x603ca7146782 - core[df12db4294e9bfd3]::result::unwrap_failed
[INFO] [stdout]   12:     0x603ca6f886f6 - crisp_regions[1f5ca4b449c4b965]::assign::tests::hello_lifetimes_elided
[INFO] [stdout]   13:     0x603ca6f7b479 - <crisp_regions[1f5ca4b449c4b965]::assign::tests::hello_lifetimes_elided::{closure#0} as core[df12db4294e9bfd3]::ops::function::FnOnce<()>>::call_once
[INFO] [stdout]   14:     0x603ca6f8d38b - test[9d35eded1c95d3be]::__rust_begin_short_backtrace::<core[df12db4294e9bfd3]::result::Result<(), alloc[2182bb758b4b3781]::string::String>, fn() -> core[df12db4294e9bfd3]::result::Result<(), alloc[2182bb758b4b3781]::string::String>>
[INFO] [stdout]   15:     0x603ca6f9a9f5 - test[9d35eded1c95d3be]::run_test::{closure#0}
[INFO] [stdout]   16:     0x603ca6f942b4 - std[70759c8f55707aa4]::sys::backtrace::__rust_begin_short_backtrace::<test[9d35eded1c95d3be]::run_test::{closure#1}, ()>
[INFO] [stdout]   17:     0x603ca6f9db52 - <std[70759c8f55707aa4]::thread::lifecycle::spawn_unchecked<test[9d35eded1c95d3be]::run_test::{closure#1}, ()>::{closure#1} as core[df12db4294e9bfd3]::ops::function::FnOnce<()>>::call_once::{shim:vtable#0}
[INFO] [stdout]   18:     0x603ca7130459 - <std[70759c8f55707aa4]::sys::thread::unix::Thread>::new::thread_start
[INFO] [stdout]   19:     0x76089de9edfa - <unknown>
[INFO] [stdout]   20:     0x76089df323d4 - clone
[INFO] [stdout]   21:                0x0 - <unknown>
[INFO] [stdout] 
[INFO] [stdout] 
[INFO] [stdout] failures:
[INFO] [stdout]     assign::tests::hello_lifetimes_elided
[INFO] [stdout]     display::tests::format_hello
[INFO] [stdout] 
[INFO] [stdout] test result: FAILED. 1 passed; 2 failed; 0 ignored; 0 measured; 0 filtered out; finished in 0.01s
[INFO] [stdout] 
[INFO] [stderr] error: test failed, to rerun pass `--lib`
[INFO] running `Command { std: "docker" "inspect" "a3bca3a588e5273f684fdb17a6090f0fd78fb8fccd30cf855472c02e5d388d51", kill_on_drop: false }`
[INFO] running `Command { std: "docker" "rm" "-f" "a3bca3a588e5273f684fdb17a6090f0fd78fb8fccd30cf855472c02e5d388d51", kill_on_drop: false }`
[INFO] [stdout] a3bca3a588e5273f684fdb17a6090f0fd78fb8fccd30cf855472c02e5d388d51
