[INFO] fetching crate crisp-parser 1.9.0...
[INFO] testing crisp-parser-1.9.0 against 1.99.0-beta.8+cargoflags=--release for beta-release-1.100-2
[INFO] extracting crate crisp-parser 1.9.0 into /workspace/builds/worker-3-tc1/source
[INFO] started tweaking crates.io crate crisp-parser 1.9.0
[INFO] removed 0 missing tests
[INFO] finished tweaking crates.io crate crisp-parser 1.9.0
[INFO] tweaked toml for crates.io crate crisp-parser 1.9.0 written to /workspace/builds/worker-3-tc1/source/Cargo.toml
[INFO] validating manifest of crates.io crate crisp-parser 1.9.0 on toolchain 1.99.0-beta.8
[INFO] running `Command { std: CARGO_HOME="/workspace/cargo-home" RUSTUP_HOME="/workspace/rustup-home" "/workspace/cargo-home/bin/cargo" "+1.99.0-beta.8" "metadata" "--manifest-path" "Cargo.toml" "--no-deps", kill_on_drop: false }`
[INFO] crate crates.io crate crisp-parser 1.9.0 already has a lockfile, it will not be regenerated
[INFO] running `Command { std: CARGO_HOME="/workspace/cargo-home" RUSTUP_HOME="/workspace/rustup-home" "/workspace/cargo-home/bin/cargo" "+1.99.0-beta.8" "fetch" "--manifest-path" "Cargo.toml", kill_on_drop: false }`
[INFO] [stderr]     Updating crates.io index
[INFO] [stderr]  Downloading crates ...
[INFO] [stderr]   Downloaded quote v1.0.45
[INFO] [stderr]   Downloaded wit-bindgen-rust-macro v0.51.0
[INFO] [stderr]   Downloaded leb128fmt v0.1.0
[INFO] [stderr]   Downloaded unicode-xid v0.2.6
[INFO] [stderr]   Downloaded id-arena v2.3.0
[INFO] [stderr]   Downloaded crisp-lexer v1.9.0
[INFO] [stderr]   Downloaded heck v0.5.0
[INFO] [stderr]   Downloaded crisp-ast v1.9.0
[INFO] [stderr]   Downloaded foldhash v0.1.5
[INFO] [stderr]   Downloaded wasm-metadata v0.244.0
[INFO] [stderr]   Downloaded getrandom v0.4.2
[INFO] [stderr]   Downloaded wasip3 v0.4.0+wasi-0.3.0-rc-2026-01-06
[INFO] [stderr]   Downloaded semver v1.0.28
[INFO] [stderr]   Downloaded wit-bindgen-core v0.51.0
[INFO] [stderr]   Downloaded console v0.16.3
[INFO] [stderr]   Downloaded wit-bindgen-rust v0.51.0
[INFO] [stderr]   Downloaded anyhow v1.0.102
[INFO] [stderr]   Downloaded similar v2.7.0
[INFO] [stderr]   Downloaded log v0.4.32
[INFO] [stderr]   Downloaded encode_unicode v1.0.0
[INFO] [stderr]   Downloaded wit-bindgen v0.51.0
[INFO] [stderr]   Downloaded prettyplease v0.2.37
[INFO] [stderr]   Downloaded memchr v2.8.2
[INFO] [stderr]   Downloaded wasm-encoder v0.244.0
[INFO] [stderr]   Downloaded insta v1.48.0
[INFO] [stderr]   Downloaded hashbrown v0.15.5
[INFO] [stderr]   Downloaded wit-parser v0.244.0
[INFO] [stderr]   Downloaded wasmparser v0.244.0
[INFO] [stderr]   Downloaded syn v2.0.117
[INFO] [stderr]   Downloaded wit-component v0.244.0
[INFO] running `Command { std: "docker" "create" "-v" "/var/lib/crater-agent-workspace/builds/worker-3-tc1/source:/opt/rustwide/workdir:ro,Z" "-v" "/var/lib/crater-agent-workspace/builds/worker-3-tc1/target:/opt/rustwide/target:rw,Z" "-v" "/var/lib/crater-agent-workspace/cargo-home:/opt/rustwide/cargo-home:ro,Z" "-v" "/var/lib/crater-agent-workspace/rustup-home:/opt/rustwide/rustup-home:ro,Z" "-m" "1610612736" "--network" "none" "ghcr.io/rust-lang/crates-build-env/linux@sha256:77db811e55d90add9212f6832c23229e3de5f1c1f9905e8cb07319ea15df73ac" "sleep" "infinity", kill_on_drop: false }`
[INFO] [stdout] 3d795e4e2d5f38b7cedbdb096f9e8187307e653d21591a7cec90768ef242f784
[INFO] running `Command { std: "docker" "start" "3d795e4e2d5f38b7cedbdb096f9e8187307e653d21591a7cec90768ef242f784", kill_on_drop: false }`
[INFO] running `Command { std: "docker" "inspect" "3d795e4e2d5f38b7cedbdb096f9e8187307e653d21591a7cec90768ef242f784", kill_on_drop: false }`
[INFO] running `Command { std: "docker" "exec" "-e" "SOURCE_DIR=/opt/rustwide/workdir" "-e" "CARGO_HOME=/opt/rustwide/cargo-home" "-e" "RUSTUP_HOME=/opt/rustwide/rustup-home" "-e" "CARGO_TARGET_DIR=/opt/rustwide/target" "-w" "/opt/rustwide/workdir" "--user" "0:0" "3d795e4e2d5f38b7cedbdb096f9e8187307e653d21591a7cec90768ef242f784" "/opt/rustwide/cargo-home/bin/cargo" "+1.99.0-beta.8" "metadata" "--no-deps" "--format-version=1", kill_on_drop: false }`
[INFO] running `Command { std: "docker" "inspect" "3d795e4e2d5f38b7cedbdb096f9e8187307e653d21591a7cec90768ef242f784", kill_on_drop: false }`
[INFO] running `Command { std: "docker" "exec" "-e" "SOURCE_DIR=/opt/rustwide/workdir" "-e" "CARGO_HOME=/opt/rustwide/cargo-home" "-e" "RUSTUP_HOME=/opt/rustwide/rustup-home" "-e" "CARGO_TARGET_DIR=/opt/rustwide/target" "-e" "CARGO_INCREMENTAL=0" "-e" "RUST_BACKTRACE=full" "-e" "RUSTFLAGS=--cap-lints=warn" "-e" "RUSTDOCFLAGS=--cap-lints=warn" "-w" "/opt/rustwide/workdir" "--user" "0:0" "3d795e4e2d5f38b7cedbdb096f9e8187307e653d21591a7cec90768ef242f784" "/opt/rustwide/cargo-home/bin/cargo" "+1.99.0-beta.8" "build" "--frozen" "--message-format=json" "--release", kill_on_drop: false }`
[INFO] [stderr]    Compiling proc-macro2 v1.0.106
[INFO] [stderr]    Compiling unicode-ident v1.0.24
[INFO] [stderr]    Compiling quote v1.0.45
[INFO] [stderr]    Compiling thiserror v2.0.18
[INFO] [stderr]    Compiling crisp-ast v1.9.0
[INFO] [stderr]    Compiling syn v2.0.117
[INFO] [stderr]    Compiling thiserror-impl v2.0.18
[INFO] [stderr]    Compiling crisp-lexer v1.9.0
[INFO] [stderr]    Compiling crisp-parser v1.9.0 (/opt/rustwide/workdir)
[INFO] [stderr]     Finished `release` profile [optimized] target(s) in 7.71s
[INFO] running `Command { std: "docker" "inspect" "3d795e4e2d5f38b7cedbdb096f9e8187307e653d21591a7cec90768ef242f784", kill_on_drop: false }`
[INFO] running `Command { std: "docker" "exec" "-e" "SOURCE_DIR=/opt/rustwide/workdir" "-e" "CARGO_HOME=/opt/rustwide/cargo-home" "-e" "RUSTUP_HOME=/opt/rustwide/rustup-home" "-e" "CARGO_TARGET_DIR=/opt/rustwide/target" "-e" "CARGO_INCREMENTAL=0" "-e" "RUST_BACKTRACE=full" "-e" "RUSTFLAGS=--cap-lints=warn" "-e" "RUSTDOCFLAGS=--cap-lints=warn" "-w" "/opt/rustwide/workdir" "--user" "0:0" "3d795e4e2d5f38b7cedbdb096f9e8187307e653d21591a7cec90768ef242f784" "/opt/rustwide/cargo-home/bin/cargo" "+1.99.0-beta.8" "test" "--frozen" "--no-run" "--message-format=json" "--release", kill_on_drop: false }`
[INFO] [stderr]    Compiling libc v0.2.186
[INFO] [stderr]    Compiling getrandom v0.4.2
[INFO] [stderr]    Compiling rustix v1.1.4
[INFO] [stderr]    Compiling cfg-if v1.0.4
[INFO] [stderr]    Compiling linux-raw-sys v0.12.1
[INFO] [stderr]    Compiling bitflags v2.13.0
[INFO] [stderr]    Compiling once_cell v1.21.4
[INFO] [stderr]    Compiling fastrand v2.4.1
[INFO] [stderr]    Compiling similar v2.7.0
[INFO] [stderr]    Compiling console v0.16.3
[INFO] [stderr]    Compiling tempfile v3.27.0
[INFO] [stderr]    Compiling insta v1.48.0
[INFO] [stderr]    Compiling crisp-parser v1.9.0 (/opt/rustwide/workdir)
[INFO] [stderr]     Finished `release` profile [optimized] target(s) in 23.52s
[INFO] running `Command { std: "docker" "inspect" "3d795e4e2d5f38b7cedbdb096f9e8187307e653d21591a7cec90768ef242f784", kill_on_drop: false }`
[INFO] running `Command { std: "docker" "exec" "-e" "SOURCE_DIR=/opt/rustwide/workdir" "-e" "CARGO_HOME=/opt/rustwide/cargo-home" "-e" "RUSTUP_HOME=/opt/rustwide/rustup-home" "-e" "CARGO_TARGET_DIR=/opt/rustwide/target" "-e" "CARGO_INCREMENTAL=0" "-e" "RUST_BACKTRACE=full" "-e" "RUSTFLAGS=--cap-lints=warn" "-e" "RUSTDOCFLAGS=--cap-lints=warn" "-w" "/opt/rustwide/workdir" "--user" "0:0" "3d795e4e2d5f38b7cedbdb096f9e8187307e653d21591a7cec90768ef242f784" "/opt/rustwide/cargo-home/bin/cargo" "+1.99.0-beta.8" "test" "--frozen" "--release", kill_on_drop: false }`
[INFO] [stderr]     Finished `release` profile [optimized] target(s) in 0.08s
[INFO] [stderr]      Running unittests src/lib.rs (/opt/rustwide/target/release/deps/crisp_parser-4210d2a751da3908)
[INFO] [stderr]      Running tests/cast_parse.rs (/opt/rustwide/target/release/deps/cast_parse-120f411fd772df23)
[INFO] [stdout] 
[INFO] [stdout] running 0 tests
[INFO] [stdout] 
[INFO] [stdout] test result: ok. 0 passed; 0 failed; 0 ignored; 0 measured; 0 filtered out; finished in 0.00s
[INFO] [stdout] 
[INFO] [stdout] 
[INFO] [stdout] running 4 tests
[INFO] [stdout] test parse_as_int ... ok
[INFO] [stdout] test parse_as_float ... ok
[INFO] [stdout] test issue_140_trait_bounds_still_parse_in_annotations ... ok
[INFO] [stdout] test issue_140_as_float_plus_is_binary ... ok
[INFO] [stdout] 
[INFO] [stdout] test result: ok. 4 passed; 0 failed; 0 ignored; 0 measured; 0 filtered out; finished in 0.00s
[INFO] [stdout] 
[INFO] [stderr]      Running tests/closures_parse.rs (/opt/rustwide/target/release/deps/closures_parse-12fa8347d7f9a793)
[INFO] [stdout] 
[INFO] [stdout] running 8 tests
[INFO] [stdout] test parse_field_section ... ok
[INFO] [stdout] test parse_empty_lambda ... ok
[INFO] [stderr]      Running tests/else_newline.rs (/opt/rustwide/target/release/deps/else_newline-8002ccb87fbcdf7d)
[INFO] [stdout] test parse_trailing_lambda_after_args ... ok
[INFO] [stdout] test parse_lambda_literal ... ok
[INFO] [stdout] test parse_method_section ... ok
[INFO] [stdout] test parse_method_section_baked_args ... ok
[INFO] [stdout] test parse_parenthesized_lambda ... ok
[INFO] [stdout] test parse_trailing_lambda ... ok
[INFO] [stdout] 
[INFO] [stdout] test result: ok. 8 passed; 0 failed; 0 ignored; 0 measured; 0 filtered out; finished in 0.01s
[INFO] [stdout] 
[INFO] [stdout] 
[INFO] [stdout] running 3 tests
[INFO] [stdout] test issue_145_else_div_is_not_a_call_of_den ... ok
[INFO] [stdout] test issue_145_same_line_call_unchanged ... ok
[INFO] [stderr]      Running tests/enum_match.rs (/opt/rustwide/target/release/deps/enum_match-52a673d1811656b1)
[INFO] [stdout] test issue_145_else_assign_unchanged ... ok
[INFO] [stdout] 
[INFO] [stdout] test result: ok. 3 passed; 0 failed; 0 ignored; 0 measured; 0 filtered out; finished in 0.00s
[INFO] [stdout] 
[INFO] [stdout] 
[INFO] [stdout] running 2 tests
[INFO] [stdout] test parse_match_bare_ident_scrutinee ... ok
[INFO] [stderr]      Running tests/fuzz_smoke.rs (/opt/rustwide/target/release/deps/fuzz_smoke-277e72f662cdfb0f)
[INFO] [stdout] test parse_qualified_enum_patterns ... ok
[INFO] [stdout] 
[INFO] [stdout] test result: ok. 2 passed; 0 failed; 0 ignored; 0 measured; 0 filtered out; finished in 0.00s
[INFO] [stdout] 
[INFO] [stdout] 
[INFO] [stdout] running 3 tests
[INFO] [stdout] test fuzz_parse_valid_fragments ... ok
[INFO] [stdout] test fuzz_parser_never_panics ... ok
[INFO] [stdout] test fuzz_lexer_never_panics ... ok
[INFO] [stdout] 
[INFO] [stdout] test result: ok. 3 passed; 0 failed; 0 ignored; 0 measured; 0 filtered out; finished in 0.00s
[INFO] [stdout] 
[INFO] [stderr]      Running tests/generics_parse.rs (/opt/rustwide/target/release/deps/generics_parse-3a294ce2d40716bb)
[INFO] [stdout] 
[INFO] [stdout] running 11 tests
[INFO] [stdout] test function_generics_parse ... ok
[INFO] [stdout] test impl_without_trait_args_still_parses ... ok
[INFO] [stdout] test multi_function_generics_and_type_app_parse ... ok
[INFO] [stdout] test mixed_type_application_parses ... ok
[INFO] [stdout] test type_generics_parse ... ok
[INFO] [stdout] test free_type_names_parse_without_binder ... ok
[INFO] [stdout] test function_generics_with_return_type_parse ... ok
[INFO] [stdout] test shape_application_in_param_parses ... ok
[INFO] [stdout] test trait_generics_and_impl_args_parse ... ok
[INFO] [stdout] test shape_generics_parse ... ok
[INFO] [stdout] test shape_plus_bound_parses ... ok
[INFO] [stdout] 
[INFO] [stdout] test result: ok. 11 passed; 0 failed; 0 ignored; 0 measured; 0 filtered out; finished in 0.00s
[INFO] [stdout] 
[INFO] [stderr]      Running tests/interpolation_span.rs (/opt/rustwide/target/release/deps/interpolation_span-1fd4266421395503)
[INFO] [stdout] 
[INFO] [stdout] running 1 test
[INFO] [stdout] test issue_95_interpolation_ident_span_is_inside_the_string ... ok
[INFO] [stdout] 
[INFO] [stdout] test result: ok. 1 passed; 0 failed; 0 ignored; 0 measured; 0 filtered out; finished in 0.00s
[INFO] [stdout] 
[INFO] [stderr]      Running tests/loops_parse.rs (/opt/rustwide/target/release/deps/loops_parse-57d735f432783e80)
[INFO] [stdout] 
[INFO] [stdout] running 8 tests
[INFO] [stdout] test parse_else_if_brace_form ... ok
[INFO] [stdout] test issue_96_if_then_assign_parses_as_assign_expr ... ok
[INFO] [stdout] test parse_continue ... ok
[INFO] [stdout] test parse_else_if_then_form ... ok
[INFO] [stdout] test issue_96_while_then_paren_tail_is_not_a_call ... ok
[INFO] [stdout] test parse_loop_break_value ... ok
[INFO] [stdout] test parse_for ... ok
[INFO] [stdout] test parse_while_no_struct_lit_in_cond ... ok
[INFO] [stderr]      Running tests/match_struct_hint.rs (/opt/rustwide/target/release/deps/match_struct_hint-8dd3762afdc9331b)
[INFO] [stdout] 
[INFO] [stdout] test result: ok. 8 passed; 0 failed; 0 ignored; 0 measured; 0 filtered out; finished in 0.01s
[INFO] [stdout] 
[INFO] [stdout] 
[INFO] [stdout] running 3 tests
[INFO] [stderr]      Running tests/parse_abnormal.rs (/opt/rustwide/target/release/deps/parse_abnormal-e8a6cf7a8d8ff242)
[INFO] [stdout] test bare_match_ident_scrutinee_still_parses ... ok
[INFO] [stdout] test match_arm_missing_arrow_mentions_struct_lit_parens ... ok
[INFO] [stdout] test parenthesized_struct_scrutinee_parses ... ok
[INFO] [stdout] 
[INFO] [stdout] test result: ok. 3 passed; 0 failed; 0 ignored; 0 measured; 0 filtered out; finished in 0.00s
[INFO] [stdout] 
[INFO] [stdout] 
[INFO] [stdout] running 4 tests
[INFO] [stdout] test parse_rejects_trailing_garbage ... ok
[INFO] [stdout] test issue_109_trailing_comma_error_is_on_line_two ... ok
[INFO] [stdout] test parse_rejects_unclosed_function_body ... ok
[INFO] [stdout] test parse_rejects_unclosed_string ... ok
[INFO] [stdout] 
[INFO] [stdout] test result: ok. 4 passed; 0 failed; 0 ignored; 0 measured; 0 filtered out; finished in 0.00s
[INFO] [stdout] 
[INFO] [stderr]      Running tests/parse_catch.rs (/opt/rustwide/target/release/deps/parse_catch-7aa33ff69571d25a)
[INFO] [stdout] 
[INFO] [stdout] running 1 test
[INFO] [stdout] test parse_catch_expression ... ok
[INFO] [stdout] 
[INFO] [stdout] test result: ok. 1 passed; 0 failed; 0 ignored; 0 measured; 0 filtered out; finished in 0.00s
[INFO] [stdout] 
[INFO] [stderr]      Running tests/parse_examples.rs (/opt/rustwide/target/release/deps/parse_examples-3a52e58698e3d98a)
[INFO] [stdout] 
[INFO] [stdout] running 2 tests
[INFO] [stdout] test parse_math_has_tests_and_arith ... FAILED
[INFO] [stdout] test parse_all_examples ... FAILED
[INFO] [stdout] 
[INFO] [stdout] failures:
[INFO] [stdout] 
[INFO] [stdout] ---- parse_math_has_tests_and_arith stdout ----
[INFO] [stdout] 
[INFO] [stdout] thread 'parse_math_has_tests_and_arith' (1271) panicked at tests/parse_examples.rs:75:73:
[INFO] [stdout] called `Result::unwrap()` on an `Err` value: Os { code: 2, kind: NotFound, message: "No such file or directory" }
[INFO] [stdout] stack backtrace:
[INFO] [stdout]    0:     0x5c9ddc329741 - <<std[70759c8f55707aa4]::sys::backtrace::BacktraceLock>::print::DisplayBacktrace as core[df12db4294e9bfd3]::fmt::Display>::fmt
[INFO] [stdout]    1:     0x5c9ddc33e92a - core[df12db4294e9bfd3]::fmt::write
[INFO] [stdout]    2:     0x5c9ddc32decc - <alloc[2182bb758b4b3781]::vec::Vec<u8> as core[df12db4294e9bfd3]::io::write::Write>::write_fmt
[INFO] [stdout]    3:     0x5c9ddc3054b6 - std[70759c8f55707aa4]::panicking::default_hook::{closure#0}
[INFO] [stdout]    4:     0x5c9ddc321929 - std[70759c8f55707aa4]::panicking::default_hook
[INFO] [stdout]    5:     0x5c9ddc298c50 - test[9d35eded1c95d3be]::test_main_inner::<test[9d35eded1c95d3be]::test_main_static::{closure#0}>::{closure#0}
[INFO] [stdout]    6:     0x5c9ddc321ae2 - std[70759c8f55707aa4]::panicking::panic_with_hook
[INFO] [stdout]    7:     0x5c9ddc305562 - std[70759c8f55707aa4]::panicking::panic_handler::{closure#0}
[INFO] [stderr] error: test failed, to rerun pass `--test parse_examples`
[INFO] [stdout]    8:     0x5c9ddc2fe0b9 - std[70759c8f55707aa4]::sys::backtrace::__rust_end_short_backtrace::<std[70759c8f55707aa4]::panicking::panic_handler::{closure#0}, !>
[INFO] [stdout]    9:     0x5c9ddc30615d - __rustc[8fa7c3cbc660c2b3]::rust_begin_unwind
[INFO] [stdout]   10:     0x5c9ddc33f05c - core[df12db4294e9bfd3]::panicking::panic_fmt
[INFO] [stdout]   11:     0x5c9ddc33ee32 - core[df12db4294e9bfd3]::result::unwrap_failed
[INFO] [stdout]   12:     0x5c9ddc28bbde - <parse_examples[b4b1be8935280838]::parse_math_has_tests_and_arith::{closure#0} as core[df12db4294e9bfd3]::ops::function::FnOnce<()>>::call_once
[INFO] [stdout]   13:     0x5c9ddc28bf3b - test[9d35eded1c95d3be]::__rust_begin_short_backtrace::<core[df12db4294e9bfd3]::result::Result<(), alloc[2182bb758b4b3781]::string::String>, fn() -> core[df12db4294e9bfd3]::result::Result<(), alloc[2182bb758b4b3781]::string::String>>
[INFO] [stdout]   14:     0x5c9ddc2995a5 - test[9d35eded1c95d3be]::run_test::{closure#0}
[INFO] [stdout]   15:     0x5c9ddc292e64 - std[70759c8f55707aa4]::sys::backtrace::__rust_begin_short_backtrace::<test[9d35eded1c95d3be]::run_test::{closure#1}, ()>
[INFO] [stdout]   16:     0x5c9ddc29c702 - <std[70759c8f55707aa4]::thread::lifecycle::spawn_unchecked<test[9d35eded1c95d3be]::run_test::{closure#1}, ()>::{closure#1} as core[df12db4294e9bfd3]::ops::function::FnOnce<()>>::call_once::{shim:vtable#0}
[INFO] [stdout]   17:     0x5c9ddc328ca9 - <std[70759c8f55707aa4]::sys::thread::unix::Thread>::new::thread_start
[INFO] [stdout]   18:     0x7fedc4c01dfa - <unknown>
[INFO] [stdout]   19:     0x7fedc4c953d4 - clone
[INFO] [stdout]   20:                0x0 - <unknown>
[INFO] [stdout] 
[INFO] [stdout] ---- parse_all_examples stdout ----
[INFO] [stdout] === hello ===
[INFO] [stdout] 
[INFO] [stdout] thread 'parse_all_examples' (1270) panicked at tests/parse_examples.rs:13:37:
[INFO] [stdout] called `Result::unwrap()` on an `Err` value: Os { code: 2, kind: NotFound, message: "No such file or directory" }
[INFO] [stdout] stack backtrace:
[INFO] [stdout]    0:     0x5c9ddc329741 - <<std[70759c8f55707aa4]::sys::backtrace::BacktraceLock>::print::DisplayBacktrace as core[df12db4294e9bfd3]::fmt::Display>::fmt
[INFO] [stdout]    1:     0x5c9ddc33e92a - core[df12db4294e9bfd3]::fmt::write
[INFO] [stdout]    2:     0x5c9ddc32decc - <alloc[2182bb758b4b3781]::vec::Vec<u8> as core[df12db4294e9bfd3]::io::write::Write>::write_fmt
[INFO] [stdout]    3:     0x5c9ddc3054b6 - std[70759c8f55707aa4]::panicking::default_hook::{closure#0}
[INFO] [stdout]    4:     0x5c9ddc321929 - std[70759c8f55707aa4]::panicking::default_hook
[INFO] [stdout]    5:     0x5c9ddc298c50 - test[9d35eded1c95d3be]::test_main_inner::<test[9d35eded1c95d3be]::test_main_static::{closure#0}>::{closure#0}
[INFO] [stdout]    6:     0x5c9ddc321ae2 - std[70759c8f55707aa4]::panicking::panic_with_hook
[INFO] [stdout]    7:     0x5c9ddc305562 - std[70759c8f55707aa4]::panicking::panic_handler::{closure#0}
[INFO] [stdout]    8:     0x5c9ddc2fe0b9 - std[70759c8f55707aa4]::sys::backtrace::__rust_end_short_backtrace::<std[70759c8f55707aa4]::panicking::panic_handler::{closure#0}, !>
[INFO] [stdout]    9:     0x5c9ddc30615d - __rustc[8fa7c3cbc660c2b3]::rust_begin_unwind
[INFO] [stdout]   10:     0x5c9ddc33f05c - core[df12db4294e9bfd3]::panicking::panic_fmt
[INFO] [stdout]   11:     0x5c9ddc33ee32 - core[df12db4294e9bfd3]::result::unwrap_failed
[INFO] [stdout]   12:     0x5c9ddc28ae6d - <parse_examples[b4b1be8935280838]::parse_all_examples::{closure#0} as core[df12db4294e9bfd3]::ops::function::FnOnce<()>>::call_once
[INFO] [stdout]   13:     0x5c9ddc28bf3b - test[9d35eded1c95d3be]::__rust_begin_short_backtrace::<core[df12db4294e9bfd3]::result::Result<(), alloc[2182bb758b4b3781]::string::String>, fn() -> core[df12db4294e9bfd3]::result::Result<(), alloc[2182bb758b4b3781]::string::String>>
[INFO] [stdout]   14:     0x5c9ddc2995a5 - test[9d35eded1c95d3be]::run_test::{closure#0}
[INFO] [stdout]   15:     0x5c9ddc292e64 - std[70759c8f55707aa4]::sys::backtrace::__rust_begin_short_backtrace::<test[9d35eded1c95d3be]::run_test::{closure#1}, ()>
[INFO] [stdout]   16:     0x5c9ddc29c702 - <std[70759c8f55707aa4]::thread::lifecycle::spawn_unchecked<test[9d35eded1c95d3be]::run_test::{closure#1}, ()>::{closure#1} as core[df12db4294e9bfd3]::ops::function::FnOnce<()>>::call_once::{shim:vtable#0}
[INFO] [stdout]   17:     0x5c9ddc328ca9 - <std[70759c8f55707aa4]::sys::thread::unix::Thread>::new::thread_start
[INFO] [stdout]   18:     0x7fedc4c01dfa - <unknown>
[INFO] [stdout]   19:     0x7fedc4c953d4 - clone
[INFO] [stdout]   20:                0x0 - <unknown>
[INFO] [stdout] 
[INFO] [stdout] 
[INFO] [stdout] failures:
[INFO] [stdout]     parse_all_examples
[INFO] [stdout]     parse_math_has_tests_and_arith
[INFO] [stdout] 
[INFO] [stdout] test result: FAILED. 0 passed; 2 failed; 0 ignored; 0 measured; 0 filtered out; finished in 0.00s
[INFO] [stdout] 
[INFO] running `Command { std: "docker" "inspect" "3d795e4e2d5f38b7cedbdb096f9e8187307e653d21591a7cec90768ef242f784", kill_on_drop: false }`
[INFO] running `Command { std: "docker" "rm" "-f" "3d795e4e2d5f38b7cedbdb096f9e8187307e653d21591a7cec90768ef242f784", kill_on_drop: false }`
[INFO] [stdout] 3d795e4e2d5f38b7cedbdb096f9e8187307e653d21591a7cec90768ef242f784
