[INFO] fetching crate crisp-ownership 1.9.0...
[INFO] testing crisp-ownership-1.9.0 against 1.100.0-beta.1+cargoflags=--release for beta-release-1.100-2
[INFO] extracting crate crisp-ownership 1.9.0 into /workspace/builds/worker-2-tc2/source
[INFO] started tweaking crates.io crate crisp-ownership 1.9.0
[INFO] removed 0 missing tests
[INFO] finished tweaking crates.io crate crisp-ownership 1.9.0
[INFO] tweaked toml for crates.io crate crisp-ownership 1.9.0 written to /workspace/builds/worker-2-tc2/source/Cargo.toml
[INFO] validating manifest of crates.io crate crisp-ownership 1.9.0 on toolchain 1.100.0-beta.1
[INFO] running `Command { std: CARGO_HOME="/workspace/cargo-home" RUSTUP_HOME="/workspace/rustup-home" "/workspace/cargo-home/bin/cargo" "+1.100.0-beta.1" "metadata" "--manifest-path" "Cargo.toml" "--no-deps", kill_on_drop: false }`
[INFO] crate crates.io crate crisp-ownership 1.9.0 already has a lockfile, it will not be regenerated
[INFO] running `Command { std: CARGO_HOME="/workspace/cargo-home" RUSTUP_HOME="/workspace/rustup-home" "/workspace/cargo-home/bin/cargo" "+1.100.0-beta.1" "fetch" "--manifest-path" "Cargo.toml", kill_on_drop: false }`
[INFO] [stderr]     Blocking waiting for file lock on package cache
[INFO] [stderr]     Blocking waiting for file lock on package cache
[INFO] running `Command { std: "docker" "create" "-v" "/var/lib/crater-agent-workspace/builds/worker-2-tc2/source:/opt/rustwide/workdir:ro,Z" "-v" "/var/lib/crater-agent-workspace/builds/worker-2-tc2/target:/opt/rustwide/target:rw,Z" "-v" "/var/lib/crater-agent-workspace/cargo-home:/opt/rustwide/cargo-home:ro,Z" "-v" "/var/lib/crater-agent-workspace/rustup-home:/opt/rustwide/rustup-home:ro,Z" "-m" "1610612736" "--network" "none" "ghcr.io/rust-lang/crates-build-env/linux@sha256:77db811e55d90add9212f6832c23229e3de5f1c1f9905e8cb07319ea15df73ac" "sleep" "infinity", kill_on_drop: false }`
[INFO] [stdout] b53c5644f770aa616f9ae1856091a0ef54edf4b073d2a14b519e83bac764a733
[INFO] running `Command { std: "docker" "start" "b53c5644f770aa616f9ae1856091a0ef54edf4b073d2a14b519e83bac764a733", kill_on_drop: false }`
[INFO] running `Command { std: "docker" "inspect" "b53c5644f770aa616f9ae1856091a0ef54edf4b073d2a14b519e83bac764a733", kill_on_drop: false }`
[INFO] running `Command { std: "docker" "exec" "-e" "SOURCE_DIR=/opt/rustwide/workdir" "-e" "CARGO_HOME=/opt/rustwide/cargo-home" "-e" "RUSTUP_HOME=/opt/rustwide/rustup-home" "-e" "CARGO_TARGET_DIR=/opt/rustwide/target" "-w" "/opt/rustwide/workdir" "--user" "0:0" "b53c5644f770aa616f9ae1856091a0ef54edf4b073d2a14b519e83bac764a733" "/opt/rustwide/cargo-home/bin/cargo" "+1.100.0-beta.1" "metadata" "--no-deps" "--format-version=1", kill_on_drop: false }`
[INFO] running `Command { std: "docker" "inspect" "b53c5644f770aa616f9ae1856091a0ef54edf4b073d2a14b519e83bac764a733", kill_on_drop: false }`
[INFO] running `Command { std: "docker" "exec" "-e" "SOURCE_DIR=/opt/rustwide/workdir" "-e" "CARGO_HOME=/opt/rustwide/cargo-home" "-e" "RUSTUP_HOME=/opt/rustwide/rustup-home" "-e" "CARGO_TARGET_DIR=/opt/rustwide/target" "-e" "CARGO_INCREMENTAL=0" "-e" "RUST_BACKTRACE=full" "-e" "RUSTFLAGS=--cap-lints=warn" "-e" "RUSTDOCFLAGS=--cap-lints=warn" "-w" "/opt/rustwide/workdir" "--user" "0:0" "b53c5644f770aa616f9ae1856091a0ef54edf4b073d2a14b519e83bac764a733" "/opt/rustwide/cargo-home/bin/cargo" "+1.100.0-beta.1" "build" "--frozen" "--message-format=json" "--release", kill_on_drop: false }`
[INFO] [stderr]    Compiling serde_json v1.0.150
[INFO] [stderr]    Compiling crisp-ast v1.9.0
[INFO] [stderr]    Compiling memchr v2.8.2
[INFO] [stderr]    Compiling indexmap v2.14.0
[INFO] [stderr]    Compiling toml_datetime v0.6.11
[INFO] [stderr]    Compiling serde_spanned v0.6.9
[INFO] [stderr]    Compiling crisp-lexer v1.9.0
[INFO] [stderr]    Compiling crisp-parser v1.9.0
[INFO] [stderr]    Compiling toml_edit v0.22.27
[INFO] [stderr]    Compiling toml v0.8.23
[INFO] [stderr]    Compiling crisp-manifest v1.9.0
[INFO] [stderr]    Compiling crisp-resolve v1.9.0
[INFO] [stderr]    Compiling crisp-typeck v1.9.0
[INFO] [stderr]    Compiling crisp-ownership v1.9.0 (/opt/rustwide/workdir)
[INFO] [stderr]     Finished `release` profile [optimized] target(s) in 23.50s
[INFO] running `Command { std: "docker" "inspect" "b53c5644f770aa616f9ae1856091a0ef54edf4b073d2a14b519e83bac764a733", kill_on_drop: false }`
[INFO] running `Command { std: "docker" "exec" "-e" "SOURCE_DIR=/opt/rustwide/workdir" "-e" "CARGO_HOME=/opt/rustwide/cargo-home" "-e" "RUSTUP_HOME=/opt/rustwide/rustup-home" "-e" "CARGO_TARGET_DIR=/opt/rustwide/target" "-e" "CARGO_INCREMENTAL=0" "-e" "RUST_BACKTRACE=full" "-e" "RUSTFLAGS=--cap-lints=warn" "-e" "RUSTDOCFLAGS=--cap-lints=warn" "-w" "/opt/rustwide/workdir" "--user" "0:0" "b53c5644f770aa616f9ae1856091a0ef54edf4b073d2a14b519e83bac764a733" "/opt/rustwide/cargo-home/bin/cargo" "+1.100.0-beta.1" "test" "--frozen" "--no-run" "--message-format=json" "--release", kill_on_drop: false }`
[INFO] [stderr]    Compiling libc v0.2.186
[INFO] [stderr]    Compiling getrandom v0.4.2
[INFO] [stderr]    Compiling bitflags v2.13.0
[INFO] [stderr]    Compiling fastrand v2.4.1
[INFO] [stderr]    Compiling similar v2.7.0
[INFO] [stderr]    Compiling rustix v1.1.4
[INFO] [stderr]    Compiling console v0.16.3
[INFO] [stderr]    Compiling tempfile v3.27.0
[INFO] [stderr]    Compiling insta v1.48.0
[INFO] [stderr]    Compiling crisp-ownership v1.9.0 (/opt/rustwide/workdir)
[INFO] [stderr]     Finished `release` profile [optimized] target(s) in 18.68s
[INFO] running `Command { std: "docker" "inspect" "b53c5644f770aa616f9ae1856091a0ef54edf4b073d2a14b519e83bac764a733", kill_on_drop: false }`
[INFO] running `Command { std: "docker" "exec" "-e" "SOURCE_DIR=/opt/rustwide/workdir" "-e" "CARGO_HOME=/opt/rustwide/cargo-home" "-e" "RUSTUP_HOME=/opt/rustwide/rustup-home" "-e" "CARGO_TARGET_DIR=/opt/rustwide/target" "-e" "CARGO_INCREMENTAL=0" "-e" "RUST_BACKTRACE=full" "-e" "RUSTFLAGS=--cap-lints=warn" "-e" "RUSTDOCFLAGS=--cap-lints=warn" "-w" "/opt/rustwide/workdir" "--user" "0:0" "b53c5644f770aa616f9ae1856091a0ef54edf4b073d2a14b519e83bac764a733" "/opt/rustwide/cargo-home/bin/cargo" "+1.100.0-beta.1" "test" "--frozen" "--release", kill_on_drop: false }`
[INFO] [stderr]     Finished `release` profile [optimized] target(s) in 0.06s
[INFO] [stderr]      Running unittests src/lib.rs (/opt/rustwide/target/release/build/crisp-ownership/a5295776acf4552a/out/crisp_ownership-a5295776acf4552a)
[INFO] [stdout] 
[INFO] [stdout] running 14 tests
[INFO] [stdout] test analyze::tests::explicit_borrow_ok ... ok
[INFO] [stdout] test analyze::tests::explicit_contradiction_errors ... ok
[INFO] [stdout] test usage::tests::join_read_move_is_move ... ok
[INFO] [stdout] test analyze::tests::detect_auto_clone_after_move ... ok
[INFO] [stdout] test fallback::tests::reborrow_widens_owned_params ... ok
[INFO] [stdout] test lattice::tests::lattice_ordering ... ok
[INFO] [stdout] test analyze::tests::infer_hello_ownership ... FAILED
[INFO] [stdout] test analyze::tests::infer_move_out_return ... ok
[INFO] [stdout] test analyze::tests::infer_mutate_param ... ok
[INFO] [stdout] test display::tests::format_hello_greet ... FAILED
[INFO] [stdout] test fallback::tests::clone_fallback_applies_when_auto_clone_present ... ok
[INFO] [stdout] test usage::tests::join_read_mutate_is_mutate ... ok
[INFO] [stdout] test fallback::tests::clone_fallback_skipped_without_auto_clone ... ok
[INFO] [stdout] test usage::tests::join_read_read_is_read ... ok
[INFO] [stdout] 
[INFO] [stdout] failures:
[INFO] [stdout] 
[INFO] [stdout] ---- analyze::tests::infer_hello_ownership stdout ----
[INFO] [stdout] 
[INFO] [stdout] thread 'analyze::tests::infer_hello_ownership' (700) panicked at src/analyze.rs:679:71:
[INFO] [stdout] ownership hello: Resolve(NoSrcDir { root: "/opt/rustwide/workdir/../../examples/hello" })
[INFO] [stdout] stack backtrace:
[INFO] [stdout]    0:     0x5bfc87fe8091 - <<std[617be2ca0a6fd877]::sys::backtrace::BacktraceLock>::print::DisplayBacktrace as core[a373ad73a504971]::fmt::Display>::fmt
[INFO] [stdout]    1:     0x5bfc87ffd74a - core[a373ad73a504971]::fmt::write
[INFO] [stdout]    2:     0x5bfc87fec59c - <alloc[2e1b2a31b91974c5]::vec::Vec<u8> as core[a373ad73a504971]::io::write::Write>::write_fmt
[INFO] [stdout]    3:     0x5bfc87fc3986 - std[617be2ca0a6fd877]::panicking::default_hook::{closure#0}
[INFO] [stdout]    4:     0x5bfc87fe01b9 - std[617be2ca0a6fd877]::panicking::default_hook
[INFO] [stdout]    5:     0x5bfc87e763d0 - test[aada8e7e76ba119b]::test_main_inner::{closure#0}
[INFO] [stdout]    6:     0x5bfc87fe0372 - std[617be2ca0a6fd877]::panicking::panic_with_hook
[INFO] [stdout]    7:     0x5bfc87fc3a32 - std[617be2ca0a6fd877]::panicking::panic_handler::{closure#0}
[INFO] [stdout]    8:     0x5bfc87fbc519 - std[617be2ca0a6fd877]::sys::backtrace::__rust_end_short_backtrace::<std[617be2ca0a6fd877]::panicking::panic_handler::{closure#0}, !>
[INFO] [stdout]    9:     0x5bfc87fc463d - __rustc[ea4f61d10b84890b]::rust_begin_unwind
[INFO] [stdout]   10:     0x5bfc87ffde7c - core[a373ad73a504971]::panicking::panic_fmt
[INFO] [stdout]   11:     0x5bfc87ffdc52 - core[a373ad73a504971]::result::unwrap_failed
[INFO] [stdout]   12:     0x5bfc87e633f5 - <crisp_ownership[2a726544ee8c25ed]::analyze::tests::infer_hello_ownership::{closure#0} as core[a373ad73a504971]::ops::function::FnOnce<()>>::call_once
[INFO] [stdout]   13:     0x5bfc87e6981b - test[aada8e7e76ba119b]::__rust_begin_short_backtrace::<core[a373ad73a504971]::result::Result<(), alloc[2e1b2a31b91974c5]::string::String>, fn() -> core[a373ad73a504971]::result::Result<(), alloc[2e1b2a31b91974c5]::string::String>>
[INFO] [stdout]   14:     0x5bfc87e769f5 - test[aada8e7e76ba119b]::run_test::{closure#0}
[INFO] [stdout]   15:     0x5bfc87e702e4 - std[617be2ca0a6fd877]::sys::backtrace::__rust_begin_short_backtrace::<test[aada8e7e76ba119b]::run_test::{closure#1}, ()>
[INFO] [stdout]   16:     0x5bfc87e79a82 - <std[617be2ca0a6fd877]::thread::lifecycle::spawn_unchecked<test[aada8e7e76ba119b]::run_test::{closure#1}, ()>::{closure#1} as core[a373ad73a504971]::ops::function::FnOnce<()>>::call_once::{shim:vtable#0}
[INFO] [stdout]   17:     0x5bfc87fe758f - <std[617be2ca0a6fd877]::sys::thread::unix::Thread>::new::thread_start
[INFO] [stdout]   18:     0x774b4b7c5dfa - <unknown>
[INFO] [stdout]   19:     0x774b4b8593d4 - clone
[INFO] [stdout]   20:                0x0 - <unknown>
[INFO] [stdout] 
[INFO] [stdout] ---- display::tests::format_hello_greet stdout ----
[INFO] [stdout] 
[INFO] [stdout] thread 'display::tests::format_hello_greet' (703) panicked at src/display.rs:83:53:
[INFO] [stdout] called `Result::unwrap()` on an `Err` value: Resolve(NoSrcDir { root: "/opt/rustwide/workdir/../../examples/hello" })
[INFO] [stdout] stack backtrace:
[INFO] [stdout]    0:     0x5bfc87fe8091 - <<std[617be2ca0a6fd877]::sys::backtrace::BacktraceLock>::print::DisplayBacktrace as core[a373ad73a504971]::fmt::Display>::fmt
[INFO] [stdout]    1:     0x5bfc87ffd74a - core[a373ad73a504971]::fmt::write
[INFO] [stdout]    2:     0x5bfc87fec59c - <alloc[2e1b2a31b91974c5]::vec::Vec<u8> as core[a373ad73a504971]::io::write::Write>::write_fmt
[INFO] [stdout]    3:     0x5bfc87fc3986 - std[617be2ca0a6fd877]::panicking::default_hook::{closure#0}
[INFO] [stdout]    4:     0x5bfc87fe01b9 - std[617be2ca0a6fd877]::panicking::default_hook
[INFO] [stdout]    5:     0x5bfc87e763d0 - test[aada8e7e76ba119b]::test_main_inner::{closure#0}
[INFO] [stdout]    6:     0x5bfc87fe0372 - std[617be2ca0a6fd877]::panicking::panic_with_hook
[INFO] [stdout]    7:     0x5bfc87fc3a32 - std[617be2ca0a6fd877]::panicking::panic_handler::{closure#0}
[INFO] [stdout]    8:     0x5bfc87fbc519 - std[617be2ca0a6fd877]::sys::backtrace::__rust_end_short_backtrace::<std[617be2ca0a6fd877]::panicking::panic_handler::{closure#0}, !>
[INFO] [stdout]    9:     0x5bfc87fc463d - __rustc[ea4f61d10b84890b]::rust_begin_unwind
[INFO] [stdout]   10:     0x5bfc87ffde7c - core[a373ad73a504971]::panicking::panic_fmt
[INFO] [stdout]   11:     0x5bfc87ffdc52 - core[a373ad73a504971]::result::unwrap_failed
[INFO] [stdout]   12:     0x5bfc87e5a75b - <crisp_ownership[2a726544ee8c25ed]::display::tests::format_hello_greet::{closure#0} as core[a373ad73a504971]::ops::function::FnOnce<()>>::call_once
[INFO] [stdout]   13:     0x5bfc87e6981b - test[aada8e7e76ba119b]::__rust_begin_short_backtrace::<core[a373ad73a504971]::result::Result<(), alloc[2e1b2a31b91974c5]::string::String>, fn() -> core[a373ad73a504971]::result::Result<(), alloc[2e1b2a31b91974c5]::string::String>>
[INFO] [stdout]   14:     0x5bfc87e769f5 - test[aada8e7e76ba119b]::run_test::{closure#0}
[INFO] [stdout]   15:     0x5bfc87e702e4 - std[617be2ca0a6fd877]::sys::backtrace::__rust_begin_short_backtrace::<test[aada8e7e76ba119b]::run_test::{closure#1}, ()>
[INFO] [stdout]   16:     0x5bfc87e79a82 - <std[617be2ca0a6fd877]::thread::lifecycle::spawn_unchecked<test[aada8e7e76ba119b]::run_test::{closure#1}, ()>::{closure#1} as core[a373ad73a504971]::ops::function::FnOnce<()>>::call_once::{shim:vtable#0}
[INFO] [stdout]   17:     0x5bfc87fe758f - <std[617be2ca0a6fd877]::sys::thread::unix::Thread>::new::thread_start
[INFO] [stdout]   18:     0x774b4b7c5dfa - <unknown>
[INFO] [stdout]   19:     0x774b4b8593d4 - clone
[INFO] [stdout]   20:                0x0 - <unknown>
[INFO] [stdout] 
[INFO] [stdout] 
[INFO] [stdout] failures:
[INFO] [stdout]     analyze::tests::infer_hello_ownership
[INFO] [stdout]     display::tests::format_hello_greet
[INFO] [stdout] 
[INFO] [stdout] test result: FAILED. 12 passed; 2 failed; 0 ignored; 0 measured; 0 filtered out; finished in 0.01s
[INFO] [stdout] 
[INFO] [stderr] error: test failed, to rerun pass `--lib`
[INFO] running `Command { std: "docker" "inspect" "b53c5644f770aa616f9ae1856091a0ef54edf4b073d2a14b519e83bac764a733", kill_on_drop: false }`
[INFO] running `Command { std: "docker" "rm" "-f" "b53c5644f770aa616f9ae1856091a0ef54edf4b073d2a14b519e83bac764a733", kill_on_drop: false }`
[INFO] [stdout] b53c5644f770aa616f9ae1856091a0ef54edf4b073d2a14b519e83bac764a733
