[INFO] fetching crate crisp-lang 1.9.0...
[INFO] testing crisp-lang-1.9.0 against 1.100.0-beta.1+cargoflags=--release for beta-release-1.100-2
[INFO] extracting crate crisp-lang 1.9.0 into /workspace/builds/worker-0-tc2/source
[INFO] started tweaking crates.io crate crisp-lang 1.9.0
[INFO] removed 0 missing tests
[INFO] finished tweaking crates.io crate crisp-lang 1.9.0
[INFO] tweaked toml for crates.io crate crisp-lang 1.9.0 written to /workspace/builds/worker-0-tc2/source/Cargo.toml
[INFO] validating manifest of crates.io crate crisp-lang 1.9.0 on toolchain 1.100.0-beta.1
[INFO] running `Command { std: CARGO_HOME="/workspace/cargo-home" RUSTUP_HOME="/workspace/rustup-home" "/workspace/cargo-home/bin/cargo" "+1.100.0-beta.1" "metadata" "--manifest-path" "Cargo.toml" "--no-deps", kill_on_drop: false }`
[INFO] crate crates.io crate crisp-lang 1.9.0 already has a lockfile, it will not be regenerated
[INFO] running `Command { std: CARGO_HOME="/workspace/cargo-home" RUSTUP_HOME="/workspace/rustup-home" "/workspace/cargo-home/bin/cargo" "+1.100.0-beta.1" "fetch" "--manifest-path" "Cargo.toml", kill_on_drop: false }`
[INFO] running `Command { std: "docker" "create" "-v" "/var/lib/crater-agent-workspace/builds/worker-0-tc2/source:/opt/rustwide/workdir:ro,Z" "-v" "/var/lib/crater-agent-workspace/builds/worker-0-tc2/target:/opt/rustwide/target:rw,Z" "-v" "/var/lib/crater-agent-workspace/cargo-home:/opt/rustwide/cargo-home:ro,Z" "-v" "/var/lib/crater-agent-workspace/rustup-home:/opt/rustwide/rustup-home:ro,Z" "-m" "1610612736" "--network" "none" "ghcr.io/rust-lang/crates-build-env/linux@sha256:77db811e55d90add9212f6832c23229e3de5f1c1f9905e8cb07319ea15df73ac" "sleep" "infinity", kill_on_drop: false }`
[INFO] [stdout] eb7fd952dbd509339b76acbfc9d1cf310d113ceb6d24ff156e92efb770a83291
[INFO] running `Command { std: "docker" "start" "eb7fd952dbd509339b76acbfc9d1cf310d113ceb6d24ff156e92efb770a83291", kill_on_drop: false }`
[INFO] running `Command { std: "docker" "inspect" "eb7fd952dbd509339b76acbfc9d1cf310d113ceb6d24ff156e92efb770a83291", kill_on_drop: false }`
[INFO] running `Command { std: "docker" "exec" "-e" "SOURCE_DIR=/opt/rustwide/workdir" "-e" "CARGO_HOME=/opt/rustwide/cargo-home" "-e" "RUSTUP_HOME=/opt/rustwide/rustup-home" "-e" "CARGO_TARGET_DIR=/opt/rustwide/target" "-w" "/opt/rustwide/workdir" "--user" "0:0" "eb7fd952dbd509339b76acbfc9d1cf310d113ceb6d24ff156e92efb770a83291" "/opt/rustwide/cargo-home/bin/cargo" "+1.100.0-beta.1" "metadata" "--no-deps" "--format-version=1", kill_on_drop: false }`
[INFO] running `Command { std: "docker" "inspect" "eb7fd952dbd509339b76acbfc9d1cf310d113ceb6d24ff156e92efb770a83291", kill_on_drop: false }`
[INFO] running `Command { std: "docker" "exec" "-e" "SOURCE_DIR=/opt/rustwide/workdir" "-e" "CARGO_HOME=/opt/rustwide/cargo-home" "-e" "RUSTUP_HOME=/opt/rustwide/rustup-home" "-e" "CARGO_TARGET_DIR=/opt/rustwide/target" "-e" "CARGO_INCREMENTAL=0" "-e" "RUST_BACKTRACE=full" "-e" "RUSTFLAGS=--cap-lints=warn" "-e" "RUSTDOCFLAGS=--cap-lints=warn" "-w" "/opt/rustwide/workdir" "--user" "0:0" "eb7fd952dbd509339b76acbfc9d1cf310d113ceb6d24ff156e92efb770a83291" "/opt/rustwide/cargo-home/bin/cargo" "+1.100.0-beta.1" "build" "--frozen" "--message-format=json" "--release", kill_on_drop: false }`
[INFO] [stderr]    Compiling proc-macro2 v1.0.106
[INFO] [stderr]    Compiling quote v1.0.45
[INFO] [stderr]    Compiling thiserror v2.0.18
[INFO] [stderr]    Compiling zmij v1.0.21
[INFO] [stderr]    Compiling crisp-ast v1.9.0
[INFO] [stderr]    Compiling serde_json v1.0.150
[INFO] [stderr]    Compiling memchr v2.8.2
[INFO] [stderr]    Compiling indexmap v2.14.0
[INFO] [stderr]    Compiling libc v0.2.186
[INFO] [stderr]    Compiling getrandom v0.4.2
[INFO] [stderr]    Compiling bitflags v2.13.0
[INFO] [stderr]    Compiling anyhow v1.0.102
[INFO] [stderr]    Compiling tracing-core v0.1.36
[INFO] [stderr]    Compiling fastrand v2.4.1
[INFO] [stderr]    Compiling log v0.4.32
[INFO] [stderr]    Compiling clap_builder v4.6.0
[INFO] [stderr]    Compiling rustix v1.1.4
[INFO] [stderr]    Compiling tracing-log v0.2.0
[INFO] [stderr]    Compiling tracing-subscriber v0.3.23
[INFO] [stderr]    Compiling syn v2.0.117
[INFO] [stderr]    Compiling tempfile v3.27.0
[INFO] [stderr]    Compiling serde_derive v1.0.228
[INFO] [stderr]    Compiling thiserror-impl v2.0.18
[INFO] [stderr]    Compiling tracing-attributes v0.1.31
[INFO] [stderr]    Compiling clap_derive v4.6.1
[INFO] [stderr]    Compiling crisp-lexer v1.9.0
[INFO] [stderr]    Compiling crisp-diagnostics v1.9.0
[INFO] [stderr]    Compiling crisp-parser v1.9.0
[INFO] [stderr]    Compiling tracing v0.1.44
[INFO] [stderr]    Compiling clap v4.6.1
[INFO] [stderr]    Compiling serde v1.0.228
[INFO] [stderr]    Compiling serde_spanned v0.6.9
[INFO] [stderr]    Compiling toml_datetime v0.6.11
[INFO] [stderr]    Compiling toml_edit v0.22.27
[INFO] [stderr]    Compiling toml v0.8.23
[INFO] [stderr]    Compiling crisp-manifest v1.9.0
[INFO] [stderr]    Compiling crisp-resolve v1.9.0
[INFO] [stderr]    Compiling crisp-typeck v1.9.0
[INFO] [stderr]    Compiling crisp-ownership v1.9.0
[INFO] [stderr]    Compiling crisp-errors v1.9.0
[INFO] [stderr]    Compiling crisp-regions v1.9.0
[INFO] [stderr]    Compiling crisp-cir v1.9.0
[INFO] [stderr]    Compiling crisp-rust-emit v1.9.0
[INFO] [stderr]    Compiling crisp-reveal v1.9.0
[INFO] [stderr]    Compiling crisp-lang v1.9.0 (/opt/rustwide/workdir)
[INFO] [stderr] warning: unused dependency `tracing`
[INFO] [stderr]   --> Cargo.toml:52:15
[INFO] [stderr]    |
[INFO] [stderr] 52 | [dependencies.tracing]
[INFO] [stderr]    |               ^^^^^^^^
[INFO] [stderr]    |
[INFO] [stderr]    = note: `cargo::unused_dependencies` is set to `warn` by default
[INFO] [stderr] help: consider removing the dependency on `tracing`
[INFO] [stderr] warning: `crisp-lang` (manifest) generated 1 warning
[INFO] [stderr]     Finished `release` profile [optimized] target(s) in 1m 25s
[INFO] running `Command { std: "docker" "inspect" "eb7fd952dbd509339b76acbfc9d1cf310d113ceb6d24ff156e92efb770a83291", kill_on_drop: false }`
[INFO] running `Command { std: "docker" "exec" "-e" "SOURCE_DIR=/opt/rustwide/workdir" "-e" "CARGO_HOME=/opt/rustwide/cargo-home" "-e" "RUSTUP_HOME=/opt/rustwide/rustup-home" "-e" "CARGO_TARGET_DIR=/opt/rustwide/target" "-e" "CARGO_INCREMENTAL=0" "-e" "RUST_BACKTRACE=full" "-e" "RUSTFLAGS=--cap-lints=warn" "-e" "RUSTDOCFLAGS=--cap-lints=warn" "-w" "/opt/rustwide/workdir" "--user" "0:0" "eb7fd952dbd509339b76acbfc9d1cf310d113ceb6d24ff156e92efb770a83291" "/opt/rustwide/cargo-home/bin/cargo" "+1.100.0-beta.1" "test" "--frozen" "--no-run" "--message-format=json" "--release", kill_on_drop: false }`
[INFO] [stderr]    Compiling crisp-lang v1.9.0 (/opt/rustwide/workdir)
[INFO] [stderr]     Finished `release` profile [optimized] target(s) in 1.46s
[INFO] running `Command { std: "docker" "inspect" "eb7fd952dbd509339b76acbfc9d1cf310d113ceb6d24ff156e92efb770a83291", kill_on_drop: false }`
[INFO] running `Command { std: "docker" "exec" "-e" "SOURCE_DIR=/opt/rustwide/workdir" "-e" "CARGO_HOME=/opt/rustwide/cargo-home" "-e" "RUSTUP_HOME=/opt/rustwide/rustup-home" "-e" "CARGO_TARGET_DIR=/opt/rustwide/target" "-e" "CARGO_INCREMENTAL=0" "-e" "RUST_BACKTRACE=full" "-e" "RUSTFLAGS=--cap-lints=warn" "-e" "RUSTDOCFLAGS=--cap-lints=warn" "-w" "/opt/rustwide/workdir" "--user" "0:0" "eb7fd952dbd509339b76acbfc9d1cf310d113ceb6d24ff156e92efb770a83291" "/opt/rustwide/cargo-home/bin/cargo" "+1.100.0-beta.1" "test" "--frozen" "--release", kill_on_drop: false }`
[INFO] [stderr]     Finished `release` profile [optimized] target(s) in 0.14s
[INFO] [stderr]      Running unittests src/main.rs (/opt/rustwide/target/release/build/crisp-lang/640b06934e30a9fa/out/crisp-640b06934e30a9fa)
[INFO] [stdout] 
[INFO] [stderr]      Running unittests src/reveal.rs (/opt/rustwide/target/release/build/crisp-lang/ffe39181466e55ac/out/reveal-ffe39181466e55ac)
[INFO] [stdout] running 0 tests
[INFO] [stdout] 
[INFO] [stdout] test result: ok. 0 passed; 0 failed; 0 ignored; 0 measured; 0 filtered out; finished in 0.00s
[INFO] [stdout] 
[INFO] [stdout] 
[INFO] [stdout] running 0 tests
[INFO] [stderr]      Running tests/cli_e2e.rs (/opt/rustwide/target/release/build/crisp-lang/e3a2a1da4a67811d/out/cli_e2e-e3a2a1da4a67811d)
[INFO] [stdout] 
[INFO] [stdout] test result: ok. 0 passed; 0 failed; 0 ignored; 0 measured; 0 filtered out; finished in 0.00s
[INFO] [stdout] 
[INFO] [stdout] 
[INFO] [stdout] running 32 tests
[INFO] [stdout] test crisp_emit_hello ... FAILED
[INFO] [stdout] test crisp_build_and_run_hello ... FAILED
[INFO] [stdout] test crisp_test_patterns ... FAILED
[INFO] [stdout] test crisp_check_all_examples ... FAILED
[INFO] [stdout] test crisp_check_missing_use_prints_snippet_and_help ... FAILED
[INFO] [stdout] test crisp_run_rust_shadow ... FAILED
[INFO] [stdout] test crisp_test_math ... FAILED
[INFO] [stdout] test crisp_build_and_run_patterns ... FAILED
[INFO] [stdout] test crisp_build_and_run_kitchen_sink ... FAILED
[INFO] [stdout] test crisp_run_nested_math ... FAILED
[INFO] [stdout] test reveal_bad_path_prints_hint ... ok
[INFO] [stdout] test crisp_check_shape_def_ok ... FAILED
[INFO] [stdout] test crisp_run_rust_import ... FAILED
[INFO] [stdout] test crisp_test_feature_gallery ... FAILED
[INFO] [stdout] test crisp_run_vec2_methods ... FAILED
[INFO] [stdout] test crisp_test_multiple_paths_ignores_and_glue ... FAILED
[INFO] [stdout] test reveal_ownership_server ... FAILED
[INFO] [stdout] test reveal_errors_fallible ... FAILED
[INFO] [stdout] test reveal_expand_defaults ... FAILED
[INFO] [stdout] test reveal_seal_sealed_example ... FAILED
[INFO] [stdout] test reveal_rust_math ... FAILED
[INFO] [stdout] test reveal_help_lists_section_16_commands ... ok
[INFO] [stdout] test reveal_diff_and_map_hello_smoke ... FAILED
[INFO] [stdout] test issue_109_parse_error_is_file_line_col ... ok
[INFO] [stdout] test reveal_lifetimes_hello ... FAILED
[INFO] [stdout] test reveal_ownership_ownership_demo ... FAILED
[INFO] [stdout] test reveal_types_help_mentions_path ... ok
[INFO] [stdout] test sealed_drift_fails_check ... FAILED
[INFO] [stdout] test crisp_check_rust_shadow_prints_w0048 ... FAILED
[INFO] [stdout] test crisp_test_with_tests ... FAILED
[INFO] [stdout] test reveal_types_kitchen_sink ... FAILED
[INFO] [stdout] test reveal_types_hello ... FAILED
[INFO] [stdout] 
[INFO] [stdout] failures:
[INFO] [stdout] 
[INFO] [stdout] ---- crisp_emit_hello stdout ----
[INFO] [stdout] $ crisp emit /opt/rustwide/workdir/../../examples/hello (status=exit status: 1)
[INFO] [stdout] stderr:
[INFO] [stdout] Error: [E0074] resolve error: crate has no src/ directory at /opt/rustwide/workdir/../../examples/hello
[INFO] [stdout] 
[INFO] [stdout] Caused by:
[INFO] [stdout]     0: [E0074] resolve error: crate has no src/ directory at /opt/rustwide/workdir/../../examples/hello
[INFO] [stdout]     1: crate has no src/ directory at /opt/rustwide/workdir/../../examples/hello
[INFO] [stdout] 
[INFO] [stdout] Stack backtrace:
[INFO] [stdout]    0: <anyhow::Error as core::convert::From<crisp_rust_emit::pipeline::PipelineError>>::from
[INFO] [stdout]    1: crisp::main
[INFO] [stdout]    2: std::sys::backtrace::__rust_begin_short_backtrace::<fn() -> core::result::Result<(), anyhow::Error>, core::result::Result<(), anyhow::Error>>
[INFO] [stdout]    3: std::rt::lang_start::<core::result::Result<(), anyhow::Error>>::{closure#0}
[INFO] [stdout]    4: std::rt::lang_start_internal
[INFO] [stdout]    5: main
[INFO] [stdout]    6: <unknown>
[INFO] [stdout]    7: __libc_start_main
[INFO] [stdout]    8: _start
[INFO] [stdout] 
[INFO] [stdout] 
[INFO] [stdout] thread 'crisp_emit_hello' (1365) panicked at tests/cli_e2e.rs:32:5:
[INFO] [stdout] crisp ["emit", "/opt/rustwide/workdir/../../examples/hello"] failed
[INFO] [stdout] stack backtrace:
[INFO] [stdout]    0:     0x572ff56b4a01 - <<std[617be2ca0a6fd877]::sys::backtrace::BacktraceLock>::print::DisplayBacktrace as core[a373ad73a504971]::fmt::Display>::fmt
[INFO] [stdout]    1:     0x572ff56c8efa - core[a373ad73a504971]::fmt::write
[INFO] [stdout]    2:     0x572ff56b90dc - <alloc[2e1b2a31b91974c5]::vec::Vec<u8> as core[a373ad73a504971]::io::write::Write>::write_fmt
[INFO] [stdout]    3:     0x572ff568e386 - std[617be2ca0a6fd877]::panicking::default_hook::{closure#0}
[INFO] [stdout]    4:     0x572ff56ab559 - std[617be2ca0a6fd877]::panicking::default_hook
[INFO] [stdout]    5:     0x572ff5646480 - test[aada8e7e76ba119b]::test_main_inner::{closure#0}
[INFO] [stdout]    6:     0x572ff56ab712 - std[617be2ca0a6fd877]::panicking::panic_with_hook
[INFO] [stdout]    7:     0x572ff568e432 - std[617be2ca0a6fd877]::panicking::panic_handler::{closure#0}
[INFO] [stdout]    8:     0x572ff5686df9 - std[617be2ca0a6fd877]::sys::backtrace::__rust_end_short_backtrace::<std[617be2ca0a6fd877]::panicking::panic_handler::{closure#0}, !>
[INFO] [stdout]    9:     0x572ff568f03d - __rustc[ea4f61d10b84890b]::rust_begin_unwind
[INFO] [stdout]   10:     0x572ff56c962c - core[a373ad73a504971]::panicking::panic_fmt
[INFO] [stdout]   11:     0x572ff562f56f - cli_e2e[eff306dd1f396c67]::run_ok
[INFO] [stdout]   12:     0x572ff56307d5 - <cli_e2e[eff306dd1f396c67]::crisp_emit_hello::{closure#0} as core[a373ad73a504971]::ops::function::FnOnce<()>>::call_once
[INFO] [stdout]   13:     0x572ff56398cb - test[aada8e7e76ba119b]::__rust_begin_short_backtrace::<core[a373ad73a504971]::result::Result<(), alloc[2e1b2a31b91974c5]::string::String>, fn() -> core[a373ad73a504971]::result::Result<(), alloc[2e1b2a31b91974c5]::string::String>>
[INFO] [stdout]   14:     0x572ff5646aa5 - test[aada8e7e76ba119b]::run_test::{closure#0}
[INFO] [stdout]   15:     0x572ff5640394 - std[617be2ca0a6fd877]::sys::backtrace::__rust_begin_short_backtrace::<test[aada8e7e76ba119b]::run_test::{closure#1}, ()>
[INFO] [stdout]   16:     0x572ff5649b32 - <std[617be2ca0a6fd877]::thread::lifecycle::spawn_unchecked<test[aada8e7e76ba119b]::run_test::{closure#1}, ()>::{closure#1} as core[a373ad73a504971]::ops::function::FnOnce<()>>::call_once::{shim:vtable#0}
[INFO] [stdout]   17:     0x572ff56b3c5f - <std[617be2ca0a6fd877]::sys::thread::unix::Thread>::new::thread_start
[INFO] [stdout]   18:     0x7337e1f73dfa - <unknown>
[INFO] [stdout]   19:     0x7337e20073d4 - clone
[INFO] [stdout]   20:                0x0 - <unknown>
[INFO] [stdout] 
[INFO] [stdout] ---- crisp_build_and_run_hello stdout ----
[INFO] [stdout] $ crisp build /opt/rustwide/workdir/../../examples/hello (status=exit status: 1)
[INFO] [stdout] stderr:
[INFO] [stdout] Error: [E0074] resolve error: crate has no src/ directory at /opt/rustwide/workdir/../../examples/hello
[INFO] [stdout] 
[INFO] [stdout] Caused by:
[INFO] [stdout]     0: [E0074] resolve error: crate has no src/ directory at /opt/rustwide/workdir/../../examples/hello
[INFO] [stdout]     1: crate has no src/ directory at /opt/rustwide/workdir/../../examples/hello
[INFO] [stdout] 
[INFO] [stdout] Stack backtrace:
[INFO] [stdout]    0: <anyhow::Error as core::convert::From<crisp_rust_emit::pipeline::PipelineError>>::from
[INFO] [stdout]    1: crisp::main
[INFO] [stdout]    2: std::sys::backtrace::__rust_begin_short_backtrace::<fn() -> core::result::Result<(), anyhow::Error>, core::result::Result<(), anyhow::Error>>
[INFO] [stdout]    3: std::rt::lang_start::<core::result::Result<(), anyhow::Error>>::{closure#0}
[INFO] [stdout]    4: std::rt::lang_start_internal
[INFO] [stdout]    5: main
[INFO] [stdout]    6: <unknown>
[INFO] [stdout]    7: __libc_start_main
[INFO] [stdout]    8: _start
[INFO] [stdout] 
[INFO] [stdout] 
[INFO] [stdout] thread 'crisp_build_and_run_hello' (1358) panicked at tests/cli_e2e.rs:32:5:
[INFO] [stdout] crisp ["build", "/opt/rustwide/workdir/../../examples/hello"] failed
[INFO] [stdout] stack backtrace:
[INFO] [stdout]    0:     0x572ff56b4a01 - <<std[617be2ca0a6fd877]::sys::backtrace::BacktraceLock>::print::DisplayBacktrace as core[a373ad73a504971]::fmt::Display>::fmt
[INFO] [stdout]    1:     0x572ff56c8efa - core[a373ad73a504971]::fmt::write
[INFO] [stdout]    2:     0x572ff56b90dc - <alloc[2e1b2a31b91974c5]::vec::Vec<u8> as core[a373ad73a504971]::io::write::Write>::write_fmt
[INFO] [stdout]    3:     0x572ff568e386 - std[617be2ca0a6fd877]::panicking::default_hook::{closure#0}
[INFO] [stdout]    4:     0x572ff56ab559 - std[617be2ca0a6fd877]::panicking::default_hook
[INFO] [stdout]    5:     0x572ff5646480 - test[aada8e7e76ba119b]::test_main_inner::{closure#0}
[INFO] [stdout]    6:     0x572ff56ab712 - std[617be2ca0a6fd877]::panicking::panic_with_hook
[INFO] [stdout]    7:     0x572ff568e432 - std[617be2ca0a6fd877]::panicking::panic_handler::{closure#0}
[INFO] [stdout]    8:     0x572ff5686df9 - std[617be2ca0a6fd877]::sys::backtrace::__rust_end_short_backtrace::<std[617be2ca0a6fd877]::panicking::panic_handler::{closure#0}, !>
[INFO] [stdout]    9:     0x572ff568f03d - __rustc[ea4f61d10b84890b]::rust_begin_unwind
[INFO] [stdout]   10:     0x572ff56c962c - core[a373ad73a504971]::panicking::panic_fmt
[INFO] [stdout]   11:     0x572ff562f56f - cli_e2e[eff306dd1f396c67]::run_ok
[INFO] [stdout]   12:     0x572ff5633c4e - <cli_e2e[eff306dd1f396c67]::crisp_build_and_run_hello::{closure#0} as core[a373ad73a504971]::ops::function::FnOnce<()>>::call_once
[INFO] [stdout]   13:     0x572ff56398cb - test[aada8e7e76ba119b]::__rust_begin_short_backtrace::<core[a373ad73a504971]::result::Result<(), alloc[2e1b2a31b91974c5]::string::String>, fn() -> core[a373ad73a504971]::result::Result<(), alloc[2e1b2a31b91974c5]::string::String>>
[INFO] [stdout]   14:     0x572ff5646aa5 - test[aada8e7e76ba119b]::run_test::{closure#0}
[INFO] [stdout]   15:     0x572ff5640394 - std[617be2ca0a6fd877]::sys::backtrace::__rust_begin_short_backtrace::<test[aada8e7e76ba119b]::run_test::{closure#1}, ()>
[INFO] [stdout]   16:     0x572ff5649b32 - <std[617be2ca0a6fd877]::thread::lifecycle::spawn_unchecked<test[aada8e7e76ba119b]::run_test::{closure#1}, ()>::{closure#1} as core[a373ad73a504971]::ops::function::FnOnce<()>>::call_once::{shim:vtable#0}
[INFO] [stdout]   17:     0x572ff56b3c5f - <std[617be2ca0a6fd877]::sys::thread::unix::Thread>::new::thread_start
[INFO] [stdout]   18:     0x7337e1f73dfa - <unknown>
[INFO] [stdout]   19:     0x7337e20073d4 - clone
[INFO] [stdout]   20:                0x0 - <unknown>
[INFO] [stdout] 
[INFO] [stdout] ---- crisp_test_patterns stdout ----
[INFO] [stdout] $ crisp test /opt/rustwide/workdir/../../examples/patterns (status=exit status: 1)
[INFO] [stdout] stderr:
[INFO] [stdout] Error: crate has no src/ directory at /opt/rustwide/workdir/../../examples/patterns
[INFO] [stdout] 
[INFO] [stdout] Caused by:
[INFO] [stdout]     crate has no src/ directory at /opt/rustwide/workdir/../../examples/patterns
[INFO] [stdout] 
[INFO] [stdout] Stack backtrace:
[INFO] [stdout]    0: <anyhow::Error as core::convert::From<crisp_rust_emit::test_harness::TestHarnessError>>::from
[INFO] [stdout]    1: crisp::main
[INFO] [stdout]    2: std::sys::backtrace::__rust_begin_short_backtrace::<fn() -> core::result::Result<(), anyhow::Error>, core::result::Result<(), anyhow::Error>>
[INFO] [stdout]    3: std::rt::lang_start::<core::result::Result<(), anyhow::Error>>::{closure#0}
[INFO] [stdout]    4: std::rt::lang_start_internal
[INFO] [stdout]    5: main
[INFO] [stdout]    6: <unknown>
[INFO] [stdout]    7: __libc_start_main
[INFO] [stdout]    8: _start
[INFO] [stdout] 
[INFO] [stdout] 
[INFO] [stdout] thread 'crisp_test_patterns' (1373) panicked at tests/cli_e2e.rs:32:5:
[INFO] [stdout] crisp ["test", "/opt/rustwide/workdir/../../examples/patterns"] failed
[INFO] [stdout] stack backtrace:
[INFO] [stdout]    0:     0x572ff56b4a01 - <<std[617be2ca0a6fd877]::sys::backtrace::BacktraceLock>::print::DisplayBacktrace as core[a373ad73a504971]::fmt::Display>::fmt
[INFO] [stdout]    1:     0x572ff56c8efa - core[a373ad73a504971]::fmt::write
[INFO] [stdout]    2:     0x572ff56b90dc - <alloc[2e1b2a31b91974c5]::vec::Vec<u8> as core[a373ad73a504971]::io::write::Write>::write_fmt
[INFO] [stdout]    3:     0x572ff568e386 - std[617be2ca0a6fd877]::panicking::default_hook::{closure#0}
[INFO] [stdout]    4:     0x572ff56ab559 - std[617be2ca0a6fd877]::panicking::default_hook
[INFO] [stdout]    5:     0x572ff5646480 - test[aada8e7e76ba119b]::test_main_inner::{closure#0}
[INFO] [stdout]    6:     0x572ff56ab712 - std[617be2ca0a6fd877]::panicking::panic_with_hook
[INFO] [stdout]    7:     0x572ff568e432 - std[617be2ca0a6fd877]::panicking::panic_handler::{closure#0}
[INFO] [stdout]    8:     0x572ff5686df9 - std[617be2ca0a6fd877]::sys::backtrace::__rust_end_short_backtrace::<std[617be2ca0a6fd877]::panicking::panic_handler::{closure#0}, !>
[INFO] [stdout]    9:     0x572ff568f03d - __rustc[ea4f61d10b84890b]::rust_begin_unwind
[INFO] [stdout]   10:     0x572ff56c962c - core[a373ad73a504971]::panicking::panic_fmt
[INFO] [stdout]   11:     0x572ff562f56f - cli_e2e[eff306dd1f396c67]::run_ok
[INFO] [stdout]   12:     0x572ff5631015 - <cli_e2e[eff306dd1f396c67]::crisp_test_patterns::{closure#0} as core[a373ad73a504971]::ops::function::FnOnce<()>>::call_once
[INFO] [stdout]   13:     0x572ff56398cb - test[aada8e7e76ba119b]::__rust_begin_short_backtrace::<core[a373ad73a504971]::result::Result<(), alloc[2e1b2a31b91974c5]::string::String>, fn() -> core[a373ad73a504971]::result::Result<(), alloc[2e1b2a31b91974c5]::string::String>>
[INFO] [stdout]   14:     0x572ff5646aa5 - test[aada8e7e76ba119b]::run_test::{closure#0}
[INFO] [stdout]   15:     0x572ff5640394 - std[617be2ca0a6fd877]::sys::backtrace::__rust_begin_short_backtrace::<test[aada8e7e76ba119b]::run_test::{closure#1}, ()>
[INFO] [stdout]   16:     0x572ff5649b32 - <std[617be2ca0a6fd877]::thread::lifecycle::spawn_unchecked<test[aada8e7e76ba119b]::run_test::{closure#1}, ()>::{closure#1} as core[a373ad73a504971]::ops::function::FnOnce<()>>::call_once::{shim:vtable#0}
[INFO] [stdout]   17:     0x572ff56b3c5f - <std[617be2ca0a6fd877]::sys::thread::unix::Thread>::new::thread_start
[INFO] [stdout]   18:     0x7337e1f73dfa - <unknown>
[INFO] [stdout]   19:     0x7337e20073d4 - clone
[INFO] [stdout]   20:                0x0 - <unknown>
[INFO] [stdout] 
[INFO] [stdout] ---- crisp_check_all_examples stdout ----
[INFO] [stdout] $ crisp check /opt/rustwide/workdir/../../examples/hello (status=exit status: 1)
[INFO] [stdout] stderr:
[INFO] [stdout] crate has no src/ directory at /opt/rustwide/workdir/../../examples/hello
[INFO] [stdout] Error: crate has no src/ directory at /opt/rustwide/workdir/../../examples/hello
[INFO] [stdout] 
[INFO] [stdout] Stack backtrace:
[INFO] [stdout]    0: <anyhow::Error as core::convert::From<crisp_resolve::error::ResolveError>>::from
[INFO] [stdout]    1: crisp::main
[INFO] [stdout]    2: std::sys::backtrace::__rust_begin_short_backtrace::<fn() -> core::result::Result<(), anyhow::Error>, core::result::Result<(), anyhow::Error>>
[INFO] [stdout]    3: std::rt::lang_start::<core::result::Result<(), anyhow::Error>>::{closure#0}
[INFO] [stdout]    4: std::rt::lang_start_internal
[INFO] [stdout]    5: main
[INFO] [stdout]    6: <unknown>
[INFO] [stdout]    7: __libc_start_main
[INFO] [stdout]    8: _start
[INFO] [stdout] 
[INFO] [stdout] 
[INFO] [stdout] thread 'crisp_check_all_examples' (1361) panicked at tests/cli_e2e.rs:32:5:
[INFO] [stdout] crisp ["check", "/opt/rustwide/workdir/../../examples/hello"] failed
[INFO] [stdout] stack backtrace:
[INFO] [stdout]    0:     0x572ff56b4a01 - <<std[617be2ca0a6fd877]::sys::backtrace::BacktraceLock>::print::DisplayBacktrace as core[a373ad73a504971]::fmt::Display>::fmt
[INFO] [stdout]    1:     0x572ff56c8efa - core[a373ad73a504971]::fmt::write
[INFO] [stdout]    2:     0x572ff56b90dc - <alloc[2e1b2a31b91974c5]::vec::Vec<u8> as core[a373ad73a504971]::io::write::Write>::write_fmt
[INFO] [stdout]    3:     0x572ff568e386 - std[617be2ca0a6fd877]::panicking::default_hook::{closure#0}
[INFO] [stdout]    4:     0x572ff56ab559 - std[617be2ca0a6fd877]::panicking::default_hook
[INFO] [stdout]    5:     0x572ff5646480 - test[aada8e7e76ba119b]::test_main_inner::{closure#0}
[INFO] [stdout]    6:     0x572ff56ab712 - std[617be2ca0a6fd877]::panicking::panic_with_hook
[INFO] [stdout]    7:     0x572ff568e432 - std[617be2ca0a6fd877]::panicking::panic_handler::{closure#0}
[INFO] [stdout]    8:     0x572ff5686df9 - std[617be2ca0a6fd877]::sys::backtrace::__rust_end_short_backtrace::<std[617be2ca0a6fd877]::panicking::panic_handler::{closure#0}, !>
[INFO] [stdout]    9:     0x572ff568f03d - __rustc[ea4f61d10b84890b]::rust_begin_unwind
[INFO] [stdout]   10:     0x572ff56c962c - core[a373ad73a504971]::panicking::panic_fmt
[INFO] [stdout]   11:     0x572ff562f56f - cli_e2e[eff306dd1f396c67]::run_ok
[INFO] [stdout]   12:     0x572ff5632bb6 - <cli_e2e[eff306dd1f396c67]::crisp_check_all_examples::{closure#0} as core[a373ad73a504971]::ops::function::FnOnce<()>>::call_once
[INFO] [stdout]   13:     0x572ff56398cb - test[aada8e7e76ba119b]::__rust_begin_short_backtrace::<core[a373ad73a504971]::result::Result<(), alloc[2e1b2a31b91974c5]::string::String>, fn() -> core[a373ad73a504971]::result::Result<(), alloc[2e1b2a31b91974c5]::string::String>>
[INFO] [stdout]   14:     0x572ff5646aa5 - test[aada8e7e76ba119b]::run_test::{closure#0}
[INFO] [stdout]   15:     0x572ff5640394 - std[617be2ca0a6fd877]::sys::backtrace::__rust_begin_short_backtrace::<test[aada8e7e76ba119b]::run_test::{closure#1}, ()>
[INFO] [stdout]   16:     0x572ff5649b32 - <std[617be2ca0a6fd877]::thread::lifecycle::spawn_unchecked<test[aada8e7e76ba119b]::run_test::{closure#1}, ()>::{closure#1} as core[a373ad73a504971]::ops::function::FnOnce<()>>::call_once::{shim:vtable#0}
[INFO] [stdout]   17:     0x572ff56b3c5f - <std[617be2ca0a6fd877]::sys::thread::unix::Thread>::new::thread_start
[INFO] [stdout]   18:     0x7337e1f73dfa - <unknown>
[INFO] [stdout]   19:     0x7337e20073d4 - clone
[INFO] [stdout]   20:                0x0 - <unknown>
[INFO] [stdout] 
[INFO] [stdout] ---- crisp_check_missing_use_prints_snippet_and_help stdout ----
[INFO] [stdout] stderr:
[INFO] [stdout] crate has no src/ directory at /opt/rustwide/workdir/../crisp-resolve/tests/fixtures/missing_use
[INFO] [stdout] Error: crate has no src/ directory at /opt/rustwide/workdir/../crisp-resolve/tests/fixtures/missing_use
[INFO] [stdout] 
[INFO] [stdout] Stack backtrace:
[INFO] [stdout]    0: <anyhow::Error as core::convert::From<crisp_resolve::error::ResolveError>>::from
[INFO] [stdout]    1: crisp::main
[INFO] [stdout]    2: std::sys::backtrace::__rust_begin_short_backtrace::<fn() -> core::result::Result<(), anyhow::Error>, core::result::Result<(), anyhow::Error>>
[INFO] [stdout]    3: std::rt::lang_start::<core::result::Result<(), anyhow::Error>>::{closure#0}
[INFO] [stdout]    4: std::rt::lang_start_internal
[INFO] [stdout]    5: main
[INFO] [stdout]    6: <unknown>
[INFO] [stdout]    7: __libc_start_main
[INFO] [stdout]    8: _start
[INFO] [stdout] 
[INFO] [stdout] 
[INFO] [stdout] thread 'crisp_check_missing_use_prints_snippet_and_help' (1362) panicked at tests/cli_e2e.rs:193:5:
[INFO] [stdout] crate has no src/ directory at /opt/rustwide/workdir/../crisp-resolve/tests/fixtures/missing_use
[INFO] [stdout] Error: crate has no src/ directory at /opt/rustwide/workdir/../crisp-resolve/tests/fixtures/missing_use
[INFO] [stdout] 
[INFO] [stdout] Stack backtrace:
[INFO] [stdout]    0: <anyhow::Error as core::convert::From<crisp_resolve::error::ResolveError>>::from
[INFO] [stdout]    1: crisp::main
[INFO] [stdout]    2: std::sys::backtrace::__rust_begin_short_backtrace::<fn() -> core::result::Result<(), anyhow::Error>, core::result::Result<(), anyhow::Error>>
[INFO] [stdout]    3: std::rt::lang_start::<core::result::Result<(), anyhow::Error>>::{closure#0}
[INFO] [stdout]    4: std::rt::lang_start_internal
[INFO] [stdout]    5: main
[INFO] [stdout]    6: <unknown>
[INFO] [stdout]    7: __libc_start_main
[INFO] [stdout]    8: _start
[INFO] [stdout] 
[INFO] [stdout] stack backtrace:
[INFO] [stdout]    0:     0x572ff56b4a01 - <<std[617be2ca0a6fd877]::sys::backtrace::BacktraceLock>::print::DisplayBacktrace as core[a373ad73a504971]::fmt::Display>::fmt
[INFO] [stdout]    1:     0x572ff56c8efa - core[a373ad73a504971]::fmt::write
[INFO] [stdout]    2:     0x572ff56b90dc - <alloc[2e1b2a31b91974c5]::vec::Vec<u8> as core[a373ad73a504971]::io::write::Write>::write_fmt
[INFO] [stdout]    3:     0x572ff568e386 - std[617be2ca0a6fd877]::panicking::default_hook::{closure#0}
[INFO] [stdout]    4:     0x572ff56ab559 - std[617be2ca0a6fd877]::panicking::default_hook
[INFO] [stdout]    5:     0x572ff5646480 - test[aada8e7e76ba119b]::test_main_inner::{closure#0}
[INFO] [stdout]    6:     0x572ff56ab712 - std[617be2ca0a6fd877]::panicking::panic_with_hook
[INFO] [stdout]    7:     0x572ff568e432 - std[617be2ca0a6fd877]::panicking::panic_handler::{closure#0}
[INFO] [stdout]    8:     0x572ff5686df9 - std[617be2ca0a6fd877]::sys::backtrace::__rust_end_short_backtrace::<std[617be2ca0a6fd877]::panicking::panic_handler::{closure#0}, !>
[INFO] [stdout]    9:     0x572ff568f03d - __rustc[ea4f61d10b84890b]::rust_begin_unwind
[INFO] [stdout]   10:     0x572ff56c962c - core[a373ad73a504971]::panicking::panic_fmt
[INFO] [stdout]   11:     0x572ff5637168 - <cli_e2e[eff306dd1f396c67]::crisp_check_missing_use_prints_snippet_and_help::{closure#0} as core[a373ad73a504971]::ops::function::FnOnce<()>>::call_once
[INFO] [stdout]   12:     0x572ff56398cb - test[aada8e7e76ba119b]::__rust_begin_short_backtrace::<core[a373ad73a504971]::result::Result<(), alloc[2e1b2a31b91974c5]::string::String>, fn() -> core[a373ad73a504971]::result::Result<(), alloc[2e1b2a31b91974c5]::string::String>>
[INFO] [stdout]   13:     0x572ff5646aa5 - test[aada8e7e76ba119b]::run_test::{closure#0}
[INFO] [stdout]   14:     0x572ff5640394 - std[617be2ca0a6fd877]::sys::backtrace::__rust_begin_short_backtrace::<test[aada8e7e76ba119b]::run_test::{closure#1}, ()>
[INFO] [stdout]   15:     0x572ff5649b32 - <std[617be2ca0a6fd877]::thread::lifecycle::spawn_unchecked<test[aada8e7e76ba119b]::run_test::{closure#1}, ()>::{closure#1} as core[a373ad73a504971]::ops::function::FnOnce<()>>::call_once::{shim:vtable#0}
[INFO] [stdout]   16:     0x572ff56b3c5f - <std[617be2ca0a6fd877]::sys::thread::unix::Thread>::new::thread_start
[INFO] [stdout]   17:     0x7337e1f73dfa - <unknown>
[INFO] [stdout]   18:     0x7337e20073d4 - clone
[INFO] [stdout]   19:                0x0 - <unknown>
[INFO] [stdout] 
[INFO] [stdout] ---- crisp_run_rust_shadow stdout ----
[INFO] [stdout] $ crisp run /opt/rustwide/workdir/../../examples/rust_shadow (status=exit status: 1)
[INFO] [stdout] stderr:
[INFO] [stdout] Error: [E0074] resolve error: crate has no src/ directory at /opt/rustwide/workdir/../../examples/rust_shadow
[INFO] [stdout] 
[INFO] [stdout] Caused by:
[INFO] [stdout]     0: [E0074] resolve error: crate has no src/ directory at /opt/rustwide/workdir/../../examples/rust_shadow
[INFO] [stdout]     1: crate has no src/ directory at /opt/rustwide/workdir/../../examples/rust_shadow
[INFO] [stdout] 
[INFO] [stdout] Stack backtrace:
[INFO] [stdout]    0: <anyhow::Error as core::convert::From<crisp_rust_emit::pipeline::PipelineError>>::from
[INFO] [stdout]    1: crisp::main
[INFO] [stdout]    2: std::sys::backtrace::__rust_begin_short_backtrace::<fn() -> core::result::Result<(), anyhow::Error>, core::result::Result<(), anyhow::Error>>
[INFO] [stdout]    3: std::rt::lang_start::<core::result::Result<(), anyhow::Error>>::{closure#0}
[INFO] [stdout]    4: std::rt::lang_start_internal
[INFO] [stdout]    5: main
[INFO] [stdout]    6: <unknown>
[INFO] [stdout]    7: __libc_start_main
[INFO] [stdout]    8: _start
[INFO] [stdout] 
[INFO] [stdout] 
[INFO] [stdout] thread 'crisp_run_rust_shadow' (1368) panicked at tests/cli_e2e.rs:32:5:
[INFO] [stdout] crisp ["run", "/opt/rustwide/workdir/../../examples/rust_shadow"] failed
[INFO] [stdout] stack backtrace:
[INFO] [stdout]    0:     0x572ff56b4a01 - <<std[617be2ca0a6fd877]::sys::backtrace::BacktraceLock>::print::DisplayBacktrace as core[a373ad73a504971]::fmt::Display>::fmt
[INFO] [stdout]    1:     0x572ff56c8efa - core[a373ad73a504971]::fmt::write
[INFO] [stdout]    2:     0x572ff56b90dc - <alloc[2e1b2a31b91974c5]::vec::Vec<u8> as core[a373ad73a504971]::io::write::Write>::write_fmt
[INFO] [stdout]    3:     0x572ff568e386 - std[617be2ca0a6fd877]::panicking::default_hook::{closure#0}
[INFO] [stdout]    4:     0x572ff56ab559 - std[617be2ca0a6fd877]::panicking::default_hook
[INFO] [stdout]    5:     0x572ff5646480 - test[aada8e7e76ba119b]::test_main_inner::{closure#0}
[INFO] [stdout]    6:     0x572ff56ab712 - std[617be2ca0a6fd877]::panicking::panic_with_hook
[INFO] [stdout]    7:     0x572ff568e432 - std[617be2ca0a6fd877]::panicking::panic_handler::{closure#0}
[INFO] [stdout]    8:     0x572ff5686df9 - std[617be2ca0a6fd877]::sys::backtrace::__rust_end_short_backtrace::<std[617be2ca0a6fd877]::panicking::panic_handler::{closure#0}, !>
[INFO] [stdout]    9:     0x572ff568f03d - __rustc[ea4f61d10b84890b]::rust_begin_unwind
[INFO] [stdout]   10:     0x572ff56c962c - core[a373ad73a504971]::panicking::panic_fmt
[INFO] [stdout]   11:     0x572ff562f56f - cli_e2e[eff306dd1f396c67]::run_ok
[INFO] [stdout]   12:     0x572ff5631738 - <cli_e2e[eff306dd1f396c67]::crisp_run_rust_shadow::{closure#0} as core[a373ad73a504971]::ops::function::FnOnce<()>>::call_once
[INFO] [stdout]   13:     0x572ff56398cb - test[aada8e7e76ba119b]::__rust_begin_short_backtrace::<core[a373ad73a504971]::result::Result<(), alloc[2e1b2a31b91974c5]::string::String>, fn() -> core[a373ad73a504971]::result::Result<(), alloc[2e1b2a31b91974c5]::string::String>>
[INFO] [stdout]   14:     0x572ff5646aa5 - test[aada8e7e76ba119b]::run_test::{closure#0}
[INFO] [stdout]   15:     0x572ff5640394 - std[617be2ca0a6fd877]::sys::backtrace::__rust_begin_short_backtrace::<test[aada8e7e76ba119b]::run_test::{closure#1}, ()>
[INFO] [stdout]   16:     0x572ff5649b32 - <std[617be2ca0a6fd877]::thread::lifecycle::spawn_unchecked<test[aada8e7e76ba119b]::run_test::{closure#1}, ()>::{closure#1} as core[a373ad73a504971]::ops::function::FnOnce<()>>::call_once::{shim:vtable#0}
[INFO] [stdout]   17:     0x572ff56b3c5f - <std[617be2ca0a6fd877]::sys::thread::unix::Thread>::new::thread_start
[INFO] [stdout]   18:     0x7337e1f73dfa - <unknown>
[INFO] [stdout]   19:     0x7337e20073d4 - clone
[INFO] [stdout]   20:                0x0 - <unknown>
[INFO] [stdout] 
[INFO] [stdout] ---- crisp_test_math stdout ----
[INFO] [stdout] $ crisp test /opt/rustwide/workdir/../../examples/math (status=exit status: 1)
[INFO] [stdout] stderr:
[INFO] [stdout] Error: crate has no src/ directory at /opt/rustwide/workdir/../../examples/math
[INFO] [stdout] 
[INFO] [stdout] Caused by:
[INFO] [stdout]     crate has no src/ directory at /opt/rustwide/workdir/../../examples/math
[INFO] [stdout] 
[INFO] [stdout] Stack backtrace:
[INFO] [stdout]    0: <anyhow::Error as core::convert::From<crisp_rust_emit::test_harness::TestHarnessError>>::from
[INFO] [stdout]    1: crisp::main
[INFO] [stdout]    2: std::sys::backtrace::__rust_begin_short_backtrace::<fn() -> core::result::Result<(), anyhow::Error>, core::result::Result<(), anyhow::Error>>
[INFO] [stdout]    3: std::rt::lang_start::<core::result::Result<(), anyhow::Error>>::{closure#0}
[INFO] [stdout]    4: std::rt::lang_start_internal
[INFO] [stdout]    5: main
[INFO] [stdout]    6: <unknown>
[INFO] [stdout]    7: __libc_start_main
[INFO] [stdout]    8: _start
[INFO] [stdout] 
[INFO] [stdout] 
[INFO] [stdout] thread 'crisp_test_math' (1371) panicked at tests/cli_e2e.rs:32:5:
[INFO] [stdout] crisp ["test", "/opt/rustwide/workdir/../../examples/math"] failed
[INFO] [stdout] stack backtrace:
[INFO] [stdout]    0:     0x572ff56b4a01 - <<std[617be2ca0a6fd877]::sys::backtrace::BacktraceLock>::print::DisplayBacktrace as core[a373ad73a504971]::fmt::Display>::fmt
[INFO] [stdout]    1:     0x572ff56c8efa - core[a373ad73a504971]::fmt::write
[INFO] [stdout]    2:     0x572ff56b90dc - <alloc[2e1b2a31b91974c5]::vec::Vec<u8> as core[a373ad73a504971]::io::write::Write>::write_fmt
[INFO] [stdout]    3:     0x572ff568e386 - std[617be2ca0a6fd877]::panicking::default_hook::{closure#0}
[INFO] [stdout]    4:     0x572ff56ab559 - std[617be2ca0a6fd877]::panicking::default_hook
[INFO] [stdout]    5:     0x572ff5646480 - test[aada8e7e76ba119b]::test_main_inner::{closure#0}
[INFO] [stdout]    6:     0x572ff56ab712 - std[617be2ca0a6fd877]::panicking::panic_with_hook
[INFO] [stdout]    7:     0x572ff568e432 - std[617be2ca0a6fd877]::panicking::panic_handler::{closure#0}
[INFO] [stdout]    8:     0x572ff5686df9 - std[617be2ca0a6fd877]::sys::backtrace::__rust_end_short_backtrace::<std[617be2ca0a6fd877]::panicking::panic_handler::{closure#0}, !>
[INFO] [stdout]    9:     0x572ff568f03d - __rustc[ea4f61d10b84890b]::rust_begin_unwind
[INFO] [stdout]   10:     0x572ff56c962c - core[a373ad73a504971]::panicking::panic_fmt
[INFO] [stdout]   11:     0x572ff562f56f - cli_e2e[eff306dd1f396c67]::run_ok
[INFO] [stdout]   12:     0x572ff56305d5 - <cli_e2e[eff306dd1f396c67]::crisp_test_math::{closure#0} as core[a373ad73a504971]::ops::function::FnOnce<()>>::call_once
[INFO] [stdout]   13:     0x572ff56398cb - test[aada8e7e76ba119b]::__rust_begin_short_backtrace::<core[a373ad73a504971]::result::Result<(), alloc[2e1b2a31b91974c5]::string::String>, fn() -> core[a373ad73a504971]::result::Result<(), alloc[2e1b2a31b91974c5]::string::String>>
[INFO] [stdout]   14:     0x572ff5646aa5 - test[aada8e7e76ba119b]::run_test::{closure#0}
[INFO] [stdout]   15:     0x572ff5640394 - std[617be2ca0a6fd877]::sys::backtrace::__rust_begin_short_backtrace::<test[aada8e7e76ba119b]::run_test::{closure#1}, ()>
[INFO] [stdout]   16:     0x572ff5649b32 - <std[617be2ca0a6fd877]::thread::lifecycle::spawn_unchecked<test[aada8e7e76ba119b]::run_test::{closure#1}, ()>::{closure#1} as core[a373ad73a504971]::ops::function::FnOnce<()>>::call_once::{shim:vtable#0}
[INFO] [stdout]   17:     0x572ff56b3c5f - <std[617be2ca0a6fd877]::sys::thread::unix::Thread>::new::thread_start
[INFO] [stdout]   18:     0x7337e1f73dfa - <unknown>
[INFO] [stdout]   19:     0x7337e20073d4 - clone
[INFO] [stdout]   20:                0x0 - <unknown>
[INFO] [stdout] 
[INFO] [stdout] ---- crisp_build_and_run_patterns stdout ----
[INFO] [stdout] $ crisp build /opt/rustwide/workdir/../../examples/patterns (status=exit status: 1)
[INFO] [stdout] stderr:
[INFO] [stdout] Error: [E0074] resolve error: crate has no src/ directory at /opt/rustwide/workdir/../../examples/patterns
[INFO] [stdout] 
[INFO] [stdout] Caused by:
[INFO] [stdout]     0: [E0074] resolve error: crate has no src/ directory at /opt/rustwide/workdir/../../examples/patterns
[INFO] [stdout]     1: crate has no src/ directory at /opt/rustwide/workdir/../../examples/patterns
[INFO] [stdout] 
[INFO] [stdout] Stack backtrace:
[INFO] [stdout]    0: <anyhow::Error as core::convert::From<crisp_rust_emit::pipeline::PipelineError>>::from
[INFO] [stdout]    1: crisp::main
[INFO] [stdout]    2: std::sys::backtrace::__rust_begin_short_backtrace::<fn() -> core::result::Result<(), anyhow::Error>, core::result::Result<(), anyhow::Error>>
[INFO] [stdout]    3: std::rt::lang_start::<core::result::Result<(), anyhow::Error>>::{closure#0}
[INFO] [stdout]    4: std::rt::lang_start_internal
[INFO] [stdout]    5: main
[INFO] [stdout]    6: <unknown>
[INFO] [stdout]    7: __libc_start_main
[INFO] [stdout]    8: _start
[INFO] [stdout] 
[INFO] [stdout] 
[INFO] [stdout] thread 'crisp_build_and_run_patterns' (1360) panicked at tests/cli_e2e.rs:32:5:
[INFO] [stdout] crisp ["build", "/opt/rustwide/workdir/../../examples/patterns"] failed
[INFO] [stdout] stack backtrace:
[INFO] [stdout]    0:     0x572ff56b4a01 - <<std[617be2ca0a6fd877]::sys::backtrace::BacktraceLock>::print::DisplayBacktrace as core[a373ad73a504971]::fmt::Display>::fmt
[INFO] [stdout]    1:     0x572ff56c8efa - core[a373ad73a504971]::fmt::write
[INFO] [stdout]    2:     0x572ff56b90dc - <alloc[2e1b2a31b91974c5]::vec::Vec<u8> as core[a373ad73a504971]::io::write::Write>::write_fmt
[INFO] [stdout]    3:     0x572ff568e386 - std[617be2ca0a6fd877]::panicking::default_hook::{closure#0}
[INFO] [stdout]    4:     0x572ff56ab559 - std[617be2ca0a6fd877]::panicking::default_hook
[INFO] [stdout]    5:     0x572ff5646480 - test[aada8e7e76ba119b]::test_main_inner::{closure#0}
[INFO] [stdout]    6:     0x572ff56ab712 - std[617be2ca0a6fd877]::panicking::panic_with_hook
[INFO] [stdout]    7:     0x572ff568e432 - std[617be2ca0a6fd877]::panicking::panic_handler::{closure#0}
[INFO] [stdout]    8:     0x572ff5686df9 - std[617be2ca0a6fd877]::sys::backtrace::__rust_end_short_backtrace::<std[617be2ca0a6fd877]::panicking::panic_handler::{closure#0}, !>
[INFO] [stdout]    9:     0x572ff568f03d - __rustc[ea4f61d10b84890b]::rust_begin_unwind
[INFO] [stdout]   10:     0x572ff56c962c - core[a373ad73a504971]::panicking::panic_fmt
[INFO] [stdout]   11:     0x572ff562f56f - cli_e2e[eff306dd1f396c67]::run_ok
[INFO] [stdout]   12:     0x572ff56349de - <cli_e2e[eff306dd1f396c67]::crisp_build_and_run_patterns::{closure#0} as core[a373ad73a504971]::ops::function::FnOnce<()>>::call_once
[INFO] [stdout]   13:     0x572ff56398cb - test[aada8e7e76ba119b]::__rust_begin_short_backtrace::<core[a373ad73a504971]::result::Result<(), alloc[2e1b2a31b91974c5]::string::String>, fn() -> core[a373ad73a504971]::result::Result<(), alloc[2e1b2a31b91974c5]::string::String>>
[INFO] [stdout]   14:     0x572ff5646aa5 - test[aada8e7e76ba119b]::run_test::{closure#0}
[INFO] [stdout]   15:     0x572ff5640394 - std[617be2ca0a6fd877]::sys::backtrace::__rust_begin_short_backtrace::<test[aada8e7e76ba119b]::run_test::{closure#1}, ()>
[INFO] [stdout]   16:     0x572ff5649b32 - <std[617be2ca0a6fd877]::thread::lifecycle::spawn_unchecked<test[aada8e7e76ba119b]::run_test::{closure#1}, ()>::{closure#1} as core[a373ad73a504971]::ops::function::FnOnce<()>>::call_once::{shim:vtable#0}
[INFO] [stdout]   17:     0x572ff56b3c5f - <std[617be2ca0a6fd877]::sys::thread::unix::Thread>::new::thread_start
[INFO] [stdout]   18:     0x7337e1f73dfa - <unknown>
[INFO] [stdout]   19:     0x7337e20073d4 - clone
[INFO] [stdout]   20:                0x0 - <unknown>
[INFO] [stdout] 
[INFO] [stdout] ---- crisp_build_and_run_kitchen_sink stdout ----
[INFO] [stdout] $ crisp build /opt/rustwide/workdir/../../examples/kitchen_sink (status=exit status: 1)
[INFO] [stdout] stderr:
[INFO] [stdout] Error: [E0074] resolve error: crate has no src/ directory at /opt/rustwide/workdir/../../examples/kitchen_sink
[INFO] [stdout] 
[INFO] [stdout] Caused by:
[INFO] [stdout]     0: [E0074] resolve error: crate has no src/ directory at /opt/rustwide/workdir/../../examples/kitchen_sink
[INFO] [stdout]     1: crate has no src/ directory at /opt/rustwide/workdir/../../examples/kitchen_sink
[INFO] [stdout] 
[INFO] [stdout] Stack backtrace:
[INFO] [stdout]    0: <anyhow::Error as core::convert::From<crisp_rust_emit::pipeline::PipelineError>>::from
[INFO] [stdout]    1: crisp::main
[INFO] [stdout]    2: std::sys::backtrace::__rust_begin_short_backtrace::<fn() -> core::result::Result<(), anyhow::Error>, core::result::Result<(), anyhow::Error>>
[INFO] [stdout]    3: std::rt::lang_start::<core::result::Result<(), anyhow::Error>>::{closure#0}
[INFO] [stdout]    4: std::rt::lang_start_internal
[INFO] [stdout]    5: main
[INFO] [stdout]    6: <unknown>
[INFO] [stdout]    7: __libc_start_main
[INFO] [stdout]    8: _start
[INFO] [stdout] 
[INFO] [stdout] 
[INFO] [stdout] thread 'crisp_build_and_run_kitchen_sink' (1359) panicked at tests/cli_e2e.rs:32:5:
[INFO] [stdout] crisp ["build", "/opt/rustwide/workdir/../../examples/kitchen_sink"] failed
[INFO] [stdout] stack backtrace:
[INFO] [stdout]    0:     0x572ff56b4a01 - <<std[617be2ca0a6fd877]::sys::backtrace::BacktraceLock>::print::DisplayBacktrace as core[a373ad73a504971]::fmt::Display>::fmt
[INFO] [stdout]    1:     0x572ff56c8efa - core[a373ad73a504971]::fmt::write
[INFO] [stdout]    2:     0x572ff56b90dc - <alloc[2e1b2a31b91974c5]::vec::Vec<u8> as core[a373ad73a504971]::io::write::Write>::write_fmt
[INFO] [stdout]    3:     0x572ff568e386 - std[617be2ca0a6fd877]::panicking::default_hook::{closure#0}
[INFO] [stdout]    4:     0x572ff56ab559 - std[617be2ca0a6fd877]::panicking::default_hook
[INFO] [stdout]    5:     0x572ff5646480 - test[aada8e7e76ba119b]::test_main_inner::{closure#0}
[INFO] [stdout]    6:     0x572ff56ab712 - std[617be2ca0a6fd877]::panicking::panic_with_hook
[INFO] [stdout]    7:     0x572ff568e432 - std[617be2ca0a6fd877]::panicking::panic_handler::{closure#0}
[INFO] [stdout]    8:     0x572ff5686df9 - std[617be2ca0a6fd877]::sys::backtrace::__rust_end_short_backtrace::<std[617be2ca0a6fd877]::panicking::panic_handler::{closure#0}, !>
[INFO] [stdout]    9:     0x572ff568f03d - __rustc[ea4f61d10b84890b]::rust_begin_unwind
[INFO] [stdout]   10:     0x572ff56c962c - core[a373ad73a504971]::panicking::panic_fmt
[INFO] [stdout]   11:     0x572ff562f56f - cli_e2e[eff306dd1f396c67]::run_ok
[INFO] [stdout]   12:     0x572ff563546e - <cli_e2e[eff306dd1f396c67]::crisp_build_and_run_kitchen_sink::{closure#0} as core[a373ad73a504971]::ops::function::FnOnce<()>>::call_once
[INFO] [stdout]   13:     0x572ff56398cb - test[aada8e7e76ba119b]::__rust_begin_short_backtrace::<core[a373ad73a504971]::result::Result<(), alloc[2e1b2a31b91974c5]::string::String>, fn() -> core[a373ad73a504971]::result::Result<(), alloc[2e1b2a31b91974c5]::string::String>>
[INFO] [stdout]   14:     0x572ff5646aa5 - test[aada8e7e76ba119b]::run_test::{closure#0}
[INFO] [stdout]   15:     0x572ff5640394 - std[617be2ca0a6fd877]::sys::backtrace::__rust_begin_short_backtrace::<test[aada8e7e76ba119b]::run_test::{closure#1}, ()>
[INFO] [stdout]   16:     0x572ff5649b32 - <std[617be2ca0a6fd877]::thread::lifecycle::spawn_unchecked<test[aada8e7e76ba119b]::run_test::{closure#1}, ()>::{closure#1} as core[a373ad73a504971]::ops::function::FnOnce<()>>::call_once::{shim:vtable#0}
[INFO] [stdout]   17:     0x572ff56b3c5f - <std[617be2ca0a6fd877]::sys::thread::unix::Thread>::new::thread_start
[INFO] [stdout]   18:     0x7337e1f73dfa - <unknown>
[INFO] [stdout]   19:     0x7337e20073d4 - clone
[INFO] [stdout]   20:                0x0 - <unknown>
[INFO] [stdout] 
[INFO] [stdout] ---- crisp_run_nested_math stdout ----
[INFO] [stdout] $ crisp run /opt/rustwide/workdir/../../examples/nested_math (status=exit status: 1)
[INFO] [stdout] stderr:
[INFO] [stdout] Error: [E0074] resolve error: crate has no src/ directory at /opt/rustwide/workdir/../../examples/nested_math
[INFO] [stdout] 
[INFO] [stdout] Caused by:
[INFO] [stdout]     0: [E0074] resolve error: crate has no src/ directory at /opt/rustwide/workdir/../../examples/nested_math
[INFO] [stdout]     1: crate has no src/ directory at /opt/rustwide/workdir/../../examples/nested_math
[INFO] [stdout] 
[INFO] [stdout] Stack backtrace:
[INFO] [stdout]    0: <anyhow::Error as core::convert::From<crisp_rust_emit::pipeline::PipelineError>>::from
[INFO] [stdout]    1: crisp::main
[INFO] [stdout]    2: std::sys::backtrace::__rust_begin_short_backtrace::<fn() -> core::result::Result<(), anyhow::Error>, core::result::Result<(), anyhow::Error>>
[INFO] [stdout]    3: std::rt::lang_start::<core::result::Result<(), anyhow::Error>>::{closure#0}
[INFO] [stdout]    4: std::rt::lang_start_internal
[INFO] [stdout]    5: main
[INFO] [stdout]    6: <unknown>
[INFO] [stdout]    7: __libc_start_main
[INFO] [stdout]    8: _start
[INFO] [stdout] 
[INFO] [stdout] 
[INFO] [stdout] thread 'crisp_run_nested_math' (1366) panicked at tests/cli_e2e.rs:32:5:
[INFO] [stdout] crisp ["run", "/opt/rustwide/workdir/../../examples/nested_math"] failed
[INFO] [stdout] stack backtrace:
[INFO] [stdout]    0:     0x572ff56b4a01 - <<std[617be2ca0a6fd877]::sys::backtrace::BacktraceLock>::print::DisplayBacktrace as core[a373ad73a504971]::fmt::Display>::fmt
[INFO] [stdout]    1:     0x572ff56c8efa - core[a373ad73a504971]::fmt::write
[INFO] [stdout]    2:     0x572ff56b90dc - <alloc[2e1b2a31b91974c5]::vec::Vec<u8> as core[a373ad73a504971]::io::write::Write>::write_fmt
[INFO] [stdout]    3:     0x572ff568e386 - std[617be2ca0a6fd877]::panicking::default_hook::{closure#0}
[INFO] [stdout]    4:     0x572ff56ab559 - std[617be2ca0a6fd877]::panicking::default_hook
[INFO] [stdout]    5:     0x572ff5646480 - test[aada8e7e76ba119b]::test_main_inner::{closure#0}
[INFO] [stdout]    6:     0x572ff56ab712 - std[617be2ca0a6fd877]::panicking::panic_with_hook
[INFO] [stdout]    7:     0x572ff568e432 - std[617be2ca0a6fd877]::panicking::panic_handler::{closure#0}
[INFO] [stdout]    8:     0x572ff5686df9 - std[617be2ca0a6fd877]::sys::backtrace::__rust_end_short_backtrace::<std[617be2ca0a6fd877]::panicking::panic_handler::{closure#0}, !>
[INFO] [stdout]    9:     0x572ff568f03d - __rustc[ea4f61d10b84890b]::rust_begin_unwind
[INFO] [stdout]   10:     0x572ff56c962c - core[a373ad73a504971]::panicking::panic_fmt
[INFO] [stdout]   11:     0x572ff562f56f - cli_e2e[eff306dd1f396c67]::run_ok
[INFO] [stdout]   12:     0x572ff5631218 - <cli_e2e[eff306dd1f396c67]::crisp_run_nested_math::{closure#0} as core[a373ad73a504971]::ops::function::FnOnce<()>>::call_once
[INFO] [stdout]   13:     0x572ff56398cb - test[aada8e7e76ba119b]::__rust_begin_short_backtrace::<core[a373ad73a504971]::result::Result<(), alloc[2e1b2a31b91974c5]::string::String>, fn() -> core[a373ad73a504971]::result::Result<(), alloc[2e1b2a31b91974c5]::string::String>>
[INFO] [stdout]   14:     0x572ff5646aa5 - test[aada8e7e76ba119b]::run_test::{closure#0}
[INFO] [stdout]   15:     0x572ff5640394 - std[617be2ca0a6fd877]::sys::backtrace::__rust_begin_short_backtrace::<test[aada8e7e76ba119b]::run_test::{closure#1}, ()>
[INFO] [stdout]   16:     0x572ff5649b32 - <std[617be2ca0a6fd877]::thread::lifecycle::spawn_unchecked<test[aada8e7e76ba119b]::run_test::{closure#1}, ()>::{closure#1} as core[a373ad73a504971]::ops::function::FnOnce<()>>::call_once::{shim:vtable#0}
[INFO] [stdout]   17:     0x572ff56b3c5f - <std[617be2ca0a6fd877]::sys::thread::unix::Thread>::new::thread_start
[INFO] [stdout]   18:     0x7337e1f73dfa - <unknown>
[INFO] [stdout]   19:     0x7337e20073d4 - clone
[INFO] [stdout]   20:                0x0 - <unknown>
[INFO] [stdout] 
[INFO] [stdout] ---- crisp_check_shape_def_ok stdout ----
[INFO] [stdout] stderr:
[INFO] [stdout] crate has no src/ directory at /opt/rustwide/workdir/../crisp-resolve/tests/fixtures/shape_def
[INFO] [stdout] Error: crate has no src/ directory at /opt/rustwide/workdir/../crisp-resolve/tests/fixtures/shape_def
[INFO] [stdout] 
[INFO] [stdout] Stack backtrace:
[INFO] [stdout]    0: <anyhow::Error as core::convert::From<crisp_resolve::error::ResolveError>>::from
[INFO] [stdout]    1: crisp::main
[INFO] [stdout]    2: std::sys::backtrace::__rust_begin_short_backtrace::<fn() -> core::result::Result<(), anyhow::Error>, core::result::Result<(), anyhow::Error>>
[INFO] [stdout]    3: std::rt::lang_start::<core::result::Result<(), anyhow::Error>>::{closure#0}
[INFO] [stdout]    4: std::rt::lang_start_internal
[INFO] [stdout]    5: main
[INFO] [stdout]    6: <unknown>
[INFO] [stdout]    7: __libc_start_main
[INFO] [stdout]    8: _start
[INFO] [stdout] 
[INFO] [stdout] 
[INFO] [stdout] thread 'crisp_check_shape_def_ok' (1364) panicked at tests/cli_e2e.rs:214:5:
[INFO] [stdout] shape_def should check under #61: crate has no src/ directory at /opt/rustwide/workdir/../crisp-resolve/tests/fixtures/shape_def
[INFO] [stdout] Error: crate has no src/ directory at /opt/rustwide/workdir/../crisp-resolve/tests/fixtures/shape_def
[INFO] [stdout] 
[INFO] [stdout] Stack backtrace:
[INFO] [stdout]    0: <anyhow::Error as core::convert::From<crisp_resolve::error::ResolveError>>::from
[INFO] [stdout]    1: crisp::main
[INFO] [stdout]    2: std::sys::backtrace::__rust_begin_short_backtrace::<fn() -> core::result::Result<(), anyhow::Error>, core::result::Result<(), anyhow::Error>>
[INFO] [stdout]    3: std::rt::lang_start::<core::result::Result<(), anyhow::Error>>::{closure#0}
[INFO] [stdout]    4: std::rt::lang_start_internal
[INFO] [stdout]    5: main
[INFO] [stdout]    6: <unknown>
[INFO] [stdout]    7: __libc_start_main
[INFO] [stdout]    8: _start
[INFO] [stdout] 
[INFO] [stdout] stack backtrace:
[INFO] [stdout]    0:     0x572ff56b4a01 - <<std[617be2ca0a6fd877]::sys::backtrace::BacktraceLock>::print::DisplayBacktrace as core[a373ad73a504971]::fmt::Display>::fmt
[INFO] [stdout]    1:     0x572ff56c8efa - core[a373ad73a504971]::fmt::write
[INFO] [stdout]    2:     0x572ff56b90dc - <alloc[2e1b2a31b91974c5]::vec::Vec<u8> as core[a373ad73a504971]::io::write::Write>::write_fmt
[INFO] [stdout]    3:     0x572ff568e386 - std[617be2ca0a6fd877]::panicking::default_hook::{closure#0}
[INFO] [stdout]    4:     0x572ff56ab559 - std[617be2ca0a6fd877]::panicking::default_hook
[INFO] [stdout]    5:     0x572ff5646480 - test[aada8e7e76ba119b]::test_main_inner::{closure#0}
[INFO] [stdout]    6:     0x572ff56ab712 - std[617be2ca0a6fd877]::panicking::panic_with_hook
[INFO] [stdout]    7:     0x572ff568e432 - std[617be2ca0a6fd877]::panicking::panic_handler::{closure#0}
[INFO] [stdout]    8:     0x572ff5686df9 - std[617be2ca0a6fd877]::sys::backtrace::__rust_end_short_backtrace::<std[617be2ca0a6fd877]::panicking::panic_handler::{closure#0}, !>
[INFO] [stdout]    9:     0x572ff568f03d - __rustc[ea4f61d10b84890b]::rust_begin_unwind
[INFO] [stdout]   10:     0x572ff56c962c - core[a373ad73a504971]::panicking::panic_fmt
[INFO] [stdout]   11:     0x572ff5632f8f - <cli_e2e[eff306dd1f396c67]::crisp_check_shape_def_ok::{closure#0} as core[a373ad73a504971]::ops::function::FnOnce<()>>::call_once
[INFO] [stdout]   12:     0x572ff56398cb - test[aada8e7e76ba119b]::__rust_begin_short_backtrace::<core[a373ad73a504971]::result::Result<(), alloc[2e1b2a31b91974c5]::string::String>, fn() -> core[a373ad73a504971]::result::Result<(), alloc[2e1b2a31b91974c5]::string::String>>
[INFO] [stdout]   13:     0x572ff5646aa5 - test[aada8e7e76ba119b]::run_test::{closure#0}
[INFO] [stdout]   14:     0x572ff5640394 - std[617be2ca0a6fd877]::sys::backtrace::__rust_begin_short_backtrace::<test[aada8e7e76ba119b]::run_test::{closure#1}, ()>
[INFO] [stdout]   15:     0x572ff5649b32 - <std[617be2ca0a6fd877]::thread::lifecycle::spawn_unchecked<test[aada8e7e76ba119b]::run_test::{closure#1}, ()>::{closure#1} as core[a373ad73a504971]::ops::function::FnOnce<()>>::call_once::{shim:vtable#0}
[INFO] [stdout]   16:     0x572ff56b3c5f - <std[617be2ca0a6fd877]::sys::thread::unix::Thread>::new::thread_start
[INFO] [stdout]   17:     0x7337e1f73dfa - <unknown>
[INFO] [stdout]   18:     0x7337e20073d4 - clone
[INFO] [stdout]   19:                0x0 - <unknown>
[INFO] [stdout] 
[INFO] [stdout] ---- crisp_run_rust_import stdout ----
[INFO] [stdout] $ crisp run /opt/rustwide/workdir/../../examples/rust_import (status=exit status: 1)
[INFO] [stdout] stderr:
[INFO] [stdout] Error: [E0074] resolve error: crate has no src/ directory at /opt/rustwide/workdir/../../examples/rust_import
[INFO] [stdout] 
[INFO] [stdout] Caused by:
[INFO] [stdout]     0: [E0074] resolve error: crate has no src/ directory at /opt/rustwide/workdir/../../examples/rust_import
[INFO] [stdout]     1: crate has no src/ directory at /opt/rustwide/workdir/../../examples/rust_import
[INFO] [stdout] 
[INFO] [stdout] Stack backtrace:
[INFO] [stdout]    0: <anyhow::Error as core::convert::From<crisp_rust_emit::pipeline::PipelineError>>::from
[INFO] [stdout]    1: crisp::main
[INFO] [stdout]    2: std::sys::backtrace::__rust_begin_short_backtrace::<fn() -> core::result::Result<(), anyhow::Error>, core::result::Result<(), anyhow::Error>>
[INFO] [stdout]    3: std::rt::lang_start::<core::result::Result<(), anyhow::Error>>::{closure#0}
[INFO] [stdout]    4: std::rt::lang_start_internal
[INFO] [stdout]    5: main
[INFO] [stdout]    6: <unknown>
[INFO] [stdout]    7: __libc_start_main
[INFO] [stdout]    8: _start
[INFO] [stdout] 
[INFO] [stdout] 
[INFO] [stdout] thread 'crisp_run_rust_import' (1367) panicked at tests/cli_e2e.rs:32:5:
[INFO] [stdout] crisp ["run", "/opt/rustwide/workdir/../../examples/rust_import"] failed
[INFO] [stdout] stack backtrace:
[INFO] [stdout]    0:     0x572ff56b4a01 - <<std[617be2ca0a6fd877]::sys::backtrace::BacktraceLock>::print::DisplayBacktrace as core[a373ad73a504971]::fmt::Display>::fmt
[INFO] [stdout]    1:     0x572ff56c8efa - core[a373ad73a504971]::fmt::write
[INFO] [stdout]    2:     0x572ff56b90dc - <alloc[2e1b2a31b91974c5]::vec::Vec<u8> as core[a373ad73a504971]::io::write::Write>::write_fmt
[INFO] [stdout]    3:     0x572ff568e386 - std[617be2ca0a6fd877]::panicking::default_hook::{closure#0}
[INFO] [stdout]    4:     0x572ff56ab559 - std[617be2ca0a6fd877]::panicking::default_hook
[INFO] [stdout]    5:     0x572ff5646480 - test[aada8e7e76ba119b]::test_main_inner::{closure#0}
[INFO] [stdout]    6:     0x572ff56ab712 - std[617be2ca0a6fd877]::panicking::panic_with_hook
[INFO] [stdout]    7:     0x572ff568e432 - std[617be2ca0a6fd877]::panicking::panic_handler::{closure#0}
[INFO] [stdout]    8:     0x572ff5686df9 - std[617be2ca0a6fd877]::sys::backtrace::__rust_end_short_backtrace::<std[617be2ca0a6fd877]::panicking::panic_handler::{closure#0}, !>
[INFO] [stdout]    9:     0x572ff568f03d - __rustc[ea4f61d10b84890b]::rust_begin_unwind
[INFO] [stdout]   10:     0x572ff56c962c - core[a373ad73a504971]::panicking::panic_fmt
[INFO] [stdout]   11:     0x572ff562f56f - cli_e2e[eff306dd1f396c67]::run_ok
[INFO] [stdout]   12:     0x572ff5631478 - <cli_e2e[eff306dd1f396c67]::crisp_run_rust_import::{closure#0} as core[a373ad73a504971]::ops::function::FnOnce<()>>::call_once
[INFO] [stdout]   13:     0x572ff56398cb - test[aada8e7e76ba119b]::__rust_begin_short_backtrace::<core[a373ad73a504971]::result::Result<(), alloc[2e1b2a31b91974c5]::string::String>, fn() -> core[a373ad73a504971]::result::Result<(), alloc[2e1b2a31b91974c5]::string::String>>
[INFO] [stdout]   14:     0x572ff5646aa5 - test[aada8e7e76ba119b]::run_test::{closure#0}
[INFO] [stdout]   15:     0x572ff5640394 - std[617be2ca0a6fd877]::sys::backtrace::__rust_begin_short_backtrace::<test[aada8e7e76ba119b]::run_test::{closure#1}, ()>
[INFO] [stdout]   16:     0x572ff5649b32 - <std[617be2ca0a6fd877]::thread::lifecycle::spawn_unchecked<test[aada8e7e76ba119b]::run_test::{closure#1}, ()>::{closure#1} as core[a373ad73a504971]::ops::function::FnOnce<()>>::call_once::{shim:vtable#0}
[INFO] [stdout]   17:     0x572ff56b3c5f - <std[617be2ca0a6fd877]::sys::thread::unix::Thread>::new::thread_start
[INFO] [stdout]   18:     0x7337e1f73dfa - <unknown>
[INFO] [stdout]   19:     0x7337e20073d4 - clone
[INFO] [stdout]   20:                0x0 - <unknown>
[INFO] [stdout] 
[INFO] [stdout] ---- crisp_test_feature_gallery stdout ----
[INFO] [stdout] $ crisp test /opt/rustwide/workdir/../../examples/feature_gallery (status=exit status: 1)
[INFO] [stdout] stderr:
[INFO] [stdout] Error: crate has no src/ directory at /opt/rustwide/workdir/../../examples/feature_gallery
[INFO] [stdout] 
[INFO] [stdout] Caused by:
[INFO] [stdout]     crate has no src/ directory at /opt/rustwide/workdir/../../examples/feature_gallery
[INFO] [stdout] 
[INFO] [stdout] Stack backtrace:
[INFO] [stdout]    0: <anyhow::Error as core::convert::From<crisp_rust_emit::test_harness::TestHarnessError>>::from
[INFO] [stdout]    1: crisp::main
[INFO] [stdout]    2: std::sys::backtrace::__rust_begin_short_backtrace::<fn() -> core::result::Result<(), anyhow::Error>, core::result::Result<(), anyhow::Error>>
[INFO] [stdout]    3: std::rt::lang_start::<core::result::Result<(), anyhow::Error>>::{closure#0}
[INFO] [stdout]    4: std::rt::lang_start_internal
[INFO] [stdout]    5: main
[INFO] [stdout]    6: <unknown>
[INFO] [stdout]    7: __libc_start_main
[INFO] [stdout]    8: _start
[INFO] [stdout] 
[INFO] [stdout] 
[INFO] [stdout] thread 'crisp_test_feature_gallery' (1370) panicked at tests/cli_e2e.rs:32:5:
[INFO] [stdout] crisp ["test", "/opt/rustwide/workdir/../../examples/feature_gallery"] failed
[INFO] [stdout] stack backtrace:
[INFO] [stdout]    0:     0x572ff56b4a01 - <<std[617be2ca0a6fd877]::sys::backtrace::BacktraceLock>::print::DisplayBacktrace as core[a373ad73a504971]::fmt::Display>::fmt
[INFO] [stdout]    1:     0x572ff56c8efa - core[a373ad73a504971]::fmt::write
[INFO] [stdout]    2:     0x572ff56b90dc - <alloc[2e1b2a31b91974c5]::vec::Vec<u8> as core[a373ad73a504971]::io::write::Write>::write_fmt
[INFO] [stdout]    3:     0x572ff568e386 - std[617be2ca0a6fd877]::panicking::default_hook::{closure#0}
[INFO] [stdout]    4:     0x572ff56ab559 - std[617be2ca0a6fd877]::panicking::default_hook
[INFO] [stdout]    5:     0x572ff5646480 - test[aada8e7e76ba119b]::test_main_inner::{closure#0}
[INFO] [stdout]    6:     0x572ff56ab712 - std[617be2ca0a6fd877]::panicking::panic_with_hook
[INFO] [stdout]    7:     0x572ff568e432 - std[617be2ca0a6fd877]::panicking::panic_handler::{closure#0}
[INFO] [stdout]    8:     0x572ff5686df9 - std[617be2ca0a6fd877]::sys::backtrace::__rust_end_short_backtrace::<std[617be2ca0a6fd877]::panicking::panic_handler::{closure#0}, !>
[INFO] [stdout]    9:     0x572ff568f03d - __rustc[ea4f61d10b84890b]::rust_begin_unwind
[INFO] [stdout]   10:     0x572ff56c962c - core[a373ad73a504971]::panicking::panic_fmt
[INFO] [stdout]   11:     0x572ff562f56f - cli_e2e[eff306dd1f396c67]::run_ok
[INFO] [stdout]   12:     0x572ff56341a5 - <cli_e2e[eff306dd1f396c67]::crisp_test_feature_gallery::{closure#0} as core[a373ad73a504971]::ops::function::FnOnce<()>>::call_once
[INFO] [stdout]   13:     0x572ff56398cb - test[aada8e7e76ba119b]::__rust_begin_short_backtrace::<core[a373ad73a504971]::result::Result<(), alloc[2e1b2a31b91974c5]::string::String>, fn() -> core[a373ad73a504971]::result::Result<(), alloc[2e1b2a31b91974c5]::string::String>>
[INFO] [stdout]   14:     0x572ff5646aa5 - test[aada8e7e76ba119b]::run_test::{closure#0}
[INFO] [stdout]   15:     0x572ff5640394 - std[617be2ca0a6fd877]::sys::backtrace::__rust_begin_short_backtrace::<test[aada8e7e76ba119b]::run_test::{closure#1}, ()>
[INFO] [stdout]   16:     0x572ff5649b32 - <std[617be2ca0a6fd877]::thread::lifecycle::spawn_unchecked<test[aada8e7e76ba119b]::run_test::{closure#1}, ()>::{closure#1} as core[a373ad73a504971]::ops::function::FnOnce<()>>::call_once::{shim:vtable#0}
[INFO] [stdout]   17:     0x572ff56b3c5f - <std[617be2ca0a6fd877]::sys::thread::unix::Thread>::new::thread_start
[INFO] [stdout]   18:     0x7337e1f73dfa - <unknown>
[INFO] [stdout]   19:     0x7337e20073d4 - clone
[INFO] [stdout]   20:                0x0 - <unknown>
[INFO] [stdout] 
[INFO] [stdout] ---- crisp_run_vec2_methods stdout ----
[INFO] [stdout] $ crisp run /opt/rustwide/workdir/../../examples/vec2_methods (status=exit status: 1)
[INFO] [stdout] stderr:
[INFO] [stdout] Error: [E0074] resolve error: crate has no src/ directory at /opt/rustwide/workdir/../../examples/vec2_methods
[INFO] [stdout] 
[INFO] [stdout] Caused by:
[INFO] [stdout]     0: [E0074] resolve error: crate has no src/ directory at /opt/rustwide/workdir/../../examples/vec2_methods
[INFO] [stdout]     1: crate has no src/ directory at /opt/rustwide/workdir/../../examples/vec2_methods
[INFO] [stdout] 
[INFO] [stdout] Stack backtrace:
[INFO] [stdout]    0: <anyhow::Error as core::convert::From<crisp_rust_emit::pipeline::PipelineError>>::from
[INFO] [stdout]    1: crisp::main
[INFO] [stdout]    2: std::sys::backtrace::__rust_begin_short_backtrace::<fn() -> core::result::Result<(), anyhow::Error>, core::result::Result<(), anyhow::Error>>
[INFO] [stdout]    3: std::rt::lang_start::<core::result::Result<(), anyhow::Error>>::{closure#0}
[INFO] [stdout]    4: std::rt::lang_start_internal
[INFO] [stdout]    5: main
[INFO] [stdout]    6: <unknown>
[INFO] [stdout]    7: __libc_start_main
[INFO] [stdout]    8: _start
[INFO] [stdout] 
[INFO] [stdout] 
[INFO] [stdout] thread 'crisp_run_vec2_methods' (1369) panicked at tests/cli_e2e.rs:32:5:
[INFO] [stdout] crisp ["run", "/opt/rustwide/workdir/../../examples/vec2_methods"] failed
[INFO] [stdout] stack backtrace:
[INFO] [stdout]    0:     0x572ff56b4a01 - <<std[617be2ca0a6fd877]::sys::backtrace::BacktraceLock>::print::DisplayBacktrace as core[a373ad73a504971]::fmt::Display>::fmt
[INFO] [stdout]    1:     0x572ff56c8efa - core[a373ad73a504971]::fmt::write
[INFO] [stdout]    2:     0x572ff56b90dc - <alloc[2e1b2a31b91974c5]::vec::Vec<u8> as core[a373ad73a504971]::io::write::Write>::write_fmt
[INFO] [stdout]    3:     0x572ff568e386 - std[617be2ca0a6fd877]::panicking::default_hook::{closure#0}
[INFO] [stdout]    4:     0x572ff56ab559 - std[617be2ca0a6fd877]::panicking::default_hook
[INFO] [stdout]    5:     0x572ff5646480 - test[aada8e7e76ba119b]::test_main_inner::{closure#0}
[INFO] [stdout]    6:     0x572ff56ab712 - std[617be2ca0a6fd877]::panicking::panic_with_hook
[INFO] [stdout]    7:     0x572ff568e432 - std[617be2ca0a6fd877]::panicking::panic_handler::{closure#0}
[INFO] [stdout]    8:     0x572ff5686df9 - std[617be2ca0a6fd877]::sys::backtrace::__rust_end_short_backtrace::<std[617be2ca0a6fd877]::panicking::panic_handler::{closure#0}, !>
[INFO] [stdout]    9:     0x572ff568f03d - __rustc[ea4f61d10b84890b]::rust_begin_unwind
[INFO] [stdout]   10:     0x572ff56c962c - core[a373ad73a504971]::panicking::panic_fmt
[INFO] [stdout]   11:     0x572ff562f56f - cli_e2e[eff306dd1f396c67]::run_ok
[INFO] [stdout]   12:     0x572ff5631b98 - <cli_e2e[eff306dd1f396c67]::crisp_run_vec2_methods::{closure#0} as core[a373ad73a504971]::ops::function::FnOnce<()>>::call_once
[INFO] [stdout]   13:     0x572ff56398cb - test[aada8e7e76ba119b]::__rust_begin_short_backtrace::<core[a373ad73a504971]::result::Result<(), alloc[2e1b2a31b91974c5]::string::String>, fn() -> core[a373ad73a504971]::result::Result<(), alloc[2e1b2a31b91974c5]::string::String>>
[INFO] [stdout]   14:     0x572ff5646aa5 - test[aada8e7e76ba119b]::run_test::{closure#0}
[INFO] [stdout]   15:     0x572ff5640394 - std[617be2ca0a6fd877]::sys::backtrace::__rust_begin_short_backtrace::<test[aada8e7e76ba119b]::run_test::{closure#1}, ()>
[INFO] [stdout]   16:     0x572ff5649b32 - <std[617be2ca0a6fd877]::thread::lifecycle::spawn_unchecked<test[aada8e7e76ba119b]::run_test::{closure#1}, ()>::{closure#1} as core[a373ad73a504971]::ops::function::FnOnce<()>>::call_once::{shim:vtable#0}
[INFO] [stdout]   17:     0x572ff56b3c5f - <std[617be2ca0a6fd877]::sys::thread::unix::Thread>::new::thread_start
[INFO] [stdout]   18:     0x7337e1f73dfa - <unknown>
[INFO] [stdout]   19:     0x7337e20073d4 - clone
[INFO] [stdout]   20:                0x0 - <unknown>
[INFO] [stdout] 
[INFO] [stdout] ---- crisp_test_multiple_paths_ignores_and_glue stdout ----
[INFO] [stdout] $ crisp test /opt/rustwide/workdir/../../examples/math and crisp test /opt/rustwide/workdir/../../examples/show_trait (status=exit status: 1)
[INFO] [stdout] stderr:
[INFO] [stdout] Error: crate has no src/ directory at /opt/rustwide/workdir/../../examples/math
[INFO] [stdout] 
[INFO] [stdout] Caused by:
[INFO] [stdout]     crate has no src/ directory at /opt/rustwide/workdir/../../examples/math
[INFO] [stdout] 
[INFO] [stdout] Stack backtrace:
[INFO] [stdout]    0: <anyhow::Error as core::convert::From<crisp_rust_emit::test_harness::TestHarnessError>>::from
[INFO] [stdout]    1: crisp::main
[INFO] [stdout]    2: std::sys::backtrace::__rust_begin_short_backtrace::<fn() -> core::result::Result<(), anyhow::Error>, core::result::Result<(), anyhow::Error>>
[INFO] [stdout]    3: std::rt::lang_start::<core::result::Result<(), anyhow::Error>>::{closure#0}
[INFO] [stdout]    4: std::rt::lang_start_internal
[INFO] [stdout]    5: main
[INFO] [stdout]    6: <unknown>
[INFO] [stdout]    7: __libc_start_main
[INFO] [stdout]    8: _start
[INFO] [stdout] 
[INFO] [stdout] 
[INFO] [stdout] thread 'crisp_test_multiple_paths_ignores_and_glue' (1372) panicked at tests/cli_e2e.rs:32:5:
[INFO] [stdout] crisp ["test", "/opt/rustwide/workdir/../../examples/math", "and", "crisp", "test", "/opt/rustwide/workdir/../../examples/show_trait"] failed
[INFO] [stdout] stack backtrace:
[INFO] [stdout]    0:     0x572ff56b4a01 - <<std[617be2ca0a6fd877]::sys::backtrace::BacktraceLock>::print::DisplayBacktrace as core[a373ad73a504971]::fmt::Display>::fmt
[INFO] [stdout]    1:     0x572ff56c8efa - core[a373ad73a504971]::fmt::write
[INFO] [stdout]    2:     0x572ff56b90dc - <alloc[2e1b2a31b91974c5]::vec::Vec<u8> as core[a373ad73a504971]::io::write::Write>::write_fmt
[INFO] [stdout]    3:     0x572ff568e386 - std[617be2ca0a6fd877]::panicking::default_hook::{closure#0}
[INFO] [stdout]    4:     0x572ff56ab559 - std[617be2ca0a6fd877]::panicking::default_hook
[INFO] [stdout]    5:     0x572ff5646480 - test[aada8e7e76ba119b]::test_main_inner::{closure#0}
[INFO] [stdout]    6:     0x572ff56ab712 - std[617be2ca0a6fd877]::panicking::panic_with_hook
[INFO] [stdout]    7:     0x572ff568e432 - std[617be2ca0a6fd877]::panicking::panic_handler::{closure#0}
[INFO] [stdout]    8:     0x572ff5686df9 - std[617be2ca0a6fd877]::sys::backtrace::__rust_end_short_backtrace::<std[617be2ca0a6fd877]::panicking::panic_handler::{closure#0}, !>
[INFO] [stdout]    9:     0x572ff568f03d - __rustc[ea4f61d10b84890b]::rust_begin_unwind
[INFO] [stdout]   10:     0x572ff56c962c - core[a373ad73a504971]::panicking::panic_fmt
[INFO] [stdout]   11:     0x572ff562f56f - cli_e2e[eff306dd1f396c67]::run_ok
[INFO] [stdout]   12:     0x572ff5636bf8 - <cli_e2e[eff306dd1f396c67]::crisp_test_multiple_paths_ignores_and_glue::{closure#0} as core[a373ad73a504971]::ops::function::FnOnce<()>>::call_once
[INFO] [stdout]   13:     0x572ff56398cb - test[aada8e7e76ba119b]::__rust_begin_short_backtrace::<core[a373ad73a504971]::result::Result<(), alloc[2e1b2a31b91974c5]::string::String>, fn() -> core[a373ad73a504971]::result::Result<(), alloc[2e1b2a31b91974c5]::string::String>>
[INFO] [stdout]   14:     0x572ff5646aa5 - test[aada8e7e76ba119b]::run_test::{closure#0}
[INFO] [stdout]   15:     0x572ff5640394 - std[617be2ca0a6fd877]::sys::backtrace::__rust_begin_short_backtrace::<test[aada8e7e76ba119b]::run_test::{closure#1}, ()>
[INFO] [stdout]   16:     0x572ff5649b32 - <std[617be2ca0a6fd877]::thread::lifecycle::spawn_unchecked<test[aada8e7e76ba119b]::run_test::{closure#1}, ()>::{closure#1} as core[a373ad73a504971]::ops::function::FnOnce<()>>::call_once::{shim:vtable#0}
[INFO] [stdout]   17:     0x572ff56b3c5f - <std[617be2ca0a6fd877]::sys::thread::unix::Thread>::new::thread_start
[INFO] [stdout]   18:     0x7337e1f73dfa - <unknown>
[INFO] [stdout]   19:     0x7337e20073d4 - clone
[INFO] [stdout]   20:                0x0 - <unknown>
[INFO] [stdout] 
[INFO] [stdout] ---- reveal_ownership_server stdout ----
[INFO] [stdout] $ reveal ownership /opt/rustwide/workdir/../../examples/server (status=exit status: 1)
[INFO] [stdout] stderr:
[INFO] [stdout] reveal: ownership failed for `/opt/rustwide/workdir/../../examples/server`: [E0042] resolve error: crate has no src/ directory at /opt/rustwide/workdir/../../examples/server
[INFO] [stdout] hint: pass a crate root (directory with crisp.toml) or a path inside one; try `reveal ownership examples/hello`
[INFO] [stdout] 
[INFO] [stdout] 
[INFO] [stdout] thread 'reveal_ownership_server' (1402) panicked at tests/cli_e2e.rs:32:5:
[INFO] [stdout] reveal ["ownership", "/opt/rustwide/workdir/../../examples/server"] failed
[INFO] [stdout] stack backtrace:
[INFO] [stdout]    0:     0x572ff56b4a01 - <<std[617be2ca0a6fd877]::sys::backtrace::BacktraceLock>::print::DisplayBacktrace as core[a373ad73a504971]::fmt::Display>::fmt
[INFO] [stdout]    1:     0x572ff56c8efa - core[a373ad73a504971]::fmt::write
[INFO] [stdout]    2:     0x572ff56b90dc - <alloc[2e1b2a31b91974c5]::vec::Vec<u8> as core[a373ad73a504971]::io::write::Write>::write_fmt
[INFO] [stdout]    3:     0x572ff568e386 - std[617be2ca0a6fd877]::panicking::default_hook::{closure#0}
[INFO] [stdout]    4:     0x572ff56ab559 - std[617be2ca0a6fd877]::panicking::default_hook
[INFO] [stdout]    5:     0x572ff5646480 - test[aada8e7e76ba119b]::test_main_inner::{closure#0}
[INFO] [stdout]    6:     0x572ff56ab712 - std[617be2ca0a6fd877]::panicking::panic_with_hook
[INFO] [stdout]    7:     0x572ff568e432 - std[617be2ca0a6fd877]::panicking::panic_handler::{closure#0}
[INFO] [stdout]    8:     0x572ff5686df9 - std[617be2ca0a6fd877]::sys::backtrace::__rust_end_short_backtrace::<std[617be2ca0a6fd877]::panicking::panic_handler::{closure#0}, !>
[INFO] [stdout]    9:     0x572ff568f03d - __rustc[ea4f61d10b84890b]::rust_begin_unwind
[INFO] [stdout]   10:     0x572ff56c962c - core[a373ad73a504971]::panicking::panic_fmt
[INFO] [stdout]   11:     0x572ff562f56f - cli_e2e[eff306dd1f396c67]::run_ok
[INFO] [stdout]   12:     0x572ff5632568 - <cli_e2e[eff306dd1f396c67]::reveal_ownership_server::{closure#0} as core[a373ad73a504971]::ops::function::FnOnce<()>>::call_once
[INFO] [stdout]   13:     0x572ff56398cb - test[aada8e7e76ba119b]::__rust_begin_short_backtrace::<core[a373ad73a504971]::result::Result<(), alloc[2e1b2a31b91974c5]::string::String>, fn() -> core[a373ad73a504971]::result::Result<(), alloc[2e1b2a31b91974c5]::string::String>>
[INFO] [stdout]   14:     0x572ff5646aa5 - test[aada8e7e76ba119b]::run_test::{closure#0}
[INFO] [stdout]   15:     0x572ff5640394 - std[617be2ca0a6fd877]::sys::backtrace::__rust_begin_short_backtrace::<test[aada8e7e76ba119b]::run_test::{closure#1}, ()>
[INFO] [stdout]   16:     0x572ff5649b32 - <std[617be2ca0a6fd877]::thread::lifecycle::spawn_unchecked<test[aada8e7e76ba119b]::run_test::{closure#1}, ()>::{closure#1} as core[a373ad73a504971]::ops::function::FnOnce<()>>::call_once::{shim:vtable#0}
[INFO] [stdout]   17:     0x572ff56b3c5f - <std[617be2ca0a6fd877]::sys::thread::unix::Thread>::new::thread_start
[INFO] [stdout]   18:     0x7337e1f73dfa - <unknown>
[INFO] [stdout]   19:     0x7337e20073d4 - clone
[INFO] [stdout]   20:                0x0 - <unknown>
[INFO] [stdout] 
[INFO] [stdout] ---- reveal_errors_fallible stdout ----
[INFO] [stdout] $ reveal errors /opt/rustwide/workdir/../../examples/fallible (status=exit status: 1)
[INFO] [stdout] stderr:
[INFO] [stdout] reveal: errors failed for `/opt/rustwide/workdir/../../examples/fallible`: [E0042] resolve error: crate has no src/ directory at /opt/rustwide/workdir/../../examples/fallible
[INFO] [stdout] hint: pass a crate root (directory with crisp.toml) or a path inside one; try `reveal errors examples/hello`
[INFO] [stdout] 
[INFO] [stdout] 
[INFO] [stdout] thread 'reveal_errors_fallible' (1397) panicked at tests/cli_e2e.rs:32:5:
[INFO] [stdout] reveal ["errors", "/opt/rustwide/workdir/../../examples/fallible"] failed
[INFO] [stdout] stack backtrace:
[INFO] [stdout]    0:     0x572ff56b4a01 - <<std[617be2ca0a6fd877]::sys::backtrace::BacktraceLock>::print::DisplayBacktrace as core[a373ad73a504971]::fmt::Display>::fmt
[INFO] [stdout]    1:     0x572ff56c8efa - core[a373ad73a504971]::fmt::write
[INFO] [stdout]    2:     0x572ff56b90dc - <alloc[2e1b2a31b91974c5]::vec::Vec<u8> as core[a373ad73a504971]::io::write::Write>::write_fmt
[INFO] [stdout]    3:     0x572ff568e386 - std[617be2ca0a6fd877]::panicking::default_hook::{closure#0}
[INFO] [stdout]    4:     0x572ff56ab559 - std[617be2ca0a6fd877]::panicking::default_hook
[INFO] [stdout]    5:     0x572ff5646480 - test[aada8e7e76ba119b]::test_main_inner::{closure#0}
[INFO] [stdout]    6:     0x572ff56ab712 - std[617be2ca0a6fd877]::panicking::panic_with_hook
[INFO] [stdout]    7:     0x572ff568e432 - std[617be2ca0a6fd877]::panicking::panic_handler::{closure#0}
[INFO] [stdout]    8:     0x572ff5686df9 - std[617be2ca0a6fd877]::sys::backtrace::__rust_end_short_backtrace::<std[617be2ca0a6fd877]::panicking::panic_handler::{closure#0}, !>
[INFO] [stdout]    9:     0x572ff568f03d - __rustc[ea4f61d10b84890b]::rust_begin_unwind
[INFO] [stdout]   10:     0x572ff56c962c - core[a373ad73a504971]::panicking::panic_fmt
[INFO] [stdout]   11:     0x572ff562f56f - cli_e2e[eff306dd1f396c67]::run_ok
[INFO] [stdout]   12:     0x572ff5631df8 - <cli_e2e[eff306dd1f396c67]::reveal_errors_fallible::{closure#0} as core[a373ad73a504971]::ops::function::FnOnce<()>>::call_once
[INFO] [stdout]   13:     0x572ff56398cb - test[aada8e7e76ba119b]::__rust_begin_short_backtrace::<core[a373ad73a504971]::result::Result<(), alloc[2e1b2a31b91974c5]::string::String>, fn() -> core[a373ad73a504971]::result::Result<(), alloc[2e1b2a31b91974c5]::string::String>>
[INFO] [stdout]   14:     0x572ff5646aa5 - test[aada8e7e76ba119b]::run_test::{closure#0}
[INFO] [stdout]   15:     0x572ff5640394 - std[617be2ca0a6fd877]::sys::backtrace::__rust_begin_short_backtrace::<test[aada8e7e76ba119b]::run_test::{closure#1}, ()>
[INFO] [stdout]   16:     0x572ff5649b32 - <std[617be2ca0a6fd877]::thread::lifecycle::spawn_unchecked<test[aada8e7e76ba119b]::run_test::{closure#1}, ()>::{closure#1} as core[a373ad73a504971]::ops::function::FnOnce<()>>::call_once::{shim:vtable#0}
[INFO] [stdout]   17:     0x572ff56b3c5f - <std[617be2ca0a6fd877]::sys::thread::unix::Thread>::new::thread_start
[INFO] [stdout]   18:     0x7337e1f73dfa - <unknown>
[INFO] [stdout]   19:     0x7337e20073d4 - clone
[INFO] [stdout]   20:                0x0 - <unknown>
[INFO] [stdout] 
[INFO] [stdout] ---- reveal_expand_defaults stdout ----
[INFO] [stdout] $ reveal expand /opt/rustwide/workdir/../../examples/defaults (status=exit status: 1)
[INFO] [stdout] stderr:
[INFO] [stdout] reveal: expand failed for `/opt/rustwide/workdir/../../examples/defaults`: [E0042] resolve error: crate has no src/ directory at /opt/rustwide/workdir/../../examples/defaults
[INFO] [stdout] hint: pass a crate root (directory with crisp.toml) or a path inside one; try `reveal expand examples/hello`
[INFO] [stdout] 
[INFO] [stdout] 
[INFO] [stdout] thread 'reveal_expand_defaults' (1398) panicked at tests/cli_e2e.rs:32:5:
[INFO] [stdout] reveal ["expand", "/opt/rustwide/workdir/../../examples/defaults"] failed
[INFO] [stdout] stack backtrace:
[INFO] [stdout]    0:     0x572ff56b4a01 - <<std[617be2ca0a6fd877]::sys::backtrace::BacktraceLock>::print::DisplayBacktrace as core[a373ad73a504971]::fmt::Display>::fmt
[INFO] [stdout]    1:     0x572ff56c8efa - core[a373ad73a504971]::fmt::write
[INFO] [stdout]    2:     0x572ff56b90dc - <alloc[2e1b2a31b91974c5]::vec::Vec<u8> as core[a373ad73a504971]::io::write::Write>::write_fmt
[INFO] [stdout]    3:     0x572ff568e386 - std[617be2ca0a6fd877]::panicking::default_hook::{closure#0}
[INFO] [stdout]    4:     0x572ff56ab559 - std[617be2ca0a6fd877]::panicking::default_hook
[INFO] [stdout]    5:     0x572ff5646480 - test[aada8e7e76ba119b]::test_main_inner::{closure#0}
[INFO] [stdout]    6:     0x572ff56ab712 - std[617be2ca0a6fd877]::panicking::panic_with_hook
[INFO] [stdout]    7:     0x572ff568e432 - std[617be2ca0a6fd877]::panicking::panic_handler::{closure#0}
[INFO] [stdout]    8:     0x572ff5686df9 - std[617be2ca0a6fd877]::sys::backtrace::__rust_end_short_backtrace::<std[617be2ca0a6fd877]::panicking::panic_handler::{closure#0}, !>
[INFO] [stdout]    9:     0x572ff568f03d - __rustc[ea4f61d10b84890b]::rust_begin_unwind
[INFO] [stdout]   10:     0x572ff56c962c - core[a373ad73a504971]::panicking::panic_fmt
[INFO] [stdout]   11:     0x572ff562f56f - cli_e2e[eff306dd1f396c67]::run_ok
[INFO] [stdout]   12:     0x572ff5632058 - <cli_e2e[eff306dd1f396c67]::reveal_expand_defaults::{closure#0} as core[a373ad73a504971]::ops::function::FnOnce<()>>::call_once
[INFO] [stdout]   13:     0x572ff56398cb - test[aada8e7e76ba119b]::__rust_begin_short_backtrace::<core[a373ad73a504971]::result::Result<(), alloc[2e1b2a31b91974c5]::string::String>, fn() -> core[a373ad73a504971]::result::Result<(), alloc[2e1b2a31b91974c5]::string::String>>
[INFO] [stdout]   14:     0x572ff5646aa5 - test[aada8e7e76ba119b]::run_test::{closure#0}
[INFO] [stdout]   15:     0x572ff5640394 - std[617be2ca0a6fd877]::sys::backtrace::__rust_begin_short_backtrace::<test[aada8e7e76ba119b]::run_test::{closure#1}, ()>
[INFO] [stdout]   16:     0x572ff5649b32 - <std[617be2ca0a6fd877]::thread::lifecycle::spawn_unchecked<test[aada8e7e76ba119b]::run_test::{closure#1}, ()>::{closure#1} as core[a373ad73a504971]::ops::function::FnOnce<()>>::call_once::{shim:vtable#0}
[INFO] [stdout]   17:     0x572ff56b3c5f - <std[617be2ca0a6fd877]::sys::thread::unix::Thread>::new::thread_start
[INFO] [stdout]   18:     0x7337e1f73dfa - <unknown>
[INFO] [stdout]   19:     0x7337e20073d4 - clone
[INFO] [stdout]   20:                0x0 - <unknown>
[INFO] [stdout] 
[INFO] [stdout] ---- reveal_seal_sealed_example stdout ----
[INFO] [stdout] $ reveal seal /opt/rustwide/workdir/../../examples/sealed (status=exit status: 1)
[INFO] [stdout] stderr:
[INFO] [stdout] reveal: seal failed for `/opt/rustwide/workdir/../../examples/sealed`: crate has no src/ directory at /opt/rustwide/workdir/../../examples/sealed
[INFO] [stdout] hint: pass a crate root (directory with crisp.toml) or a path inside one; try `reveal seal examples/hello`
[INFO] [stdout] 
[INFO] [stdout] 
[INFO] [stdout] thread 'reveal_seal_sealed_example' (1408) panicked at tests/cli_e2e.rs:32:5:
[INFO] [stdout] reveal ["seal", "/opt/rustwide/workdir/../../examples/sealed"] failed
[INFO] [stdout] stack backtrace:
[INFO] [stdout]    0:     0x572ff56b4a01 - <<std[617be2ca0a6fd877]::sys::backtrace::BacktraceLock>::print::DisplayBacktrace as core[a373ad73a504971]::fmt::Display>::fmt
[INFO] [stdout]    1:     0x572ff56c8efa - core[a373ad73a504971]::fmt::write
[INFO] [stdout]    2:     0x572ff56b90dc - <alloc[2e1b2a31b91974c5]::vec::Vec<u8> as core[a373ad73a504971]::io::write::Write>::write_fmt
[INFO] [stdout]    3:     0x572ff568e386 - std[617be2ca0a6fd877]::panicking::default_hook::{closure#0}
[INFO] [stdout]    4:     0x572ff56ab559 - std[617be2ca0a6fd877]::panicking::default_hook
[INFO] [stdout]    5:     0x572ff5646480 - test[aada8e7e76ba119b]::test_main_inner::{closure#0}
[INFO] [stdout]    6:     0x572ff56ab712 - std[617be2ca0a6fd877]::panicking::panic_with_hook
[INFO] [stdout]    7:     0x572ff568e432 - std[617be2ca0a6fd877]::panicking::panic_handler::{closure#0}
[INFO] [stdout]    8:     0x572ff5686df9 - std[617be2ca0a6fd877]::sys::backtrace::__rust_end_short_backtrace::<std[617be2ca0a6fd877]::panicking::panic_handler::{closure#0}, !>
[INFO] [stdout]    9:     0x572ff568f03d - __rustc[ea4f61d10b84890b]::rust_begin_unwind
[INFO] [stdout]   10:     0x572ff56c962c - core[a373ad73a504971]::panicking::panic_fmt
[INFO] [stdout]   11:     0x572ff562f56f - cli_e2e[eff306dd1f396c67]::run_ok
[INFO] [stdout]   12:     0x572ff56343a8 - <cli_e2e[eff306dd1f396c67]::reveal_seal_sealed_example::{closure#0} as core[a373ad73a504971]::ops::function::FnOnce<()>>::call_once
[INFO] [stdout]   13:     0x572ff56398cb - test[aada8e7e76ba119b]::__rust_begin_short_backtrace::<core[a373ad73a504971]::result::Result<(), alloc[2e1b2a31b91974c5]::string::String>, fn() -> core[a373ad73a504971]::result::Result<(), alloc[2e1b2a31b91974c5]::string::String>>
[INFO] [stdout]   14:     0x572ff5646aa5 - test[aada8e7e76ba119b]::run_test::{closure#0}
[INFO] [stdout]   15:     0x572ff5640394 - std[617be2ca0a6fd877]::sys::backtrace::__rust_begin_short_backtrace::<test[aada8e7e76ba119b]::run_test::{closure#1}, ()>
[INFO] [stdout]   16:     0x572ff5649b32 - <std[617be2ca0a6fd877]::thread::lifecycle::spawn_unchecked<test[aada8e7e76ba119b]::run_test::{closure#1}, ()>::{closure#1} as core[a373ad73a504971]::ops::function::FnOnce<()>>::call_once::{shim:vtable#0}
[INFO] [stdout]   17:     0x572ff56b3c5f - <std[617be2ca0a6fd877]::sys::thread::unix::Thread>::new::thread_start
[INFO] [stdout]   18:     0x7337e1f73dfa - <unknown>
[INFO] [stdout]   19:     0x7337e20073d4 - clone
[INFO] [stdout]   20:                0x0 - <unknown>
[INFO] [stdout] 
[INFO] [stdout] ---- reveal_rust_math stdout ----
[INFO] [stdout] $ reveal rust /opt/rustwide/workdir/../../examples/math (status=exit status: 1)
[INFO] [stdout] stderr:
[INFO] [stdout] reveal: rust failed for `/opt/rustwide/workdir/../../examples/math`: [E0074] resolve error: crate has no src/ directory at /opt/rustwide/workdir/../../examples/math
[INFO] [stdout] hint: pass a crate root (directory with crisp.toml) or a path inside one; try `reveal rust examples/hello`
[INFO] [stdout] 
[INFO] [stdout] 
[INFO] [stdout] thread 'reveal_rust_math' (1403) panicked at tests/cli_e2e.rs:32:5:
[INFO] [stdout] reveal ["rust", "/opt/rustwide/workdir/../../examples/math"] failed
[INFO] [stdout] stack backtrace:
[INFO] [stdout]    0:     0x572ff56b4a01 - <<std[617be2ca0a6fd877]::sys::backtrace::BacktraceLock>::print::DisplayBacktrace as core[a373ad73a504971]::fmt::Display>::fmt
[INFO] [stdout]    1:     0x572ff56c8efa - core[a373ad73a504971]::fmt::write
[INFO] [stdout]    2:     0x572ff56b90dc - <alloc[2e1b2a31b91974c5]::vec::Vec<u8> as core[a373ad73a504971]::io::write::Write>::write_fmt
[INFO] [stdout]    3:     0x572ff568e386 - std[617be2ca0a6fd877]::panicking::default_hook::{closure#0}
[INFO] [stdout]    4:     0x572ff56ab559 - std[617be2ca0a6fd877]::panicking::default_hook
[INFO] [stdout]    5:     0x572ff5646480 - test[aada8e7e76ba119b]::test_main_inner::{closure#0}
[INFO] [stdout]    6:     0x572ff56ab712 - std[617be2ca0a6fd877]::panicking::panic_with_hook
[INFO] [stdout]    7:     0x572ff568e432 - std[617be2ca0a6fd877]::panicking::panic_handler::{closure#0}
[INFO] [stdout]    8:     0x572ff5686df9 - std[617be2ca0a6fd877]::sys::backtrace::__rust_end_short_backtrace::<std[617be2ca0a6fd877]::panicking::panic_handler::{closure#0}, !>
[INFO] [stdout]    9:     0x572ff568f03d - __rustc[ea4f61d10b84890b]::rust_begin_unwind
[INFO] [stdout]   10:     0x572ff56c962c - core[a373ad73a504971]::panicking::panic_fmt
[INFO] [stdout]   11:     0x572ff562f56f - cli_e2e[eff306dd1f396c67]::run_ok
[INFO] [stdout]   12:     0x572ff5630b18 - <cli_e2e[eff306dd1f396c67]::reveal_rust_math::{closure#0} as core[a373ad73a504971]::ops::function::FnOnce<()>>::call_once
[INFO] [stdout]   13:     0x572ff56398cb - test[aada8e7e76ba119b]::__rust_begin_short_backtrace::<core[a373ad73a504971]::result::Result<(), alloc[2e1b2a31b91974c5]::string::String>, fn() -> core[a373ad73a504971]::result::Result<(), alloc[2e1b2a31b91974c5]::string::String>>
[INFO] [stdout]   14:     0x572ff5646aa5 - test[aada8e7e76ba119b]::run_test::{closure#0}
[INFO] [stdout]   15:     0x572ff5640394 - std[617be2ca0a6fd877]::sys::backtrace::__rust_begin_short_backtrace::<test[aada8e7e76ba119b]::run_test::{closure#1}, ()>
[INFO] [stdout]   16:     0x572ff5649b32 - <std[617be2ca0a6fd877]::thread::lifecycle::spawn_unchecked<test[aada8e7e76ba119b]::run_test::{closure#1}, ()>::{closure#1} as core[a373ad73a504971]::ops::function::FnOnce<()>>::call_once::{shim:vtable#0}
[INFO] [stdout]   17:     0x572ff56b3c5f - <std[617be2ca0a6fd877]::sys::thread::unix::Thread>::new::thread_start
[INFO] [stdout]   18:     0x7337e1f73dfa - <unknown>
[INFO] [stdout]   19:     0x7337e20073d4 - clone
[INFO] [stdout]   20:                0x0 - <unknown>
[INFO] [stdout] 
[INFO] [stdout] ---- reveal_diff_and_map_hello_smoke stdout ----
[INFO] [stdout] $ reveal diff /opt/rustwide/workdir/../../examples/hello (status=exit status: 1)
[INFO] [stdout] stderr:
[INFO] [stdout] reveal: diff failed for `/opt/rustwide/workdir/../../examples/hello`: crate has no src/ directory at /opt/rustwide/workdir/../../examples/hello
[INFO] [stdout] hint: pass a crate root (directory with crisp.toml) or a path inside one; try `reveal diff examples/hello`
[INFO] [stdout] 
[INFO] [stdout] 
[INFO] [stdout] thread 'reveal_diff_and_map_hello_smoke' (1396) panicked at tests/cli_e2e.rs:32:5:
[INFO] [stdout] reveal ["diff", "/opt/rustwide/workdir/../../examples/hello"] failed
[INFO] [stdout] stack backtrace:
[INFO] [stdout]    0:     0x572ff56b4a01 - <<std[617be2ca0a6fd877]::sys::backtrace::BacktraceLock>::print::DisplayBacktrace as core[a373ad73a504971]::fmt::Display>::fmt
[INFO] [stdout]    1:     0x572ff56c8efa - core[a373ad73a504971]::fmt::write
[INFO] [stdout]    2:     0x572ff56b90dc - <alloc[2e1b2a31b91974c5]::vec::Vec<u8> as core[a373ad73a504971]::io::write::Write>::write_fmt
[INFO] [stdout]    3:     0x572ff568e386 - std[617be2ca0a6fd877]::panicking::default_hook::{closure#0}
[INFO] [stdout]    4:     0x572ff56ab559 - std[617be2ca0a6fd877]::panicking::default_hook
[INFO] [stdout]    5:     0x572ff5646480 - test[aada8e7e76ba119b]::test_main_inner::{closure#0}
[INFO] [stdout]    6:     0x572ff56ab712 - std[617be2ca0a6fd877]::panicking::panic_with_hook
[INFO] [stdout]    7:     0x572ff568e432 - std[617be2ca0a6fd877]::panicking::panic_handler::{closure#0}
[INFO] [stdout]    8:     0x572ff5686df9 - std[617be2ca0a6fd877]::sys::backtrace::__rust_end_short_backtrace::<std[617be2ca0a6fd877]::panicking::panic_handler::{closure#0}, !>
[INFO] [stdout]    9:     0x572ff568f03d - __rustc[ea4f61d10b84890b]::rust_begin_unwind
[INFO] [stdout]   10:     0x572ff56c962c - core[a373ad73a504971]::panicking::panic_fmt
[INFO] [stdout]   11:     0x572ff562f56f - cli_e2e[eff306dd1f396c67]::run_ok
[INFO] [stdout]   12:     0x572ff5634d60 - <cli_e2e[eff306dd1f396c67]::reveal_diff_and_map_hello_smoke::{closure#0} as core[a373ad73a504971]::ops::function::FnOnce<()>>::call_once
[INFO] [stdout]   13:     0x572ff56398cb - test[aada8e7e76ba119b]::__rust_begin_short_backtrace::<core[a373ad73a504971]::result::Result<(), alloc[2e1b2a31b91974c5]::string::String>, fn() -> core[a373ad73a504971]::result::Result<(), alloc[2e1b2a31b91974c5]::string::String>>
[INFO] [stdout]   14:     0x572ff5646aa5 - test[aada8e7e76ba119b]::run_test::{closure#0}
[INFO] [stdout]   15:     0x572ff5640394 - std[617be2ca0a6fd877]::sys::backtrace::__rust_begin_short_backtrace::<test[aada8e7e76ba119b]::run_test::{closure#1}, ()>
[INFO] [stdout]   16:     0x572ff5649b32 - <std[617be2ca0a6fd877]::thread::lifecycle::spawn_unchecked<test[aada8e7e76ba119b]::run_test::{closure#1}, ()>::{closure#1} as core[a373ad73a504971]::ops::function::FnOnce<()>>::call_once::{shim:vtable#0}
[INFO] [stdout]   17:     0x572ff56b3c5f - <std[617be2ca0a6fd877]::sys::thread::unix::Thread>::new::thread_start
[INFO] [stdout]   18:     0x7337e1f73dfa - <unknown>
[INFO] [stdout]   19:     0x7337e20073d4 - clone
[INFO] [stderr] error: test failed, to rerun pass `--test cli_e2e`
[INFO] [stdout]   20:                0x0 - <unknown>
[INFO] [stdout] 
[INFO] [stdout] ---- reveal_lifetimes_hello stdout ----
[INFO] [stdout] $ reveal lifetimes /opt/rustwide/workdir/../../examples/hello (status=exit status: 1)
[INFO] [stdout] stderr:
[INFO] [stdout] reveal: lifetimes failed for `/opt/rustwide/workdir/../../examples/hello`: [E0042] resolve error: crate has no src/ directory at /opt/rustwide/workdir/../../examples/hello
[INFO] [stdout] hint: pass a crate root (directory with crisp.toml) or a path inside one; try `reveal lifetimes examples/hello`
[INFO] [stdout] 
[INFO] [stdout] 
[INFO] [stdout] thread 'reveal_lifetimes_hello' (1400) panicked at tests/cli_e2e.rs:32:5:
[INFO] [stdout] reveal ["lifetimes", "/opt/rustwide/workdir/../../examples/hello"] failed
[INFO] [stdout] stack backtrace:
[INFO] [stdout]    0:     0x572ff56b4a01 - <<std[617be2ca0a6fd877]::sys::backtrace::BacktraceLock>::print::DisplayBacktrace as core[a373ad73a504971]::fmt::Display>::fmt
[INFO] [stdout]    1:     0x572ff56c8efa - core[a373ad73a504971]::fmt::write
[INFO] [stdout]    2:     0x572ff56b90dc - <alloc[2e1b2a31b91974c5]::vec::Vec<u8> as core[a373ad73a504971]::io::write::Write>::write_fmt
[INFO] [stdout]    3:     0x572ff568e386 - std[617be2ca0a6fd877]::panicking::default_hook::{closure#0}
[INFO] [stdout]    4:     0x572ff56ab559 - std[617be2ca0a6fd877]::panicking::default_hook
[INFO] [stdout]    5:     0x572ff5646480 - test[aada8e7e76ba119b]::test_main_inner::{closure#0}
[INFO] [stdout]    6:     0x572ff56ab712 - std[617be2ca0a6fd877]::panicking::panic_with_hook
[INFO] [stdout]    7:     0x572ff568e432 - std[617be2ca0a6fd877]::panicking::panic_handler::{closure#0}
[INFO] [stdout]    8:     0x572ff5686df9 - std[617be2ca0a6fd877]::sys::backtrace::__rust_end_short_backtrace::<std[617be2ca0a6fd877]::panicking::panic_handler::{closure#0}, !>
[INFO] [stdout]    9:     0x572ff568f03d - __rustc[ea4f61d10b84890b]::rust_begin_unwind
[INFO] [stdout]   10:     0x572ff56c962c - core[a373ad73a504971]::panicking::panic_fmt
[INFO] [stdout]   11:     0x572ff562f56f - cli_e2e[eff306dd1f396c67]::run_ok
[INFO] [stdout]   12:     0x572ff5632298 - <cli_e2e[eff306dd1f396c67]::reveal_lifetimes_hello::{closure#0} as core[a373ad73a504971]::ops::function::FnOnce<()>>::call_once
[INFO] [stdout]   13:     0x572ff56398cb - test[aada8e7e76ba119b]::__rust_begin_short_backtrace::<core[a373ad73a504971]::result::Result<(), alloc[2e1b2a31b91974c5]::string::String>, fn() -> core[a373ad73a504971]::result::Result<(), alloc[2e1b2a31b91974c5]::string::String>>
[INFO] [stdout]   14:     0x572ff5646aa5 - test[aada8e7e76ba119b]::run_test::{closure#0}
[INFO] [stdout]   15:     0x572ff5640394 - std[617be2ca0a6fd877]::sys::backtrace::__rust_begin_short_backtrace::<test[aada8e7e76ba119b]::run_test::{closure#1}, ()>
[INFO] [stdout]   16:     0x572ff5649b32 - <std[617be2ca0a6fd877]::thread::lifecycle::spawn_unchecked<test[aada8e7e76ba119b]::run_test::{closure#1}, ()>::{closure#1} as core[a373ad73a504971]::ops::function::FnOnce<()>>::call_once::{shim:vtable#0}
[INFO] [stdout]   17:     0x572ff56b3c5f - <std[617be2ca0a6fd877]::sys::thread::unix::Thread>::new::thread_start
[INFO] [stdout]   18:     0x7337e1f73dfa - <unknown>
[INFO] [stdout]   19:     0x7337e20073d4 - clone
[INFO] [stdout]   20:                0x0 - <unknown>
[INFO] [stdout] 
[INFO] [stdout] ---- reveal_ownership_ownership_demo stdout ----
[INFO] [stdout] $ reveal ownership /opt/rustwide/workdir/../../examples/ownership_demo (status=exit status: 1)
[INFO] [stdout] stderr:
[INFO] [stdout] reveal: ownership failed for `/opt/rustwide/workdir/../../examples/ownership_demo`: [E0042] resolve error: crate has no src/ directory at /opt/rustwide/workdir/../../examples/ownership_demo
[INFO] [stdout] hint: pass a crate root (directory with crisp.toml) or a path inside one; try `reveal ownership examples/hello`
[INFO] [stdout] 
[INFO] [stdout] 
[INFO] [stdout] thread 'reveal_ownership_ownership_demo' (1401) panicked at tests/cli_e2e.rs:32:5:
[INFO] [stdout] reveal ["ownership", "/opt/rustwide/workdir/../../examples/ownership_demo"] failed
[INFO] [stdout] stack backtrace:
[INFO] [stdout]    0:     0x572ff56b4a01 - <<std[617be2ca0a6fd877]::sys::backtrace::BacktraceLock>::print::DisplayBacktrace as core[a373ad73a504971]::fmt::Display>::fmt
[INFO] [stdout]    1:     0x572ff56c8efa - core[a373ad73a504971]::fmt::write
[INFO] [stdout]    2:     0x572ff56b90dc - <alloc[2e1b2a31b91974c5]::vec::Vec<u8> as core[a373ad73a504971]::io::write::Write>::write_fmt
[INFO] [stdout]    3:     0x572ff568e386 - std[617be2ca0a6fd877]::panicking::default_hook::{closure#0}
[INFO] [stdout]    4:     0x572ff56ab559 - std[617be2ca0a6fd877]::panicking::default_hook
[INFO] [stdout]    5:     0x572ff5646480 - test[aada8e7e76ba119b]::test_main_inner::{closure#0}
[INFO] [stdout]    6:     0x572ff56ab712 - std[617be2ca0a6fd877]::panicking::panic_with_hook
[INFO] [stdout]    7:     0x572ff568e432 - std[617be2ca0a6fd877]::panicking::panic_handler::{closure#0}
[INFO] [stdout]    8:     0x572ff5686df9 - std[617be2ca0a6fd877]::sys::backtrace::__rust_end_short_backtrace::<std[617be2ca0a6fd877]::panicking::panic_handler::{closure#0}, !>
[INFO] [stdout]    9:     0x572ff568f03d - __rustc[ea4f61d10b84890b]::rust_begin_unwind
[INFO] [stdout]   10:     0x572ff56c962c - core[a373ad73a504971]::panicking::panic_fmt
[INFO] [stdout]   11:     0x572ff562f56f - cli_e2e[eff306dd1f396c67]::run_ok
[INFO] [stdout]   12:     0x572ff5635068 - <cli_e2e[eff306dd1f396c67]::reveal_ownership_ownership_demo::{closure#0} as core[a373ad73a504971]::ops::function::FnOnce<()>>::call_once
[INFO] [stdout]   13:     0x572ff56398cb - test[aada8e7e76ba119b]::__rust_begin_short_backtrace::<core[a373ad73a504971]::result::Result<(), alloc[2e1b2a31b91974c5]::string::String>, fn() -> core[a373ad73a504971]::result::Result<(), alloc[2e1b2a31b91974c5]::string::String>>
[INFO] [stdout]   14:     0x572ff5646aa5 - test[aada8e7e76ba119b]::run_test::{closure#0}
[INFO] [stdout]   15:     0x572ff5640394 - std[617be2ca0a6fd877]::sys::backtrace::__rust_begin_short_backtrace::<test[aada8e7e76ba119b]::run_test::{closure#1}, ()>
[INFO] [stdout]   16:     0x572ff5649b32 - <std[617be2ca0a6fd877]::thread::lifecycle::spawn_unchecked<test[aada8e7e76ba119b]::run_test::{closure#1}, ()>::{closure#1} as core[a373ad73a504971]::ops::function::FnOnce<()>>::call_once::{shim:vtable#0}
[INFO] [stdout]   17:     0x572ff56b3c5f - <std[617be2ca0a6fd877]::sys::thread::unix::Thread>::new::thread_start
[INFO] [stdout]   18:     0x7337e1f73dfa - <unknown>
[INFO] [stdout]   19:     0x7337e20073d4 - clone
[INFO] [stdout]   20:                0x0 - <unknown>
[INFO] [stdout] 
[INFO] [stdout] ---- sealed_drift_fails_check stdout ----
[INFO] [stdout] 
[INFO] [stdout] thread 'sealed_drift_fails_check' (1417) panicked at tests/cli_e2e.rs:453:55:
[INFO] [stdout] called `Result::unwrap()` on an `Err` value: Os { code: 2, kind: NotFound, message: "No such file or directory" }
[INFO] [stdout] stack backtrace:
[INFO] [stdout]    0:     0x572ff56b4a01 - <<std[617be2ca0a6fd877]::sys::backtrace::BacktraceLock>::print::DisplayBacktrace as core[a373ad73a504971]::fmt::Display>::fmt
[INFO] [stdout]    1:     0x572ff56c8efa - core[a373ad73a504971]::fmt::write
[INFO] [stdout]    2:     0x572ff56b90dc - <alloc[2e1b2a31b91974c5]::vec::Vec<u8> as core[a373ad73a504971]::io::write::Write>::write_fmt
[INFO] [stdout]    3:     0x572ff568e386 - std[617be2ca0a6fd877]::panicking::default_hook::{closure#0}
[INFO] [stdout]    4:     0x572ff56ab559 - std[617be2ca0a6fd877]::panicking::default_hook
[INFO] [stdout]    5:     0x572ff5646480 - test[aada8e7e76ba119b]::test_main_inner::{closure#0}
[INFO] [stdout]    6:     0x572ff56ab712 - std[617be2ca0a6fd877]::panicking::panic_with_hook
[INFO] [stdout]    7:     0x572ff568e432 - std[617be2ca0a6fd877]::panicking::panic_handler::{closure#0}
[INFO] [stdout]    8:     0x572ff5686df9 - std[617be2ca0a6fd877]::sys::backtrace::__rust_end_short_backtrace::<std[617be2ca0a6fd877]::panicking::panic_handler::{closure#0}, !>
[INFO] [stdout]    9:     0x572ff568f03d - __rustc[ea4f61d10b84890b]::rust_begin_unwind
[INFO] [stdout]   10:     0x572ff56c962c - core[a373ad73a504971]::panicking::panic_fmt
[INFO] [stdout]   11:     0x572ff56c9402 - core[a373ad73a504971]::result::unwrap_failed
[INFO] [stdout]   12:     0x572ff563378f - <cli_e2e[eff306dd1f396c67]::sealed_drift_fails_check::{closure#0} as core[a373ad73a504971]::ops::function::FnOnce<()>>::call_once
[INFO] [stdout]   13:     0x572ff56398cb - test[aada8e7e76ba119b]::__rust_begin_short_backtrace::<core[a373ad73a504971]::result::Result<(), alloc[2e1b2a31b91974c5]::string::String>, fn() -> core[a373ad73a504971]::result::Result<(), alloc[2e1b2a31b91974c5]::string::String>>
[INFO] [stdout]   14:     0x572ff5646aa5 - test[aada8e7e76ba119b]::run_test::{closure#0}
[INFO] [stdout]   15:     0x572ff5640394 - std[617be2ca0a6fd877]::sys::backtrace::__rust_begin_short_backtrace::<test[aada8e7e76ba119b]::run_test::{closure#1}, ()>
[INFO] [stdout]   16:     0x572ff5649b32 - <std[617be2ca0a6fd877]::thread::lifecycle::spawn_unchecked<test[aada8e7e76ba119b]::run_test::{closure#1}, ()>::{closure#1} as core[a373ad73a504971]::ops::function::FnOnce<()>>::call_once::{shim:vtable#0}
[INFO] [stdout]   17:     0x572ff56b3c5f - <std[617be2ca0a6fd877]::sys::thread::unix::Thread>::new::thread_start
[INFO] [stdout]   18:     0x7337e1f73dfa - <unknown>
[INFO] [stdout]   19:     0x7337e20073d4 - clone
[INFO] [stdout]   20:                0x0 - <unknown>
[INFO] [stdout] 
[INFO] [stdout] ---- crisp_check_rust_shadow_prints_w0048 stdout ----
[INFO] [stdout] $ crisp check rust_shadow (status=exit status: 1)
[INFO] [stdout] stderr:
[INFO] [stdout] crate has no src/ directory at /opt/rustwide/workdir/../../examples/rust_shadow
[INFO] [stdout] Error: crate has no src/ directory at /opt/rustwide/workdir/../../examples/rust_shadow
[INFO] [stdout] 
[INFO] [stdout] Stack backtrace:
[INFO] [stdout]    0: <anyhow::Error as core::convert::From<crisp_resolve::error::ResolveError>>::from
[INFO] [stdout]    1: crisp::main
[INFO] [stdout]    2: std::sys::backtrace::__rust_begin_short_backtrace::<fn() -> core::result::Result<(), anyhow::Error>, core::result::Result<(), anyhow::Error>>
[INFO] [stdout]    3: std::rt::lang_start::<core::result::Result<(), anyhow::Error>>::{closure#0}
[INFO] [stdout]    4: std::rt::lang_start_internal
[INFO] [stdout]    5: main
[INFO] [stdout]    6: <unknown>
[INFO] [stdout]    7: __libc_start_main
[INFO] [stdout]    8: _start
[INFO] [stdout] 
[INFO] [stdout] 
[INFO] [stdout] thread 'crisp_check_rust_shadow_prints_w0048' (1363) panicked at tests/cli_e2e.rs:165:5:
[INFO] [stdout] check failed
[INFO] [stdout] stack backtrace:
[INFO] [stdout]    0:     0x572ff56b4a01 - <<std[617be2ca0a6fd877]::sys::backtrace::BacktraceLock>::print::DisplayBacktrace as core[a373ad73a504971]::fmt::Display>::fmt
[INFO] [stdout]    1:     0x572ff56c8efa - core[a373ad73a504971]::fmt::write
[INFO] [stdout]    2:     0x572ff56b90dc - <alloc[2e1b2a31b91974c5]::vec::Vec<u8> as core[a373ad73a504971]::io::write::Write>::write_fmt
[INFO] [stdout]    3:     0x572ff568e386 - std[617be2ca0a6fd877]::panicking::default_hook::{closure#0}
[INFO] [stdout]    4:     0x572ff56ab559 - std[617be2ca0a6fd877]::panicking::default_hook
[INFO] [stdout]    5:     0x572ff5646480 - test[aada8e7e76ba119b]::test_main_inner::{closure#0}
[INFO] [stdout]    6:     0x572ff56ab712 - std[617be2ca0a6fd877]::panicking::panic_with_hook
[INFO] [stdout]    7:     0x572ff568e464 - std[617be2ca0a6fd877]::panicking::panic_handler::{closure#0}
[INFO] [stdout]    8:     0x572ff5686df9 - std[617be2ca0a6fd877]::sys::backtrace::__rust_end_short_backtrace::<std[617be2ca0a6fd877]::panicking::panic_handler::{closure#0}, !>
[INFO] [stdout]    9:     0x572ff568f03d - __rustc[ea4f61d10b84890b]::rust_begin_unwind
[INFO] [stdout]   10:     0x572ff56c962c - core[a373ad73a504971]::panicking::panic_fmt
[INFO] [stdout]   11:     0x572ff5635a47 - <cli_e2e[eff306dd1f396c67]::crisp_check_rust_shadow_prints_w0048::{closure#0} as core[a373ad73a504971]::ops::function::FnOnce<()>>::call_once
[INFO] [stdout]   12:     0x572ff56398cb - test[aada8e7e76ba119b]::__rust_begin_short_backtrace::<core[a373ad73a504971]::result::Result<(), alloc[2e1b2a31b91974c5]::string::String>, fn() -> core[a373ad73a504971]::result::Result<(), alloc[2e1b2a31b91974c5]::string::String>>
[INFO] [stdout]   13:     0x572ff5646aa5 - test[aada8e7e76ba119b]::run_test::{closure#0}
[INFO] [stdout]   14:     0x572ff5640394 - std[617be2ca0a6fd877]::sys::backtrace::__rust_begin_short_backtrace::<test[aada8e7e76ba119b]::run_test::{closure#1}, ()>
[INFO] [stdout]   15:     0x572ff5649b32 - <std[617be2ca0a6fd877]::thread::lifecycle::spawn_unchecked<test[aada8e7e76ba119b]::run_test::{closure#1}, ()>::{closure#1} as core[a373ad73a504971]::ops::function::FnOnce<()>>::call_once::{shim:vtable#0}
[INFO] [stdout]   16:     0x572ff56b3c5f - <std[617be2ca0a6fd877]::sys::thread::unix::Thread>::new::thread_start
[INFO] [stdout]   17:     0x7337e1f73dfa - <unknown>
[INFO] [stdout]   18:     0x7337e20073d4 - clone
[INFO] [stdout]   19:                0x0 - <unknown>
[INFO] [stdout] 
[INFO] [stdout] ---- crisp_test_with_tests stdout ----
[INFO] [stdout] $ crisp test /opt/rustwide/workdir/../../examples/with_tests (status=exit status: 1)
[INFO] [stdout] stderr:
[INFO] [stdout] Error: crate has no src/ directory at /opt/rustwide/workdir/../../examples/with_tests
[INFO] [stdout] 
[INFO] [stdout] Caused by:
[INFO] [stdout]     crate has no src/ directory at /opt/rustwide/workdir/../../examples/with_tests
[INFO] [stdout] 
[INFO] [stdout] Stack backtrace:
[INFO] [stdout]    0: <anyhow::Error as core::convert::From<crisp_rust_emit::test_harness::TestHarnessError>>::from
[INFO] [stdout]    1: crisp::main
[INFO] [stdout]    2: std::sys::backtrace::__rust_begin_short_backtrace::<fn() -> core::result::Result<(), anyhow::Error>, core::result::Result<(), anyhow::Error>>
[INFO] [stdout]    3: std::rt::lang_start::<core::result::Result<(), anyhow::Error>>::{closure#0}
[INFO] [stdout]    4: std::rt::lang_start_internal
[INFO] [stdout]    5: main
[INFO] [stdout]    6: <unknown>
[INFO] [stdout]    7: __libc_start_main
[INFO] [stdout]    8: _start
[INFO] [stdout] 
[INFO] [stdout] 
[INFO] [stdout] thread 'crisp_test_with_tests' (1384) panicked at tests/cli_e2e.rs:32:5:
[INFO] [stdout] crisp ["test", "/opt/rustwide/workdir/../../examples/with_tests"] failed
[INFO] [stdout] stack backtrace:
[INFO] [stdout]    0:     0x572ff56b4a01 - <<std[617be2ca0a6fd877]::sys::backtrace::BacktraceLock>::print::DisplayBacktrace as core[a373ad73a504971]::fmt::Display>::fmt
[INFO] [stdout]    1:     0x572ff56c8efa - core[a373ad73a504971]::fmt::write
[INFO] [stdout]    2:     0x572ff56b90dc - <alloc[2e1b2a31b91974c5]::vec::Vec<u8> as core[a373ad73a504971]::io::write::Write>::write_fmt
[INFO] [stdout]    3:     0x572ff568e386 - std[617be2ca0a6fd877]::panicking::default_hook::{closure#0}
[INFO] [stdout]    4:     0x572ff56ab559 - std[617be2ca0a6fd877]::panicking::default_hook
[INFO] [stdout]    5:     0x572ff5646480 - test[aada8e7e76ba119b]::test_main_inner::{closure#0}
[INFO] [stdout]    6:     0x572ff56ab712 - std[617be2ca0a6fd877]::panicking::panic_with_hook
[INFO] [stdout]    7:     0x572ff568e432 - std[617be2ca0a6fd877]::panicking::panic_handler::{closure#0}
[INFO] [stdout]    8:     0x572ff5686df9 - std[617be2ca0a6fd877]::sys::backtrace::__rust_end_short_backtrace::<std[617be2ca0a6fd877]::panicking::panic_handler::{closure#0}, !>
[INFO] [stdout]    9:     0x572ff568f03d - __rustc[ea4f61d10b84890b]::rust_begin_unwind
[INFO] [stdout]   10:     0x572ff56c962c - core[a373ad73a504971]::panicking::panic_fmt
[INFO] [stdout]   11:     0x572ff562f56f - cli_e2e[eff306dd1f396c67]::run_ok
[INFO] [stdout]   12:     0x572ff5631995 - <cli_e2e[eff306dd1f396c67]::crisp_test_with_tests::{closure#0} as core[a373ad73a504971]::ops::function::FnOnce<()>>::call_once
[INFO] [stdout]   13:     0x572ff56398cb - test[aada8e7e76ba119b]::__rust_begin_short_backtrace::<core[a373ad73a504971]::result::Result<(), alloc[2e1b2a31b91974c5]::string::String>, fn() -> core[a373ad73a504971]::result::Result<(), alloc[2e1b2a31b91974c5]::string::String>>
[INFO] [stdout]   14:     0x572ff5646aa5 - test[aada8e7e76ba119b]::run_test::{closure#0}
[INFO] [stdout]   15:     0x572ff5640394 - std[617be2ca0a6fd877]::sys::backtrace::__rust_begin_short_backtrace::<test[aada8e7e76ba119b]::run_test::{closure#1}, ()>
[INFO] [stdout]   16:     0x572ff5649b32 - <std[617be2ca0a6fd877]::thread::lifecycle::spawn_unchecked<test[aada8e7e76ba119b]::run_test::{closure#1}, ()>::{closure#1} as core[a373ad73a504971]::ops::function::FnOnce<()>>::call_once::{shim:vtable#0}
[INFO] [stdout]   17:     0x572ff56b3c5f - <std[617be2ca0a6fd877]::sys::thread::unix::Thread>::new::thread_start
[INFO] [stdout]   18:     0x7337e1f73dfa - <unknown>
[INFO] [stdout]   19:     0x7337e20073d4 - clone
[INFO] [stdout]   20:                0x0 - <unknown>
[INFO] [stdout] 
[INFO] [stdout] ---- reveal_types_kitchen_sink stdout ----
[INFO] [stdout] $ reveal types /opt/rustwide/workdir/../../examples/kitchen_sink (status=exit status: 1)
[INFO] [stdout] stderr:
[INFO] [stdout] reveal: types failed for `/opt/rustwide/workdir/../../examples/kitchen_sink`: [E0042] resolve error: crate has no src/ directory at /opt/rustwide/workdir/../../examples/kitchen_sink
[INFO] [stdout] hint: pass a crate root (directory with crisp.toml) or a path inside one; try `reveal types examples/hello`
[INFO] [stdout] 
[INFO] [stdout] 
[INFO] [stdout] thread 'reveal_types_kitchen_sink' (1416) panicked at tests/cli_e2e.rs:32:5:
[INFO] [stdout] reveal ["types", "/opt/rustwide/workdir/../../examples/kitchen_sink"] failed
[INFO] [stdout] stack backtrace:
[INFO] [stdout]    0:     0x572ff56b4a01 - <<std[617be2ca0a6fd877]::sys::backtrace::BacktraceLock>::print::DisplayBacktrace as core[a373ad73a504971]::fmt::Display>::fmt
[INFO] [stdout]    1:     0x572ff56c8efa - core[a373ad73a504971]::fmt::write
[INFO] [stdout]    2:     0x572ff56b90dc - <alloc[2e1b2a31b91974c5]::vec::Vec<u8> as core[a373ad73a504971]::io::write::Write>::write_fmt
[INFO] [stdout]    3:     0x572ff568e386 - std[617be2ca0a6fd877]::panicking::default_hook::{closure#0}
[INFO] [stdout]    4:     0x572ff56ab559 - std[617be2ca0a6fd877]::panicking::default_hook
[INFO] [stdout]    5:     0x572ff5646480 - test[aada8e7e76ba119b]::test_main_inner::{closure#0}
[INFO] [stdout]    6:     0x572ff56ab712 - std[617be2ca0a6fd877]::panicking::panic_with_hook
[INFO] [stdout]    7:     0x572ff568e432 - std[617be2ca0a6fd877]::panicking::panic_handler::{closure#0}
[INFO] [stdout]    8:     0x572ff5686df9 - std[617be2ca0a6fd877]::sys::backtrace::__rust_end_short_backtrace::<std[617be2ca0a6fd877]::panicking::panic_handler::{closure#0}, !>
[INFO] [stdout]    9:     0x572ff568f03d - __rustc[ea4f61d10b84890b]::rust_begin_unwind
[INFO] [stdout]   10:     0x572ff56c962c - core[a373ad73a504971]::panicking::panic_fmt
[INFO] [stdout]   11:     0x572ff562f56f - cli_e2e[eff306dd1f396c67]::run_ok
[INFO] [stdout]   12:     0x572ff5633f18 - <cli_e2e[eff306dd1f396c67]::reveal_types_kitchen_sink::{closure#0} as core[a373ad73a504971]::ops::function::FnOnce<()>>::call_once
[INFO] [stdout]   13:     0x572ff56398cb - test[aada8e7e76ba119b]::__rust_begin_short_backtrace::<core[a373ad73a504971]::result::Result<(), alloc[2e1b2a31b91974c5]::string::String>, fn() -> core[a373ad73a504971]::result::Result<(), alloc[2e1b2a31b91974c5]::string::String>>
[INFO] [stdout]   14:     0x572ff5646aa5 - test[aada8e7e76ba119b]::run_test::{closure#0}
[INFO] [stdout]   15:     0x572ff5640394 - std[617be2ca0a6fd877]::sys::backtrace::__rust_begin_short_backtrace::<test[aada8e7e76ba119b]::run_test::{closure#1}, ()>
[INFO] [stdout]   16:     0x572ff5649b32 - <std[617be2ca0a6fd877]::thread::lifecycle::spawn_unchecked<test[aada8e7e76ba119b]::run_test::{closure#1}, ()>::{closure#1} as core[a373ad73a504971]::ops::function::FnOnce<()>>::call_once::{shim:vtable#0}
[INFO] [stdout]   17:     0x572ff56b3c5f - <std[617be2ca0a6fd877]::sys::thread::unix::Thread>::new::thread_start
[INFO] [stdout]   18:     0x7337e1f73dfa - <unknown>
[INFO] [stdout]   19:     0x7337e20073d4 - clone
[INFO] [stdout]   20:                0x0 - <unknown>
[INFO] [stdout] 
[INFO] [stdout] ---- reveal_types_hello stdout ----
[INFO] [stdout] $ reveal types /opt/rustwide/workdir/../../examples/hello (status=exit status: 1)
[INFO] [stdout] stderr:
[INFO] [stdout] reveal: types failed for `/opt/rustwide/workdir/../../examples/hello`: [E0042] resolve error: crate has no src/ directory at /opt/rustwide/workdir/../../examples/hello
[INFO] [stdout] hint: pass a crate root (directory with crisp.toml) or a path inside one; try `reveal types examples/hello`
[INFO] [stdout] 
[INFO] [stdout] 
[INFO] [stdout] thread 'reveal_types_hello' (1414) panicked at tests/cli_e2e.rs:32:5:
[INFO] [stdout] reveal ["types", "/opt/rustwide/workdir/../../examples/hello"] failed
[INFO] [stdout] stack backtrace:
[INFO] [stdout]    0:     0x572ff56b4a01 - <<std[617be2ca0a6fd877]::sys::backtrace::BacktraceLock>::print::DisplayBacktrace as core[a373ad73a504971]::fmt::Display>::fmt
[INFO] [stdout]    1:     0x572ff56c8efa - core[a373ad73a504971]::fmt::write
[INFO] [stdout]    2:     0x572ff56b90dc - <alloc[2e1b2a31b91974c5]::vec::Vec<u8> as core[a373ad73a504971]::io::write::Write>::write_fmt
[INFO] [stdout]    3:     0x572ff568e386 - std[617be2ca0a6fd877]::panicking::default_hook::{closure#0}
[INFO] [stdout]    4:     0x572ff56ab559 - std[617be2ca0a6fd877]::panicking::default_hook
[INFO] [stdout]    5:     0x572ff5646480 - test[aada8e7e76ba119b]::test_main_inner::{closure#0}
[INFO] [stdout]    6:     0x572ff56ab712 - std[617be2ca0a6fd877]::panicking::panic_with_hook
[INFO] [stdout]    7:     0x572ff568e432 - std[617be2ca0a6fd877]::panicking::panic_handler::{closure#0}
[INFO] [stdout]    8:     0x572ff5686df9 - std[617be2ca0a6fd877]::sys::backtrace::__rust_end_short_backtrace::<std[617be2ca0a6fd877]::panicking::panic_handler::{closure#0}, !>
[INFO] [stdout]    9:     0x572ff568f03d - __rustc[ea4f61d10b84890b]::rust_begin_unwind
[INFO] [stdout]   10:     0x572ff56c962c - core[a373ad73a504971]::panicking::panic_fmt
[INFO] [stdout]   11:     0x572ff562f56f - cli_e2e[eff306dd1f396c67]::run_ok
[INFO] [stdout]   12:     0x572ff5630d98 - <cli_e2e[eff306dd1f396c67]::reveal_types_hello::{closure#0} as core[a373ad73a504971]::ops::function::FnOnce<()>>::call_once
[INFO] [stdout]   13:     0x572ff56398cb - test[aada8e7e76ba119b]::__rust_begin_short_backtrace::<core[a373ad73a504971]::result::Result<(), alloc[2e1b2a31b91974c5]::string::String>, fn() -> core[a373ad73a504971]::result::Result<(), alloc[2e1b2a31b91974c5]::string::String>>
[INFO] [stdout]   14:     0x572ff5646aa5 - test[aada8e7e76ba119b]::run_test::{closure#0}
[INFO] [stdout]   15:     0x572ff5640394 - std[617be2ca0a6fd877]::sys::backtrace::__rust_begin_short_backtrace::<test[aada8e7e76ba119b]::run_test::{closure#1}, ()>
[INFO] [stdout]   16:     0x572ff5649b32 - <std[617be2ca0a6fd877]::thread::lifecycle::spawn_unchecked<test[aada8e7e76ba119b]::run_test::{closure#1}, ()>::{closure#1} as core[a373ad73a504971]::ops::function::FnOnce<()>>::call_once::{shim:vtable#0}
[INFO] [stdout]   17:     0x572ff56b3c5f - <std[617be2ca0a6fd877]::sys::thread::unix::Thread>::new::thread_start
[INFO] [stdout]   18:     0x7337e1f73dfa - <unknown>
[INFO] [stdout]   19:     0x7337e20073d4 - clone
[INFO] [stdout]   20:                0x0 - <unknown>
[INFO] [stdout] 
[INFO] [stdout] 
[INFO] [stdout] failures:
[INFO] [stdout]     crisp_build_and_run_hello
[INFO] [stdout]     crisp_build_and_run_kitchen_sink
[INFO] [stdout]     crisp_build_and_run_patterns
[INFO] [stdout]     crisp_check_all_examples
[INFO] [stdout]     crisp_check_missing_use_prints_snippet_and_help
[INFO] [stdout]     crisp_check_rust_shadow_prints_w0048
[INFO] [stdout]     crisp_check_shape_def_ok
[INFO] [stdout]     crisp_emit_hello
[INFO] [stdout]     crisp_run_nested_math
[INFO] [stdout]     crisp_run_rust_import
[INFO] [stdout]     crisp_run_rust_shadow
[INFO] [stdout]     crisp_run_vec2_methods
[INFO] [stdout]     crisp_test_feature_gallery
[INFO] [stdout]     crisp_test_math
[INFO] [stdout]     crisp_test_multiple_paths_ignores_and_glue
[INFO] [stdout]     crisp_test_patterns
[INFO] [stdout]     crisp_test_with_tests
[INFO] [stdout]     reveal_diff_and_map_hello_smoke
[INFO] [stdout]     reveal_errors_fallible
[INFO] [stdout]     reveal_expand_defaults
[INFO] [stdout]     reveal_lifetimes_hello
[INFO] [stdout]     reveal_ownership_ownership_demo
[INFO] [stdout]     reveal_ownership_server
[INFO] [stdout]     reveal_rust_math
[INFO] [stdout]     reveal_seal_sealed_example
[INFO] [stdout]     reveal_types_hello
[INFO] [stdout]     reveal_types_kitchen_sink
[INFO] [stdout]     sealed_drift_fails_check
[INFO] [stdout] 
[INFO] [stdout] test result: FAILED. 4 passed; 28 failed; 0 ignored; 0 measured; 0 filtered out; finished in 0.03s
[INFO] [stdout] 
[INFO] running `Command { std: "docker" "inspect" "eb7fd952dbd509339b76acbfc9d1cf310d113ceb6d24ff156e92efb770a83291", kill_on_drop: false }`
[INFO] running `Command { std: "docker" "rm" "-f" "eb7fd952dbd509339b76acbfc9d1cf310d113ceb6d24ff156e92efb770a83291", kill_on_drop: false }`
[INFO] [stdout] eb7fd952dbd509339b76acbfc9d1cf310d113ceb6d24ff156e92efb770a83291
