[INFO] fetching crate crisp-errors 1.9.0...
[INFO] testing crisp-errors-1.9.0 against 1.99.0-beta.8+cargoflags=--release for beta-release-1.100-2
[INFO] extracting crate crisp-errors 1.9.0 into /workspace/builds/worker-7-tc1/source
[INFO] started tweaking crates.io crate crisp-errors 1.9.0
[INFO] removed 0 missing tests
[INFO] finished tweaking crates.io crate crisp-errors 1.9.0
[INFO] tweaked toml for crates.io crate crisp-errors 1.9.0 written to /workspace/builds/worker-7-tc1/source/Cargo.toml
[INFO] validating manifest of crates.io crate crisp-errors 1.9.0 on toolchain 1.99.0-beta.8
[INFO] running `Command { std: CARGO_HOME="/workspace/cargo-home" RUSTUP_HOME="/workspace/rustup-home" "/workspace/cargo-home/bin/cargo" "+1.99.0-beta.8" "metadata" "--manifest-path" "Cargo.toml" "--no-deps", kill_on_drop: false }`
[INFO] crate crates.io crate crisp-errors 1.9.0 already has a lockfile, it will not be regenerated
[INFO] running `Command { std: CARGO_HOME="/workspace/cargo-home" RUSTUP_HOME="/workspace/rustup-home" "/workspace/cargo-home/bin/cargo" "+1.99.0-beta.8" "fetch" "--manifest-path" "Cargo.toml", kill_on_drop: false }`
[INFO] [stderr]     Updating crates.io index
[INFO] [stderr]     Blocking waiting for file lock on package cache
[INFO] [stderr]  Downloading crates ...
[INFO] [stderr]   Downloaded crisp-typeck v1.9.0
[INFO] [stderr]   Downloaded crisp-resolve v1.9.0
[INFO] [stderr]   Downloaded crisp-ast v1.9.0
[INFO] [stderr]   Downloaded crisp-parser v1.9.0
[INFO] [stderr]   Downloaded crisp-lexer v1.9.0
[INFO] [stderr]   Downloaded crisp-manifest v1.9.0
[INFO] running `Command { std: "docker" "create" "-v" "/var/lib/crater-agent-workspace/builds/worker-7-tc1/source:/opt/rustwide/workdir:ro,Z" "-v" "/var/lib/crater-agent-workspace/builds/worker-7-tc1/target:/opt/rustwide/target:rw,Z" "-v" "/var/lib/crater-agent-workspace/cargo-home:/opt/rustwide/cargo-home:ro,Z" "-v" "/var/lib/crater-agent-workspace/rustup-home:/opt/rustwide/rustup-home:ro,Z" "-m" "1610612736" "--network" "none" "ghcr.io/rust-lang/crates-build-env/linux@sha256:77db811e55d90add9212f6832c23229e3de5f1c1f9905e8cb07319ea15df73ac" "sleep" "infinity", kill_on_drop: false }`
[INFO] [stdout] db9d96b09e8fd5bc976016ea4f7e47797bdae304e5743c31bd3a2f3bca658b2f
[INFO] running `Command { std: "docker" "start" "db9d96b09e8fd5bc976016ea4f7e47797bdae304e5743c31bd3a2f3bca658b2f", kill_on_drop: false }`
[INFO] running `Command { std: "docker" "inspect" "db9d96b09e8fd5bc976016ea4f7e47797bdae304e5743c31bd3a2f3bca658b2f", kill_on_drop: false }`
[INFO] running `Command { std: "docker" "exec" "-e" "SOURCE_DIR=/opt/rustwide/workdir" "-e" "CARGO_HOME=/opt/rustwide/cargo-home" "-e" "RUSTUP_HOME=/opt/rustwide/rustup-home" "-e" "CARGO_TARGET_DIR=/opt/rustwide/target" "-w" "/opt/rustwide/workdir" "--user" "0:0" "db9d96b09e8fd5bc976016ea4f7e47797bdae304e5743c31bd3a2f3bca658b2f" "/opt/rustwide/cargo-home/bin/cargo" "+1.99.0-beta.8" "metadata" "--no-deps" "--format-version=1", kill_on_drop: false }`
[INFO] running `Command { std: "docker" "inspect" "db9d96b09e8fd5bc976016ea4f7e47797bdae304e5743c31bd3a2f3bca658b2f", kill_on_drop: false }`
[INFO] running `Command { std: "docker" "exec" "-e" "SOURCE_DIR=/opt/rustwide/workdir" "-e" "CARGO_HOME=/opt/rustwide/cargo-home" "-e" "RUSTUP_HOME=/opt/rustwide/rustup-home" "-e" "CARGO_TARGET_DIR=/opt/rustwide/target" "-e" "CARGO_INCREMENTAL=0" "-e" "RUST_BACKTRACE=full" "-e" "RUSTFLAGS=--cap-lints=warn" "-e" "RUSTDOCFLAGS=--cap-lints=warn" "-w" "/opt/rustwide/workdir" "--user" "0:0" "db9d96b09e8fd5bc976016ea4f7e47797bdae304e5743c31bd3a2f3bca658b2f" "/opt/rustwide/cargo-home/bin/cargo" "+1.99.0-beta.8" "build" "--frozen" "--message-format=json" "--release", kill_on_drop: false }`
[INFO] [stderr]    Compiling syn v2.0.117
[INFO] [stderr]    Compiling winnow v0.7.15
[INFO] [stderr]    Compiling toml_write v0.1.2
[INFO] [stderr]    Compiling memchr v2.8.2
[INFO] [stderr]    Compiling crisp-ast v1.9.0
[INFO] [stderr]    Compiling serde_json v1.0.150
[INFO] [stderr]    Compiling serde_derive v1.0.228
[INFO] [stderr]    Compiling thiserror-impl v2.0.18
[INFO] [stderr]    Compiling thiserror v2.0.18
[INFO] [stderr]    Compiling crisp-lexer v1.9.0
[INFO] [stderr]    Compiling crisp-parser v1.9.0
[INFO] [stderr]    Compiling serde v1.0.228
[INFO] [stderr]    Compiling serde_spanned v0.6.9
[INFO] [stderr]    Compiling toml_datetime v0.6.11
[INFO] [stderr]    Compiling toml_edit v0.22.27
[INFO] [stderr]    Compiling toml v0.8.23
[INFO] [stderr]    Compiling crisp-manifest v1.9.0
[INFO] [stderr]    Compiling crisp-resolve v1.9.0
[INFO] [stderr]    Compiling crisp-typeck v1.9.0
[INFO] [stderr]    Compiling crisp-errors v1.9.0 (/opt/rustwide/workdir)
[INFO] [stderr]     Finished `release` profile [optimized] target(s) in 33.41s
[INFO] running `Command { std: "docker" "inspect" "db9d96b09e8fd5bc976016ea4f7e47797bdae304e5743c31bd3a2f3bca658b2f", kill_on_drop: false }`
[INFO] running `Command { std: "docker" "exec" "-e" "SOURCE_DIR=/opt/rustwide/workdir" "-e" "CARGO_HOME=/opt/rustwide/cargo-home" "-e" "RUSTUP_HOME=/opt/rustwide/rustup-home" "-e" "CARGO_TARGET_DIR=/opt/rustwide/target" "-e" "CARGO_INCREMENTAL=0" "-e" "RUST_BACKTRACE=full" "-e" "RUSTFLAGS=--cap-lints=warn" "-e" "RUSTDOCFLAGS=--cap-lints=warn" "-w" "/opt/rustwide/workdir" "--user" "0:0" "db9d96b09e8fd5bc976016ea4f7e47797bdae304e5743c31bd3a2f3bca658b2f" "/opt/rustwide/cargo-home/bin/cargo" "+1.99.0-beta.8" "test" "--frozen" "--no-run" "--message-format=json" "--release", kill_on_drop: false }`
[INFO] [stderr]    Compiling similar v2.7.0
[INFO] [stderr]    Compiling console v0.16.3
[INFO] [stderr]    Compiling tempfile v3.27.0
[INFO] [stderr]    Compiling insta v1.48.0
[INFO] [stderr]    Compiling crisp-errors v1.9.0 (/opt/rustwide/workdir)
[INFO] [stderr]     Finished `release` profile [optimized] target(s) in 14.10s
[INFO] running `Command { std: "docker" "inspect" "db9d96b09e8fd5bc976016ea4f7e47797bdae304e5743c31bd3a2f3bca658b2f", kill_on_drop: false }`
[INFO] running `Command { std: "docker" "exec" "-e" "SOURCE_DIR=/opt/rustwide/workdir" "-e" "CARGO_HOME=/opt/rustwide/cargo-home" "-e" "RUSTUP_HOME=/opt/rustwide/rustup-home" "-e" "CARGO_TARGET_DIR=/opt/rustwide/target" "-e" "CARGO_INCREMENTAL=0" "-e" "RUST_BACKTRACE=full" "-e" "RUSTFLAGS=--cap-lints=warn" "-e" "RUSTDOCFLAGS=--cap-lints=warn" "-w" "/opt/rustwide/workdir" "--user" "0:0" "db9d96b09e8fd5bc976016ea4f7e47797bdae304e5743c31bd3a2f3bca658b2f" "/opt/rustwide/cargo-home/bin/cargo" "+1.99.0-beta.8" "test" "--frozen" "--release", kill_on_drop: false }`
[INFO] [stderr]     Finished `release` profile [optimized] target(s) in 0.09s
[INFO] [stdout] 
[INFO] [stderr]      Running unittests src/lib.rs (/opt/rustwide/target/release/deps/crisp_errors-71b9adeaf8b7b4d0)
[INFO] [stdout] running 9 tests
[INFO] [stdout] test display::tests::format_fallible_read_config ... ok
[INFO] [stderr] error: test failed, to rerun pass `--lib`
[INFO] [stdout] test analyze::tests::catch_makes_main_infallible ... ok
[INFO] [stdout] test analyze::tests::declared_set_rejected ... ok
[INFO] [stdout] test analyze::tests::infer_fallible_chain ... ok
[INFO] [stdout] test set::tests::union_and_subtract ... ok
[INFO] [stdout] test analyze::tests::never_annotation_rejected ... ok
[INFO] [stdout] test analyze::tests::rust_import_marks_main_fallible ... FAILED
[INFO] [stdout] test analyze::tests::hello_has_no_errors ... FAILED
[INFO] [stdout] test analyze::tests::synthesize_crisp_error_enum ... ok
[INFO] [stdout] 
[INFO] [stdout] failures:
[INFO] [stdout] 
[INFO] [stdout] ---- analyze::tests::rust_import_marks_main_fallible stdout ----
[INFO] [stdout] 
[INFO] [stdout] thread 'analyze::tests::rust_import_marks_main_fallible' (682) panicked at src/analyze.rs:459:73:
[INFO] [stdout] rust_import: Type(Resolve(NoSrcDir { root: "/opt/rustwide/workdir/../../examples/rust_import" }))
[INFO] [stdout] stack backtrace:
[INFO] [stdout]    0:     0x59aabe6cb391 - <<std[70759c8f55707aa4]::sys::backtrace::BacktraceLock>::print::DisplayBacktrace as core[df12db4294e9bfd3]::fmt::Display>::fmt
[INFO] [stdout]    1:     0x59aabe6e0b9a - core[df12db4294e9bfd3]::fmt::write
[INFO] [stdout]    2:     0x59aabe6cfb1c - <alloc[2182bb758b4b3781]::vec::Vec<u8> as core[df12db4294e9bfd3]::io::write::Write>::write_fmt
[INFO] [stdout]    3:     0x59aabe6a6e06 - std[70759c8f55707aa4]::panicking::default_hook::{closure#0}
[INFO] [stdout]    4:     0x59aabe6c3579 - std[70759c8f55707aa4]::panicking::default_hook
[INFO] [stdout]    5:     0x59aabe55a020 - test[9d35eded1c95d3be]::test_main_inner::<test[9d35eded1c95d3be]::test_main_static::{closure#0}>::{closure#0}
[INFO] [stdout]    6:     0x59aabe6c3732 - std[70759c8f55707aa4]::panicking::panic_with_hook
[INFO] [stdout]    7:     0x59aabe6a6eb2 - std[70759c8f55707aa4]::panicking::panic_handler::{closure#0}
[INFO] [stdout]    8:     0x59aabe69fa09 - std[70759c8f55707aa4]::sys::backtrace::__rust_end_short_backtrace::<std[70759c8f55707aa4]::panicking::panic_handler::{closure#0}, !>
[INFO] [stdout]    9:     0x59aabe6a7aad - __rustc[8fa7c3cbc660c2b3]::rust_begin_unwind
[INFO] [stdout]   10:     0x59aabe6e12cc - core[df12db4294e9bfd3]::panicking::panic_fmt
[INFO] [stdout]   11:     0x59aabe6e10a2 - core[df12db4294e9bfd3]::result::unwrap_failed
[INFO] [stdout]   12:     0x59aabe54cf78 - crisp_errors[285cbd0520e8b15b]::analyze::tests::rust_import_marks_main_fallible
[INFO] [stdout]   13:     0x59aabe548b19 - <crisp_errors[285cbd0520e8b15b]::analyze::tests::rust_import_marks_main_fallible::{closure#0} as core[df12db4294e9bfd3]::ops::function::FnOnce<()>>::call_once
[INFO] [stdout]   14:     0x59aabe54d30b - test[9d35eded1c95d3be]::__rust_begin_short_backtrace::<core[df12db4294e9bfd3]::result::Result<(), alloc[2182bb758b4b3781]::string::String>, fn() -> core[df12db4294e9bfd3]::result::Result<(), alloc[2182bb758b4b3781]::string::String>>
[INFO] [stdout]   15:     0x59aabe55a975 - test[9d35eded1c95d3be]::run_test::{closure#0}
[INFO] [stdout]   16:     0x59aabe554234 - std[70759c8f55707aa4]::sys::backtrace::__rust_begin_short_backtrace::<test[9d35eded1c95d3be]::run_test::{closure#1}, ()>
[INFO] [stdout]   17:     0x59aabe55dad2 - <std[70759c8f55707aa4]::thread::lifecycle::spawn_unchecked<test[9d35eded1c95d3be]::run_test::{closure#1}, ()>::{closure#1} as core[df12db4294e9bfd3]::ops::function::FnOnce<()>>::call_once::{shim:vtable#0}
[INFO] [stdout]   18:     0x59aabe6ca8f9 - <std[70759c8f55707aa4]::sys::thread::unix::Thread>::new::thread_start
[INFO] [stdout]   19:     0x7b1862e22dfa - <unknown>
[INFO] [stdout]   20:     0x7b1862eb63d4 - clone
[INFO] [stdout]   21:                0x0 - <unknown>
[INFO] [stdout] 
[INFO] [stdout] ---- analyze::tests::hello_has_no_errors stdout ----
[INFO] [stdout] 
[INFO] [stdout] thread 'analyze::tests::hello_has_no_errors' (679) panicked at src/analyze.rs:453:67:
[INFO] [stdout] hello: Type(Resolve(NoSrcDir { root: "/opt/rustwide/workdir/../../examples/hello" }))
[INFO] [stdout] stack backtrace:
[INFO] [stdout]    0:     0x59aabe6cb391 - <<std[70759c8f55707aa4]::sys::backtrace::BacktraceLock>::print::DisplayBacktrace as core[df12db4294e9bfd3]::fmt::Display>::fmt
[INFO] [stdout]    1:     0x59aabe6e0b9a - core[df12db4294e9bfd3]::fmt::write
[INFO] [stdout]    2:     0x59aabe6cfb1c - <alloc[2182bb758b4b3781]::vec::Vec<u8> as core[df12db4294e9bfd3]::io::write::Write>::write_fmt
[INFO] [stdout]    3:     0x59aabe6a6e06 - std[70759c8f55707aa4]::panicking::default_hook::{closure#0}
[INFO] [stdout]    4:     0x59aabe6c3579 - std[70759c8f55707aa4]::panicking::default_hook
[INFO] [stdout]    5:     0x59aabe55a020 - test[9d35eded1c95d3be]::test_main_inner::<test[9d35eded1c95d3be]::test_main_static::{closure#0}>::{closure#0}
[INFO] [stdout]    6:     0x59aabe6c3732 - std[70759c8f55707aa4]::panicking::panic_with_hook
[INFO] [stdout]    7:     0x59aabe6a6eb2 - std[70759c8f55707aa4]::panicking::panic_handler::{closure#0}
[INFO] [stdout]    8:     0x59aabe69fa09 - std[70759c8f55707aa4]::sys::backtrace::__rust_end_short_backtrace::<std[70759c8f55707aa4]::panicking::panic_handler::{closure#0}, !>
[INFO] [stdout]    9:     0x59aabe6a7aad - __rustc[8fa7c3cbc660c2b3]::rust_begin_unwind
[INFO] [stdout]   10:     0x59aabe6e12cc - core[df12db4294e9bfd3]::panicking::panic_fmt
[INFO] [stdout]   11:     0x59aabe6e10a2 - core[df12db4294e9bfd3]::result::unwrap_failed
[INFO] [stdout]   12:     0x59aabe54be4d - crisp_errors[285cbd0520e8b15b]::analyze::tests::hello_has_no_errors
[INFO] [stdout]   13:     0x59aabe548a59 - <crisp_errors[285cbd0520e8b15b]::analyze::tests::hello_has_no_errors::{closure#0} as core[df12db4294e9bfd3]::ops::function::FnOnce<()>>::call_once
[INFO] [stdout]   14:     0x59aabe54d30b - test[9d35eded1c95d3be]::__rust_begin_short_backtrace::<core[df12db4294e9bfd3]::result::Result<(), alloc[2182bb758b4b3781]::string::String>, fn() -> core[df12db4294e9bfd3]::result::Result<(), alloc[2182bb758b4b3781]::string::String>>
[INFO] [stdout]   15:     0x59aabe55a975 - test[9d35eded1c95d3be]::run_test::{closure#0}
[INFO] [stdout]   16:     0x59aabe554234 - std[70759c8f55707aa4]::sys::backtrace::__rust_begin_short_backtrace::<test[9d35eded1c95d3be]::run_test::{closure#1}, ()>
[INFO] [stdout]   17:     0x59aabe55dad2 - <std[70759c8f55707aa4]::thread::lifecycle::spawn_unchecked<test[9d35eded1c95d3be]::run_test::{closure#1}, ()>::{closure#1} as core[df12db4294e9bfd3]::ops::function::FnOnce<()>>::call_once::{shim:vtable#0}
[INFO] [stdout]   18:     0x59aabe6ca8f9 - <std[70759c8f55707aa4]::sys::thread::unix::Thread>::new::thread_start
[INFO] [stdout]   19:     0x7b1862e22dfa - <unknown>
[INFO] [stdout]   20:     0x7b1862eb63d4 - clone
[INFO] [stdout]   21:                0x0 - <unknown>
[INFO] [stdout] 
[INFO] [stdout] 
[INFO] [stdout] failures:
[INFO] [stdout]     analyze::tests::hello_has_no_errors
[INFO] [stdout]     analyze::tests::rust_import_marks_main_fallible
[INFO] [stdout] 
[INFO] [stdout] test result: FAILED. 7 passed; 2 failed; 0 ignored; 0 measured; 0 filtered out; finished in 0.01s
[INFO] [stdout] 
[INFO] running `Command { std: "docker" "inspect" "db9d96b09e8fd5bc976016ea4f7e47797bdae304e5743c31bd3a2f3bca658b2f", kill_on_drop: false }`
[INFO] running `Command { std: "docker" "rm" "-f" "db9d96b09e8fd5bc976016ea4f7e47797bdae304e5743c31bd3a2f3bca658b2f", kill_on_drop: false }`
[INFO] [stdout] db9d96b09e8fd5bc976016ea4f7e47797bdae304e5743c31bd3a2f3bca658b2f
