[INFO] fetching crate crisp-cir 1.9.0...
[INFO] testing crisp-cir-1.9.0 against 1.99.0-beta.8+cargoflags=--release for beta-release-1.100-2
[INFO] extracting crate crisp-cir 1.9.0 into /workspace/builds/worker-4-tc1/source
[INFO] started tweaking crates.io crate crisp-cir 1.9.0
[INFO] finished tweaking crates.io crate crisp-cir 1.9.0
[INFO] tweaked toml for crates.io crate crisp-cir 1.9.0 written to /workspace/builds/worker-4-tc1/source/Cargo.toml
[INFO] validating manifest of crates.io crate crisp-cir 1.9.0 on toolchain 1.99.0-beta.8
[INFO] running `Command { std: CARGO_HOME="/workspace/cargo-home" RUSTUP_HOME="/workspace/rustup-home" "/workspace/cargo-home/bin/cargo" "+1.99.0-beta.8" "metadata" "--manifest-path" "Cargo.toml" "--no-deps", kill_on_drop: false }`
[INFO] crate crates.io crate crisp-cir 1.9.0 already has a lockfile, it will not be regenerated
[INFO] running `Command { std: CARGO_HOME="/workspace/cargo-home" RUSTUP_HOME="/workspace/rustup-home" "/workspace/cargo-home/bin/cargo" "+1.99.0-beta.8" "fetch" "--manifest-path" "Cargo.toml", kill_on_drop: false }`
[INFO] [stderr]     Updating crates.io index
[INFO] [stderr]  Downloading crates ...
[INFO] [stderr]   Downloaded crisp-lexer v1.9.0
[INFO] [stderr]   Downloaded crisp-parser v1.9.0
[INFO] [stderr]   Downloaded crisp-typeck v1.9.0
[INFO] [stderr]   Downloaded crisp-ast v1.9.0
[INFO] [stderr]   Downloaded crisp-manifest v1.9.0
[INFO] [stderr]   Downloaded crisp-regions v1.9.0
[INFO] [stderr]   Downloaded crisp-resolve v1.9.0
[INFO] [stderr]   Downloaded crisp-errors v1.9.0
[INFO] [stderr]   Downloaded crisp-ownership v1.9.0
[INFO] running `Command { std: "docker" "create" "-v" "/var/lib/crater-agent-workspace/builds/worker-4-tc1/source:/opt/rustwide/workdir:ro,Z" "-v" "/var/lib/crater-agent-workspace/builds/worker-4-tc1/target:/opt/rustwide/target:rw,Z" "-v" "/var/lib/crater-agent-workspace/cargo-home:/opt/rustwide/cargo-home:ro,Z" "-v" "/var/lib/crater-agent-workspace/rustup-home:/opt/rustwide/rustup-home:ro,Z" "-m" "1610612736" "--network" "none" "ghcr.io/rust-lang/crates-build-env/linux@sha256:77db811e55d90add9212f6832c23229e3de5f1c1f9905e8cb07319ea15df73ac" "sleep" "infinity", kill_on_drop: false }`
[INFO] [stdout] 79d85bf3bcdb7f32614b6a4b6b84379f99e3aad3712d44adf8c2206301569df7
[INFO] running `Command { std: "docker" "start" "79d85bf3bcdb7f32614b6a4b6b84379f99e3aad3712d44adf8c2206301569df7", kill_on_drop: false }`
[INFO] running `Command { std: "docker" "inspect" "79d85bf3bcdb7f32614b6a4b6b84379f99e3aad3712d44adf8c2206301569df7", kill_on_drop: false }`
[INFO] running `Command { std: "docker" "exec" "-e" "SOURCE_DIR=/opt/rustwide/workdir" "-e" "CARGO_HOME=/opt/rustwide/cargo-home" "-e" "RUSTUP_HOME=/opt/rustwide/rustup-home" "-e" "CARGO_TARGET_DIR=/opt/rustwide/target" "-w" "/opt/rustwide/workdir" "--user" "0:0" "79d85bf3bcdb7f32614b6a4b6b84379f99e3aad3712d44adf8c2206301569df7" "/opt/rustwide/cargo-home/bin/cargo" "+1.99.0-beta.8" "metadata" "--no-deps" "--format-version=1", kill_on_drop: false }`
[INFO] running `Command { std: "docker" "inspect" "79d85bf3bcdb7f32614b6a4b6b84379f99e3aad3712d44adf8c2206301569df7", kill_on_drop: false }`
[INFO] running `Command { std: "docker" "exec" "-e" "SOURCE_DIR=/opt/rustwide/workdir" "-e" "CARGO_HOME=/opt/rustwide/cargo-home" "-e" "RUSTUP_HOME=/opt/rustwide/rustup-home" "-e" "CARGO_TARGET_DIR=/opt/rustwide/target" "-e" "CARGO_INCREMENTAL=0" "-e" "RUST_BACKTRACE=full" "-e" "RUSTFLAGS=--cap-lints=warn" "-e" "RUSTDOCFLAGS=--cap-lints=warn" "-w" "/opt/rustwide/workdir" "--user" "0:0" "79d85bf3bcdb7f32614b6a4b6b84379f99e3aad3712d44adf8c2206301569df7" "/opt/rustwide/cargo-home/bin/cargo" "+1.99.0-beta.8" "build" "--frozen" "--message-format=json" "--release", kill_on_drop: false }`
[INFO] [stderr]    Compiling serde_json v1.0.150
[INFO] [stderr]    Compiling winnow v0.7.15
[INFO] [stderr]    Compiling crisp-ast v1.9.0
[INFO] [stderr]    Compiling memchr v2.8.2
[INFO] [stderr]    Compiling indexmap v2.14.0
[INFO] [stderr]    Compiling syn v2.0.117
[INFO] [stderr]    Compiling serde_derive v1.0.228
[INFO] [stderr]    Compiling thiserror-impl v2.0.18
[INFO] [stderr]    Compiling thiserror v2.0.18
[INFO] [stderr]    Compiling crisp-lexer v1.9.0
[INFO] [stderr]    Compiling crisp-parser v1.9.0
[INFO] [stderr]    Compiling serde v1.0.228
[INFO] [stderr]    Compiling toml_datetime v0.6.11
[INFO] [stderr]    Compiling serde_spanned v0.6.9
[INFO] [stderr]    Compiling toml_edit v0.22.27
[INFO] [stderr]    Compiling toml v0.8.23
[INFO] [stderr]    Compiling crisp-manifest v1.9.0
[INFO] [stderr]    Compiling crisp-resolve v1.9.0
[INFO] [stderr]    Compiling crisp-typeck v1.9.0
[INFO] [stderr]    Compiling crisp-ownership v1.9.0
[INFO] [stderr]    Compiling crisp-errors v1.9.0
[INFO] [stderr]    Compiling crisp-regions v1.9.0
[INFO] [stderr]    Compiling crisp-cir v1.9.0 (/opt/rustwide/workdir)
[INFO] [stderr]     Finished `release` profile [optimized] target(s) in 45.32s
[INFO] running `Command { std: "docker" "inspect" "79d85bf3bcdb7f32614b6a4b6b84379f99e3aad3712d44adf8c2206301569df7", kill_on_drop: false }`
[INFO] running `Command { std: "docker" "exec" "-e" "SOURCE_DIR=/opt/rustwide/workdir" "-e" "CARGO_HOME=/opt/rustwide/cargo-home" "-e" "RUSTUP_HOME=/opt/rustwide/rustup-home" "-e" "CARGO_TARGET_DIR=/opt/rustwide/target" "-e" "CARGO_INCREMENTAL=0" "-e" "RUST_BACKTRACE=full" "-e" "RUSTFLAGS=--cap-lints=warn" "-e" "RUSTDOCFLAGS=--cap-lints=warn" "-w" "/opt/rustwide/workdir" "--user" "0:0" "79d85bf3bcdb7f32614b6a4b6b84379f99e3aad3712d44adf8c2206301569df7" "/opt/rustwide/cargo-home/bin/cargo" "+1.99.0-beta.8" "test" "--frozen" "--no-run" "--message-format=json" "--release", kill_on_drop: false }`
[INFO] [stderr]    Compiling console v0.16.3
[INFO] [stderr]    Compiling similar v2.7.0
[INFO] [stderr]    Compiling getrandom v0.4.2
[INFO] [stderr]    Compiling tempfile v3.27.0
[INFO] [stderr]    Compiling insta v1.48.0
[INFO] [stderr]    Compiling crisp-cir v1.9.0 (/opt/rustwide/workdir)
[INFO] [stderr]     Finished `release` profile [optimized] target(s) in 16.81s
[INFO] running `Command { std: "docker" "inspect" "79d85bf3bcdb7f32614b6a4b6b84379f99e3aad3712d44adf8c2206301569df7", kill_on_drop: false }`
[INFO] running `Command { std: "docker" "exec" "-e" "SOURCE_DIR=/opt/rustwide/workdir" "-e" "CARGO_HOME=/opt/rustwide/cargo-home" "-e" "RUSTUP_HOME=/opt/rustwide/rustup-home" "-e" "CARGO_TARGET_DIR=/opt/rustwide/target" "-e" "CARGO_INCREMENTAL=0" "-e" "RUST_BACKTRACE=full" "-e" "RUSTFLAGS=--cap-lints=warn" "-e" "RUSTDOCFLAGS=--cap-lints=warn" "-w" "/opt/rustwide/workdir" "--user" "0:0" "79d85bf3bcdb7f32614b6a4b6b84379f99e3aad3712d44adf8c2206301569df7" "/opt/rustwide/cargo-home/bin/cargo" "+1.99.0-beta.8" "test" "--frozen" "--release", kill_on_drop: false }`
[INFO] [stderr]     Finished `release` profile [optimized] target(s) in 0.08s
[INFO] [stdout] 
[INFO] [stderr]      Running unittests src/lib.rs (/opt/rustwide/target/release/deps/crisp_cir-b9107152af502e27)
[INFO] [stdout] running 5 tests
[INFO] [stdout] test synthesize::tests::with_fn_synthesized_for_defaults ... ok
[INFO] [stdout] test build::tests::build_server_has_config_with_fn ... FAILED
[INFO] [stdout] test build::tests::build_fallible_marks_fallible_calls ... FAILED
[INFO] [stdout] test build::tests::build_hello_cir ... FAILED
[INFO] [stderr] error: test failed, to rerun pass `--lib`
[INFO] [stdout] test synthesize::tests::box_inserted_at_recursive_enum ... ok
[INFO] [stdout] 
[INFO] [stdout] failures:
[INFO] [stdout] 
[INFO] [stdout] ---- build::tests::build_server_has_config_with_fn stdout ----
[INFO] [stdout] 
[INFO] [stdout] thread 'build::tests::build_server_has_config_with_fn' (767) panicked at src/build.rs:2312:50:
[INFO] [stdout] build: Resolve(NoSrcDir { root: "/opt/rustwide/workdir/../../examples/server" })
[INFO] [stdout] stack backtrace:
[INFO] [stdout]    0:     0x572c5c81a731 - <<std[70759c8f55707aa4]::sys::backtrace::BacktraceLock>::print::DisplayBacktrace as core[df12db4294e9bfd3]::fmt::Display>::fmt
[INFO] [stdout]    1:     0x572c5c82faea - core[df12db4294e9bfd3]::fmt::write
[INFO] [stdout]    2:     0x572c5c81eebc - <alloc[2182bb758b4b3781]::vec::Vec<u8> as core[df12db4294e9bfd3]::io::write::Write>::write_fmt
[INFO] [stdout]    3:     0x572c5c7f61a6 - std[70759c8f55707aa4]::panicking::default_hook::{closure#0}
[INFO] [stdout]    4:     0x572c5c812919 - std[70759c8f55707aa4]::panicking::default_hook
[INFO] [stdout]    5:     0x572c5c630570 - test[9d35eded1c95d3be]::test_main_inner::<test[9d35eded1c95d3be]::test_main_static::{closure#0}>::{closure#0}
[INFO] [stdout]    6:     0x572c5c812ad2 - std[70759c8f55707aa4]::panicking::panic_with_hook
[INFO] [stdout]    7:     0x572c5c7f6252 - std[70759c8f55707aa4]::panicking::panic_handler::{closure#0}
[INFO] [stdout]    8:     0x572c5c7eeda9 - std[70759c8f55707aa4]::sys::backtrace::__rust_end_short_backtrace::<std[70759c8f55707aa4]::panicking::panic_handler::{closure#0}, !>
[INFO] [stdout]    9:     0x572c5c7f6e4d - __rustc[8fa7c3cbc660c2b3]::rust_begin_unwind
[INFO] [stdout]   10:     0x572c5c83021c - core[df12db4294e9bfd3]::panicking::panic_fmt
[INFO] [stdout]   11:     0x572c5c82fff2 - core[df12db4294e9bfd3]::result::unwrap_failed
[INFO] [stdout]   12:     0x572c5c61b5e0 - crisp_cir[677ffcdb72c81efb]::build::tests::build_server_has_config_with_fn
[INFO] [stdout]   13:     0x572c5c617749 - <crisp_cir[677ffcdb72c81efb]::build::tests::build_server_has_config_with_fn::{closure#0} as core[df12db4294e9bfd3]::ops::function::FnOnce<()>>::call_once
[INFO] [stdout]   14:     0x572c5c62385b - test[9d35eded1c95d3be]::__rust_begin_short_backtrace::<core[df12db4294e9bfd3]::result::Result<(), alloc[2182bb758b4b3781]::string::String>, fn() -> core[df12db4294e9bfd3]::result::Result<(), alloc[2182bb758b4b3781]::string::String>>
[INFO] [stdout]   15:     0x572c5c630ec5 - test[9d35eded1c95d3be]::run_test::{closure#0}
[INFO] [stdout]   16:     0x572c5c62a784 - std[70759c8f55707aa4]::sys::backtrace::__rust_begin_short_backtrace::<test[9d35eded1c95d3be]::run_test::{closure#1}, ()>
[INFO] [stdout]   17:     0x572c5c634022 - <std[70759c8f55707aa4]::thread::lifecycle::spawn_unchecked<test[9d35eded1c95d3be]::run_test::{closure#1}, ()>::{closure#1} as core[df12db4294e9bfd3]::ops::function::FnOnce<()>>::call_once::{shim:vtable#0}
[INFO] [stdout]   18:     0x572c5c819c99 - <std[70759c8f55707aa4]::sys::thread::unix::Thread>::new::thread_start
[INFO] [stdout]   19:     0x7a0e0aa76dfa - <unknown>
[INFO] [stdout]   20:     0x7a0e0ab0a3d4 - clone
[INFO] [stdout]   21:                0x0 - <unknown>
[INFO] [stdout] 
[INFO] [stdout] ---- build::tests::build_fallible_marks_fallible_calls stdout ----
[INFO] [stdout] 
[INFO] [stdout] thread 'build::tests::build_fallible_marks_fallible_calls' (765) panicked at src/build.rs:2333:50:
[INFO] [stdout] build: Resolve(NoSrcDir { root: "/opt/rustwide/workdir/../../examples/fallible" })
[INFO] [stdout] stack backtrace:
[INFO] [stdout]    0:     0x572c5c81a731 - <<std[70759c8f55707aa4]::sys::backtrace::BacktraceLock>::print::DisplayBacktrace as core[df12db4294e9bfd3]::fmt::Display>::fmt
[INFO] [stdout]    1:     0x572c5c82faea - core[df12db4294e9bfd3]::fmt::write
[INFO] [stdout]    2:     0x572c5c81eebc - <alloc[2182bb758b4b3781]::vec::Vec<u8> as core[df12db4294e9bfd3]::io::write::Write>::write_fmt
[INFO] [stdout]    3:     0x572c5c7f61a6 - std[70759c8f55707aa4]::panicking::default_hook::{closure#0}
[INFO] [stdout]    4:     0x572c5c812919 - std[70759c8f55707aa4]::panicking::default_hook
[INFO] [stdout]    5:     0x572c5c630570 - test[9d35eded1c95d3be]::test_main_inner::<test[9d35eded1c95d3be]::test_main_static::{closure#0}>::{closure#0}
[INFO] [stdout]    6:     0x572c5c812ad2 - std[70759c8f55707aa4]::panicking::panic_with_hook
[INFO] [stdout]    7:     0x572c5c7f6252 - std[70759c8f55707aa4]::panicking::panic_handler::{closure#0}
[INFO] [stdout]    8:     0x572c5c7eeda9 - std[70759c8f55707aa4]::sys::backtrace::__rust_end_short_backtrace::<std[70759c8f55707aa4]::panicking::panic_handler::{closure#0}, !>
[INFO] [stdout]    9:     0x572c5c7f6e4d - __rustc[8fa7c3cbc660c2b3]::rust_begin_unwind
[INFO] [stdout]   10:     0x572c5c83021c - core[df12db4294e9bfd3]::panicking::panic_fmt
[INFO] [stdout]   11:     0x572c5c82fff2 - core[df12db4294e9bfd3]::result::unwrap_failed
[INFO] [stdout]   12:     0x572c5c61b8c5 - crisp_cir[677ffcdb72c81efb]::build::tests::build_fallible_marks_fallible_calls
[INFO] [stdout]   13:     0x572c5c617769 - <crisp_cir[677ffcdb72c81efb]::build::tests::build_fallible_marks_fallible_calls::{closure#0} as core[df12db4294e9bfd3]::ops::function::FnOnce<()>>::call_once
[INFO] [stdout]   14:     0x572c5c62385b - test[9d35eded1c95d3be]::__rust_begin_short_backtrace::<core[df12db4294e9bfd3]::result::Result<(), alloc[2182bb758b4b3781]::string::String>, fn() -> core[df12db4294e9bfd3]::result::Result<(), alloc[2182bb758b4b3781]::string::String>>
[INFO] [stdout]   15:     0x572c5c630ec5 - test[9d35eded1c95d3be]::run_test::{closure#0}
[INFO] [stdout]   16:     0x572c5c62a784 - std[70759c8f55707aa4]::sys::backtrace::__rust_begin_short_backtrace::<test[9d35eded1c95d3be]::run_test::{closure#1}, ()>
[INFO] [stdout]   17:     0x572c5c634022 - <std[70759c8f55707aa4]::thread::lifecycle::spawn_unchecked<test[9d35eded1c95d3be]::run_test::{closure#1}, ()>::{closure#1} as core[df12db4294e9bfd3]::ops::function::FnOnce<()>>::call_once::{shim:vtable#0}
[INFO] [stdout]   18:     0x572c5c819c99 - <std[70759c8f55707aa4]::sys::thread::unix::Thread>::new::thread_start
[INFO] [stdout]   19:     0x7a0e0aa76dfa - <unknown>
[INFO] [stdout]   20:     0x7a0e0ab0a3d4 - clone
[INFO] [stdout]   21:                0x0 - <unknown>
[INFO] [stdout] 
[INFO] [stdout] ---- build::tests::build_hello_cir stdout ----
[INFO] [stdout] 
[INFO] [stdout] thread 'build::tests::build_hello_cir' (766) panicked at src/build.rs:2294:50:
[INFO] [stdout] build: Resolve(NoSrcDir { root: "/opt/rustwide/workdir/../../examples/hello" })
[INFO] [stdout] stack backtrace:
[INFO] [stdout]    0:     0x572c5c81a731 - <<std[70759c8f55707aa4]::sys::backtrace::BacktraceLock>::print::DisplayBacktrace as core[df12db4294e9bfd3]::fmt::Display>::fmt
[INFO] [stdout]    1:     0x572c5c82faea - core[df12db4294e9bfd3]::fmt::write
[INFO] [stdout]    2:     0x572c5c81eebc - <alloc[2182bb758b4b3781]::vec::Vec<u8> as core[df12db4294e9bfd3]::io::write::Write>::write_fmt
[INFO] [stdout]    3:     0x572c5c7f61a6 - std[70759c8f55707aa4]::panicking::default_hook::{closure#0}
[INFO] [stdout]    4:     0x572c5c812919 - std[70759c8f55707aa4]::panicking::default_hook
[INFO] [stdout]    5:     0x572c5c630570 - test[9d35eded1c95d3be]::test_main_inner::<test[9d35eded1c95d3be]::test_main_static::{closure#0}>::{closure#0}
[INFO] [stdout]    6:     0x572c5c812ad2 - std[70759c8f55707aa4]::panicking::panic_with_hook
[INFO] [stdout]    7:     0x572c5c7f6252 - std[70759c8f55707aa4]::panicking::panic_handler::{closure#0}
[INFO] [stdout]    8:     0x572c5c7eeda9 - std[70759c8f55707aa4]::sys::backtrace::__rust_end_short_backtrace::<std[70759c8f55707aa4]::panicking::panic_handler::{closure#0}, !>
[INFO] [stdout]    9:     0x572c5c7f6e4d - __rustc[8fa7c3cbc660c2b3]::rust_begin_unwind
[INFO] [stdout]   10:     0x572c5c83021c - core[df12db4294e9bfd3]::panicking::panic_fmt
[INFO] [stdout]   11:     0x572c5c82fff2 - core[df12db4294e9bfd3]::result::unwrap_failed
[INFO] [stdout]   12:     0x572c5c61b2ed - crisp_cir[677ffcdb72c81efb]::build::tests::build_hello_cir
[INFO] [stdout]   13:     0x572c5c617729 - <crisp_cir[677ffcdb72c81efb]::build::tests::build_hello_cir::{closure#0} as core[df12db4294e9bfd3]::ops::function::FnOnce<()>>::call_once
[INFO] [stdout]   14:     0x572c5c62385b - test[9d35eded1c95d3be]::__rust_begin_short_backtrace::<core[df12db4294e9bfd3]::result::Result<(), alloc[2182bb758b4b3781]::string::String>, fn() -> core[df12db4294e9bfd3]::result::Result<(), alloc[2182bb758b4b3781]::string::String>>
[INFO] [stdout]   15:     0x572c5c630ec5 - test[9d35eded1c95d3be]::run_test::{closure#0}
[INFO] [stdout]   16:     0x572c5c62a784 - std[70759c8f55707aa4]::sys::backtrace::__rust_begin_short_backtrace::<test[9d35eded1c95d3be]::run_test::{closure#1}, ()>
[INFO] [stdout]   17:     0x572c5c634022 - <std[70759c8f55707aa4]::thread::lifecycle::spawn_unchecked<test[9d35eded1c95d3be]::run_test::{closure#1}, ()>::{closure#1} as core[df12db4294e9bfd3]::ops::function::FnOnce<()>>::call_once::{shim:vtable#0}
[INFO] [stdout]   18:     0x572c5c819c99 - <std[70759c8f55707aa4]::sys::thread::unix::Thread>::new::thread_start
[INFO] [stdout]   19:     0x7a0e0aa76dfa - <unknown>
[INFO] [stdout]   20:     0x7a0e0ab0a3d4 - clone
[INFO] [stdout]   21:                0x0 - <unknown>
[INFO] [stdout] 
[INFO] [stdout] 
[INFO] [stdout] failures:
[INFO] [stdout]     build::tests::build_fallible_marks_fallible_calls
[INFO] [stdout]     build::tests::build_hello_cir
[INFO] [stdout]     build::tests::build_server_has_config_with_fn
[INFO] [stdout] 
[INFO] [stdout] test result: FAILED. 2 passed; 3 failed; 0 ignored; 0 measured; 0 filtered out; finished in 0.02s
[INFO] [stdout] 
[INFO] running `Command { std: "docker" "inspect" "79d85bf3bcdb7f32614b6a4b6b84379f99e3aad3712d44adf8c2206301569df7", kill_on_drop: false }`
[INFO] running `Command { std: "docker" "rm" "-f" "79d85bf3bcdb7f32614b6a4b6b84379f99e3aad3712d44adf8c2206301569df7", kill_on_drop: false }`
[INFO] [stdout] 79d85bf3bcdb7f32614b6a4b6b84379f99e3aad3712d44adf8c2206301569df7
