[INFO] fetching crate crimp 4087.0.0...
[INFO] testing crimp-4087.0.0 against 1.100.0-beta.1+cargoflags=--release for beta-release-1.100-2
[INFO] extracting crate crimp 4087.0.0 into /workspace/builds/worker-1-tc2/source
[INFO] started tweaking crates.io crate crimp 4087.0.0
[INFO] finished tweaking crates.io crate crimp 4087.0.0
[INFO] tweaked toml for crates.io crate crimp 4087.0.0 written to /workspace/builds/worker-1-tc2/source/Cargo.toml
[INFO] validating manifest of crates.io crate crimp 4087.0.0 on toolchain 1.100.0-beta.1
[INFO] running `Command { std: CARGO_HOME="/workspace/cargo-home" RUSTUP_HOME="/workspace/rustup-home" "/workspace/cargo-home/bin/cargo" "+1.100.0-beta.1" "metadata" "--manifest-path" "Cargo.toml" "--no-deps", kill_on_drop: false }`
[INFO] running `Command { std: CARGO_HOME="/workspace/cargo-home" RUSTUP_HOME="/workspace/rustup-home" "/workspace/cargo-home/bin/cargo" "+1.100.0-beta.1" "generate-lockfile" "--manifest-path" "Cargo.toml", kill_on_drop: false }`
[INFO] [stderr]     Updating crates.io index
[INFO] [stderr]      Locking 26 packages to highest compatible versions
[INFO] running `Command { std: CARGO_HOME="/workspace/cargo-home" RUSTUP_HOME="/workspace/rustup-home" "/workspace/cargo-home/bin/cargo" "+1.100.0-beta.1" "fetch" "--manifest-path" "Cargo.toml", kill_on_drop: false }`
[INFO] [stderr] warning: Cargo.toml: `package.edition` is unspecified, defaulting to `2015` while the latest is `2024`
[INFO] [stderr] warning: `crimp` (manifest) generated 1 warning
[INFO] running `Command { std: "docker" "create" "-v" "/var/lib/crater-agent-workspace/builds/worker-1-tc2/source:/opt/rustwide/workdir:ro,Z" "-v" "/var/lib/crater-agent-workspace/builds/worker-1-tc2/target:/opt/rustwide/target:rw,Z" "-v" "/var/lib/crater-agent-workspace/cargo-home:/opt/rustwide/cargo-home:ro,Z" "-v" "/var/lib/crater-agent-workspace/rustup-home:/opt/rustwide/rustup-home:ro,Z" "-m" "1610612736" "--network" "none" "ghcr.io/rust-lang/crates-build-env/linux@sha256:77db811e55d90add9212f6832c23229e3de5f1c1f9905e8cb07319ea15df73ac" "sleep" "infinity", kill_on_drop: false }`
[INFO] [stdout] 3c2fdc00c3397e337a1037db0be7511bd9ebe0e583014c7a9d4e45cfba67cf0f
[INFO] running `Command { std: "docker" "start" "3c2fdc00c3397e337a1037db0be7511bd9ebe0e583014c7a9d4e45cfba67cf0f", kill_on_drop: false }`
[INFO] running `Command { std: "docker" "inspect" "3c2fdc00c3397e337a1037db0be7511bd9ebe0e583014c7a9d4e45cfba67cf0f", kill_on_drop: false }`
[INFO] running `Command { std: "docker" "exec" "-e" "SOURCE_DIR=/opt/rustwide/workdir" "-e" "CARGO_HOME=/opt/rustwide/cargo-home" "-e" "RUSTUP_HOME=/opt/rustwide/rustup-home" "-e" "CARGO_TARGET_DIR=/opt/rustwide/target" "-w" "/opt/rustwide/workdir" "--user" "0:0" "3c2fdc00c3397e337a1037db0be7511bd9ebe0e583014c7a9d4e45cfba67cf0f" "/opt/rustwide/cargo-home/bin/cargo" "+1.100.0-beta.1" "metadata" "--no-deps" "--format-version=1", kill_on_drop: false }`
[INFO] running `Command { std: "docker" "inspect" "3c2fdc00c3397e337a1037db0be7511bd9ebe0e583014c7a9d4e45cfba67cf0f", kill_on_drop: false }`
[INFO] running `Command { std: "docker" "exec" "-e" "SOURCE_DIR=/opt/rustwide/workdir" "-e" "CARGO_HOME=/opt/rustwide/cargo-home" "-e" "RUSTUP_HOME=/opt/rustwide/rustup-home" "-e" "CARGO_TARGET_DIR=/opt/rustwide/target" "-e" "CARGO_INCREMENTAL=0" "-e" "RUST_BACKTRACE=full" "-e" "RUSTFLAGS=--cap-lints=warn" "-e" "RUSTDOCFLAGS=--cap-lints=warn" "-w" "/opt/rustwide/workdir" "--user" "0:0" "3c2fdc00c3397e337a1037db0be7511bd9ebe0e583014c7a9d4e45cfba67cf0f" "/opt/rustwide/cargo-home/bin/cargo" "+1.100.0-beta.1" "build" "--frozen" "--message-format=json" "--release", kill_on_drop: false }`
[INFO] [stderr] warning: Cargo.toml: `package.edition` is unspecified, defaulting to `2015` while the latest is `2024`
[INFO] [stderr] warning: `crimp` (manifest) generated 1 warning
[INFO] [stderr]    Compiling find-msvc-tools v0.1.14
[INFO] [stderr]    Compiling pkg-config v0.3.34
[INFO] [stderr]    Compiling serde_core v1.0.229
[INFO] [stderr]    Compiling curl v0.4.51
[INFO] [stderr]    Compiling serde v1.0.229
[INFO] [stderr]    Compiling serde_json v1.0.154
[INFO] [stderr]    Compiling socket2 v0.6.5
[INFO] [stderr]    Compiling cc v1.8.0
[INFO] [stderr]    Compiling libz-sys v1.1.30
[INFO] [stderr]    Compiling openssl-sys v0.9.117
[INFO] [stderr]    Compiling curl-sys v0.4.91+curl-8.22.0
[INFO] [stderr]    Compiling crimp v4087.0.0 (/opt/rustwide/workdir)
[INFO] [stderr]     Finished `release` profile [optimized] target(s) in 7.23s
[INFO] running `Command { std: "docker" "inspect" "3c2fdc00c3397e337a1037db0be7511bd9ebe0e583014c7a9d4e45cfba67cf0f", kill_on_drop: false }`
[INFO] running `Command { std: "docker" "exec" "-e" "SOURCE_DIR=/opt/rustwide/workdir" "-e" "CARGO_HOME=/opt/rustwide/cargo-home" "-e" "RUSTUP_HOME=/opt/rustwide/rustup-home" "-e" "CARGO_TARGET_DIR=/opt/rustwide/target" "-e" "CARGO_INCREMENTAL=0" "-e" "RUST_BACKTRACE=full" "-e" "RUSTFLAGS=--cap-lints=warn" "-e" "RUSTDOCFLAGS=--cap-lints=warn" "-w" "/opt/rustwide/workdir" "--user" "0:0" "3c2fdc00c3397e337a1037db0be7511bd9ebe0e583014c7a9d4e45cfba67cf0f" "/opt/rustwide/cargo-home/bin/cargo" "+1.100.0-beta.1" "test" "--frozen" "--no-run" "--message-format=json" "--release", kill_on_drop: false }`
[INFO] [stderr] warning: Cargo.toml: `package.edition` is unspecified, defaulting to `2015` while the latest is `2024`
[INFO] [stderr] warning: `crimp` (manifest) generated 1 warning
[INFO] [stderr]    Compiling crimp v4087.0.0 (/opt/rustwide/workdir)
[INFO] [stderr]     Finished `release` profile [optimized] target(s) in 1.04s
[INFO] running `Command { std: "docker" "inspect" "3c2fdc00c3397e337a1037db0be7511bd9ebe0e583014c7a9d4e45cfba67cf0f", kill_on_drop: false }`
[INFO] running `Command { std: "docker" "exec" "-e" "SOURCE_DIR=/opt/rustwide/workdir" "-e" "CARGO_HOME=/opt/rustwide/cargo-home" "-e" "RUSTUP_HOME=/opt/rustwide/rustup-home" "-e" "CARGO_TARGET_DIR=/opt/rustwide/target" "-e" "CARGO_INCREMENTAL=0" "-e" "RUST_BACKTRACE=full" "-e" "RUSTFLAGS=--cap-lints=warn" "-e" "RUSTDOCFLAGS=--cap-lints=warn" "-w" "/opt/rustwide/workdir" "--user" "0:0" "3c2fdc00c3397e337a1037db0be7511bd9ebe0e583014c7a9d4e45cfba67cf0f" "/opt/rustwide/cargo-home/bin/cargo" "+1.100.0-beta.1" "test" "--frozen" "--release", kill_on_drop: false }`
[INFO] [stderr] warning: Cargo.toml: `package.edition` is unspecified, defaulting to `2015` while the latest is `2024`
[INFO] [stderr] warning: `crimp` (manifest) generated 1 warning
[INFO] [stderr]     Finished `release` profile [optimized] target(s) in 0.05s
[INFO] [stderr]      Running unittests src/lib.rs (/opt/rustwide/target/release/build/crimp/f53a2572438d8fd5/out/crimp-f53a2572438d8fd5)
[INFO] [stdout] 
[INFO] [stdout] running 10 tests
[INFO] [stdout] test tests::test_basic_auth ... FAILED
[INFO] [stdout] test tests::test_error_for_status ... FAILED
[INFO] [stdout] test tests::test_http_delete ... FAILED
[INFO] [stdout] test tests::test_http_get ... FAILED
[INFO] [stdout] test tests::test_http_post ... FAILED
[INFO] [stdout] test tests::test_http_put ... FAILED
[INFO] [stdout] test tests::test_http_post_json ... FAILED
[INFO] [stdout] test tests::test_bearer_auth ... FAILED
[INFO] [stdout] test tests::test_large_body ... FAILED
[INFO] [stdout] test tests::test_http_patch ... FAILED
[INFO] [stdout] 
[INFO] [stdout] failures:
[INFO] [stdout] 
[INFO] [stdout] ---- tests::test_basic_auth stdout ----
[INFO] [stdout] 
[INFO] [stdout] thread 'tests::test_basic_auth' (516) panicked at src/tests.rs:142:10:
[INFO] [stdout] failed to send request: Error { description: "Could not connect to server", code: 7, extra: Some("Failed to connect to 127.0.0.1 port 4662 after 0 ms: Could not connect to server") }
[INFO] [stdout] stack backtrace:
[INFO] [stdout]    0:     0x60eadd631ca1 - <<std[617be2ca0a6fd877]::sys::backtrace::BacktraceLock>::print::DisplayBacktrace as core[a373ad73a504971]::fmt::Display>::fmt
[INFO] [stdout]    1:     0x60eadd646a5a - core[a373ad73a504971]::fmt::write
[INFO] [stdout]    2:     0x60eadd63602c - <alloc[2e1b2a31b91974c5]::vec::Vec<u8> as core[a373ad73a504971]::io::write::Write>::write_fmt
[INFO] [stdout]    3:     0x60eadd60df76 - std[617be2ca0a6fd877]::panicking::default_hook::{closure#0}
[INFO] [stdout]    4:     0x60eadd62a1b9 - std[617be2ca0a6fd877]::panicking::default_hook
[INFO] [stdout]    5:     0x60eadd5be050 - test[aada8e7e76ba119b]::test_main_inner::{closure#0}
[INFO] [stdout]    6:     0x60eadd62a4e2 - std[617be2ca0a6fd877]::panicking::panic_with_hook
[INFO] [stdout]    7:     0x60eadd60e022 - std[617be2ca0a6fd877]::panicking::panic_handler::{closure#0}
[INFO] [stdout]    8:     0x60eadd606d09 - std[617be2ca0a6fd877]::sys::backtrace::__rust_end_short_backtrace::<std[617be2ca0a6fd877]::panicking::panic_handler::{closure#0}, !>
[INFO] [stdout]    9:     0x60eadd60ec2d - __rustc[ea4f61d10b84890b]::rust_begin_unwind
[INFO] [stdout]   10:     0x60eadd6471bc - core[a373ad73a504971]::panicking::panic_fmt
[INFO] [stdout]   11:     0x60eadd646f92 - core[a373ad73a504971]::result::unwrap_failed
[INFO] [stdout]   12:     0x60eadd5a875e - <crimp[f1cec0a2a0163932]::tests::test_basic_auth::{closure#0} as core[a373ad73a504971]::ops::function::FnOnce<()>>::call_once
[INFO] [stdout]   13:     0x60eadd5b149b - test[aada8e7e76ba119b]::__rust_begin_short_backtrace::<core[a373ad73a504971]::result::Result<(), alloc[2e1b2a31b91974c5]::string::String>, fn() -> core[a373ad73a504971]::result::Result<(), alloc[2e1b2a31b91974c5]::string::String>>
[INFO] [stdout]   14:     0x60eadd5be675 - test[aada8e7e76ba119b]::run_test::{closure#0}
[INFO] [stdout]   15:     0x60eadd5b7f64 - std[617be2ca0a6fd877]::sys::backtrace::__rust_begin_short_backtrace::<test[aada8e7e76ba119b]::run_test::{closure#1}, ()>
[INFO] [stdout]   16:     0x60eadd5c1702 - <std[617be2ca0a6fd877]::thread::lifecycle::spawn_unchecked<test[aada8e7e76ba119b]::run_test::{closure#1}, ()>::{closure#1} as core[a373ad73a504971]::ops::function::FnOnce<()>>::call_once::{shim:vtable#0}
[INFO] [stdout]   17:     0x60eadd6314ef - <std[617be2ca0a6fd877]::sys::thread::unix::Thread>::new::thread_start
[INFO] [stdout]   18:     0x7d8470b74dfa - <unknown>
[INFO] [stdout]   19:     0x7d8470c083d4 - clone
[INFO] [stdout]   20:                0x0 - <unknown>
[INFO] [stdout] 
[INFO] [stdout] ---- tests::test_error_for_status stdout ----
[INFO] [stdout] 
[INFO] [stdout] thread 'tests::test_error_for_status' (518) panicked at src/tests.rs:177:10:
[INFO] [stdout] failed to send request: Error { description: "Could not connect to server", code: 7, extra: Some("Failed to connect to 127.0.0.1 port 4662 after 0 ms: Could not connect to server") }
[INFO] [stdout] stack backtrace:
[INFO] [stdout]    0:     0x60eadd631ca1 - <<std[617be2ca0a6fd877]::sys::backtrace::BacktraceLock>::print::DisplayBacktrace as core[a373ad73a504971]::fmt::Display>::fmt
[INFO] [stdout]    1:     0x60eadd646a5a - core[a373ad73a504971]::fmt::write
[INFO] [stdout]    2:     0x60eadd63602c - <alloc[2e1b2a31b91974c5]::vec::Vec<u8> as core[a373ad73a504971]::io::write::Write>::write_fmt
[INFO] [stdout]    3:     0x60eadd60df76 - std[617be2ca0a6fd877]::panicking::default_hook::{closure#0}
[INFO] [stdout]    4:     0x60eadd62a1b9 - std[617be2ca0a6fd877]::panicking::default_hook
[INFO] [stdout]    5:     0x60eadd5be050 - test[aada8e7e76ba119b]::test_main_inner::{closure#0}
[INFO] [stdout]    6:     0x60eadd62a4e2 - std[617be2ca0a6fd877]::panicking::panic_with_hook
[INFO] [stdout]    7:     0x60eadd60e022 - std[617be2ca0a6fd877]::panicking::panic_handler::{closure#0}
[INFO] [stdout]    8:     0x60eadd606d09 - std[617be2ca0a6fd877]::sys::backtrace::__rust_end_short_backtrace::<std[617be2ca0a6fd877]::panicking::panic_handler::{closure#0}, !>
[INFO] [stdout]    9:     0x60eadd60ec2d - __rustc[ea4f61d10b84890b]::rust_begin_unwind
[INFO] [stdout]   10:     0x60eadd6471bc - core[a373ad73a504971]::panicking::panic_fmt
[INFO] [stdout]   11:     0x60eadd646f92 - core[a373ad73a504971]::result::unwrap_failed
[INFO] [stdout]   12:     0x60eadd5aa4b8 - <crimp[f1cec0a2a0163932]::tests::test_error_for_status::{closure#0} as core[a373ad73a504971]::ops::function::FnOnce<()>>::call_once
[INFO] [stdout]   13:     0x60eadd5b149b - test[aada8e7e76ba119b]::__rust_begin_short_backtrace::<core[a373ad73a504971]::result::Result<(), alloc[2e1b2a31b91974c5]::string::String>, fn() -> core[a373ad73a504971]::result::Result<(), alloc[2e1b2a31b91974c5]::string::String>>
[INFO] [stdout]   14:     0x60eadd5be675 - test[aada8e7e76ba119b]::run_test::{closure#0}
[INFO] [stdout]   15:     0x60eadd5b7f64 - std[617be2ca0a6fd877]::sys::backtrace::__rust_begin_short_backtrace::<test[aada8e7e76ba119b]::run_test::{closure#1}, ()>
[INFO] [stdout]   16:     0x60eadd5c1702 - <std[617be2ca0a6fd877]::thread::lifecycle::spawn_unchecked<test[aada8e7e76ba119b]::run_test::{closure#1}, ()>::{closure#1} as core[a373ad73a504971]::ops::function::FnOnce<()>>::call_once::{shim:vtable#0}
[INFO] [stdout]   17:     0x60eadd6314ef - <std[617be2ca0a6fd877]::sys::thread::unix::Thread>::new::thread_start
[INFO] [stdout]   18:     0x7d8470b74dfa - <unknown>
[INFO] [stdout]   19:     0x7d8470c083d4 - clone
[INFO] [stdout]   20:                0x0 - <unknown>
[INFO] [stdout] 
[INFO] [stdout] ---- tests::test_http_delete stdout ----
[INFO] [stdout] 
[INFO] [stdout] thread 'tests::test_http_delete' (519) panicked at src/tests.rs:27:10:
[INFO] [stdout] failed to send request: Error { description: "Could not connect to server", code: 7, extra: Some("Failed to connect to 127.0.0.1 port 4662 after 0 ms: Could not connect to server") }
[INFO] [stdout] stack backtrace:
[INFO] [stdout]    0:     0x60eadd631ca1 - <<std[617be2ca0a6fd877]::sys::backtrace::BacktraceLock>::print::DisplayBacktrace as core[a373ad73a504971]::fmt::Display>::fmt
[INFO] [stdout]    1:     0x60eadd646a5a - core[a373ad73a504971]::fmt::write
[INFO] [stdout]    2:     0x60eadd63602c - <alloc[2e1b2a31b91974c5]::vec::Vec<u8> as core[a373ad73a504971]::io::write::Write>::write_fmt
[INFO] [stdout]    3:     0x60eadd60df76 - std[617be2ca0a6fd877]::panicking::default_hook::{closure#0}
[INFO] [stdout]    4:     0x60eadd62a1b9 - std[617be2ca0a6fd877]::panicking::default_hook
[INFO] [stdout]    5:     0x60eadd5be050 - test[aada8e7e76ba119b]::test_main_inner::{closure#0}
[INFO] [stdout]    6:     0x60eadd62a4e2 - std[617be2ca0a6fd877]::panicking::panic_with_hook
[INFO] [stdout]    7:     0x60eadd60e022 - std[617be2ca0a6fd877]::panicking::panic_handler::{closure#0}
[INFO] [stdout]    8:     0x60eadd606d09 - std[617be2ca0a6fd877]::sys::backtrace::__rust_end_short_backtrace::<std[617be2ca0a6fd877]::panicking::panic_handler::{closure#0}, !>
[INFO] [stdout]    9:     0x60eadd60ec2d - __rustc[ea4f61d10b84890b]::rust_begin_unwind
[INFO] [stdout]   10:     0x60eadd6471bc - core[a373ad73a504971]::panicking::panic_fmt
[INFO] [stdout]   11:     0x60eadd646f92 - core[a373ad73a504971]::result::unwrap_failed
[INFO] [stdout]   12:     0x60eadd5a91d2 - <crimp[f1cec0a2a0163932]::tests::test_http_delete::{closure#0} as core[a373ad73a504971]::ops::function::FnOnce<()>>::call_once
[INFO] [stdout]   13:     0x60eadd5b149b - test[aada8e7e76ba119b]::__rust_begin_short_backtrace::<core[a373ad73a504971]::result::Result<(), alloc[2e1b2a31b91974c5]::string::String>, fn() -> core[a373ad73a504971]::result::Result<(), alloc[2e1b2a31b91974c5]::string::String>>
[INFO] [stdout]   14:     0x60eadd5be675 - test[aada8e7e76ba119b]::run_test::{closure#0}
[INFO] [stdout]   15:     0x60eadd5b7f64 - std[617be2ca0a6fd877]::sys::backtrace::__rust_begin_short_backtrace::<test[aada8e7e76ba119b]::run_test::{closure#1}, ()>
[INFO] [stdout]   16:     0x60eadd5c1702 - <std[617be2ca0a6fd877]::thread::lifecycle::spawn_unchecked<test[aada8e7e76ba119b]::run_test::{closure#1}, ()>::{closure#1} as core[a373ad73a504971]::ops::function::FnOnce<()>>::call_once::{shim:vtable#0}
[INFO] [stdout]   17:     0x60eadd6314ef - <std[617be2ca0a6fd877]::sys::thread::unix::Thread>::new::thread_start
[INFO] [stdout]   18:     0x7d8470b74dfa - <unknown>
[INFO] [stdout]   19:     0x7d8470c083d4 - clone
[INFO] [stdout]   20:                0x0 - <unknown>
[INFO] [stdout] 
[INFO] [stdout] ---- tests::test_http_get stdout ----
[INFO] [stdout] 
[INFO] [stdout] thread 'tests::test_http_get' (520) panicked at src/tests.rs:18:10:
[INFO] [stdout] failed to send request: Error { description: "Could not connect to server", code: 7, extra: Some("Failed to connect to 127.0.0.1 port 4662 after 0 ms: Could not connect to server") }
[INFO] [stdout] stack backtrace:
[INFO] [stdout]    0:     0x60eadd631ca1 - <<std[617be2ca0a6fd877]::sys::backtrace::BacktraceLock>::print::DisplayBacktrace as core[a373ad73a504971]::fmt::Display>::fmt
[INFO] [stdout]    1:     0x60eadd646a5a - core[a373ad73a504971]::fmt::write
[INFO] [stdout]    2:     0x60eadd63602c - <alloc[2e1b2a31b91974c5]::vec::Vec<u8> as core[a373ad73a504971]::io::write::Write>::write_fmt
[INFO] [stdout]    3:     0x60eadd60df76 - std[617be2ca0a6fd877]::panicking::default_hook::{closure#0}
[INFO] [stdout]    4:     0x60eadd62a1b9 - std[617be2ca0a6fd877]::panicking::default_hook
[INFO] [stdout]    5:     0x60eadd5be050 - test[aada8e7e76ba119b]::test_main_inner::{closure#0}
[INFO] [stdout]    6:     0x60eadd62a4e2 - std[617be2ca0a6fd877]::panicking::panic_with_hook
[INFO] [stdout]    7:     0x60eadd60e022 - std[617be2ca0a6fd877]::panicking::panic_handler::{closure#0}
[INFO] [stdout]    8:     0x60eadd606d09 - std[617be2ca0a6fd877]::sys::backtrace::__rust_end_short_backtrace::<std[617be2ca0a6fd877]::panicking::panic_handler::{closure#0}, !>
[INFO] [stdout]    9:     0x60eadd60ec2d - __rustc[ea4f61d10b84890b]::rust_begin_unwind
[INFO] [stdout]   10:     0x60eadd6471bc - core[a373ad73a504971]::panicking::panic_fmt
[INFO] [stdout]   11:     0x60eadd646f92 - core[a373ad73a504971]::result::unwrap_failed
[INFO] [stdout]   12:     0x60eadd5a79c1 - <crimp[f1cec0a2a0163932]::tests::test_http_get::{closure#0} as core[a373ad73a504971]::ops::function::FnOnce<()>>::call_once
[INFO] [stdout]   13:     0x60eadd5b149b - test[aada8e7e76ba119b]::__rust_begin_short_backtrace::<core[a373ad73a504971]::result::Result<(), alloc[2e1b2a31b91974c5]::string::String>, fn() -> core[a373ad73a504971]::result::Result<(), alloc[2e1b2a31b91974c5]::string::String>>
[INFO] [stdout]   14:     0x60eadd5be675 - test[aada8e7e76ba119b]::run_test::{closure#0}
[INFO] [stdout]   15:     0x60eadd5b7f64 - std[617be2ca0a6fd877]::sys::backtrace::__rust_begin_short_backtrace::<test[aada8e7e76ba119b]::run_test::{closure#1}, ()>
[INFO] [stdout]   16:     0x60eadd5c1702 - <std[617be2ca0a6fd877]::thread::lifecycle::spawn_unchecked<test[aada8e7e76ba119b]::run_test::{closure#1}, ()>::{closure#1} as core[a373ad73a504971]::ops::function::FnOnce<()>>::call_once::{shim:vtable#0}
[INFO] [stdout]   17:     0x60eadd6314ef - <std[617be2ca0a6fd877]::sys::thread::unix::Thread>::new::thread_start
[INFO] [stdout]   18:     0x7d8470b74dfa - <unknown>
[INFO] [stdout]   19:     0x7d8470c083d4 - clone
[INFO] [stdout]   20:                0x0 - <unknown>
[INFO] [stdout] 
[INFO] [stdout] ---- tests::test_http_post stdout ----
[INFO] [stdout] 
[INFO] [stdout] thread 'tests::test_http_post' (522) panicked at src/tests.rs:63:10:
[INFO] [stdout] failed to send request: Error { description: "Could not connect to server", code: 7, extra: Some("Failed to connect to 127.0.0.1 port 4662 after 0 ms: Could not connect to server") }
[INFO] [stdout] stack backtrace:
[INFO] [stdout]    0:     0x60eadd631ca1 - <<std[617be2ca0a6fd877]::sys::backtrace::BacktraceLock>::print::DisplayBacktrace as core[a373ad73a504971]::fmt::Display>::fmt
[INFO] [stdout]    1:     0x60eadd646a5a - core[a373ad73a504971]::fmt::write
[INFO] [stdout]    2:     0x60eadd63602c - <alloc[2e1b2a31b91974c5]::vec::Vec<u8> as core[a373ad73a504971]::io::write::Write>::write_fmt
[INFO] [stdout]    3:     0x60eadd60df76 - std[617be2ca0a6fd877]::panicking::default_hook::{closure#0}
[INFO] [stdout]    4:     0x60eadd62a1b9 - std[617be2ca0a6fd877]::panicking::default_hook
[INFO] [stdout]    5:     0x60eadd5be050 - test[aada8e7e76ba119b]::test_main_inner::{closure#0}
[INFO] [stdout]    6:     0x60eadd62a4e2 - std[617be2ca0a6fd877]::panicking::panic_with_hook
[INFO] [stdout]    7:     0x60eadd60e022 - std[617be2ca0a6fd877]::panicking::panic_handler::{closure#0}
[INFO] [stdout]    8:     0x60eadd606d09 - std[617be2ca0a6fd877]::sys::backtrace::__rust_end_short_backtrace::<std[617be2ca0a6fd877]::panicking::panic_handler::{closure#0}, !>
[INFO] [stdout]    9:     0x60eadd60ec2d - __rustc[ea4f61d10b84890b]::rust_begin_unwind
[INFO] [stdout]   10:     0x60eadd6471bc - core[a373ad73a504971]::panicking::panic_fmt
[INFO] [stdout]   11:     0x60eadd646f92 - core[a373ad73a504971]::result::unwrap_failed
[INFO] [stdout]   12:     0x60eadd5a820a - <crimp[f1cec0a2a0163932]::tests::test_http_post::{closure#0} as core[a373ad73a504971]::ops::function::FnOnce<()>>::call_once
[INFO] [stdout]   13:     0x60eadd5b149b - test[aada8e7e76ba119b]::__rust_begin_short_backtrace::<core[a373ad73a504971]::result::Result<(), alloc[2e1b2a31b91974c5]::string::String>, fn() -> core[a373ad73a504971]::result::Result<(), alloc[2e1b2a31b91974c5]::string::String>>
[INFO] [stdout]   14:     0x60eadd5be675 - test[aada8e7e76ba119b]::run_test::{closure#0}
[INFO] [stdout]   15:     0x60eadd5b7f64 - std[617be2ca0a6fd877]::sys::backtrace::__rust_begin_short_backtrace::<test[aada8e7e76ba119b]::run_test::{closure#1}, ()>
[INFO] [stdout]   16:     0x60eadd5c1702 - <std[617be2ca0a6fd877]::thread::lifecycle::spawn_unchecked<test[aada8e7e76ba119b]::run_test::{closure#1}, ()>::{closure#1} as core[a373ad73a504971]::ops::function::FnOnce<()>>::call_once::{shim:vtable#0}
[INFO] [stdout]   17:     0x60eadd6314ef - <std[617be2ca0a6fd877]::sys::thread::unix::Thread>::new::thread_start
[INFO] [stdout]   18:     0x7d8470b74dfa - <unknown>
[INFO] [stdout]   19:     0x7d8470c083d4 - clone
[INFO] [stdout]   20:                0x0 - <unknown>
[INFO] [stdout] 
[INFO] [stdout] ---- tests::test_http_put stdout ----
[INFO] [stdout] 
[INFO] [stdout] thread 'tests::test_http_put' (524) panicked at src/tests.rs:36:10:
[INFO] [stdout] failed to send request: Error { description: "Could not connect to server", code: 7, extra: Some("Failed to connect to 127.0.0.1 port 4662 after 0 ms: Could not connect to server") }
[INFO] [stdout] stack backtrace:
[INFO] [stdout]    0:     0x60eadd631ca1 - <<std[617be2ca0a6fd877]::sys::backtrace::BacktraceLock>::print::DisplayBacktrace as core[a373ad73a504971]::fmt::Display>::fmt
[INFO] [stdout]    1:     0x60eadd646a5a - core[a373ad73a504971]::fmt::write
[INFO] [stdout]    2:     0x60eadd63602c - <alloc[2e1b2a31b91974c5]::vec::Vec<u8> as core[a373ad73a504971]::io::write::Write>::write_fmt
[INFO] [stdout]    3:     0x60eadd60df76 - std[617be2ca0a6fd877]::panicking::default_hook::{closure#0}
[INFO] [stdout]    4:     0x60eadd62a1b9 - std[617be2ca0a6fd877]::panicking::default_hook
[INFO] [stdout]    5:     0x60eadd5be050 - test[aada8e7e76ba119b]::test_main_inner::{closure#0}
[INFO] [stdout]    6:     0x60eadd62a4e2 - std[617be2ca0a6fd877]::panicking::panic_with_hook
[INFO] [stdout]    7:     0x60eadd60e022 - std[617be2ca0a6fd877]::panicking::panic_handler::{closure#0}
[INFO] [stdout]    8:     0x60eadd606d09 - std[617be2ca0a6fd877]::sys::backtrace::__rust_end_short_backtrace::<std[617be2ca0a6fd877]::panicking::panic_handler::{closure#0}, !>
[INFO] [stdout]    9:     0x60eadd60ec2d - __rustc[ea4f61d10b84890b]::rust_begin_unwind
[INFO] [stdout]   10:     0x60eadd6471bc - core[a373ad73a504971]::panicking::panic_fmt
[INFO] [stdout]   11:     0x60eadd646f92 - core[a373ad73a504971]::result::unwrap_failed
[INFO] [stdout]   12:     0x60eadd5a7b42 - <crimp[f1cec0a2a0163932]::tests::test_http_put::{closure#0} as core[a373ad73a504971]::ops::function::FnOnce<()>>::call_once
[INFO] [stdout]   13:     0x60eadd5b149b - test[aada8e7e76ba119b]::__rust_begin_short_backtrace::<core[a373ad73a504971]::result::Result<(), alloc[2e1b2a31b91974c5]::string::String>, fn() -> core[a373ad73a504971]::result::Result<(), alloc[2e1b2a31b91974c5]::string::String>>
[INFO] [stdout]   14:     0x60eadd5be675 - test[aada8e7e76ba119b]::run_test::{closure#0}
[INFO] [stdout]   15:     0x60eadd5b7f64 - std[617be2ca0a6fd877]::sys::backtrace::__rust_begin_short_backtrace::<test[aada8e7e76ba119b]::run_test::{closure#1}, ()>
[INFO] [stdout]   16:     0x60eadd5c1702 - <std[617be2ca0a6fd877]::thread::lifecycle::spawn_unchecked<test[aada8e7e76ba119b]::run_test::{closure#1}, ()>::{closure#1} as core[a373ad73a504971]::ops::function::FnOnce<()>>::call_once::{shim:vtable#0}
[INFO] [stdout]   17:     0x60eadd6314ef - <std[617be2ca0a6fd877]::sys::thread::unix::Thread>::new::thread_start
[INFO] [stdout]   18:     0x7d8470b74dfa - <unknown>
[INFO] [stdout]   19:     0x7d8470c083d4 - clone
[INFO] [stdout]   20:                0x0 - <unknown>
[INFO] [stdout] 
[INFO] [stdout] ---- tests::test_http_post_json stdout ----
[INFO] [stdout] 
[INFO] [stdout] thread 'tests::test_http_post_json' (523) panicked at src/tests.rs:99:10:
[INFO] [stdout] failed to send request: Error { description: "Could not connect to server", code: 7, extra: Some("Failed to connect to 127.0.0.1 port 4662 after 0 ms: Could not connect to server") }
[INFO] [stdout] stack backtrace:
[INFO] [stdout]    0:     0x60eadd631ca1 - <<std[617be2ca0a6fd877]::sys::backtrace::BacktraceLock>::print::DisplayBacktrace as core[a373ad73a504971]::fmt::Display>::fmt
[INFO] [stdout]    1:     0x60eadd646a5a - core[a373ad73a504971]::fmt::write
[INFO] [stdout]    2:     0x60eadd63602c - <alloc[2e1b2a31b91974c5]::vec::Vec<u8> as core[a373ad73a504971]::io::write::Write>::write_fmt
[INFO] [stdout]    3:     0x60eadd60df76 - std[617be2ca0a6fd877]::panicking::default_hook::{closure#0}
[INFO] [stdout]    4:     0x60eadd62a1b9 - std[617be2ca0a6fd877]::panicking::default_hook
[INFO] [stdout]    5:     0x60eadd5be050 - test[aada8e7e76ba119b]::test_main_inner::{closure#0}
[INFO] [stdout]    6:     0x60eadd62a4e2 - std[617be2ca0a6fd877]::panicking::panic_with_hook
[INFO] [stdout]    7:     0x60eadd60e022 - std[617be2ca0a6fd877]::panicking::panic_handler::{closure#0}
[INFO] [stdout]    8:     0x60eadd606d09 - std[617be2ca0a6fd877]::sys::backtrace::__rust_end_short_backtrace::<std[617be2ca0a6fd877]::panicking::panic_handler::{closure#0}, !>
[INFO] [stdout]    9:     0x60eadd60ec2d - __rustc[ea4f61d10b84890b]::rust_begin_unwind
[INFO] [stdout]   10:     0x60eadd6471bc - core[a373ad73a504971]::panicking::panic_fmt
[INFO] [stdout]   11:     0x60eadd646f92 - core[a373ad73a504971]::result::unwrap_failed
[INFO] [stdout]   12:     0x60eadd5a9d58 - <crimp[f1cec0a2a0163932]::tests::test_http_post_json::{closure#0} as core[a373ad73a504971]::ops::function::FnOnce<()>>::call_once
[INFO] [stdout]   13:     0x60eadd5b149b - test[aada8e7e76ba119b]::__rust_begin_short_backtrace::<core[a373ad73a504971]::result::Result<(), alloc[2e1b2a31b91974c5]::string::String>, fn() -> core[a373ad73a504971]::result::Result<(), alloc[2e1b2a31b91974c5]::string::String>>
[INFO] [stdout]   14:     0x60eadd5be675 - test[aada8e7e76ba119b]::run_test::{closure#0}
[INFO] [stdout]   15:     0x60eadd5b7f64 - std[617be2ca0a6fd877]::sys::backtrace::__rust_begin_short_backtrace::<test[aada8e7e76ba119b]::run_test::{closure#1}, ()>
[INFO] [stdout]   16:     0x60eadd5c1702 - <std[617be2ca0a6fd877]::thread::lifecycle::spawn_unchecked<test[aada8e7e76ba119b]::run_test::{closure#1}, ()>::{closure#1} as core[a373ad73a504971]::ops::function::FnOnce<()>>::call_once::{shim:vtable#0}
[INFO] [stdout]   17:     0x60eadd6314ef - <std[617be2ca0a6fd877]::sys::thread::unix::Thread>::new::thread_start
[INFO] [stdout]   18:     0x7d8470b74dfa - <unknown>
[INFO] [stdout]   19:     0x7d8470c083d4 - clone
[INFO] [stdout]   20:                0x0 - <unknown>
[INFO] [stdout] 
[INFO] [stdout] ---- tests::test_bearer_auth stdout ----
[INFO] [stdout] 
[INFO] [stdout] thread 'tests::test_bearer_auth' (517) panicked at src/tests.rs:129:10:
[INFO] [stdout] failed to send request: Error { description: "Could not connect to server", code: 7, extra: Some("Failed to connect to 127.0.0.1 port 4662 after 0 ms: Could not connect to server") }
[INFO] [stdout] stack backtrace:
[INFO] [stdout]    0:     0x60eadd631ca1 - <<std[617be2ca0a6fd877]::sys::backtrace::BacktraceLock>::print::DisplayBacktrace as core[a373ad73a504971]::fmt::Display>::fmt
[INFO] [stdout]    1:     0x60eadd646a5a - core[a373ad73a504971]::fmt::write
[INFO] [stdout]    2:     0x60eadd63602c - <alloc[2e1b2a31b91974c5]::vec::Vec<u8> as core[a373ad73a504971]::io::write::Write>::write_fmt
[INFO] [stdout]    3:     0x60eadd60df76 - std[617be2ca0a6fd877]::panicking::default_hook::{closure#0}
[INFO] [stdout]    4:     0x60eadd62a1b9 - std[617be2ca0a6fd877]::panicking::default_hook
[INFO] [stdout]    5:     0x60eadd5be050 - test[aada8e7e76ba119b]::test_main_inner::{closure#0}
[INFO] [stdout]    6:     0x60eadd62a4e2 - std[617be2ca0a6fd877]::panicking::panic_with_hook
[INFO] [stdout]    7:     0x60eadd60e022 - std[617be2ca0a6fd877]::panicking::panic_handler::{closure#0}
[INFO] [stdout]    8:     0x60eadd606d09 - std[617be2ca0a6fd877]::sys::backtrace::__rust_end_short_backtrace::<std[617be2ca0a6fd877]::panicking::panic_handler::{closure#0}, !>
[INFO] [stdout]    9:     0x60eadd60ec2d - __rustc[ea4f61d10b84890b]::rust_begin_unwind
[INFO] [stdout]   10:     0x60eadd6471bc - core[a373ad73a504971]::panicking::panic_fmt
[INFO] [stdout]   11:     0x60eadd646f92 - core[a373ad73a504971]::result::unwrap_failed
[INFO] [stdout]   12:     0x60eadd5a8f8f - <crimp[f1cec0a2a0163932]::tests::test_bearer_auth::{closure#0} as core[a373ad73a504971]::ops::function::FnOnce<()>>::call_once
[INFO] [stdout]   13:     0x60eadd5b149b - test[aada8e7e76ba119b]::__rust_begin_short_backtrace::<core[a373ad73a504971]::result::Result<(), alloc[2e1b2a31b91974c5]::string::String>, fn() -> core[a373ad73a504971]::result::Result<(), alloc[2e1b2a31b91974c5]::string::String>>
[INFO] [stdout]   14:     0x60eadd5be675 - test[aada8e7e76ba119b]::run_test::{closure#0}
[INFO] [stdout]   15:     0x60eadd5b7f64 - std[617be2ca0a6fd877]::sys::backtrace::__rust_begin_short_backtrace::<test[aada8e7e76ba119b]::run_test::{closure#1}, ()>
[INFO] [stdout]   16:     0x60eadd5c1702 - <std[617be2ca0a6fd877]::thread::lifecycle::spawn_unchecked<test[aada8e7e76ba119b]::run_test::{closure#1}, ()>::{closure#1} as core[a373ad73a504971]::ops::function::FnOnce<()>>::call_once::{shim:vtable#0}
[INFO] [stdout]   17:     0x60eadd6314ef - <std[617be2ca0a6fd877]::sys::thread::unix::Thread>::new::thread_start
[INFO] [stdout]   18:     0x7d8470b74dfa - <unknown>
[INFO] [stdout]   19:     0x7d8470c083d4 - clone
[INFO] [stdout]   20:                0x0 - <unknown>
[INFO] [stdout] 
[INFO] [stdout] ---- tests::test_large_body stdout ----
[INFO] [stdout] 
[INFO] [stdout] thread 'tests::test_large_body' (525) panicked at src/tests.rs:156:10:
[INFO] [stdout] sending request: Error { description: "Could not connect to server", code: 7, extra: Some("Failed to connect to 127.0.0.1 port 4662 after 0 ms: Could not connect to server") }
[INFO] [stdout] stack backtrace:
[INFO] [stdout]    0:     0x60eadd631ca1 - <<std[617be2ca0a6fd877]::sys::backtrace::BacktraceLock>::print::DisplayBacktrace as core[a373ad73a504971]::fmt::Display>::fmt
[INFO] [stdout]    1:     0x60eadd646a5a - core[a373ad73a504971]::fmt::write
[INFO] [stdout]    2:     0x60eadd63602c - <alloc[2e1b2a31b91974c5]::vec::Vec<u8> as core[a373ad73a504971]::io::write::Write>::write_fmt
[INFO] [stdout]    3:     0x60eadd60df76 - std[617be2ca0a6fd877]::panicking::default_hook::{closure#0}
[INFO] [stdout]    4:     0x60eadd62a1b9 - std[617be2ca0a6fd877]::panicking::default_hook
[INFO] [stdout]    5:     0x60eadd5be050 - test[aada8e7e76ba119b]::test_main_inner::{closure#0}
[INFO] [stdout]    6:     0x60eadd62a4e2 - std[617be2ca0a6fd877]::panicking::panic_with_hook
[INFO] [stdout]    7:     0x60eadd60e022 - std[617be2ca0a6fd877]::panicking::panic_handler::{closure#0}
[INFO] [stdout]    8:     0x60eadd606d09 - std[617be2ca0a6fd877]::sys::backtrace::__rust_end_short_backtrace::<std[617be2ca0a6fd877]::panicking::panic_handler::{closure#0}, !>
[INFO] [stdout]    9:     0x60eadd60ec2d - __rustc[ea4f61d10b84890b]::rust_begin_unwind
[INFO] [stdout]   10:     0x60eadd6471bc - core[a373ad73a504971]::panicking::panic_fmt
[INFO] [stdout]   11:     0x60eadd646f92 - core[a373ad73a504971]::result::unwrap_failed
[INFO] [stdout]   12:     0x60eadd5a8bca - <crimp[f1cec0a2a0163932]::tests::test_large_body::{closure#0} as core[a373ad73a504971]::ops::function::FnOnce<()>>::call_once
[INFO] [stdout]   13:     0x60eadd5b149b - test[aada8e7e76ba119b]::__rust_begin_short_backtrace::<core[a373ad73a504971]::result::Result<(), alloc[2e1b2a31b91974c5]::string::String>, fn() -> core[a373ad73a504971]::result::Result<(), alloc[2e1b2a31b91974c5]::string::String>>
[INFO] [stdout]   14:     0x60eadd5be675 - test[aada8e7e76ba119b]::run_test::{closure#0}
[INFO] [stdout]   15:     0x60eadd5b7f64 - std[617be2ca0a6fd877]::sys::backtrace::__rust_begin_short_backtrace::<test[aada8e7e76ba119b]::run_test::{closure#1}, ()>
[INFO] [stdout]   16:     0x60eadd5c1702 - <std[617be2ca0a6fd877]::thread::lifecycle::spawn_unchecked<test[aada8e7e76ba119b]::run_test::{closure#1}, ()>::{closure#1} as core[a373ad73a504971]::ops::function::FnOnce<()>>::call_once::{shim:vtable#0}
[INFO] [stdout]   17:     0x60eadd6314ef - <std[617be2ca0a6fd877]::sys::thread::unix::Thread>::new::thread_start
[INFO] [stdout]   18:     0x7d8470b74dfa - <unknown>
[INFO] [stdout]   19:     0x7d8470c083d4 - clone
[INFO] [stdout]   20:                0x0 - <unknown>
[INFO] [stdout] 
[INFO] [stdout] ---- tests::test_http_patch stdout ----
[INFO] [stdout] 
[INFO] [stdout] thread 'tests::test_http_patch' (521) panicked at src/tests.rs:45:10:
[INFO] [stdout] failed to send request: Error { description: "Could not connect to server", code: 7, extra: Some("Failed to connect to 127.0.0.1 port 4662 after 0 ms: Could not connect to server") }
[INFO] [stdout] stack backtrace:
[INFO] [stdout]    0:     0x60eadd631ca1 - <<std[617be2ca0a6fd877]::sys::backtrace::BacktraceLock>::print::DisplayBacktrace as core[a373ad73a504971]::fmt::Display>::fmt
[INFO] [stdout]    1:     0x60eadd646a5a - core[a373ad73a504971]::fmt::write
[INFO] [stdout]    2:     0x60eadd63602c - <alloc[2e1b2a31b91974c5]::vec::Vec<u8> as core[a373ad73a504971]::io::write::Write>::write_fmt
[INFO] [stdout]    3:     0x60eadd60df76 - std[617be2ca0a6fd877]::panicking::default_hook::{closure#0}
[INFO] [stdout]    4:     0x60eadd62a1b9 - std[617be2ca0a6fd877]::panicking::default_hook
[INFO] [stdout]    5:     0x60eadd5be050 - test[aada8e7e76ba119b]::test_main_inner::{closure#0}
[INFO] [stdout]    6:     0x60eadd62a4e2 - std[617be2ca0a6fd877]::panicking::panic_with_hook
[INFO] [stdout]    7:     0x60eadd60e022 - std[617be2ca0a6fd877]::panicking::panic_handler::{closure#0}
[INFO] [stdout]    8:     0x60eadd606d09 - std[617be2ca0a6fd877]::sys::backtrace::__rust_end_short_backtrace::<std[617be2ca0a6fd877]::panicking::panic_handler::{closure#0}, !>
[INFO] [stdout]    9:     0x60eadd60ec2d - __rustc[ea4f61d10b84890b]::rust_begin_unwind
[INFO] [stdout]   10:     0x60eadd6471bc - core[a373ad73a504971]::panicking::panic_fmt
[INFO] [stdout]   11:     0x60eadd646f92 - core[a373ad73a504971]::result::unwrap_failed
[INFO] [stdout]   12:     0x60eadd5a8972 - <crimp[f1cec0a2a0163932]::tests::test_http_patch::{closure#0} as core[a373ad73a504971]::ops::function::FnOnce<()>>::call_once
[INFO] [stdout]   13:     0x60eadd5b149b - test[aada8e7e76ba119b]::__rust_begin_short_backtrace::<core[a373ad73a504971]::result::Result<(), alloc[2e1b2a31b91974c5]::string::String>, fn() -> core[a373ad73a504971]::result::Result<(), alloc[2e1b2a31b91974c5]::string::String>>
[INFO] [stdout]   14:     0x60eadd5be675 - test[aada8e7e76ba119b]::run_test::{closure#0}
[INFO] [stdout]   15:     0x60eadd5b7f64 - std[617be2ca0a6fd877]::sys::backtrace::__rust_begin_short_backtrace::<test[aada8e7e76ba119b]::run_test::{closure#1}, ()>
[INFO] [stdout]   16:     0x60eadd5c1702 - <std[617be2ca0a6fd877]::thread::lifecycle::spawn_unchecked<test[aada8e7e76ba119b]::run_test::{closure#1}, ()>::{closure#1} as core[a373ad73a504971]::ops::function::FnOnce<()>>::call_once::{shim:vtable#0}
[INFO] [stdout]   17:     0x60eadd6314ef - <std[617be2ca0a6fd877]::sys::thread::unix::Thread>::new::thread_start
[INFO] [stdout]   18:     0x7d8470b74dfa - <unknown>
[INFO] [stdout]   19:     0x7d8470c083d4 - clone
[INFO] [stdout]   20:                0x0 - <unknown>
[INFO] [stdout] 
[INFO] [stdout] 
[INFO] [stdout] failures:
[INFO] [stdout]     tests::test_basic_auth
[INFO] [stdout]     tests::test_bearer_auth
[INFO] [stdout]     tests::test_error_for_status
[INFO] [stdout]     tests::test_http_delete
[INFO] [stdout]     tests::test_http_get
[INFO] [stdout]     tests::test_http_patch
[INFO] [stdout]     tests::test_http_post
[INFO] [stdout]     tests::test_http_post_json
[INFO] [stdout]     tests::test_http_put
[INFO] [stdout]     tests::test_large_body
[INFO] [stdout] 
[INFO] [stdout] test result: FAILED. 0 passed; 10 failed; 0 ignored; 0 measured; 0 filtered out; finished in 0.08s
[INFO] [stdout] 
[INFO] [stderr] error: test failed, to rerun pass `--lib`
[INFO] running `Command { std: "docker" "inspect" "3c2fdc00c3397e337a1037db0be7511bd9ebe0e583014c7a9d4e45cfba67cf0f", kill_on_drop: false }`
[INFO] running `Command { std: "docker" "rm" "-f" "3c2fdc00c3397e337a1037db0be7511bd9ebe0e583014c7a9d4e45cfba67cf0f", kill_on_drop: false }`
[INFO] [stdout] 3c2fdc00c3397e337a1037db0be7511bd9ebe0e583014c7a9d4e45cfba67cf0f
