[INFO] fetching crate crg-cli 0.1.0...
[INFO] testing crg-cli-0.1.0 against 1.99.0-beta.8+cargoflags=--release for beta-release-1.100-2
[INFO] extracting crate crg-cli 0.1.0 into /workspace/builds/worker-0-tc1/source
[INFO] started tweaking crates.io crate crg-cli 0.1.0
[INFO] removed 0 missing tests
[INFO] finished tweaking crates.io crate crg-cli 0.1.0
[INFO] tweaked toml for crates.io crate crg-cli 0.1.0 written to /workspace/builds/worker-0-tc1/source/Cargo.toml
[INFO] validating manifest of crates.io crate crg-cli 0.1.0 on toolchain 1.99.0-beta.8
[INFO] running `Command { std: CARGO_HOME="/workspace/cargo-home" RUSTUP_HOME="/workspace/rustup-home" "/workspace/cargo-home/bin/cargo" "+1.99.0-beta.8" "metadata" "--manifest-path" "Cargo.toml" "--no-deps", kill_on_drop: false }`
[INFO] crate crates.io crate crg-cli 0.1.0 already has a lockfile, it will not be regenerated
[INFO] running `Command { std: CARGO_HOME="/workspace/cargo-home" RUSTUP_HOME="/workspace/rustup-home" "/workspace/cargo-home/bin/cargo" "+1.99.0-beta.8" "fetch" "--manifest-path" "Cargo.toml", kill_on_drop: false }`
[INFO] [stderr]     Updating crates.io index
[INFO] [stderr]  Downloading crates ...
[INFO] [stderr]   Downloaded crg-model v0.1.0
[INFO] [stderr]   Downloaded crg-store v0.1.0
[INFO] [stderr]   Downloaded crg-rg v0.1.0
[INFO] [stderr]   Downloaded crg-context v0.1.0
[INFO] [stderr]   Downloaded crg-render v0.1.0
[INFO] [stderr]   Downloaded zmij v1.0.22
[INFO] [stderr]   Downloaded crg-compress v0.1.0
[INFO] [stderr]   Downloaded bstr v1.12.3
[INFO] running `Command { std: "docker" "create" "-v" "/var/lib/crater-agent-workspace/builds/worker-0-tc1/source:/opt/rustwide/workdir:ro,Z" "-v" "/var/lib/crater-agent-workspace/builds/worker-0-tc1/target:/opt/rustwide/target:rw,Z" "-v" "/var/lib/crater-agent-workspace/cargo-home:/opt/rustwide/cargo-home:ro,Z" "-v" "/var/lib/crater-agent-workspace/rustup-home:/opt/rustwide/rustup-home:ro,Z" "-m" "1610612736" "--network" "none" "ghcr.io/rust-lang/crates-build-env/linux@sha256:77db811e55d90add9212f6832c23229e3de5f1c1f9905e8cb07319ea15df73ac" "sleep" "infinity", kill_on_drop: false }`
[INFO] [stdout] 661d24e6cb33b847eef50fbd7d61db7ba0131ab66248bb2f5256a2b79ec7c806
[INFO] running `Command { std: "docker" "start" "661d24e6cb33b847eef50fbd7d61db7ba0131ab66248bb2f5256a2b79ec7c806", kill_on_drop: false }`
[INFO] running `Command { std: "docker" "inspect" "661d24e6cb33b847eef50fbd7d61db7ba0131ab66248bb2f5256a2b79ec7c806", kill_on_drop: false }`
[INFO] running `Command { std: "docker" "exec" "-e" "SOURCE_DIR=/opt/rustwide/workdir" "-e" "CARGO_HOME=/opt/rustwide/cargo-home" "-e" "RUSTUP_HOME=/opt/rustwide/rustup-home" "-e" "CARGO_TARGET_DIR=/opt/rustwide/target" "-w" "/opt/rustwide/workdir" "--user" "0:0" "661d24e6cb33b847eef50fbd7d61db7ba0131ab66248bb2f5256a2b79ec7c806" "/opt/rustwide/cargo-home/bin/cargo" "+1.99.0-beta.8" "metadata" "--no-deps" "--format-version=1", kill_on_drop: false }`
[INFO] running `Command { std: "docker" "inspect" "661d24e6cb33b847eef50fbd7d61db7ba0131ab66248bb2f5256a2b79ec7c806", kill_on_drop: false }`
[INFO] running `Command { std: "docker" "exec" "-e" "SOURCE_DIR=/opt/rustwide/workdir" "-e" "CARGO_HOME=/opt/rustwide/cargo-home" "-e" "RUSTUP_HOME=/opt/rustwide/rustup-home" "-e" "CARGO_TARGET_DIR=/opt/rustwide/target" "-e" "CARGO_INCREMENTAL=0" "-e" "RUST_BACKTRACE=full" "-e" "RUSTFLAGS=--cap-lints=warn" "-e" "RUSTDOCFLAGS=--cap-lints=warn" "-w" "/opt/rustwide/workdir" "--user" "0:0" "661d24e6cb33b847eef50fbd7d61db7ba0131ab66248bb2f5256a2b79ec7c806" "/opt/rustwide/cargo-home/bin/cargo" "+1.99.0-beta.8" "build" "--frozen" "--message-format=json" "--release", kill_on_drop: false }`
[INFO] [stderr]    Compiling libc v0.2.186
[INFO] [stderr]    Compiling winnow v1.0.3
[INFO] [stderr]    Compiling winnow v0.7.15
[INFO] [stderr]    Compiling toml_writer v1.1.1+spec-1.1.0
[INFO] [stderr]    Compiling zmij v1.0.22
[INFO] [stderr]    Compiling aho-corasick v1.1.4
[INFO] [stderr]    Compiling serde_json v1.0.150
[INFO] [stderr]    Compiling cpufeatures v0.3.0
[INFO] [stderr]    Compiling constant_time_eq v0.4.2
[INFO] [stderr]    Compiling bstr v1.12.3
[INFO] [stderr]    Compiling syn v2.0.118
[INFO] [stderr]    Compiling serde_spanned v1.1.1
[INFO] [stderr]    Compiling log v0.4.33
[INFO] [stderr]    Compiling fs2 v0.4.3
[INFO] [stderr]    Compiling dirs-sys v0.5.0
[INFO] [stderr]    Compiling directories v6.0.0
[INFO] [stderr]    Compiling toml_parser v1.1.2+spec-1.1.0
[INFO] [stderr]    Compiling regex-automata v0.4.15
[INFO] [stderr]    Compiling jobserver v0.1.35
[INFO] [stderr]    Compiling cc v1.2.67
[INFO] [stderr]    Compiling zstd-sys v2.0.16+zstd.1.5.7
[INFO] [stderr]    Compiling blake3 v1.8.5
[INFO] [stderr]    Compiling toml v0.9.12+spec-1.1.0
[INFO] [stderr]    Compiling serde_derive v1.0.228
[INFO] [stderr]    Compiling thiserror-impl v2.0.18
[INFO] [stderr]    Compiling clap_derive v4.6.1
[INFO] [stderr]    Compiling thiserror v2.0.18
[INFO] [stderr]    Compiling globset v0.4.18
[INFO] [stderr]    Compiling clap v4.6.1
[INFO] [stderr]    Compiling serde v1.0.228
[INFO] [stderr]    Compiling crg-model v0.1.0
[INFO] [stderr]    Compiling crg-rg v0.1.0
[INFO] [stderr]    Compiling crg-compress v0.1.0
[INFO] [stderr]    Compiling crg-context v0.1.0
[INFO] [stderr]    Compiling crg-render v0.1.0
[INFO] [stderr]    Compiling zstd-safe v7.2.4
[INFO] [stderr]    Compiling zstd v0.13.3
[INFO] [stderr]    Compiling crg-store v0.1.0
[INFO] [stderr]    Compiling crg-cli v0.1.0 (/opt/rustwide/workdir)
[INFO] [stderr]     Finished `release` profile [optimized] target(s) in 1m 15s
[INFO] running `Command { std: "docker" "inspect" "661d24e6cb33b847eef50fbd7d61db7ba0131ab66248bb2f5256a2b79ec7c806", kill_on_drop: false }`
[INFO] running `Command { std: "docker" "exec" "-e" "SOURCE_DIR=/opt/rustwide/workdir" "-e" "CARGO_HOME=/opt/rustwide/cargo-home" "-e" "RUSTUP_HOME=/opt/rustwide/rustup-home" "-e" "CARGO_TARGET_DIR=/opt/rustwide/target" "-e" "CARGO_INCREMENTAL=0" "-e" "RUST_BACKTRACE=full" "-e" "RUSTFLAGS=--cap-lints=warn" "-e" "RUSTDOCFLAGS=--cap-lints=warn" "-w" "/opt/rustwide/workdir" "--user" "0:0" "661d24e6cb33b847eef50fbd7d61db7ba0131ab66248bb2f5256a2b79ec7c806" "/opt/rustwide/cargo-home/bin/cargo" "+1.99.0-beta.8" "test" "--frozen" "--no-run" "--message-format=json" "--release", kill_on_drop: false }`
[INFO] [stderr]    Compiling regex-syntax v0.8.11
[INFO] [stderr]    Compiling num-traits v0.2.19
[INFO] [stderr]    Compiling rustix v1.1.4
[INFO] [stderr]    Compiling bitflags v2.13.0
[INFO] [stderr]    Compiling getrandom v0.4.3
[INFO] [stderr]    Compiling wait-timeout v0.2.1
[INFO] [stderr]    Compiling float-cmp v0.10.0
[INFO] [stderr]    Compiling tempfile v3.27.0
[INFO] [stderr]    Compiling regex-automata v0.4.15
[INFO] [stderr]    Compiling bstr v1.12.3
[INFO] [stderr]    Compiling regex v1.13.0
[INFO] [stderr]    Compiling predicates v3.1.4
[INFO] [stderr]    Compiling globset v0.4.18
[INFO] [stderr]    Compiling assert_cmd v2.2.2
[INFO] [stderr]    Compiling crg-compress v0.1.0
[INFO] [stderr]    Compiling crg-render v0.1.0
[INFO] [stderr]    Compiling crg-cli v0.1.0 (/opt/rustwide/workdir)
[INFO] [stderr]     Finished `release` profile [optimized] target(s) in 19.64s
[INFO] running `Command { std: "docker" "inspect" "661d24e6cb33b847eef50fbd7d61db7ba0131ab66248bb2f5256a2b79ec7c806", kill_on_drop: false }`
[INFO] running `Command { std: "docker" "exec" "-e" "SOURCE_DIR=/opt/rustwide/workdir" "-e" "CARGO_HOME=/opt/rustwide/cargo-home" "-e" "RUSTUP_HOME=/opt/rustwide/rustup-home" "-e" "CARGO_TARGET_DIR=/opt/rustwide/target" "-e" "CARGO_INCREMENTAL=0" "-e" "RUST_BACKTRACE=full" "-e" "RUSTFLAGS=--cap-lints=warn" "-e" "RUSTDOCFLAGS=--cap-lints=warn" "-w" "/opt/rustwide/workdir" "--user" "0:0" "661d24e6cb33b847eef50fbd7d61db7ba0131ab66248bb2f5256a2b79ec7c806" "/opt/rustwide/cargo-home/bin/cargo" "+1.99.0-beta.8" "test" "--frozen" "--release", kill_on_drop: false }`
[INFO] [stderr]     Finished `release` profile [optimized] target(s) in 0.06s
[INFO] [stderr]      Running unittests src/main.rs (/opt/rustwide/target/release/deps/crg-bf98e9be2501694b)
[INFO] [stdout] 
[INFO] [stdout] running 16 tests
[INFO] [stdout] test args::tests::applies_default_token_budget ... ok
[INFO] [stdout] test args::tests::parses_doctor_without_search_arguments ... ok
[INFO] [stdout] test terminal::tests::terminal_controls_are_visible_and_structural_whitespace_is_preserved ... ok
[INFO] [stdout] test terminal::tests::invalid_utf8_is_escaped_for_metadata_output ... ok
[INFO] [stdout] test validation::tests::rejects_all_unsupported_long_flags ... ok
[INFO] [stdout] test doctor::tests::reports_all_fields_when_rg_is_missing ... ok
[INFO] [stdout] test validation::tests::rejects_short_flags_and_clusters ... ok
[INFO] [stdout] test exit::tests::exit_codes_match_the_public_contract ... ok
[INFO] [stdout] test validation::tests::accepts_non_utf8_arguments ... ok
[INFO] [stdout] test validation::tests::recognizes_supported_pattern_sources ... ok
[INFO] [stdout] test validation::tests::does_not_treat_pattern_values_as_flags ... ok
[INFO] [stdout] test validation::tests::stops_flag_validation_at_rg_separator ... ok
[INFO] [stdout] test doctor::tests::writability_probe_leaves_directory_empty ... ok
[INFO] [stdout] test validation::tests::rejects_options_without_a_pattern_source ... ok
[INFO] [stdout] test args::tests::rejects_multiple_primary_budgets ... ok
[INFO] [stdout] test args::tests::requires_forwarded_arguments_after_separator ... ok
[INFO] [stdout] 
[INFO] [stdout] test result: ok. 16 passed; 0 failed; 0 ignored; 0 measured; 0 filtered out; finished in 0.00s
[INFO] [stdout] 
[INFO] [stderr]      Running tests/cli.rs (/opt/rustwide/target/release/deps/cli-1c445fefc0618d78)
[INFO] [stdout] 
[INFO] [stdout] running 13 tests
[INFO] [stderr] error: could not resolve ripgrep: rg was not found in PATH
[INFO] [stdout] test doctor_reports_environment_with_explicit_rg ... ok
[INFO] [stdout] test missing_ripgrep_returns_127 ... ok
[INFO] [stdout] test closed_stdout_pipe_exits_cleanly ... FAILED
[INFO] [stdout] test unknown_repository_configuration_is_a_usage_error ... ok
[INFO] [stdout] test tiny_budget_returns_usage_without_partial_stdout ... FAILED
[INFO] [stdout] test reversible_search_retrieves_without_ripgrep_and_manages_cache ... FAILED
[INFO] [stdout] test doctor_reports_missing_rg_and_returns_127 ... ok
[INFO] [stdout] test ripgrep_no_match_and_error_statuses_are_preserved ... FAILED
[INFO] [stdout] test malformed_ripgrep_output_returns_65_and_forwards_stderr ... ok
[INFO] [stdout] test json_output_is_isolated_and_versioned ... FAILED
[INFO] [stdout] test valid_search_produces_grouped_compressed_output ... FAILED
[INFO] [stdout] test help_and_version_succeed ... ok
[INFO] [stdout] test usage_errors_return_ex_usage ... ok
[INFO] [stdout] 
[INFO] [stdout] failures:
[INFO] [stdout] 
[INFO] [stdout] ---- closed_stdout_pipe_exits_cleanly stdout ----
[INFO] [stdout] 
[INFO] [stdout] thread 'closed_stdout_pipe_exits_cleanly' (1684) panicked at tests/cli.rs:98:5:
[INFO] [stdout] assertion `left == right` failed
[INFO] [stdout]   left: Some(127)
[INFO] [stdout]  right: Some(0)
[INFO] [stdout] stack backtrace:
[INFO] [stdout]    0:     0x62505407afa1 - <<std[70759c8f55707aa4]::sys::backtrace::BacktraceLock>::print::DisplayBacktrace as core[df12db4294e9bfd3]::fmt::Display>::fmt
[INFO] [stdout]    1:     0x625054091d3a - core[df12db4294e9bfd3]::fmt::write
[INFO] [stdout]    2:     0x625054080b1c - <alloc[2182bb758b4b3781]::vec::Vec<u8> as core[df12db4294e9bfd3]::io::write::Write>::write_fmt
[INFO] [stdout]    3:     0x6250540554a6 - std[70759c8f55707aa4]::panicking::default_hook::{closure#0}
[INFO] [stdout]    4:     0x625054072b89 - std[70759c8f55707aa4]::panicking::default_hook
[INFO] [stdout]    5:     0x625053ffb950 - test[9d35eded1c95d3be]::test_main_inner::<test[9d35eded1c95d3be]::test_main_static::{closure#0}>::{closure#0}
[INFO] [stdout]    6:     0x625054072d42 - std[70759c8f55707aa4]::panicking::panic_with_hook
[INFO] [stdout]    7:     0x625054055552 - std[70759c8f55707aa4]::panicking::panic_handler::{closure#0}
[INFO] [stdout]    8:     0x62505404e1b9 - std[70759c8f55707aa4]::sys::backtrace::__rust_end_short_backtrace::<std[70759c8f55707aa4]::panicking::panic_handler::{closure#0}, !>
[INFO] [stdout]    9:     0x62505405620d - __rustc[8fa7c3cbc660c2b3]::rust_begin_unwind
[INFO] [stdout]   10:     0x6250540924ec - core[df12db4294e9bfd3]::panicking::panic_fmt
[INFO] [stdout]   11:     0x625054092403 - core[df12db4294e9bfd3]::panicking::assert_failed_inner
[INFO] [stdout]   12:     0x625053fe399d - core[df12db4294e9bfd3]::panicking::assert_failed::<core[df12db4294e9bfd3]::option::Option<i32>, core[df12db4294e9bfd3]::option::Option<i32>>
[INFO] [stdout]   13:     0x625053fd989b - <cli[e27dfe3933b835d0]::closed_stdout_pipe_exits_cleanly::{closure#0} as core[df12db4294e9bfd3]::ops::function::FnOnce<()>>::call_once
[INFO] [stdout]   14:     0x625053feec3b - test[9d35eded1c95d3be]::__rust_begin_short_backtrace::<core[df12db4294e9bfd3]::result::Result<(), alloc[2182bb758b4b3781]::string::String>, fn() -> core[df12db4294e9bfd3]::result::Result<(), alloc[2182bb758b4b3781]::string::String>>
[INFO] [stdout]   15:     0x625053ffc2a5 - test[9d35eded1c95d3be]::run_test::{closure#0}
[INFO] [stdout]   16:     0x625053ff5b64 - std[70759c8f55707aa4]::sys::backtrace::__rust_begin_short_backtrace::<test[9d35eded1c95d3be]::run_test::{closure#1}, ()>
[INFO] [stdout]   17:     0x625053fff402 - <std[70759c8f55707aa4]::thread::lifecycle::spawn_unchecked<test[9d35eded1c95d3be]::run_test::{closure#1}, ()>::{closure#1} as core[df12db4294e9bfd3]::ops::function::FnOnce<()>>::call_once::{shim:vtable#0}
[INFO] [stdout]   18:     0x62505407a609 - <std[70759c8f55707aa4]::sys::thread::unix::Thread>::new::thread_start
[INFO] [stdout]   19:     0x7c3442131dfa - <unknown>
[INFO] [stdout]   20:     0x7c34421c53d4 - clone
[INFO] [stdout]   21:                0x0 - <unknown>
[INFO] [stdout] 
[INFO] [stdout] ---- tiny_budget_returns_usage_without_partial_stdout stdout ----
[INFO] [stdout] 
[INFO] [stdout] thread 'tiny_budget_returns_usage_without_partial_stdout' (1695) panicked at tests/cli.rs:239:10:
[INFO] [stdout] Unexpected return code, failed var == 64
[INFO] [stdout] └── var: 127
[INFO] [stdout] 
[INFO] [stdout] command=`cd "/tmp/.tmp35QJAQ" && "/opt/rustwide/target/release/crg" "--budget-bytes" "10" "--" "needle" "."`
[INFO] [stdout] code=127
[INFO] [stdout] stdout=""
[INFO] [stdout] stderr="error: could not resolve ripgrep: rg was not found in PATH\n"
[INFO] [stdout] 
[INFO] [stdout] stack backtrace:
[INFO] [stdout]    0:     0x62505407afa1 - <<std[70759c8f55707aa4]::sys::backtrace::BacktraceLock>::print::DisplayBacktrace as core[df12db4294e9bfd3]::fmt::Display>::fmt
[INFO] [stdout]    1:     0x625054091d3a - core[df12db4294e9bfd3]::fmt::write
[INFO] [stdout]    2:     0x625054080b1c - <alloc[2182bb758b4b3781]::vec::Vec<u8> as core[df12db4294e9bfd3]::io::write::Write>::write_fmt
[INFO] [stdout]    3:     0x6250540554a6 - std[70759c8f55707aa4]::panicking::default_hook::{closure#0}
[INFO] [stdout]    4:     0x625054072b89 - std[70759c8f55707aa4]::panicking::default_hook
[INFO] [stdout]    5:     0x625053ffb950 - test[9d35eded1c95d3be]::test_main_inner::<test[9d35eded1c95d3be]::test_main_static::{closure#0}>::{closure#0}
[INFO] [stdout]    6:     0x625054072d42 - std[70759c8f55707aa4]::panicking::panic_with_hook
[INFO] [stdout]    7:     0x625054055552 - std[70759c8f55707aa4]::panicking::panic_handler::{closure#0}
[INFO] [stdout]    8:     0x62505404e1b9 - std[70759c8f55707aa4]::sys::backtrace::__rust_end_short_backtrace::<std[70759c8f55707aa4]::panicking::panic_handler::{closure#0}, !>
[INFO] [stdout]    9:     0x62505405620d - __rustc[8fa7c3cbc660c2b3]::rust_begin_unwind
[INFO] [stdout]   10:     0x6250540924ec - core[df12db4294e9bfd3]::panicking::panic_fmt
[INFO] [stdout]   11:     0x625053fdf550 - <assert_cmd[a14b212b722eecb8]::assert::AssertError>::panic::<assert_cmd[a14b212b722eecb8]::assert::Assert>
[INFO] [stdout]   12:     0x625053fdbbf1 - <cli[e27dfe3933b835d0]::tiny_budget_returns_usage_without_partial_stdout::{closure#0} as core[df12db4294e9bfd3]::ops::function::FnOnce<()>>::call_once
[INFO] [stdout]   13:     0x625053feec3b - test[9d35eded1c95d3be]::__rust_begin_short_backtrace::<core[df12db4294e9bfd3]::result::Result<(), alloc[2182bb758b4b3781]::string::String>, fn() -> core[df12db4294e9bfd3]::result::Result<(), alloc[2182bb758b4b3781]::string::String>>
[INFO] [stdout]   14:     0x625053ffc2a5 - test[9d35eded1c95d3be]::run_test::{closure#0}
[INFO] [stdout]   15:     0x625053ff5b64 - std[70759c8f55707aa4]::sys::backtrace::__rust_begin_short_backtrace::<test[9d35eded1c95d3be]::run_test::{closure#1}, ()>
[INFO] [stdout]   16:     0x625053fff402 - <std[70759c8f55707aa4]::thread::lifecycle::spawn_unchecked<test[9d35eded1c95d3be]::run_test::{closure#1}, ()>::{closure#1} as core[df12db4294e9bfd3]::ops::function::FnOnce<()>>::call_once::{shim:vtable#0}
[INFO] [stdout]   17:     0x62505407a609 - <std[70759c8f55707aa4]::sys::thread::unix::Thread>::new::thread_start
[INFO] [stdout]   18:     0x7c3442131dfa - <unknown>
[INFO] [stdout]   19:     0x7c34421c53d4 - clone
[INFO] [stdout]   20:                0x0 - <unknown>
[INFO] [stdout] 
[INFO] [stdout] ---- reversible_search_retrieves_without_ripgrep_and_manages_cache stdout ----
[INFO] [stdout] 
[INFO] [stdout] thread 'reversible_search_retrieves_without_ripgrep_and_manages_cache' (1692) panicked at tests/cli.rs:263:5:
[INFO] [stdout] assertion failed: search.status.success()
[INFO] [stdout] stack backtrace:
[INFO] [stdout]    0:     0x62505407afa1 - <<std[70759c8f55707aa4]::sys::backtrace::BacktraceLock>::print::DisplayBacktrace as core[df12db4294e9bfd3]::fmt::Display>::fmt
[INFO] [stdout]    1:     0x625054091d3a - core[df12db4294e9bfd3]::fmt::write
[INFO] [stdout]    2:     0x625054080b1c - <alloc[2182bb758b4b3781]::vec::Vec<u8> as core[df12db4294e9bfd3]::io::write::Write>::write_fmt
[INFO] [stdout]    3:     0x6250540554a6 - std[70759c8f55707aa4]::panicking::default_hook::{closure#0}
[INFO] [stdout]    4:     0x625054072b89 - std[70759c8f55707aa4]::panicking::default_hook
[INFO] [stdout]    5:     0x625053ffb950 - test[9d35eded1c95d3be]::test_main_inner::<test[9d35eded1c95d3be]::test_main_static::{closure#0}>::{closure#0}
[INFO] [stdout]    6:     0x625054072d42 - std[70759c8f55707aa4]::panicking::panic_with_hook
[INFO] [stdout]    7:     0x625054055584 - std[70759c8f55707aa4]::panicking::panic_handler::{closure#0}
[INFO] [stdout]    8:     0x62505404e1b9 - std[70759c8f55707aa4]::sys::backtrace::__rust_end_short_backtrace::<std[70759c8f55707aa4]::panicking::panic_handler::{closure#0}, !>
[INFO] [stdout]    9:     0x62505405620d - __rustc[8fa7c3cbc660c2b3]::rust_begin_unwind
[INFO] [stdout]   10:     0x6250540924ec - core[df12db4294e9bfd3]::panicking::panic_fmt
[INFO] [stdout]   11:     0x6250540924b2 - core[df12db4294e9bfd3]::panicking::panic
[INFO] [stdout]   12:     0x625053fde70b - <cli[e27dfe3933b835d0]::reversible_search_retrieves_without_ripgrep_and_manages_cache::{closure#0} as core[df12db4294e9bfd3]::ops::function::FnOnce<()>>::call_once
[INFO] [stdout]   13:     0x625053feec3b - test[9d35eded1c95d3be]::__rust_begin_short_backtrace::<core[df12db4294e9bfd3]::result::Result<(), alloc[2182bb758b4b3781]::string::String>, fn() -> core[df12db4294e9bfd3]::result::Result<(), alloc[2182bb758b4b3781]::string::String>>
[INFO] [stdout]   14:     0x625053ffc2a5 - test[9d35eded1c95d3be]::run_test::{closure#0}
[INFO] [stdout]   15:     0x625053ff5b64 - std[70759c8f55707aa4]::sys::backtrace::__rust_begin_short_backtrace::<test[9d35eded1c95d3be]::run_test::{closure#1}, ()>
[INFO] [stdout]   16:     0x625053fff402 - <std[70759c8f55707aa4]::thread::lifecycle::spawn_unchecked<test[9d35eded1c95d3be]::run_test::{closure#1}, ()>::{closure#1} as core[df12db4294e9bfd3]::ops::function::FnOnce<()>>::call_once::{shim:vtable#0}
[INFO] [stdout]   17:     0x62505407a609 - <std[70759c8f55707aa4]::sys::thread::unix::Thread>::new::thread_start
[INFO] [stdout]   18:     0x7c3442131dfa - <unknown>
[INFO] [stdout]   19:     0x7c34421c53d4 - clone
[INFO] [stdout]   20:                0x0 - <unknown>
[INFO] [stdout] 
[INFO] [stdout] ---- ripgrep_no_match_and_error_statuses_are_preserved stdout ----
[INFO] [stdout] 
[INFO] [stdout] thread 'ripgrep_no_match_and_error_statuses_are_preserved' (1693) panicked at tests/cli.rs:56:10:
[INFO] [stdout] Unexpected return code, failed var == 1
[INFO] [stdout] └── var: 127
[INFO] [stdout] 
[INFO] [stdout] command=`cd "/tmp/.tmprM7D2t" && "/opt/rustwide/target/release/crg" "--" "absent" "."`
[INFO] [stdout] code=127
[INFO] [stdout] stdout=""
[INFO] [stdout] stderr="error: could not resolve ripgrep: rg was not found in PATH\n"
[INFO] [stdout] 
[INFO] [stdout] stack backtrace:
[INFO] [stdout]    0:     0x62505407afa1 - <<std[70759c8f55707aa4]::sys::backtrace::BacktraceLock>::print::DisplayBacktrace as core[df12db4294e9bfd3]::fmt::Display>::fmt
[INFO] [stdout]    1:     0x625054091d3a - core[df12db4294e9bfd3]::fmt::write
[INFO] [stdout]    2:     0x625054080b1c - <alloc[2182bb758b4b3781]::vec::Vec<u8> as core[df12db4294e9bfd3]::io::write::Write>::write_fmt
[INFO] [stdout]    3:     0x6250540554a6 - std[70759c8f55707aa4]::panicking::default_hook::{closure#0}
[INFO] [stdout]    4:     0x625054072b89 - std[70759c8f55707aa4]::panicking::default_hook
[INFO] [stdout]    5:     0x625053ffb950 - test[9d35eded1c95d3be]::test_main_inner::<test[9d35eded1c95d3be]::test_main_static::{closure#0}>::{closure#0}
[INFO] [stdout]    6:     0x625054072d42 - std[70759c8f55707aa4]::panicking::panic_with_hook
[INFO] [stdout]    7:     0x625054055552 - std[70759c8f55707aa4]::panicking::panic_handler::{closure#0}
[INFO] [stdout]    8:     0x62505404e1b9 - std[70759c8f55707aa4]::sys::backtrace::__rust_end_short_backtrace::<std[70759c8f55707aa4]::panicking::panic_handler::{closure#0}, !>
[INFO] [stdout]    9:     0x62505405620d - __rustc[8fa7c3cbc660c2b3]::rust_begin_unwind
[INFO] [stdout]   10:     0x6250540924ec - core[df12db4294e9bfd3]::panicking::panic_fmt
[INFO] [stdout]   11:     0x625053fdf550 - <assert_cmd[a14b212b722eecb8]::assert::AssertError>::panic::<assert_cmd[a14b212b722eecb8]::assert::Assert>
[INFO] [stdout]   12:     0x625053fdc586 - <cli[e27dfe3933b835d0]::ripgrep_no_match_and_error_statuses_are_preserved::{closure#0} as core[df12db4294e9bfd3]::ops::function::FnOnce<()>>::call_once
[INFO] [stdout]   13:     0x625053feec3b - test[9d35eded1c95d3be]::__rust_begin_short_backtrace::<core[df12db4294e9bfd3]::result::Result<(), alloc[2182bb758b4b3781]::string::String>, fn() -> core[df12db4294e9bfd3]::result::Result<(), alloc[2182bb758b4b3781]::string::String>>
[INFO] [stdout]   14:     0x625053ffc2a5 - test[9d35eded1c95d3be]::run_test::{closure#0}
[INFO] [stdout]   15:     0x625053ff5b64 - std[70759c8f55707aa4]::sys::backtrace::__rust_begin_short_backtrace::<test[9d35eded1c95d3be]::run_test::{closure#1}, ()>
[INFO] [stdout]   16:     0x625053fff402 - <std[70759c8f55707aa4]::thread::lifecycle::spawn_unchecked<test[9d35eded1c95d3be]::run_test::{closure#1}, ()>::{closure#1} as core[df12db4294e9bfd3]::ops::function::FnOnce<()>>::call_once::{shim:vtable#0}
[INFO] [stdout]   17:     0x62505407a609 - <std[70759c8f55707aa4]::sys::thread::unix::Thread>::new::thread_start
[INFO] [stdout]   18:     0x7c3442131dfa - <unknown>
[INFO] [stdout]   19:     0x7c34421c53d4 - clone
[INFO] [stdout]   20:                0x0 - <unknown>
[INFO] [stdout] 
[INFO] [stdout] ---- json_output_is_isolated_and_versioned stdout ----
[INFO] [stdout] 
[INFO] [stdout] thread 'json_output_is_isolated_and_versioned' (1688) panicked at tests/cli.rs:222:5:
[INFO] [stdout] assertion failed: output.status.success()
[INFO] [stdout] stack backtrace:
[INFO] [stdout]    0:     0x62505407afa1 - <<std[70759c8f55707aa4]::sys::backtrace::BacktraceLock>::print::DisplayBacktrace as core[df12db4294e9bfd3]::fmt::Display>::fmt
[INFO] [stdout]    1:     0x625054091d3a - core[df12db4294e9bfd3]::fmt::write
[INFO] [stdout]    2:     0x625054080b1c - <alloc[2182bb758b4b3781]::vec::Vec<u8> as core[df12db4294e9bfd3]::io::write::Write>::write_fmt
[INFO] [stdout]    3:     0x6250540554a6 - std[70759c8f55707aa4]::panicking::default_hook::{closure#0}
[INFO] [stdout]    4:     0x625054072b89 - std[70759c8f55707aa4]::panicking::default_hook
[INFO] [stdout]    5:     0x625053ffb950 - test[9d35eded1c95d3be]::test_main_inner::<test[9d35eded1c95d3be]::test_main_static::{closure#0}>::{closure#0}
[INFO] [stdout]    6:     0x625054072d42 - std[70759c8f55707aa4]::panicking::panic_with_hook
[INFO] [stdout]    7:     0x625054055584 - std[70759c8f55707aa4]::panicking::panic_handler::{closure#0}
[INFO] [stdout]    8:     0x62505404e1b9 - std[70759c8f55707aa4]::sys::backtrace::__rust_end_short_backtrace::<std[70759c8f55707aa4]::panicking::panic_handler::{closure#0}, !>
[INFO] [stdout]    9:     0x62505405620d - __rustc[8fa7c3cbc660c2b3]::rust_begin_unwind
[INFO] [stdout]   10:     0x6250540924ec - core[df12db4294e9bfd3]::panicking::panic_fmt
[INFO] [stdout]   11:     0x6250540924b2 - core[df12db4294e9bfd3]::panicking::panic
[INFO] [stdout]   12:     0x625053fd9ea4 - <cli[e27dfe3933b835d0]::json_output_is_isolated_and_versioned::{closure#0} as core[df12db4294e9bfd3]::ops::function::FnOnce<()>>::call_once
[INFO] [stdout]   13:     0x625053feec3b - test[9d35eded1c95d3be]::__rust_begin_short_backtrace::<core[df12db4294e9bfd3]::result::Result<(), alloc[2182bb758b4b3781]::string::String>, fn() -> core[df12db4294e9bfd3]::result::Result<(), alloc[2182bb758b4b3781]::string::String>>
[INFO] [stdout]   14:     0x625053ffc2a5 - test[9d35eded1c95d3be]::run_test::{closure#0}
[INFO] [stdout]   15:     0x625053ff5b64 - std[70759c8f55707aa4]::sys::backtrace::__rust_begin_short_backtrace::<test[9d35eded1c95d3be]::run_test::{closure#1}, ()>
[INFO] [stdout]   16:     0x625053fff402 - <std[70759c8f55707aa4]::thread::lifecycle::spawn_unchecked<test[9d35eded1c95d3be]::run_test::{closure#1}, ()>::{closure#1} as core[df12db4294e9bfd3]::ops::function::FnOnce<()>>::call_once::{shim:vtable#0}
[INFO] [stdout]   17:     0x62505407a609 - <std[70759c8f55707aa4]::sys::thread::unix::Thread>::new::thread_start
[INFO] [stdout]   18:     0x7c3442131dfa - <unknown>
[INFO] [stdout]   19:     0x7c34421c53d4 - clone
[INFO] [stdout]   20:                0x0 - <unknown>
[INFO] [stdout] 
[INFO] [stdout] ---- valid_search_produces_grouped_compressed_output stdout ----
[INFO] [stdout] 
[INFO] [stdout] thread 'valid_search_produces_grouped_compressed_output' (1699) panicked at tests/cli.rs:33:10:
[INFO] [stdout] Unexpected failure.
[INFO] [stdout] code=127
[INFO] [stdout] stderr=```"error: could not resolve ripgrep: rg was not found in PATH\n"```
[INFO] [stdout] command=`cd "/tmp/.tmpVVLv0D" && "/opt/rustwide/target/release/crg" "--task" "auth" "--" "-n" "token" "."`
[INFO] [stdout] code=127
[INFO] [stdout] stdout=""
[INFO] [stdout] stderr="error: could not resolve ripgrep: rg was not found in PATH\n"
[INFO] [stdout] 
[INFO] [stdout] stack backtrace:
[INFO] [stdout]    0:     0x62505407afa1 - <<std[70759c8f55707aa4]::sys::backtrace::BacktraceLock>::print::DisplayBacktrace as core[df12db4294e9bfd3]::fmt::Display>::fmt
[INFO] [stdout]    1:     0x625054091d3a - core[df12db4294e9bfd3]::fmt::write
[INFO] [stdout]    2:     0x625054080b1c - <alloc[2182bb758b4b3781]::vec::Vec<u8> as core[df12db4294e9bfd3]::io::write::Write>::write_fmt
[INFO] [stdout]    3:     0x6250540554a6 - std[70759c8f55707aa4]::panicking::default_hook::{closure#0}
[INFO] [stdout]    4:     0x625054072b89 - std[70759c8f55707aa4]::panicking::default_hook
[INFO] [stdout]    5:     0x625053ffb950 - test[9d35eded1c95d3be]::test_main_inner::<test[9d35eded1c95d3be]::test_main_static::{closure#0}>::{closure#0}
[INFO] [stdout]    6:     0x625054072d42 - std[70759c8f55707aa4]::panicking::panic_with_hook
[INFO] [stdout]    7:     0x625054055552 - std[70759c8f55707aa4]::panicking::panic_handler::{closure#0}
[INFO] [stdout]    8:     0x62505404e1b9 - std[70759c8f55707aa4]::sys::backtrace::__rust_end_short_backtrace::<std[70759c8f55707aa4]::panicking::panic_handler::{closure#0}, !>
[INFO] [stdout]    9:     0x62505405620d - __rustc[8fa7c3cbc660c2b3]::rust_begin_unwind
[INFO] [stdout]   10:     0x6250540924ec - core[df12db4294e9bfd3]::panicking::panic_fmt
[INFO] [stdout]   11:     0x62505402fbff - <assert_cmd[a14b212b722eecb8]::assert::AssertError>::panic::<assert_cmd[a14b212b722eecb8]::assert::Assert>
[INFO] [stdout]   12:     0x6250540304c9 - <assert_cmd[a14b212b722eecb8]::assert::Assert>::success
[INFO] [stdout]   13:     0x625053fdae6b - <cli[e27dfe3933b835d0]::valid_search_produces_grouped_compressed_output::{closure#0} as core[df12db4294e9bfd3]::ops::function::FnOnce<()>>::call_once
[INFO] [stdout]   14:     0x625053feec3b - test[9d35eded1c95d3be]::__rust_begin_short_backtrace::<core[df12db4294e9bfd3]::result::Result<(), alloc[2182bb758b4b3781]::string::String>, fn() -> core[df12db4294e9bfd3]::result::Result<(), alloc[2182bb758b4b3781]::string::String>>
[INFO] [stdout]   15:     0x625053ffc2a5 - test[9d35eded1c95d3be]::run_test::{closure#0}
[INFO] [stdout]   16:     0x625053ff5b64 - std[70759c8f55707aa4]::sys::backtrace::__rust_begin_short_backtrace::<test[9d35eded1c95d3be]::run_test::{closure#1}, ()>
[INFO] [stdout]   17:     0x625053fff402 - <std[70759c8f55707aa4]::thread::lifecycle::spawn_unchecked<test[9d35eded1c95d3be]::run_test::{closure#1}, ()>::{closure#1} as core[df12db4294e9bfd3]::ops::function::FnOnce<()>>::call_once::{shim:vtable#0}
[INFO] [stdout]   18:     0x62505407a609 - <std[70759c8f55707aa4]::sys::thread::unix::Thread>::new::thread_start
[INFO] [stdout]   19:     0x7c3442131dfa - <unknown>
[INFO] [stdout]   20:     0x7c34421c53d4 - clone
[INFO] [stdout]   21:                0x0 - <unknown>
[INFO] [stdout] 
[INFO] [stdout] 
[INFO] [stdout] failures:
[INFO] [stdout]     closed_stdout_pipe_exits_cleanly
[INFO] [stdout]     json_output_is_isolated_and_versioned
[INFO] [stdout]     reversible_search_retrieves_without_ripgrep_and_manages_cache
[INFO] [stdout]     ripgrep_no_match_and_error_statuses_are_preserved
[INFO] [stdout]     tiny_budget_returns_usage_without_partial_stdout
[INFO] [stdout]     valid_search_produces_grouped_compressed_output
[INFO] [stdout] 
[INFO] [stdout] test result: FAILED. 7 passed; 6 failed; 0 ignored; 0 measured; 0 filtered out; finished in 0.02s
[INFO] [stdout] 
[INFO] [stderr] error: test failed, to rerun pass `--test cli`
[INFO] running `Command { std: "docker" "inspect" "661d24e6cb33b847eef50fbd7d61db7ba0131ab66248bb2f5256a2b79ec7c806", kill_on_drop: false }`
[INFO] running `Command { std: "docker" "rm" "-f" "661d24e6cb33b847eef50fbd7d61db7ba0131ab66248bb2f5256a2b79ec7c806", kill_on_drop: false }`
[INFO] [stdout] 661d24e6cb33b847eef50fbd7d61db7ba0131ab66248bb2f5256a2b79ec7c806
