[INFO] fetching crate crepuscularity-tui 0.4.24...
[INFO] testing crepuscularity-tui-0.4.24 against 1.99.0-beta.8+cargoflags=--release for beta-release-1.100-2
[INFO] extracting crate crepuscularity-tui 0.4.24 into /workspace/builds/worker-6-tc1/source
[INFO] started tweaking crates.io crate crepuscularity-tui 0.4.24
[INFO] removed 0 missing tests
[INFO] finished tweaking crates.io crate crepuscularity-tui 0.4.24
[INFO] tweaked toml for crates.io crate crepuscularity-tui 0.4.24 written to /workspace/builds/worker-6-tc1/source/Cargo.toml
[INFO] validating manifest of crates.io crate crepuscularity-tui 0.4.24 on toolchain 1.99.0-beta.8
[INFO] running `Command { std: CARGO_HOME="/workspace/cargo-home" RUSTUP_HOME="/workspace/rustup-home" "/workspace/cargo-home/bin/cargo" "+1.99.0-beta.8" "metadata" "--manifest-path" "Cargo.toml" "--no-deps", kill_on_drop: false }`
[INFO] crate crates.io crate crepuscularity-tui 0.4.24 already has a lockfile, it will not be regenerated
[INFO] running `Command { std: CARGO_HOME="/workspace/cargo-home" RUSTUP_HOME="/workspace/rustup-home" "/workspace/cargo-home/bin/cargo" "+1.99.0-beta.8" "fetch" "--manifest-path" "Cargo.toml", kill_on_drop: false }`
[INFO] [stderr]     Updating crates.io index
[INFO] [stderr]  Downloading crates ...
[INFO] [stderr]   Downloaded fast-srgb8 v1.0.0
[INFO] [stderr]   Downloaded instability v0.3.12
[INFO] [stderr]   Downloaded line-clipping v0.3.7
[INFO] [stderr]   Downloaded page_size v0.6.0
[INFO] [stderr]   Downloaded palette_derive v0.7.6
[INFO] [stderr]   Downloaded alloca v0.4.0
[INFO] [stderr]   Downloaded criterion-plot v0.8.2
[INFO] [stderr]   Downloaded crepuscularity_macros v0.5.12
[INFO] [stderr]   Downloaded criterion v0.8.2
[INFO] [stderr]   Downloaded palette v0.7.6
[INFO] running `Command { std: "docker" "create" "-v" "/var/lib/crater-agent-workspace/builds/worker-6-tc1/source:/opt/rustwide/workdir:ro,Z" "-v" "/var/lib/crater-agent-workspace/builds/worker-6-tc1/target:/opt/rustwide/target:rw,Z" "-v" "/var/lib/crater-agent-workspace/cargo-home:/opt/rustwide/cargo-home:ro,Z" "-v" "/var/lib/crater-agent-workspace/rustup-home:/opt/rustwide/rustup-home:ro,Z" "-m" "1610612736" "--network" "none" "ghcr.io/rust-lang/crates-build-env/linux@sha256:77db811e55d90add9212f6832c23229e3de5f1c1f9905e8cb07319ea15df73ac" "sleep" "infinity", kill_on_drop: false }`
[INFO] [stdout] eae574f4bdba9d34dc0fb184e6ae995c4c29e1d194642910afc03750f0988324
[INFO] running `Command { std: "docker" "start" "eae574f4bdba9d34dc0fb184e6ae995c4c29e1d194642910afc03750f0988324", kill_on_drop: false }`
[INFO] running `Command { std: "docker" "inspect" "eae574f4bdba9d34dc0fb184e6ae995c4c29e1d194642910afc03750f0988324", kill_on_drop: false }`
[INFO] running `Command { std: "docker" "exec" "-e" "SOURCE_DIR=/opt/rustwide/workdir" "-e" "CARGO_HOME=/opt/rustwide/cargo-home" "-e" "RUSTUP_HOME=/opt/rustwide/rustup-home" "-e" "CARGO_TARGET_DIR=/opt/rustwide/target" "-w" "/opt/rustwide/workdir" "--user" "0:0" "eae574f4bdba9d34dc0fb184e6ae995c4c29e1d194642910afc03750f0988324" "/opt/rustwide/cargo-home/bin/cargo" "+1.99.0-beta.8" "metadata" "--no-deps" "--format-version=1", kill_on_drop: false }`
[INFO] running `Command { std: "docker" "inspect" "eae574f4bdba9d34dc0fb184e6ae995c4c29e1d194642910afc03750f0988324", kill_on_drop: false }`
[INFO] running `Command { std: "docker" "exec" "-e" "SOURCE_DIR=/opt/rustwide/workdir" "-e" "CARGO_HOME=/opt/rustwide/cargo-home" "-e" "RUSTUP_HOME=/opt/rustwide/rustup-home" "-e" "CARGO_TARGET_DIR=/opt/rustwide/target" "-e" "CARGO_INCREMENTAL=0" "-e" "RUST_BACKTRACE=full" "-e" "RUSTFLAGS=--cap-lints=warn" "-e" "RUSTDOCFLAGS=--cap-lints=warn" "-w" "/opt/rustwide/workdir" "--user" "0:0" "eae574f4bdba9d34dc0fb184e6ae995c4c29e1d194642910afc03750f0988324" "/opt/rustwide/cargo-home/bin/cargo" "+1.99.0-beta.8" "build" "--frozen" "--message-format=json" "--release", kill_on_drop: false }`
[INFO] [stderr]    Compiling serde_core v1.0.228
[INFO] [stderr]    Compiling bitflags v2.13.0
[INFO] [stderr]    Compiling zmij v1.0.22
[INFO] [stderr]    Compiling foldhash v0.2.0
[INFO] [stderr]    Compiling typenum v1.20.1
[INFO] [stderr]    Compiling signal-hook v0.3.18
[INFO] [stderr]    Compiling either v1.16.0
[INFO] [stderr]    Compiling unicode-segmentation v1.13.3
[INFO] [stderr]    Compiling unicode-width v0.2.2
[INFO] [stderr]    Compiling smallvec v1.15.2
[INFO] [stderr]    Compiling syn v2.0.118
[INFO] [stderr]    Compiling mio v1.2.1
[INFO] [stderr]    Compiling castaway v0.2.4
[INFO] [stderr]    Compiling rustix v1.1.4
[INFO] [stderr]    Compiling instability v0.3.12
[INFO] [stderr]    Compiling inotify-sys v0.1.8
[INFO] [stderr]    Compiling hashbrown v0.17.1
[INFO] [stderr]    Compiling hashbrown v0.16.1
[INFO] [stderr]    Compiling itertools v0.14.0
[INFO] [stderr]    Compiling parking_lot_core v0.9.12
[INFO] [stderr]    Compiling compact_str v0.9.1
[INFO] [stderr]    Compiling indoc v2.0.7
[INFO] [stderr]    Compiling const-oid v0.10.2
[INFO] [stderr]    Compiling winnow v1.0.3
[INFO] [stderr]    Compiling convert_case v0.10.0
[INFO] [stderr]    Compiling litrs v1.0.0
[INFO] [stderr]    Compiling signal-hook-mio v0.2.5
[INFO] [stderr]    Compiling parking_lot v0.12.5
[INFO] [stderr]    Compiling hybrid-array v0.4.13
[INFO] [stderr]    Compiling toml_parser v1.1.2+spec-1.1.0
[INFO] [stderr]    Compiling serde_json v1.0.150
[INFO] [stderr]    Compiling cpufeatures v0.3.0
[INFO] [stderr]    Compiling toml_writer v1.1.1+spec-1.1.0
[INFO] [stderr]    Compiling memchr v2.8.3
[INFO] [stderr]    Compiling crepuscularity-core v0.5.0
[INFO] [stderr]    Compiling document-features v0.2.12
[INFO] [stderr]    Compiling inotify v0.11.4
[INFO] [stderr]    Compiling notify-types v2.1.0
[INFO] [stderr]    Compiling line-clipping v0.3.7
[INFO] [stderr]    Compiling lru v0.18.1
[INFO] [stderr]    Compiling crypto-common v0.2.2
[INFO] [stderr]    Compiling block-buffer v0.12.1
[INFO] [stderr]    Compiling notify v8.2.0
[INFO] [stderr]    Compiling rustc-hash v2.1.3
[INFO] [stderr]    Compiling digest v0.11.3
[INFO] [stderr]    Compiling sha2 v0.11.0
[INFO] [stderr]    Compiling unicode-truncate v2.0.1
[INFO] [stderr]    Compiling toml_datetime v1.1.1+spec-1.1.0
[INFO] [stderr]    Compiling serde_spanned v1.1.1
[INFO] [stderr]    Compiling toml v1.1.2+spec-1.1.0
[INFO] [stderr]    Compiling darling_core v0.23.0
[INFO] [stderr]    Compiling thiserror-impl v2.0.18
[INFO] [stderr]    Compiling strum_macros v0.28.0
[INFO] [stderr]    Compiling tracing-attributes v0.1.31
[INFO] [stderr]    Compiling derive_more-impl v2.1.1
[INFO] [stderr]    Compiling derive_more v2.1.1
[INFO] [stderr]    Compiling crossterm v0.29.0
[INFO] [stderr]    Compiling thiserror v2.0.18
[INFO] [stderr]    Compiling kasuari v0.4.12
[INFO] [stderr]    Compiling tracing v0.1.44
[INFO] [stderr]    Compiling darling_macro v0.23.0
[INFO] [stderr]    Compiling darling v0.23.0
[INFO] [stderr]    Compiling strum v0.28.0
[INFO] [stderr]    Compiling ratatui-core v0.1.2
[INFO] [stderr]    Compiling crepuscularity_macros v0.5.12
[INFO] [stderr]    Compiling ratatui-widgets v0.3.2
[INFO] [stderr]    Compiling ratatui-crossterm v0.1.2
[INFO] [stderr]    Compiling ratatui v0.30.2
[INFO] [stderr]    Compiling crepuscularity-tui v0.4.24 (/opt/rustwide/workdir)
[INFO] [stderr]     Finished `release` profile [optimized] target(s) in 49.75s
[INFO] running `Command { std: "docker" "inspect" "eae574f4bdba9d34dc0fb184e6ae995c4c29e1d194642910afc03750f0988324", kill_on_drop: false }`
[INFO] running `Command { std: "docker" "exec" "-e" "SOURCE_DIR=/opt/rustwide/workdir" "-e" "CARGO_HOME=/opt/rustwide/cargo-home" "-e" "RUSTUP_HOME=/opt/rustwide/rustup-home" "-e" "CARGO_TARGET_DIR=/opt/rustwide/target" "-e" "CARGO_INCREMENTAL=0" "-e" "RUST_BACKTRACE=full" "-e" "RUSTFLAGS=--cap-lints=warn" "-e" "RUSTDOCFLAGS=--cap-lints=warn" "-w" "/opt/rustwide/workdir" "--user" "0:0" "eae574f4bdba9d34dc0fb184e6ae995c4c29e1d194642910afc03750f0988324" "/opt/rustwide/cargo-home/bin/cargo" "+1.99.0-beta.8" "test" "--frozen" "--no-run" "--message-format=json" "--release", kill_on_drop: false }`
[INFO] [stderr]    Compiling rustix v1.1.4
[INFO] [stderr]    Compiling crossbeam-utils v0.8.22
[INFO] [stderr]    Compiling crossbeam-epoch v0.9.20
[INFO] [stderr]    Compiling zerocopy v0.8.54
[INFO] [stderr]    Compiling zerocopy-derive v0.8.54
[INFO] [stderr]    Compiling crossbeam-deque v0.8.7
[INFO] [stderr]    Compiling cc v1.2.67
[INFO] [stderr]    Compiling serde_json v1.0.150
[INFO] [stderr]    Compiling num-traits v0.2.19
[INFO] [stderr]    Compiling serde_derive v1.0.228
[INFO] [stderr]    Compiling rayon-core v1.13.0
[INFO] [stderr]    Compiling serde_spanned v1.1.1
[INFO] [stderr]    Compiling toml_datetime v1.1.1+spec-1.1.0
[INFO] [stderr]    Compiling plotters-backend v0.3.7
[INFO] [stderr]    Compiling ciborium-io v0.2.2
[INFO] [stderr]    Compiling getrandom v0.4.3
[INFO] [stderr]    Compiling regex-syntax v0.8.11
[INFO] [stderr]    Compiling clap_builder v4.6.0
[INFO] [stderr]    Compiling itertools v0.13.0
[INFO] [stderr]    Compiling cast v0.3.0
[INFO] [stderr]    Compiling page_size v0.6.0
[INFO] [stderr]    Compiling anes v0.1.6
[INFO] [stderr]    Compiling plotters-svg v0.3.7
[INFO] [stderr]    Compiling toml v1.1.2+spec-1.1.0
[INFO] [stderr]    Compiling oorandom v11.1.5
[INFO] [stderr]    Compiling alloca v0.4.0
[INFO] [stderr]    Compiling plotters v0.3.7
[INFO] [stderr]    Compiling crepuscularity-core v0.5.0
[INFO] [stderr]    Compiling regex-automata v0.4.15
[INFO] [stderr]    Compiling rayon v1.12.0
[INFO] [stderr]    Compiling criterion-plot v0.8.2
[INFO] [stderr]    Compiling clap v4.6.1
[INFO] [stderr]    Compiling crossterm v0.29.0
[INFO] [stderr]    Compiling tempfile v3.27.0
[INFO] [stderr]    Compiling serde v1.0.228
[INFO] [stderr]    Compiling ratatui-crossterm v0.1.2
[INFO] [stderr]    Compiling ratatui v0.30.2
[INFO] [stderr]    Compiling regex v1.13.0
[INFO] [stderr]    Compiling tinytemplate v1.2.1
[INFO] [stderr]    Compiling crepuscularity-tui v0.4.24 (/opt/rustwide/workdir)
[INFO] [stderr]    Compiling half v2.7.1
[INFO] [stderr]    Compiling ciborium-ll v0.2.2
[INFO] [stderr]    Compiling ciborium v0.2.2
[INFO] [stderr]    Compiling criterion v0.8.2
[INFO] [stderr]     Finished `release` profile [optimized] target(s) in 58.90s
[INFO] running `Command { std: "docker" "inspect" "eae574f4bdba9d34dc0fb184e6ae995c4c29e1d194642910afc03750f0988324", kill_on_drop: false }`
[INFO] running `Command { std: "docker" "exec" "-e" "SOURCE_DIR=/opt/rustwide/workdir" "-e" "CARGO_HOME=/opt/rustwide/cargo-home" "-e" "RUSTUP_HOME=/opt/rustwide/rustup-home" "-e" "CARGO_TARGET_DIR=/opt/rustwide/target" "-e" "CARGO_INCREMENTAL=0" "-e" "RUST_BACKTRACE=full" "-e" "RUSTFLAGS=--cap-lints=warn" "-e" "RUSTDOCFLAGS=--cap-lints=warn" "-w" "/opt/rustwide/workdir" "--user" "0:0" "eae574f4bdba9d34dc0fb184e6ae995c4c29e1d194642910afc03750f0988324" "/opt/rustwide/cargo-home/bin/cargo" "+1.99.0-beta.8" "test" "--frozen" "--release", kill_on_drop: false }`
[INFO] [stderr]     Finished `release` profile [optimized] target(s) in 0.17s
[INFO] [stderr]      Running unittests src/lib.rs (/opt/rustwide/target/release/deps/crepuscularity_tui-84e1fe1969111e6c)
[INFO] [stdout] 
[INFO] [stdout] running 128 tests
[INFO] [stdout] test render::slot_rotate_tests::current_slot_rotate_line_handles_empty ... ok
[INFO] [stdout] test diff::tests::diff_tracker_detects_new_variables ... ok
[INFO] [stdout] test diff::tests::changed_keys_returns_correct_list ... ok
[INFO] [stdout] test render::slot_rotate_tests::current_slot_rotate_line_handles_single_phrase ... ok
[INFO] [stdout] test render::slot_rotate_tests::current_slot_rotate_line_handles_zero_interval ... ok
[INFO] [stdout] test template::tests::element_ref_set_content ... ok
[INFO] [stdout] test diff::tests::diff_tracker_returns_false_when_nothing_changed ... ok
[INFO] [stdout] test template::tests::element_ref_clear ... ok
[INFO] [stdout] test diff::tests::diff_tracker_detects_changed_variable_values ... ok
[INFO] [stdout] test style::tests::parse_classes_empty_input ... ok
[INFO] [stdout] test style::tests::test_parse_color ... ok
[INFO] [stdout] test template::tests::element_ref_content_alias ... ok
[INFO] [stdout] test tests::buffer_renderer_api::buffer_renderer_invalidates_changed_include ... ok
[INFO] [stdout] test style::tests::parse_classes_happy_path ... ok
[INFO] [stdout] test tests::border_classes_dont_panic ... ok
[INFO] [stdout] test template::tests::element_ref_chaining ... ok
[INFO] [stdout] test tests::buffer_renderer_api::buffer_renderer_matches_frame ... ok
[INFO] [stdout] test tests::buffer_renderer_api::buffer_renderer_reuses_include_cache ... ok
[INFO] [stdout] test render::slot_rotate_tests::current_slot_rotate_line_cycles_with_time ... ok
[INFO] [stdout] test tests::buffer_renderer_api::buffer_renderer_keeps_inline_include_errors ... ok
[INFO] [stdout] test style::tests::parse_classes_invalid_classes ... ok
[INFO] [stdout] test tests::component_model::component_registry_register_and_get ... ok
[INFO] [stdout] test tests::component_model::component_defaults_overridden_by_provided_props ... ok
[INFO] [stdout] test tests::component_model::component_with_props_merges_defaults_and_props ... ok
[INFO] [stdout] test tests::component_model::component_state_get_set_update ... ok
[INFO] [stdout] test tests::component_model::component_state_update_on_missing_key_inserts ... ok
[INFO] [stdout] test template::tests::element_ref_new_initialization ... ok
[INFO] [stdout] test template::tests::element_ref_text_alias ... ok
[INFO] [stdout] test tests::component_model::register_file_parses_frontmatter_defaults ... ok
[INFO] [stdout] test template::tests::element_ref_val_alias ... ok
[INFO] [stdout] test tests::component_model::component_registry_render_with_props ... ok
[INFO] [stdout] test tests::component_model::template_register_component_makes_it_includable ... ok
[INFO] [stdout] test tests::component_model::template_register_component_stores_in_registry ... ok
[INFO] [stdout] test tests::diff_tracking::changed_keys_returns_correct_list_of_changed_variable_names ... ok
[INFO] [stdout] test tests::diff_tracking::diff_tracker_detects_changed_variable_values ... ok
[INFO] [stdout] test tests::diff_tracking::diff_tracker_detects_new_variables ... ok
[INFO] [stdout] test tests::components_demo_renders_slot_content ... FAILED
[INFO] [stdout] test tests::demo_example_renders_without_error ... FAILED
[INFO] [stdout] test tests::diff_tracking::diff_tracker_returns_false_when_nothing_changed ... ok
[INFO] [stdout] test tests::diff_tracking::template_changed_keys_reports_changed_variables ... ok
[INFO] [stdout] test tests::draw_helper_owns_terminal_draw_pass ... ok
[INFO] [stdout] test tests::diff_tracking::template_draw_if_changed_skips_when_unchanged ... ok
[INFO] [stdout] test tests::file_template_builder_renders ... ok
[INFO] [stdout] test tests::fixed_height_with_one_sided_border_keeps_content_visible ... ok
[INFO] [stdout] test tests::component_model::register_file_parses_multi_component_files ... ok
[INFO] [stdout] test tests::component_model::register_file_renders_component_with_defaults ... ok
[INFO] [stdout] test tests::diff_tracking::diff_tracker_detects_removed_variables ... ok
[INFO] [stdout] test tests::focus_events::collect_focusable_ids_via_id_attribute ... ok
[INFO] [stdout] test tests::flex_col_stacks_vertically ... ok
[INFO] [stdout] test tests::focus_events::event_dispatcher_not_handled_when_no_callback ... ok
[INFO] [stdout] test tests::focus_events::event_dispatcher_bubbles_to_parent ... ok
[INFO] [stdout] test tests::focus_events::event_dispatcher_routes_to_focused ... ok
[INFO] [stdout] test tests::focus_events::focus_manager_empty_list ... ok
[INFO] [stdout] test tests::focus_events::focus_manager_prev_wraps ... ok
[INFO] [stdout] test tests::focus_events::focus_manager_single_element ... ok
[INFO] [stdout] test tests::focus_events::template_handle_event_tab_cycles_focus ... ok
[INFO] [stdout] test tests::for_loop_renders_items ... ok
[INFO] [stdout] test tests::focus_events::template_handle_event_unhandled_for_unknown_key ... ok
[INFO] [stdout] test tests::colour_classes_dont_panic ... ok
[INFO] [stdout] test tests::child_text_inherits_parent_style ... ok
[INFO] [stdout] test tests::button_tag_gets_terminal_button_chrome ... ok
[INFO] [stdout] test tests::focus_events::template_dispatcher_callback_invoked ... ok
[INFO] [stdout] test tests::gap_spacing_dont_panic ... ok
[INFO] [stdout] test tests::focus_events::focus_manager_focus_by_id ... ok
[INFO] [stdout] test tests::focus_events::focus_manager_next_wraps ... ok
[INFO] [stdout] test tests::focus_events::template_handle_event_backtab_cycles_prev ... ok
[INFO] [stdout] test tests::hot_template_consumes_change_flag ... ok
[INFO] [stdout] test tests::hot_template_initial_render_uses_disk_source ... ok
[INFO] [stdout] test tests::full_screen_tui_layout ... ok
[INFO] [stdout] test tests::hot_template_poll_reloads_when_flag_set ... ok
[INFO] [stdout] test tests::include_reads_virtual_file_by_suffix_match ... ok
[INFO] [stdout] test tests::hot_template_poll_returns_error_for_missing_file ... ok
[INFO] [stdout] test tests::include_rejects_parent_dir_escape ... ok
[INFO] [stdout] test tests::include_uses_isolated_context ... ok
[INFO] [stdout] test tests::jsx_class_name_alias ... ok
[INFO] [stdout] test tests::jsx_and_indent_are_equivalent ... ok
[INFO] [stdout] test tests::jsx_demo_example_renders_include ... FAILED
[INFO] [stdout] test tests::jsx_syntax_renders ... ok
[INFO] [stdout] test tests::let_decl_sets_variable ... ok
[INFO] [stdout] test tests::match_correct_arm ... ok
[INFO] [stdout] test tests::if_no_else_empty_on_false ... ok
[INFO] [stdout] test tests::hot_template_preserves_context_across_reload ... ok
[INFO] [stdout] test tests::match_wildcard_arm ... ok
[INFO] [stdout] test tests::multi_component_render ... ok
[INFO] [stdout] test tests::nested_loop_scaling::if_inside_nested_for_loop_renders_promptly ... ok
[INFO] [stdout] test tests::include_rejects_absolute_path ... ok
[INFO] [stdout] test tests::nested_loop_scaling::nested_for_loop_with_many_items_renders_promptly ... ok
[INFO] [stdout] test tests::overflow_y_scroll_uses_scroll_offset ... ok
[INFO] [stdout] test tests::raw_expression_renders ... ok
[INFO] [stdout] test tests::renderer_target_defaults_are_available_to_templates ... ok
[INFO] [stdout] test tests::if_false_branch_shown ... ok
[INFO] [stdout] test tests::if_true_branch_shown ... ok
[INFO] [stdout] test tests::hot_template_poll_unchanged_when_flag_clear ... ok
[INFO] [stdout] test tests::nested_loop_scaling::three_level_nested_for_loop_renders_promptly ... ok
[INFO] [stdout] test tests::scroll_viewport_culls_children_outside_viewport ... ok
[INFO] [stdout] test tests::scroll_bottom_false_does_not_auto_scroll ... ok
[INFO] [stdout] test tests::scroll_content_shorter_than_viewport_renders_normally ... ok
[INFO] [stdout] test tests::target_prefixed_classes_apply_only_for_matching_renderer ... ok
[INFO] [stdout] test tests::template_error_tests::draw_helper_returns_error_on_invalid_template ... ok
[INFO] [stdout] test tests::template_error_tests::draw_missing_file_returns_error ... ok
[INFO] [stdout] test tests::template_error_tests::template_draw_full_returns_error_on_invalid_template ... ok
[INFO] [stdout] test tests::template_error_tests::template_missing_file_returns_error ... ok
[INFO] [stdout] test tests::template_from_path_missing_file_fails ... ok
[INFO] [stdout] test tests::template_from_source_happy_path ... ok
[INFO] [stdout] test tests::template_from_source_with_path_empty_parent ... ok
[INFO] [stdout] test tests::template_from_source_with_path_happy_path ... ok
[INFO] [stdout] test tests::template_from_source_with_path_root_path ... ok
[INFO] [stdout] test tests::template_reload_picks_up_new_source ... ok
[INFO] [stdout] test tests::template_reload_with_missing_file_fails_and_keeps_old_source ... ok
[INFO] [stdout] test tests::template_reload_without_path_fails ... ok
[INFO] [stdout] test tests::renderer_target_defaults_do_not_override_context ... ok
[INFO] [stdout] test tests::text_modifiers_dont_panic ... ok
[INFO] [stdout] test tests::scroll_offset_clamps_to_max ... ok
[INFO] [stdout] test tests::watcher_filter::ignores_unrelated_extension ... ok
[INFO] [stdout] test tests::watcher_filter::matches_target_after_atomic_save_remove ... ok
[INFO] [stdout] test tests::watcher_filter::matches_target_template ... ok
[INFO] [stdout] test tests::watcher_filter::matches_sibling_include ... ok
[INFO] [stdout] test tests::fixed_height_constraint ... ok
[INFO] [stdout] test tests::flex_row_stacks_horizontally ... ok
[INFO] [stdout] test tests::focus_events::collect_focusable_ids_from_template ... ok
[INFO] [stdout] test tests::plain_text_renders ... ok
[INFO] [stdout] test tests::scroll_bottom_auto_scrolls_to_last_child ... ok
[INFO] [stdout] test tests::buffer_renderer_api::buffer_renderer_renders_parsed_component_def_without_reparsing ... ok
[INFO] [stdout] test diff::tests::diff_tracker_detects_removed_variables ... ok
[INFO] [stdout] test tests::nested_loop_scaling::nested_for_loop_scales_roughly_linearly ... ok
[INFO] [stdout] test tests::hot_template_drop_releases_watcher ... ok
[INFO] [stderr] error: test failed, to rerun pass `--lib`
[INFO] [stdout] test tests::buffer_renderer_api::buffer_renderer_evicts_stale_include_after_failed_invalidation ... ok
[INFO] [stdout] test tests::buffer_renderer_api::buffer_renderer_named_component_include_caching ... ok
[INFO] [stdout] 
[INFO] [stdout] failures:
[INFO] [stdout] 
[INFO] [stdout] ---- tests::components_demo_renders_slot_content stdout ----
[INFO] [stdout] 
[INFO] [stdout] thread 'tests::components_demo_renders_slot_content' (2744) panicked at src/tests.rs:752:86:
[INFO] [stdout] called `Result::unwrap()` on an `Err` value: Os { code: 2, kind: NotFound, message: "No such file or directory" }
[INFO] [stdout] stack backtrace:
[INFO] [stdout]    0:     0x58fdd0ac7351 - <<std[70759c8f55707aa4]::sys::backtrace::BacktraceLock>::print::DisplayBacktrace as core[df12db4294e9bfd3]::fmt::Display>::fmt
[INFO] [stdout]    1:     0x58fdd0ade35a - core[df12db4294e9bfd3]::fmt::write
[INFO] [stdout]    2:     0x58fdd0acbb4c - <alloc[2182bb758b4b3781]::vec::Vec<u8> as core[df12db4294e9bfd3]::io::write::Write>::write_fmt
[INFO] [stdout]    3:     0x58fdd0aa1346 - std[70759c8f55707aa4]::panicking::default_hook::{closure#0}
[INFO] [stdout]    4:     0x58fdd0abe739 - std[70759c8f55707aa4]::panicking::default_hook
[INFO] [stdout]    5:     0x58fdd09c05d0 - test[9d35eded1c95d3be]::test_main_inner::<test[9d35eded1c95d3be]::test_main_static::{closure#0}>::{closure#0}
[INFO] [stdout]    6:     0x58fdd0abe8f2 - std[70759c8f55707aa4]::panicking::panic_with_hook
[INFO] [stdout]    7:     0x58fdd0aa13f2 - std[70759c8f55707aa4]::panicking::panic_handler::{closure#0}
[INFO] [stdout]    8:     0x58fdd0a99e29 - std[70759c8f55707aa4]::sys::backtrace::__rust_end_short_backtrace::<std[70759c8f55707aa4]::panicking::panic_handler::{closure#0}, !>
[INFO] [stdout]    9:     0x58fdd0aa1fed - __rustc[8fa7c3cbc660c2b3]::rust_begin_unwind
[INFO] [stdout]   10:     0x58fdd0adeafc - core[df12db4294e9bfd3]::panicking::panic_fmt
[INFO] [stdout]   11:     0x58fdd0ade8d2 - core[df12db4294e9bfd3]::result::unwrap_failed
[INFO] [stdout]   12:     0x58fdd0970b50 - crepuscularity_tui[f3b5d2e35d8eecbb]::tests::components_demo_renders_slot_content
[INFO] [stdout]   13:     0x58fdd09a6699 - <crepuscularity_tui[f3b5d2e35d8eecbb]::tests::components_demo_renders_slot_content::{closure#0} as core[df12db4294e9bfd3]::ops::function::FnOnce<()>>::call_once
[INFO] [stdout]   14:     0x58fdd09b38bb - test[9d35eded1c95d3be]::__rust_begin_short_backtrace::<core[df12db4294e9bfd3]::result::Result<(), alloc[2182bb758b4b3781]::string::String>, fn() -> core[df12db4294e9bfd3]::result::Result<(), alloc[2182bb758b4b3781]::string::String>>
[INFO] [stdout]   15:     0x58fdd09c0f25 - test[9d35eded1c95d3be]::run_test::{closure#0}
[INFO] [stdout]   16:     0x58fdd09ba7e4 - std[70759c8f55707aa4]::sys::backtrace::__rust_begin_short_backtrace::<test[9d35eded1c95d3be]::run_test::{closure#1}, ()>
[INFO] [stdout]   17:     0x58fdd09c4082 - <std[70759c8f55707aa4]::thread::lifecycle::spawn_unchecked<test[9d35eded1c95d3be]::run_test::{closure#1}, ()>::{closure#1} as core[df12db4294e9bfd3]::ops::function::FnOnce<()>>::call_once::{shim:vtable#0}
[INFO] [stdout]   18:     0x58fdd0ac6699 - <std[70759c8f55707aa4]::sys::thread::unix::Thread>::new::thread_start
[INFO] [stdout]   19:     0x7f0139af7dfa - <unknown>
[INFO] [stdout]   20:     0x7f0139b8b3d4 - clone
[INFO] [stdout]   21:                0x0 - <unknown>
[INFO] [stdout] 
[INFO] [stdout] ---- tests::demo_example_renders_without_error stdout ----
[INFO] [stdout] 
[INFO] [stdout] thread 'tests::demo_example_renders_without_error' (2745) panicked at src/tests.rs:702:75:
[INFO] [stdout] called `Result::unwrap()` on an `Err` value: Os { code: 2, kind: NotFound, message: "No such file or directory" }
[INFO] [stdout] stack backtrace:
[INFO] [stdout]    0:     0x58fdd0ac7351 - <<std[70759c8f55707aa4]::sys::backtrace::BacktraceLock>::print::DisplayBacktrace as core[df12db4294e9bfd3]::fmt::Display>::fmt
[INFO] [stdout]    1:     0x58fdd0ade35a - core[df12db4294e9bfd3]::fmt::write
[INFO] [stdout]    2:     0x58fdd0acbb4c - <alloc[2182bb758b4b3781]::vec::Vec<u8> as core[df12db4294e9bfd3]::io::write::Write>::write_fmt
[INFO] [stdout]    3:     0x58fdd0aa1346 - std[70759c8f55707aa4]::panicking::default_hook::{closure#0}
[INFO] [stdout]    4:     0x58fdd0abe739 - std[70759c8f55707aa4]::panicking::default_hook
[INFO] [stdout]    5:     0x58fdd09c05d0 - test[9d35eded1c95d3be]::test_main_inner::<test[9d35eded1c95d3be]::test_main_static::{closure#0}>::{closure#0}
[INFO] [stdout]    6:     0x58fdd0abe8f2 - std[70759c8f55707aa4]::panicking::panic_with_hook
[INFO] [stdout]    7:     0x58fdd0aa13f2 - std[70759c8f55707aa4]::panicking::panic_handler::{closure#0}
[INFO] [stdout]    8:     0x58fdd0a99e29 - std[70759c8f55707aa4]::sys::backtrace::__rust_end_short_backtrace::<std[70759c8f55707aa4]::panicking::panic_handler::{closure#0}, !>
[INFO] [stdout]    9:     0x58fdd0aa1fed - __rustc[8fa7c3cbc660c2b3]::rust_begin_unwind
[INFO] [stdout]   10:     0x58fdd0adeafc - core[df12db4294e9bfd3]::panicking::panic_fmt
[INFO] [stdout]   11:     0x58fdd0ade8d2 - core[df12db4294e9bfd3]::result::unwrap_failed
[INFO] [stdout]   12:     0x58fdd096f481 - crepuscularity_tui[f3b5d2e35d8eecbb]::tests::demo_example_renders_without_error
[INFO] [stdout]   13:     0x58fdd09a65f9 - <crepuscularity_tui[f3b5d2e35d8eecbb]::tests::demo_example_renders_without_error::{closure#0} as core[df12db4294e9bfd3]::ops::function::FnOnce<()>>::call_once
[INFO] [stdout]   14:     0x58fdd09b38bb - test[9d35eded1c95d3be]::__rust_begin_short_backtrace::<core[df12db4294e9bfd3]::result::Result<(), alloc[2182bb758b4b3781]::string::String>, fn() -> core[df12db4294e9bfd3]::result::Result<(), alloc[2182bb758b4b3781]::string::String>>
[INFO] [stdout]   15:     0x58fdd09c0f25 - test[9d35eded1c95d3be]::run_test::{closure#0}
[INFO] [stdout]   16:     0x58fdd09ba7e4 - std[70759c8f55707aa4]::sys::backtrace::__rust_begin_short_backtrace::<test[9d35eded1c95d3be]::run_test::{closure#1}, ()>
[INFO] [stdout]   17:     0x58fdd09c4082 - <std[70759c8f55707aa4]::thread::lifecycle::spawn_unchecked<test[9d35eded1c95d3be]::run_test::{closure#1}, ()>::{closure#1} as core[df12db4294e9bfd3]::ops::function::FnOnce<()>>::call_once::{shim:vtable#0}
[INFO] [stdout]   18:     0x58fdd0ac6699 - <std[70759c8f55707aa4]::sys::thread::unix::Thread>::new::thread_start
[INFO] [stdout]   19:     0x7f0139af7dfa - <unknown>
[INFO] [stdout]   20:     0x7f0139b8b3d4 - clone
[INFO] [stdout]   21:                0x0 - <unknown>
[INFO] [stdout] 
[INFO] [stdout] ---- tests::jsx_demo_example_renders_include stdout ----
[INFO] [stdout] 
[INFO] [stdout] thread 'tests::jsx_demo_example_renders_include' (2799) panicked at src/tests.rs:727:79:
[INFO] [stdout] called `Result::unwrap()` on an `Err` value: Os { code: 2, kind: NotFound, message: "No such file or directory" }
[INFO] [stdout] stack backtrace:
[INFO] [stdout]    0:     0x58fdd0ac7351 - <<std[70759c8f55707aa4]::sys::backtrace::BacktraceLock>::print::DisplayBacktrace as core[df12db4294e9bfd3]::fmt::Display>::fmt
[INFO] [stdout]    1:     0x58fdd0ade35a - core[df12db4294e9bfd3]::fmt::write
[INFO] [stdout]    2:     0x58fdd0acbb4c - <alloc[2182bb758b4b3781]::vec::Vec<u8> as core[df12db4294e9bfd3]::io::write::Write>::write_fmt
[INFO] [stdout]    3:     0x58fdd0aa1346 - std[70759c8f55707aa4]::panicking::default_hook::{closure#0}
[INFO] [stdout]    4:     0x58fdd0abe739 - std[70759c8f55707aa4]::panicking::default_hook
[INFO] [stdout]    5:     0x58fdd09c05d0 - test[9d35eded1c95d3be]::test_main_inner::<test[9d35eded1c95d3be]::test_main_static::{closure#0}>::{closure#0}
[INFO] [stdout]    6:     0x58fdd0abe8f2 - std[70759c8f55707aa4]::panicking::panic_with_hook
[INFO] [stdout]    7:     0x58fdd0aa13f2 - std[70759c8f55707aa4]::panicking::panic_handler::{closure#0}
[INFO] [stdout]    8:     0x58fdd0a99e29 - std[70759c8f55707aa4]::sys::backtrace::__rust_end_short_backtrace::<std[70759c8f55707aa4]::panicking::panic_handler::{closure#0}, !>
[INFO] [stdout]    9:     0x58fdd0aa1fed - __rustc[8fa7c3cbc660c2b3]::rust_begin_unwind
[INFO] [stdout]   10:     0x58fdd0adeafc - core[df12db4294e9bfd3]::panicking::panic_fmt
[INFO] [stdout]   11:     0x58fdd0ade8d2 - core[df12db4294e9bfd3]::result::unwrap_failed
[INFO] [stdout]   12:     0x58fdd096e72f - crepuscularity_tui[f3b5d2e35d8eecbb]::tests::jsx_demo_example_renders_include
[INFO] [stdout]   13:     0x58fdd09a6599 - <crepuscularity_tui[f3b5d2e35d8eecbb]::tests::jsx_demo_example_renders_include::{closure#0} as core[df12db4294e9bfd3]::ops::function::FnOnce<()>>::call_once
[INFO] [stdout]   14:     0x58fdd09b38bb - test[9d35eded1c95d3be]::__rust_begin_short_backtrace::<core[df12db4294e9bfd3]::result::Result<(), alloc[2182bb758b4b3781]::string::String>, fn() -> core[df12db4294e9bfd3]::result::Result<(), alloc[2182bb758b4b3781]::string::String>>
[INFO] [stdout]   15:     0x58fdd09c0f25 - test[9d35eded1c95d3be]::run_test::{closure#0}
[INFO] [stdout]   16:     0x58fdd09ba7e4 - std[70759c8f55707aa4]::sys::backtrace::__rust_begin_short_backtrace::<test[9d35eded1c95d3be]::run_test::{closure#1}, ()>
[INFO] [stdout]   17:     0x58fdd09c4082 - <std[70759c8f55707aa4]::thread::lifecycle::spawn_unchecked<test[9d35eded1c95d3be]::run_test::{closure#1}, ()>::{closure#1} as core[df12db4294e9bfd3]::ops::function::FnOnce<()>>::call_once::{shim:vtable#0}
[INFO] [stdout]   18:     0x58fdd0ac6699 - <std[70759c8f55707aa4]::sys::thread::unix::Thread>::new::thread_start
[INFO] [stdout]   19:     0x7f0139af7dfa - <unknown>
[INFO] [stdout]   20:     0x7f0139b8b3d4 - clone
[INFO] [stdout]   21:                0x0 - <unknown>
[INFO] [stdout] 
[INFO] [stdout] 
[INFO] [stdout] failures:
[INFO] [stdout]     tests::components_demo_renders_slot_content
[INFO] [stdout]     tests::demo_example_renders_without_error
[INFO] [stdout]     tests::jsx_demo_example_renders_include
[INFO] [stdout] 
[INFO] [stdout] test result: FAILED. 125 passed; 3 failed; 0 ignored; 0 measured; 0 filtered out; finished in 0.11s
[INFO] [stdout] 
[INFO] running `Command { std: "docker" "inspect" "eae574f4bdba9d34dc0fb184e6ae995c4c29e1d194642910afc03750f0988324", kill_on_drop: false }`
[INFO] running `Command { std: "docker" "rm" "-f" "eae574f4bdba9d34dc0fb184e6ae995c4c29e1d194642910afc03750f0988324", kill_on_drop: false }`
[INFO] [stdout] eae574f4bdba9d34dc0fb184e6ae995c4c29e1d194642910afc03750f0988324
