[INFO] fetching crate crepuscularity-tauri 0.1.14...
[INFO] testing crepuscularity-tauri-0.1.14 against 1.99.0-beta.8+cargoflags=--release for beta-release-1.100-2
[INFO] extracting crate crepuscularity-tauri 0.1.14 into /workspace/builds/worker-4-tc1/source
[INFO] started tweaking crates.io crate crepuscularity-tauri 0.1.14
[INFO] removed 0 missing tests
[INFO] finished tweaking crates.io crate crepuscularity-tauri 0.1.14
[INFO] tweaked toml for crates.io crate crepuscularity-tauri 0.1.14 written to /workspace/builds/worker-4-tc1/source/Cargo.toml
[INFO] validating manifest of crates.io crate crepuscularity-tauri 0.1.14 on toolchain 1.99.0-beta.8
[INFO] running `Command { std: CARGO_HOME="/workspace/cargo-home" RUSTUP_HOME="/workspace/rustup-home" "/workspace/cargo-home/bin/cargo" "+1.99.0-beta.8" "metadata" "--manifest-path" "Cargo.toml" "--no-deps", kill_on_drop: false }`
[INFO] crate crates.io crate crepuscularity-tauri 0.1.14 already has a lockfile, it will not be regenerated
[INFO] running `Command { std: CARGO_HOME="/workspace/cargo-home" RUSTUP_HOME="/workspace/rustup-home" "/workspace/cargo-home/bin/cargo" "+1.99.0-beta.8" "fetch" "--manifest-path" "Cargo.toml", kill_on_drop: false }`
[INFO] [stderr]     Updating crates.io index
[INFO] [stderr]  Downloading crates ...
[INFO] [stderr]   Downloaded pest_derive v2.8.7
[INFO] [stderr]   Downloaded pest_generator v2.8.7
[INFO] [stderr]   Downloaded pest_meta v2.8.7
[INFO] [stderr]   Downloaded crepuscularity-tauri-macros v0.1.8
[INFO] [stderr]   Downloaded pest v2.8.7
[INFO] [stderr]   Downloaded crepuscularity-core v0.5.0
[INFO] [stderr]   Downloaded crepuscularity-native v0.6.0
[INFO] running `Command { std: "docker" "create" "-v" "/var/lib/crater-agent-workspace/builds/worker-4-tc1/source:/opt/rustwide/workdir:ro,Z" "-v" "/var/lib/crater-agent-workspace/builds/worker-4-tc1/target:/opt/rustwide/target:rw,Z" "-v" "/var/lib/crater-agent-workspace/cargo-home:/opt/rustwide/cargo-home:ro,Z" "-v" "/var/lib/crater-agent-workspace/rustup-home:/opt/rustwide/rustup-home:ro,Z" "-m" "1610612736" "--network" "none" "ghcr.io/rust-lang/crates-build-env/linux@sha256:77db811e55d90add9212f6832c23229e3de5f1c1f9905e8cb07319ea15df73ac" "sleep" "infinity", kill_on_drop: false }`
[INFO] [stdout] 9658ae8ea45b20ef286388acc2cdbc611fcf766c57db7750e2485288a1cfa58c
[INFO] running `Command { std: "docker" "start" "9658ae8ea45b20ef286388acc2cdbc611fcf766c57db7750e2485288a1cfa58c", kill_on_drop: false }`
[INFO] running `Command { std: "docker" "inspect" "9658ae8ea45b20ef286388acc2cdbc611fcf766c57db7750e2485288a1cfa58c", kill_on_drop: false }`
[INFO] running `Command { std: "docker" "exec" "-e" "SOURCE_DIR=/opt/rustwide/workdir" "-e" "CARGO_HOME=/opt/rustwide/cargo-home" "-e" "RUSTUP_HOME=/opt/rustwide/rustup-home" "-e" "CARGO_TARGET_DIR=/opt/rustwide/target" "-w" "/opt/rustwide/workdir" "--user" "0:0" "9658ae8ea45b20ef286388acc2cdbc611fcf766c57db7750e2485288a1cfa58c" "/opt/rustwide/cargo-home/bin/cargo" "+1.99.0-beta.8" "metadata" "--no-deps" "--format-version=1", kill_on_drop: false }`
[INFO] running `Command { std: "docker" "inspect" "9658ae8ea45b20ef286388acc2cdbc611fcf766c57db7750e2485288a1cfa58c", kill_on_drop: false }`
[INFO] running `Command { std: "docker" "exec" "-e" "SOURCE_DIR=/opt/rustwide/workdir" "-e" "CARGO_HOME=/opt/rustwide/cargo-home" "-e" "RUSTUP_HOME=/opt/rustwide/rustup-home" "-e" "CARGO_TARGET_DIR=/opt/rustwide/target" "-e" "CARGO_INCREMENTAL=0" "-e" "RUST_BACKTRACE=full" "-e" "RUSTFLAGS=--cap-lints=warn" "-e" "RUSTDOCFLAGS=--cap-lints=warn" "-w" "/opt/rustwide/workdir" "--user" "0:0" "9658ae8ea45b20ef286388acc2cdbc611fcf766c57db7750e2485288a1cfa58c" "/opt/rustwide/cargo-home/bin/cargo" "+1.99.0-beta.8" "build" "--frozen" "--message-format=json" "--release", kill_on_drop: false }`
[INFO] [stderr]    Compiling syn v2.0.118
[INFO] [stderr]    Compiling crossbeam-utils v0.8.22
[INFO] [stderr]    Compiling crossbeam-epoch v0.9.20
[INFO] [stderr]    Compiling zmij v1.0.22
[INFO] [stderr]    Compiling winnow v1.0.3
[INFO] [stderr]    Compiling crossbeam-deque v0.8.7
[INFO] [stderr]    Compiling pest v2.8.7
[INFO] [stderr]    Compiling toml_datetime v1.1.1+spec-1.1.0
[INFO] [stderr]    Compiling smallvec v1.15.2
[INFO] [stderr]    Compiling serde_json v1.0.150
[INFO] [stderr]    Compiling serde_spanned v1.1.1
[INFO] [stderr]    Compiling digest v0.11.3
[INFO] [stderr]    Compiling crepuscularity-core v0.5.0
[INFO] [stderr]    Compiling toml_writer v1.1.1+spec-1.1.0
[INFO] [stderr]    Compiling mio v1.2.1
[INFO] [stderr]    Compiling socket2 v0.6.4
[INFO] [stderr]    Compiling sha2 v0.11.0
[INFO] [stderr]    Compiling either v1.16.0
[INFO] [stderr]    Compiling parking_lot_core v0.9.12
[INFO] [stderr]    Compiling parking_lot v0.12.5
[INFO] [stderr]    Compiling toml_parser v1.1.2+spec-1.1.0
[INFO] [stderr]    Compiling toml v1.1.2+spec-1.1.0
[INFO] [stderr]    Compiling rayon-core v1.13.0
[INFO] [stderr]    Compiling rayon v1.12.0
[INFO] [stderr]    Compiling pest_meta v2.8.7
[INFO] [stderr]    Compiling toml_edit v0.25.12+spec-1.1.0
[INFO] [stderr]    Compiling proc-macro-crate v3.5.0
[INFO] [stderr]    Compiling pest_generator v2.8.7
[INFO] [stderr]    Compiling serde_derive v1.0.228
[INFO] [stderr]    Compiling tracing-attributes v0.1.31
[INFO] [stderr]    Compiling thiserror-impl v2.0.18
[INFO] [stderr]    Compiling tokio-macros v2.7.0
[INFO] [stderr]    Compiling crepuscularity-tauri-macros v0.1.8
[INFO] [stderr]    Compiling pest_derive v2.8.7
[INFO] [stderr]    Compiling tokio v1.52.3
[INFO] [stderr]    Compiling tracing v0.1.44
[INFO] [stderr]    Compiling thiserror v2.0.18
[INFO] [stderr]    Compiling serde v1.0.228
[INFO] [stderr]    Compiling json5 v0.4.1
[INFO] [stderr]    Compiling crepuscularity-tauri v0.1.14 (/opt/rustwide/workdir)
[INFO] [stderr]     Finished `release` profile [optimized] target(s) in 42.26s
[INFO] running `Command { std: "docker" "inspect" "9658ae8ea45b20ef286388acc2cdbc611fcf766c57db7750e2485288a1cfa58c", kill_on_drop: false }`
[INFO] running `Command { std: "docker" "exec" "-e" "SOURCE_DIR=/opt/rustwide/workdir" "-e" "CARGO_HOME=/opt/rustwide/cargo-home" "-e" "RUSTUP_HOME=/opt/rustwide/rustup-home" "-e" "CARGO_TARGET_DIR=/opt/rustwide/target" "-e" "CARGO_INCREMENTAL=0" "-e" "RUST_BACKTRACE=full" "-e" "RUSTFLAGS=--cap-lints=warn" "-e" "RUSTDOCFLAGS=--cap-lints=warn" "-w" "/opt/rustwide/workdir" "--user" "0:0" "9658ae8ea45b20ef286388acc2cdbc611fcf766c57db7750e2485288a1cfa58c" "/opt/rustwide/cargo-home/bin/cargo" "+1.99.0-beta.8" "test" "--frozen" "--no-run" "--message-format=json" "--release", kill_on_drop: false }`
[INFO] [stderr]    Compiling crepuscularity-tauri v0.1.14 (/opt/rustwide/workdir)
[INFO] [stderr]     Finished `release` profile [optimized] target(s) in 4.66s
[INFO] running `Command { std: "docker" "inspect" "9658ae8ea45b20ef286388acc2cdbc611fcf766c57db7750e2485288a1cfa58c", kill_on_drop: false }`
[INFO] running `Command { std: "docker" "exec" "-e" "SOURCE_DIR=/opt/rustwide/workdir" "-e" "CARGO_HOME=/opt/rustwide/cargo-home" "-e" "RUSTUP_HOME=/opt/rustwide/rustup-home" "-e" "CARGO_TARGET_DIR=/opt/rustwide/target" "-e" "CARGO_INCREMENTAL=0" "-e" "RUST_BACKTRACE=full" "-e" "RUSTFLAGS=--cap-lints=warn" "-e" "RUSTDOCFLAGS=--cap-lints=warn" "-w" "/opt/rustwide/workdir" "--user" "0:0" "9658ae8ea45b20ef286388acc2cdbc611fcf766c57db7750e2485288a1cfa58c" "/opt/rustwide/cargo-home/bin/cargo" "+1.99.0-beta.8" "test" "--frozen" "--release", kill_on_drop: false }`
[INFO] [stderr]     Finished `release` profile [optimized] target(s) in 0.09s
[INFO] [stderr]      Running unittests src/lib.rs (/opt/rustwide/target/release/deps/crepuscularity_tauri-b937b34f5ec82805)
[INFO] [stdout] 
[INFO] [stdout] running 7 tests
[INFO] [stdout] test tests::commands_events_and_plugin_requests_use_native_contracts ... ok
[INFO] [stdout] test tests::reads_v2_frontend_dist ... ok
[INFO] [stdout] test tests::reads_json5_and_toml_configs ... ok
[INFO] [stdout] test tests::reads_v1_dist_dir ... ok
[INFO] [stdout] test tests::reads_application_metadata ... ok
[INFO] [stdout] test tests::rejects_unsafe_bundle_paths ... ok
[INFO] [stdout] test tests::audit_classifies_plugins_commands_and_windows ... ok
[INFO] [stdout] 
[INFO] [stdout] test result: ok. 7 passed; 0 failed; 0 ignored; 0 measured; 0 filtered out; finished in 0.01s
[INFO] [stdout] 
[INFO] [stderr]      Running tests/alias_compat.rs (/opt/rustwide/target/release/deps/alias_compat-aedac7d6645425cd)
[INFO] [stdout] 
[INFO] [stdout] running 1 test
[INFO] [stdout] test package_alias_compiles_without_direct_serde_json_dependency ... FAILED
[INFO] [stderr] error: test failed, to rerun pass `--test alias_compat`
[INFO] [stdout] 
[INFO] [stdout] failures:
[INFO] [stdout] 
[INFO] [stdout] ---- package_alias_compiles_without_direct_serde_json_dependency stdout ----
[INFO] [stdout] 
[INFO] [stdout] thread 'package_alias_compiles_without_direct_serde_json_dependency' (1175) panicked at tests/alias_compat.rs:25:5:
[INFO] [stdout] error: failed to get `crepuscularity-core` as a dependency of package `crepuscularity-tauri v0.1.14 (/opt/rustwide/workdir)`
[INFO] [stdout]     ... which satisfies path dependency `tauri` of package `tauri-alias-smoke v0.1.0 (/tmp/.tmptqfZS1)`
[INFO] [stdout] 
[INFO] [stdout] Caused by:
[INFO] [stdout]   failed to load source for dependency `crepuscularity-core`
[INFO] [stdout] 
[INFO] [stdout] Caused by:
[INFO] [stdout]   unable to update registry `crates-io`
[INFO] [stdout] 
[INFO] [stdout] Caused by:
[INFO] [stdout]   download of config.json failed
[INFO] [stdout] 
[INFO] [stdout] Caused by:
[INFO] [stdout]   [6] Could not resolve hostname (Could not resolve host: index.crates.io)
[INFO] [stdout] 
[INFO] [stdout] stack backtrace:
[INFO] [stdout]    0:     0x587a0bcd8ca1 - <<std[70759c8f55707aa4]::sys::backtrace::BacktraceLock>::print::DisplayBacktrace as core[df12db4294e9bfd3]::fmt::Display>::fmt
[INFO] [stdout]    1:     0x587a0bced1aa - core[df12db4294e9bfd3]::fmt::write
[INFO] [stdout]    2:     0x587a0bcdd39c - <alloc[2182bb758b4b3781]::vec::Vec<u8> as core[df12db4294e9bfd3]::io::write::Write>::write_fmt
[INFO] [stdout]    3:     0x587a0bcb3b26 - std[70759c8f55707aa4]::panicking::default_hook::{closure#0}
[INFO] [stdout]    4:     0x587a0bcd0b09 - std[70759c8f55707aa4]::panicking::default_hook
[INFO] [stdout]    5:     0x587a0bc6bf30 - test[9d35eded1c95d3be]::test_main_inner::<test[9d35eded1c95d3be]::test_main_static::{closure#0}>::{closure#0}
[INFO] [stdout]    6:     0x587a0bcd0cc2 - std[70759c8f55707aa4]::panicking::panic_with_hook
[INFO] [stdout]    7:     0x587a0bcb3bd2 - std[70759c8f55707aa4]::panicking::panic_handler::{closure#0}
[INFO] [stdout]    8:     0x587a0bcac839 - std[70759c8f55707aa4]::sys::backtrace::__rust_end_short_backtrace::<std[70759c8f55707aa4]::panicking::panic_handler::{closure#0}, !>
[INFO] [stdout]    9:     0x587a0bcb47cd - __rustc[8fa7c3cbc660c2b3]::rust_begin_unwind
[INFO] [stdout]   10:     0x587a0bced8dc - core[df12db4294e9bfd3]::panicking::panic_fmt
[INFO] [stdout]   11:     0x587a0bc5d9c5 - <alias_compat[d813c8ae67dab4e9]::package_alias_compiles_without_direct_serde_json_dependency::{closure#0} as core[df12db4294e9bfd3]::ops::function::FnOnce<()>>::call_once
[INFO] [stdout]   12:     0x587a0bc5f21b - test[9d35eded1c95d3be]::__rust_begin_short_backtrace::<core[df12db4294e9bfd3]::result::Result<(), alloc[2182bb758b4b3781]::string::String>, fn() -> core[df12db4294e9bfd3]::result::Result<(), alloc[2182bb758b4b3781]::string::String>>
[INFO] [stdout]   13:     0x587a0bc6c885 - test[9d35eded1c95d3be]::run_test::{closure#0}
[INFO] [stdout]   14:     0x587a0bc66144 - std[70759c8f55707aa4]::sys::backtrace::__rust_begin_short_backtrace::<test[9d35eded1c95d3be]::run_test::{closure#1}, ()>
[INFO] [stdout]   15:     0x587a0bc6f9e2 - <std[70759c8f55707aa4]::thread::lifecycle::spawn_unchecked<test[9d35eded1c95d3be]::run_test::{closure#1}, ()>::{closure#1} as core[df12db4294e9bfd3]::ops::function::FnOnce<()>>::call_once::{shim:vtable#0}
[INFO] [stdout]   16:     0x587a0bcd8389 - <std[70759c8f55707aa4]::sys::thread::unix::Thread>::new::thread_start
[INFO] [stdout]   17:     0x7b3ff302bdfa - <unknown>
[INFO] [stdout]   18:     0x7b3ff30bf3d4 - clone
[INFO] [stdout]   19:                0x0 - <unknown>
[INFO] [stdout] 
[INFO] [stdout] 
[INFO] [stdout] failures:
[INFO] [stdout]     package_alias_compiles_without_direct_serde_json_dependency
[INFO] [stdout] 
[INFO] [stdout] test result: FAILED. 0 passed; 1 failed; 0 ignored; 0 measured; 0 filtered out; finished in 22.63s
[INFO] [stdout] 
[INFO] running `Command { std: "docker" "inspect" "9658ae8ea45b20ef286388acc2cdbc611fcf766c57db7750e2485288a1cfa58c", kill_on_drop: false }`
[INFO] running `Command { std: "docker" "rm" "-f" "9658ae8ea45b20ef286388acc2cdbc611fcf766c57db7750e2485288a1cfa58c", kill_on_drop: false }`
[INFO] [stdout] 9658ae8ea45b20ef286388acc2cdbc611fcf766c57db7750e2485288a1cfa58c
