[INFO] fetching crate crepuscularity-embedded 0.1.23...
[INFO] testing crepuscularity-embedded-0.1.23 against 1.100.0-beta.1+cargoflags=--release for beta-release-1.100-2
[INFO] extracting crate crepuscularity-embedded 0.1.23 into /workspace/builds/worker-4-tc2/source
[INFO] started tweaking crates.io crate crepuscularity-embedded 0.1.23
[INFO] finished tweaking crates.io crate crepuscularity-embedded 0.1.23
[INFO] tweaked toml for crates.io crate crepuscularity-embedded 0.1.23 written to /workspace/builds/worker-4-tc2/source/Cargo.toml
[INFO] validating manifest of crates.io crate crepuscularity-embedded 0.1.23 on toolchain 1.100.0-beta.1
[INFO] running `Command { std: CARGO_HOME="/workspace/cargo-home" RUSTUP_HOME="/workspace/rustup-home" "/workspace/cargo-home/bin/cargo" "+1.100.0-beta.1" "metadata" "--manifest-path" "Cargo.toml" "--no-deps", kill_on_drop: false }`
[INFO] crate crates.io crate crepuscularity-embedded 0.1.23 already has a lockfile, it will not be regenerated
[INFO] running `Command { std: CARGO_HOME="/workspace/cargo-home" RUSTUP_HOME="/workspace/rustup-home" "/workspace/cargo-home/bin/cargo" "+1.100.0-beta.1" "fetch" "--manifest-path" "Cargo.toml", kill_on_drop: false }`
[INFO] running `Command { std: "docker" "create" "-v" "/var/lib/crater-agent-workspace/builds/worker-4-tc2/source:/opt/rustwide/workdir:ro,Z" "-v" "/var/lib/crater-agent-workspace/builds/worker-4-tc2/target:/opt/rustwide/target:rw,Z" "-v" "/var/lib/crater-agent-workspace/cargo-home:/opt/rustwide/cargo-home:ro,Z" "-v" "/var/lib/crater-agent-workspace/rustup-home:/opt/rustwide/rustup-home:ro,Z" "-m" "1610612736" "--network" "none" "ghcr.io/rust-lang/crates-build-env/linux@sha256:77db811e55d90add9212f6832c23229e3de5f1c1f9905e8cb07319ea15df73ac" "sleep" "infinity", kill_on_drop: false }`
[INFO] [stdout] df9c475b95e4b78c511047305b54c3ceebf2e200cec80e31f6313d4493a7c698
[INFO] running `Command { std: "docker" "start" "df9c475b95e4b78c511047305b54c3ceebf2e200cec80e31f6313d4493a7c698", kill_on_drop: false }`
[INFO] running `Command { std: "docker" "inspect" "df9c475b95e4b78c511047305b54c3ceebf2e200cec80e31f6313d4493a7c698", kill_on_drop: false }`
[INFO] running `Command { std: "docker" "exec" "-e" "SOURCE_DIR=/opt/rustwide/workdir" "-e" "CARGO_HOME=/opt/rustwide/cargo-home" "-e" "RUSTUP_HOME=/opt/rustwide/rustup-home" "-e" "CARGO_TARGET_DIR=/opt/rustwide/target" "-w" "/opt/rustwide/workdir" "--user" "0:0" "df9c475b95e4b78c511047305b54c3ceebf2e200cec80e31f6313d4493a7c698" "/opt/rustwide/cargo-home/bin/cargo" "+1.100.0-beta.1" "metadata" "--no-deps" "--format-version=1", kill_on_drop: false }`
[INFO] running `Command { std: "docker" "inspect" "df9c475b95e4b78c511047305b54c3ceebf2e200cec80e31f6313d4493a7c698", kill_on_drop: false }`
[INFO] running `Command { std: "docker" "exec" "-e" "SOURCE_DIR=/opt/rustwide/workdir" "-e" "CARGO_HOME=/opt/rustwide/cargo-home" "-e" "RUSTUP_HOME=/opt/rustwide/rustup-home" "-e" "CARGO_TARGET_DIR=/opt/rustwide/target" "-e" "CARGO_INCREMENTAL=0" "-e" "RUST_BACKTRACE=full" "-e" "RUSTFLAGS=--cap-lints=warn" "-e" "RUSTDOCFLAGS=--cap-lints=warn" "-w" "/opt/rustwide/workdir" "--user" "0:0" "df9c475b95e4b78c511047305b54c3ceebf2e200cec80e31f6313d4493a7c698" "/opt/rustwide/cargo-home/bin/cargo" "+1.100.0-beta.1" "build" "--frozen" "--message-format=json" "--release", kill_on_drop: false }`
[INFO] [stderr]    Compiling quote v1.0.46
[INFO] [stderr]    Compiling serde_core v1.0.228
[INFO] [stderr]    Compiling zmij v1.0.22
[INFO] [stderr]    Compiling winnow v1.0.3
[INFO] [stderr]    Compiling const-oid v0.10.2
[INFO] [stderr]    Compiling serde_json v1.0.150
[INFO] [stderr]    Compiling crepuscularity-core v0.5.0
[INFO] [stderr]    Compiling toml_writer v1.1.1+spec-1.1.0
[INFO] [stderr]    Compiling hybrid-array v0.4.13
[INFO] [stderr]    Compiling syn v2.0.118
[INFO] [stderr]    Compiling toml_parser v1.1.2+spec-1.1.0
[INFO] [stderr]    Compiling block-buffer v0.12.1
[INFO] [stderr]    Compiling crypto-common v0.2.2
[INFO] [stderr]    Compiling digest v0.11.3
[INFO] [stderr]    Compiling sha2 v0.11.0
[INFO] [stderr]    Compiling toml_datetime v1.1.1+spec-1.1.0
[INFO] [stderr]    Compiling serde_spanned v1.1.1
[INFO] [stderr]    Compiling toml v1.1.2+spec-1.1.0
[INFO] [stderr]    Compiling thiserror-impl v2.0.18
[INFO] [stderr]    Compiling tracing-attributes v0.1.31
[INFO] [stderr]    Compiling tracing v0.1.44
[INFO] [stderr]    Compiling thiserror v2.0.18
[INFO] [stderr]    Compiling crepuscularity-embedded v0.1.23 (/opt/rustwide/workdir)
[INFO] [stderr]     Finished `release` profile [optimized] target(s) in 20.52s
[INFO] running `Command { std: "docker" "inspect" "df9c475b95e4b78c511047305b54c3ceebf2e200cec80e31f6313d4493a7c698", kill_on_drop: false }`
[INFO] running `Command { std: "docker" "exec" "-e" "SOURCE_DIR=/opt/rustwide/workdir" "-e" "CARGO_HOME=/opt/rustwide/cargo-home" "-e" "RUSTUP_HOME=/opt/rustwide/rustup-home" "-e" "CARGO_TARGET_DIR=/opt/rustwide/target" "-e" "CARGO_INCREMENTAL=0" "-e" "RUST_BACKTRACE=full" "-e" "RUSTFLAGS=--cap-lints=warn" "-e" "RUSTDOCFLAGS=--cap-lints=warn" "-w" "/opt/rustwide/workdir" "--user" "0:0" "df9c475b95e4b78c511047305b54c3ceebf2e200cec80e31f6313d4493a7c698" "/opt/rustwide/cargo-home/bin/cargo" "+1.100.0-beta.1" "test" "--frozen" "--no-run" "--message-format=json" "--release", kill_on_drop: false }`
[INFO] [stderr]    Compiling libc v0.2.186
[INFO] [stderr]    Compiling bitflags v2.13.0
[INFO] [stderr]    Compiling fastrand v2.4.1
[INFO] [stderr]    Compiling rustix v1.1.4
[INFO] [stderr]    Compiling getrandom v0.4.3
[INFO] [stderr]    Compiling tempfile v3.27.0
[INFO] [stderr]    Compiling crepuscularity-embedded v0.1.23 (/opt/rustwide/workdir)
[INFO] [stderr]     Finished `release` profile [optimized] target(s) in 7.69s
[INFO] running `Command { std: "docker" "inspect" "df9c475b95e4b78c511047305b54c3ceebf2e200cec80e31f6313d4493a7c698", kill_on_drop: false }`
[INFO] running `Command { std: "docker" "exec" "-e" "SOURCE_DIR=/opt/rustwide/workdir" "-e" "CARGO_HOME=/opt/rustwide/cargo-home" "-e" "RUSTUP_HOME=/opt/rustwide/rustup-home" "-e" "CARGO_TARGET_DIR=/opt/rustwide/target" "-e" "CARGO_INCREMENTAL=0" "-e" "RUST_BACKTRACE=full" "-e" "RUSTFLAGS=--cap-lints=warn" "-e" "RUSTDOCFLAGS=--cap-lints=warn" "-w" "/opt/rustwide/workdir" "--user" "0:0" "df9c475b95e4b78c511047305b54c3ceebf2e200cec80e31f6313d4493a7c698" "/opt/rustwide/cargo-home/bin/cargo" "+1.100.0-beta.1" "test" "--frozen" "--release", kill_on_drop: false }`
[INFO] [stderr]     Finished `release` profile [optimized] target(s) in 0.10s
[INFO] [stderr]      Running unittests src/lib.rs (/opt/rustwide/target/release/build/crepuscularity-embedded/9d70fef5d88ab6ac/out/crepuscularity_embedded-9d70fef5d88ab6ac)
[INFO] [stdout] 
[INFO] [stdout] running 28 tests
[INFO] [stdout] test document::tests::node_at_prefers_deepest_id ... ok
[INFO] [stdout] test tailwind_apply::tests::test_apply_class_size ... ok
[INFO] [stdout] test tests::framebuffer_snapshot_hash ... ok
[INFO] [stdout] test tests::mock_display_flush ... ok
[INFO] [stdout] test tailwind_apply::tests::test_apply_class_spacing ... ok
[INFO] [stdout] test tests::layout_flex_col_assigns_vertical_bounds ... ok
[INFO] [stdout] test layout::tests::test_layout_document_layouts_all_roots_and_reindexes ... ok
[INFO] [stdout] test tests::panel_bgr_encode_swaps_bytes ... ok
[INFO] [stdout] test tests::hit_test_deepest_id ... ok
[INFO] [stdout] test tests::include_absolute_path_rejected ... ok
[INFO] [stdout] test layout::tests::test_layout_tree_sets_bounds ... ok
[INFO] [stdout] test tests::screen_dimensions_injected ... ok
[INFO] [stdout] test tests::include_path_traversal_rejected ... ok
[INFO] [stdout] test tests::ui_macro_sets_vars ... ok
[INFO] [stdout] test tests::framebuffer_writes_ppm_error ... ok
[INFO] [stdout] test tests::button_collects_on_click_id ... ok
[INFO] [stdout] test tests::framebuffer_writes_ppm ... FAILED
[INFO] [stdout] test tests::ui_one_shot_render ... ok
[INFO] [stdout] test tests::template_function_error_path ... ok
[INFO] [stdout] test tests::colors_named_and_hex ... ok
[INFO] [stdout] test tests::include_valid_file_renders ... FAILED
[INFO] [stdout] test tests::parse_cache_skips_reparse_on_set ... ok
[INFO] [stdout] test tests::template_draw_into_rgb565_view ... ok
[INFO] [stdout] test tailwind_apply::tests::test_apply_class_flex ... ok
[INFO] [stdout] test tests::template_reload_error_paths ... ok
[INFO] [stdout] test tests::template_vars_embedded_target ... ok
[INFO] [stdout] test panel::preset::tests::st7789_preset_bgr ... ok
[INFO] [stdout] test panel::preset::tests::ili9341_preset ... ok
[INFO] [stderr] error: test failed, to rerun pass `--lib`
[INFO] [stdout] 
[INFO] [stdout] failures:
[INFO] [stdout] 
[INFO] [stdout] ---- tests::framebuffer_writes_ppm stdout ----
[INFO] [stdout] 
[INFO] [stdout] thread 'tests::framebuffer_writes_ppm' (786) panicked at src/tests.rs:189:25:
[INFO] [stdout] ppm: "create /opt/rustwide/workdir/target/embedded-ppm-test/snap.ppm: No such file or directory (os error 2)"
[INFO] [stdout] stack backtrace:
[INFO] [stdout]    0:     0x62cf6ad2d041 - <<std[617be2ca0a6fd877]::sys::backtrace::BacktraceLock>::print::DisplayBacktrace as core[a373ad73a504971]::fmt::Display>::fmt
[INFO] [stdout]    1:     0x62cf6ad434ea - core[a373ad73a504971]::fmt::write
[INFO] [stdout]    2:     0x62cf6ad314dc - <alloc[2e1b2a31b91974c5]::vec::Vec<u8> as core[a373ad73a504971]::io::write::Write>::write_fmt
[INFO] [stdout]    3:     0x62cf6ad07556 - std[617be2ca0a6fd877]::panicking::default_hook::{closure#0}
[INFO] [stdout]    4:     0x62cf6ad24579 - std[617be2ca0a6fd877]::panicking::default_hook
[INFO] [stdout]    5:     0x62cf6ac57c50 - test[aada8e7e76ba119b]::test_main_inner::{closure#0}
[INFO] [stdout]    6:     0x62cf6ad24732 - std[617be2ca0a6fd877]::panicking::panic_with_hook
[INFO] [stdout]    7:     0x62cf6ad07602 - std[617be2ca0a6fd877]::panicking::panic_handler::{closure#0}
[INFO] [stdout]    8:     0x62cf6ad00069 - std[617be2ca0a6fd877]::sys::backtrace::__rust_end_short_backtrace::<std[617be2ca0a6fd877]::panicking::panic_handler::{closure#0}, !>
[INFO] [stdout]    9:     0x62cf6ad0820d - __rustc[ea4f61d10b84890b]::rust_begin_unwind
[INFO] [stdout]   10:     0x62cf6ad43c8c - core[a373ad73a504971]::panicking::panic_fmt
[INFO] [stdout]   11:     0x62cf6ad43a62 - core[a373ad73a504971]::result::unwrap_failed
[INFO] [stdout]   12:     0x62cf6ac2ba31 - <crepuscularity_embedded[c6e4ac0a9fce81ca]::tests::framebuffer_writes_ppm::{closure#0} as core[a373ad73a504971]::ops::function::FnOnce<()>>::call_once
[INFO] [stdout]   13:     0x62cf6ac4b09b - test[aada8e7e76ba119b]::__rust_begin_short_backtrace::<core[a373ad73a504971]::result::Result<(), alloc[2e1b2a31b91974c5]::string::String>, fn() -> core[a373ad73a504971]::result::Result<(), alloc[2e1b2a31b91974c5]::string::String>>
[INFO] [stdout]   14:     0x62cf6ac58275 - test[aada8e7e76ba119b]::run_test::{closure#0}
[INFO] [stdout]   15:     0x62cf6ac51b64 - std[617be2ca0a6fd877]::sys::backtrace::__rust_begin_short_backtrace::<test[aada8e7e76ba119b]::run_test::{closure#1}, ()>
[INFO] [stdout]   16:     0x62cf6ac5b302 - <std[617be2ca0a6fd877]::thread::lifecycle::spawn_unchecked<test[aada8e7e76ba119b]::run_test::{closure#1}, ()>::{closure#1} as core[a373ad73a504971]::ops::function::FnOnce<()>>::call_once::{shim:vtable#0}
[INFO] [stdout]   17:     0x62cf6ad2c01f - <std[617be2ca0a6fd877]::sys::thread::unix::Thread>::new::thread_start
[INFO] [stdout]   18:     0x7042f361bdfa - <unknown>
[INFO] [stdout]   19:     0x7042f36af3d4 - clone
[INFO] [stdout]   20:                0x0 - <unknown>
[INFO] [stdout] 
[INFO] [stdout] ---- tests::include_valid_file_renders stdout ----
[INFO] [stdout] 
[INFO] [stdout] thread 'tests::include_valid_file_renders' (791) panicked at src/tests.rs:145:71:
[INFO] [stdout] called `Result::unwrap()` on an `Err` value: Os { code: 2, kind: NotFound, message: "No such file or directory" }
[INFO] [stdout] stack backtrace:
[INFO] [stdout]    0:     0x62cf6ad2d041 - <<std[617be2ca0a6fd877]::sys::backtrace::BacktraceLock>::print::DisplayBacktrace as core[a373ad73a504971]::fmt::Display>::fmt
[INFO] [stdout]    1:     0x62cf6ad434ea - core[a373ad73a504971]::fmt::write
[INFO] [stdout]    2:     0x62cf6ad314dc - <alloc[2e1b2a31b91974c5]::vec::Vec<u8> as core[a373ad73a504971]::io::write::Write>::write_fmt
[INFO] [stdout]    3:     0x62cf6ad07556 - std[617be2ca0a6fd877]::panicking::default_hook::{closure#0}
[INFO] [stdout]    4:     0x62cf6ad24579 - std[617be2ca0a6fd877]::panicking::default_hook
[INFO] [stdout]    5:     0x62cf6ac57c50 - test[aada8e7e76ba119b]::test_main_inner::{closure#0}
[INFO] [stdout]    6:     0x62cf6ad24732 - std[617be2ca0a6fd877]::panicking::panic_with_hook
[INFO] [stdout]    7:     0x62cf6ad07602 - std[617be2ca0a6fd877]::panicking::panic_handler::{closure#0}
[INFO] [stdout]    8:     0x62cf6ad00069 - std[617be2ca0a6fd877]::sys::backtrace::__rust_end_short_backtrace::<std[617be2ca0a6fd877]::panicking::panic_handler::{closure#0}, !>
[INFO] [stdout]    9:     0x62cf6ad0820d - __rustc[ea4f61d10b84890b]::rust_begin_unwind
[INFO] [stdout]   10:     0x62cf6ad43c8c - core[a373ad73a504971]::panicking::panic_fmt
[INFO] [stdout]   11:     0x62cf6ad43a62 - core[a373ad73a504971]::result::unwrap_failed
[INFO] [stdout]   12:     0x62cf6ac2c69d - <crepuscularity_embedded[c6e4ac0a9fce81ca]::tests::include_valid_file_renders::{closure#0} as core[a373ad73a504971]::ops::function::FnOnce<()>>::call_once
[INFO] [stdout]   13:     0x62cf6ac4b09b - test[aada8e7e76ba119b]::__rust_begin_short_backtrace::<core[a373ad73a504971]::result::Result<(), alloc[2e1b2a31b91974c5]::string::String>, fn() -> core[a373ad73a504971]::result::Result<(), alloc[2e1b2a31b91974c5]::string::String>>
[INFO] [stdout]   14:     0x62cf6ac58275 - test[aada8e7e76ba119b]::run_test::{closure#0}
[INFO] [stdout]   15:     0x62cf6ac51b64 - std[617be2ca0a6fd877]::sys::backtrace::__rust_begin_short_backtrace::<test[aada8e7e76ba119b]::run_test::{closure#1}, ()>
[INFO] [stdout]   16:     0x62cf6ac5b302 - <std[617be2ca0a6fd877]::thread::lifecycle::spawn_unchecked<test[aada8e7e76ba119b]::run_test::{closure#1}, ()>::{closure#1} as core[a373ad73a504971]::ops::function::FnOnce<()>>::call_once::{shim:vtable#0}
[INFO] [stdout]   17:     0x62cf6ad2c01f - <std[617be2ca0a6fd877]::sys::thread::unix::Thread>::new::thread_start
[INFO] [stdout]   18:     0x7042f361bdfa - <unknown>
[INFO] [stdout]   19:     0x7042f36af3d4 - clone
[INFO] [stdout]   20:                0x0 - <unknown>
[INFO] [stdout] 
[INFO] [stdout] 
[INFO] [stdout] failures:
[INFO] [stdout]     tests::framebuffer_writes_ppm
[INFO] [stdout]     tests::include_valid_file_renders
[INFO] [stdout] 
[INFO] [stdout] test result: FAILED. 26 passed; 2 failed; 0 ignored; 0 measured; 0 filtered out; finished in 0.02s
[INFO] [stdout] 
[INFO] running `Command { std: "docker" "inspect" "df9c475b95e4b78c511047305b54c3ceebf2e200cec80e31f6313d4493a7c698", kill_on_drop: false }`
[INFO] running `Command { std: "docker" "rm" "-f" "df9c475b95e4b78c511047305b54c3ceebf2e200cec80e31f6313d4493a7c698", kill_on_drop: false }`
[INFO] [stdout] df9c475b95e4b78c511047305b54c3ceebf2e200cec80e31f6313d4493a7c698
