[INFO] fetching crate crepe 0.2.0...
[INFO] testing crepe-0.2.0 against 1.100.0-beta.1+cargoflags=--release for beta-release-1.100-2
[INFO] extracting crate crepe 0.2.0 into /workspace/builds/worker-5-tc2/source
[INFO] started tweaking crates.io crate crepe 0.2.0
[INFO] removed 0 missing tests
[INFO] finished tweaking crates.io crate crepe 0.2.0
[INFO] tweaked toml for crates.io crate crepe 0.2.0 written to /workspace/builds/worker-5-tc2/source/Cargo.toml
[INFO] validating manifest of crates.io crate crepe 0.2.0 on toolchain 1.100.0-beta.1
[INFO] running `Command { std: CARGO_HOME="/workspace/cargo-home" RUSTUP_HOME="/workspace/rustup-home" "/workspace/cargo-home/bin/cargo" "+1.100.0-beta.1" "metadata" "--manifest-path" "Cargo.toml" "--no-deps", kill_on_drop: false }`
[INFO] crate crates.io crate crepe 0.2.0 already has a lockfile, it will not be regenerated
[INFO] running `Command { std: CARGO_HOME="/workspace/cargo-home" RUSTUP_HOME="/workspace/rustup-home" "/workspace/cargo-home/bin/cargo" "+1.100.0-beta.1" "fetch" "--manifest-path" "Cargo.toml", kill_on_drop: false }`
[INFO] running `Command { std: "docker" "create" "-v" "/var/lib/crater-agent-workspace/builds/worker-5-tc2/source:/opt/rustwide/workdir:ro,Z" "-v" "/var/lib/crater-agent-workspace/builds/worker-5-tc2/target:/opt/rustwide/target:rw,Z" "-v" "/var/lib/crater-agent-workspace/cargo-home:/opt/rustwide/cargo-home:ro,Z" "-v" "/var/lib/crater-agent-workspace/rustup-home:/opt/rustwide/rustup-home:ro,Z" "-m" "1610612736" "--network" "none" "ghcr.io/rust-lang/crates-build-env/linux@sha256:77db811e55d90add9212f6832c23229e3de5f1c1f9905e8cb07319ea15df73ac" "sleep" "infinity", kill_on_drop: false }`
[INFO] [stdout] 41cfdc6eacf581b69ee631cd30639b69cd245e0c2817ffe70261ff8e7c6f79cf
[INFO] running `Command { std: "docker" "start" "41cfdc6eacf581b69ee631cd30639b69cd245e0c2817ffe70261ff8e7c6f79cf", kill_on_drop: false }`
[INFO] running `Command { std: "docker" "inspect" "41cfdc6eacf581b69ee631cd30639b69cd245e0c2817ffe70261ff8e7c6f79cf", kill_on_drop: false }`
[INFO] running `Command { std: "docker" "exec" "-e" "SOURCE_DIR=/opt/rustwide/workdir" "-e" "CARGO_HOME=/opt/rustwide/cargo-home" "-e" "RUSTUP_HOME=/opt/rustwide/rustup-home" "-e" "CARGO_TARGET_DIR=/opt/rustwide/target" "-w" "/opt/rustwide/workdir" "--user" "0:0" "41cfdc6eacf581b69ee631cd30639b69cd245e0c2817ffe70261ff8e7c6f79cf" "/opt/rustwide/cargo-home/bin/cargo" "+1.100.0-beta.1" "metadata" "--no-deps" "--format-version=1", kill_on_drop: false }`
[INFO] running `Command { std: "docker" "inspect" "41cfdc6eacf581b69ee631cd30639b69cd245e0c2817ffe70261ff8e7c6f79cf", kill_on_drop: false }`
[INFO] running `Command { std: "docker" "exec" "-e" "SOURCE_DIR=/opt/rustwide/workdir" "-e" "CARGO_HOME=/opt/rustwide/cargo-home" "-e" "RUSTUP_HOME=/opt/rustwide/rustup-home" "-e" "CARGO_TARGET_DIR=/opt/rustwide/target" "-e" "CARGO_INCREMENTAL=0" "-e" "RUST_BACKTRACE=full" "-e" "RUSTFLAGS=--cap-lints=warn" "-e" "RUSTDOCFLAGS=--cap-lints=warn" "-w" "/opt/rustwide/workdir" "--user" "0:0" "41cfdc6eacf581b69ee631cd30639b69cd245e0c2817ffe70261ff8e7c6f79cf" "/opt/rustwide/cargo-home/bin/cargo" "+1.100.0-beta.1" "build" "--frozen" "--message-format=json" "--release", kill_on_drop: false }`
[INFO] [stderr]    Compiling proc-macro2 v1.0.52
[INFO] [stderr]    Compiling unicode-ident v1.0.8
[INFO] [stderr]    Compiling quote v1.0.26
[INFO] [stderr]    Compiling syn v1.0.109
[INFO] [stderr]    Compiling fixedbitset v0.4.2
[INFO] [stderr]    Compiling indexmap v1.9.2
[INFO] [stderr]    Compiling petgraph v0.6.3
[INFO] [stderr]    Compiling syn v2.0.2
[INFO] [stderr]    Compiling proc-macro-error-attr v1.0.4
[INFO] [stderr]    Compiling proc-macro-error v1.0.4
[INFO] [stderr]    Compiling crepe v0.2.0 (/opt/rustwide/workdir)
[INFO] [stderr]     Finished `release` profile [optimized] target(s) in 15.07s
[INFO] running `Command { std: "docker" "inspect" "41cfdc6eacf581b69ee631cd30639b69cd245e0c2817ffe70261ff8e7c6f79cf", kill_on_drop: false }`
[INFO] running `Command { std: "docker" "exec" "-e" "SOURCE_DIR=/opt/rustwide/workdir" "-e" "CARGO_HOME=/opt/rustwide/cargo-home" "-e" "RUSTUP_HOME=/opt/rustwide/rustup-home" "-e" "CARGO_TARGET_DIR=/opt/rustwide/target" "-e" "CARGO_INCREMENTAL=0" "-e" "RUST_BACKTRACE=full" "-e" "RUSTFLAGS=--cap-lints=warn" "-e" "RUSTDOCFLAGS=--cap-lints=warn" "-w" "/opt/rustwide/workdir" "--user" "0:0" "41cfdc6eacf581b69ee631cd30639b69cd245e0c2817ffe70261ff8e7c6f79cf" "/opt/rustwide/cargo-home/bin/cargo" "+1.100.0-beta.1" "test" "--frozen" "--no-run" "--message-format=json" "--release", kill_on_drop: false }`
[INFO] [stderr]    Compiling serde v1.0.157
[INFO] [stderr]    Compiling serde_derive v1.0.157
[INFO] [stderr]    Compiling crossbeam-utils v0.8.15
[INFO] [stderr]    Compiling memoffset v0.8.0
[INFO] [stderr]    Compiling libc v0.2.140
[INFO] [stderr]    Compiling crossbeam-epoch v0.9.14
[INFO] [stderr]    Compiling serde_json v1.0.94
[INFO] [stderr]    Compiling rayon-core v1.11.0
[INFO] [stderr]    Compiling trybuild v1.0.79
[INFO] [stderr]    Compiling proc-macro2 v1.0.52
[INFO] [stderr]    Compiling unicode-ident v1.0.8
[INFO] [stderr]    Compiling indexmap v1.9.2
[INFO] [stderr]    Compiling quote v1.0.26
[INFO] [stderr]    Compiling itoa v1.0.6
[INFO] [stderr]    Compiling either v1.8.1
[INFO] [stderr]    Compiling hashbrown v0.12.3
[INFO] [stderr]    Compiling ryu v1.0.13
[INFO] [stderr]    Compiling ciborium-io v0.2.0
[INFO] [stderr]    Compiling clap_lex v0.2.4
[INFO] [stderr]    Compiling syn v1.0.109
[INFO] [stderr]    Compiling ciborium-ll v0.2.0
[INFO] [stderr]    Compiling itertools v0.10.5
[INFO] [stderr]    Compiling textwrap v0.16.0
[INFO] [stderr]    Compiling regex-syntax v0.6.28
[INFO] [stderr]    Compiling walkdir v2.3.3
[INFO] [stderr]    Compiling crepe v0.2.0 (/opt/rustwide/workdir)
[INFO] [stderr]    Compiling proc-macro-error v1.0.4
[INFO] [stderr]    Compiling anes v0.1.6
[INFO] [stderr]    Compiling termcolor v1.2.0
[INFO] [stderr]    Compiling glob v0.3.1
[INFO] [stderr]    Compiling once_cell v1.17.1
[INFO] [stderr]    Compiling crossbeam-channel v0.5.7
[INFO] [stderr]    Compiling num_cpus v1.15.0
[INFO] [stderr]    Compiling atty v0.2.14
[INFO] [stderr]    Compiling crossbeam-deque v0.8.3
[INFO] [stderr]    Compiling syn v2.0.2
[INFO] [stderr]    Compiling num-traits v0.2.15
[INFO] [stderr]    Compiling clap v3.2.23
[INFO] [stderr]    Compiling petgraph v0.6.3
[INFO] [stderr]    Compiling half v1.8.2
[INFO] [stderr]    Compiling os_str_bytes v6.4.1
[INFO] [stderr]    Compiling plotters-backend v0.3.4
[INFO] [stderr]    Compiling plotters-svg v0.3.3
[INFO] [stderr]    Compiling criterion-plot v0.5.0
[INFO] [stderr]    Compiling regex v1.7.1
[INFO] [stderr]    Compiling cast v0.3.0
[INFO] [stderr]    Compiling same-file v1.0.6
[INFO] [stderr]    Compiling plotters v0.3.4
[INFO] [stderr]    Compiling rayon v1.7.0
[INFO] [stderr]    Compiling lazy_static v1.4.0
[INFO] [stderr]    Compiling oorandom v11.1.3
[INFO] [stderr]    Compiling basic-toml v0.1.2
[INFO] [stderr]    Compiling ciborium v0.2.0
[INFO] [stderr]    Compiling tinytemplate v1.2.1
[INFO] [stderr]    Compiling criterion v0.4.0
[INFO] [stderr]     Finished `release` profile [optimized] target(s) in 1m 30s
[INFO] running `Command { std: "docker" "inspect" "41cfdc6eacf581b69ee631cd30639b69cd245e0c2817ffe70261ff8e7c6f79cf", kill_on_drop: false }`
[INFO] running `Command { std: "docker" "exec" "-e" "SOURCE_DIR=/opt/rustwide/workdir" "-e" "CARGO_HOME=/opt/rustwide/cargo-home" "-e" "RUSTUP_HOME=/opt/rustwide/rustup-home" "-e" "CARGO_TARGET_DIR=/opt/rustwide/target" "-e" "CARGO_INCREMENTAL=0" "-e" "RUST_BACKTRACE=full" "-e" "RUSTFLAGS=--cap-lints=warn" "-e" "RUSTDOCFLAGS=--cap-lints=warn" "-w" "/opt/rustwide/workdir" "--user" "0:0" "41cfdc6eacf581b69ee631cd30639b69cd245e0c2817ffe70261ff8e7c6f79cf" "/opt/rustwide/cargo-home/bin/cargo" "+1.100.0-beta.1" "test" "--frozen" "--release", kill_on_drop: false }`
[INFO] [stderr]     Finished `release` profile [optimized] target(s) in 0.12s
[INFO] [stderr]      Running unittests src/lib.rs (/opt/rustwide/target/release/build/crepe/3acd75eede6aa346/out/crepe-3acd75eede6aa346)
[INFO] [stdout] 
[INFO] [stdout] running 0 tests
[INFO] [stdout] 
[INFO] [stdout] test result: ok. 0 passed; 0 failed; 0 ignored; 0 measured; 0 filtered out; finished in 0.00s
[INFO] [stdout] 
[INFO] [stderr]      Running tests/test_basic_generic.rs (/opt/rustwide/target/release/build/crepe/4542db39da6cd66b/out/test_basic_generic-4542db39da6cd66b)
[INFO] [stdout] 
[INFO] [stdout] running 1 test
[INFO] [stdout] test test_basic_generic ... ok
[INFO] [stdout] 
[INFO] [stdout] test result: ok. 1 passed; 0 failed; 0 ignored; 0 measured; 0 filtered out; finished in 0.00s
[INFO] [stdout] 
[INFO] [stderr]      Running tests/test_complex_multiple_bounds.rs (/opt/rustwide/target/release/build/crepe/a61aa549560ddd89/out/test_complex_multiple_bounds-a61aa549560ddd89)
[INFO] [stdout] 
[INFO] [stdout] running 1 test
[INFO] [stderr]      Running tests/test_complex_multiple_generics.rs (/opt/rustwide/target/release/build/crepe/1a1387195d25897a/out/test_complex_multiple_generics-1a1387195d25897a)
[INFO] [stdout] test test_complex_multiple_bounds ... ok
[INFO] [stdout] 
[INFO] [stdout] test result: ok. 1 passed; 0 failed; 0 ignored; 0 measured; 0 filtered out; finished in 0.06s
[INFO] [stdout] 
[INFO] [stderr]      Running tests/test_complex_trait_methods.rs (/opt/rustwide/target/release/build/crepe/68ac928cfb72e209/out/test_complex_trait_methods-68ac928cfb72e209)
[INFO] [stdout] 
[INFO] [stdout] running 1 test
[INFO] [stdout] test test_complex_multiple_generics ... ok
[INFO] [stdout] 
[INFO] [stdout] test result: ok. 1 passed; 0 failed; 0 ignored; 0 measured; 0 filtered out; finished in 0.00s
[INFO] [stdout] 
[INFO] [stderr]      Running tests/test_custom_trait_bounds.rs (/opt/rustwide/target/release/build/crepe/b31db7e899d0682e/out/test_custom_trait_bounds-b31db7e899d0682e)
[INFO] [stdout] 
[INFO] [stdout] running 1 test
[INFO] [stdout] test test_complex_trait_methods ... ok
[INFO] [stdout] 
[INFO] [stdout] test result: ok. 1 passed; 0 failed; 0 ignored; 0 measured; 0 filtered out; finished in 0.00s
[INFO] [stdout] 
[INFO] [stdout] 
[INFO] [stdout] running 2 tests
[INFO] [stdout] test test_custom_trait_bound ... ok
[INFO] [stdout] test test_custom_trait_with_integers ... ok
[INFO] [stderr]      Running tests/test_destructure.rs (/opt/rustwide/target/release/build/crepe/2358f175d0e2b598/out/test_destructure-2358f175d0e2b598)
[INFO] [stdout] 
[INFO] [stdout] test result: ok. 2 passed; 0 failed; 0 ignored; 0 measured; 0 filtered out; finished in 0.00s
[INFO] [stdout] 
[INFO] [stdout] 
[INFO] [stderr]      Running tests/test_disaggregate.rs (/opt/rustwide/target/release/build/crepe/4ce1327e63504e21/out/test_disaggregate-4ce1327e63504e21)
[INFO] [stdout] running 1 test
[INFO] [stdout] test test_destructure ... ok
[INFO] [stdout] 
[INFO] [stdout] test result: ok. 1 passed; 0 failed; 0 ignored; 0 measured; 0 filtered out; finished in 0.00s
[INFO] [stdout] 
[INFO] [stdout] 
[INFO] [stdout] running 1 test
[INFO] [stderr]      Running tests/test_fibonacci.rs (/opt/rustwide/target/release/build/crepe/8361777ff48e528f/out/test_fibonacci-8361777ff48e528f)
[INFO] [stdout] test test_disaggregate ... ok
[INFO] [stdout] 
[INFO] [stdout] test result: ok. 1 passed; 0 failed; 0 ignored; 0 measured; 0 filtered out; finished in 0.00s
[INFO] [stdout] 
[INFO] [stdout] 
[INFO] [stdout] running 1 test
[INFO] [stdout] test test_fibonacci ... ok
[INFO] [stderr]      Running tests/test_generic_transitive_closure.rs (/opt/rustwide/target/release/build/crepe/feec1a7d1d0a92b2/out/test_generic_transitive_closure-feec1a7d1d0a92b2)
[INFO] [stdout] 
[INFO] [stdout] test result: ok. 1 passed; 0 failed; 0 ignored; 0 measured; 0 filtered out; finished in 0.00s
[INFO] [stdout] 
[INFO] [stderr]      Running tests/test_graph_with_node_trait.rs (/opt/rustwide/target/release/build/crepe/760ae9f39884dd1e/out/test_graph_with_node_trait-760ae9f39884dd1e)
[INFO] [stdout] 
[INFO] [stdout] running 2 tests
[INFO] [stdout] test test_generic_transitive_closure ... ok
[INFO] [stdout] test test_generic_with_strings ... ok
[INFO] [stdout] 
[INFO] [stdout] test result: ok. 2 passed; 0 failed; 0 ignored; 0 measured; 0 filtered out; finished in 0.00s
[INFO] [stdout] 
[INFO] [stdout] 
[INFO] [stdout] running 1 test
[INFO] [stderr]      Running tests/test_intermediate_lifetime.rs (/opt/rustwide/target/release/build/crepe/6e3ab9de4253c6a5/out/test_intermediate_lifetime-6e3ab9de4253c6a5)
[INFO] [stdout] test test_graph_with_custom_node_trait ... ok
[INFO] [stdout] 
[INFO] [stdout] test result: ok. 1 passed; 0 failed; 0 ignored; 0 measured; 0 filtered out; finished in 0.00s
[INFO] [stdout] 
[INFO] [stdout] 
[INFO] [stdout] running 1 test
[INFO] [stdout] test test_intermediate_lifetime ... ok
[INFO] [stdout] 
[INFO] [stdout] test result: ok. 1 passed; 0 failed; 0 ignored; 0 measured; 0 filtered out; finished in 0.00s
[INFO] [stdout] 
[INFO] [stderr]      Running tests/test_let_bindings.rs (/opt/rustwide/target/release/build/crepe/b2b8f7ce15346332/out/test_let_bindings-b2b8f7ce15346332)
[INFO] [stdout] 
[INFO] [stdout] running 1 test
[INFO] [stdout] test test_let_bindings ... ok
[INFO] [stdout] 
[INFO] [stderr]      Running tests/test_multiple_generics.rs (/opt/rustwide/target/release/build/crepe/231396e5e8f81f1b/out/test_multiple_generics-231396e5e8f81f1b)
[INFO] [stdout] test result: ok. 1 passed; 0 failed; 0 ignored; 0 measured; 0 filtered out; finished in 0.00s
[INFO] [stdout] 
[INFO] [stdout] 
[INFO] [stdout] running 2 tests
[INFO] [stdout] test test_multiple_generics_same_type ... ok
[INFO] [stdout] test test_multiple_generics ... ok
[INFO] [stdout] 
[INFO] [stdout] test result: ok. 2 passed; 0 failed; 0 ignored; 0 measured; 0 filtered out; finished in 0.00s
[INFO] [stdout] 
[INFO] [stderr]      Running tests/test_multiple_generics_with_bounds.rs (/opt/rustwide/target/release/build/crepe/be98e4e8dadb2ec9/out/test_multiple_generics_with_bounds-be98e4e8dadb2ec9)
[INFO] [stdout] 
[INFO] [stdout] running 1 test
[INFO] [stdout] test test_multiple_generics_with_trait_bounds ... ok
[INFO] [stderr]      Running tests/test_multiple_trait_bounds.rs (/opt/rustwide/target/release/build/crepe/4a29ac90c0f42537/out/test_multiple_trait_bounds-4a29ac90c0f42537)
[INFO] [stdout] 
[INFO] [stdout] test result: ok. 1 passed; 0 failed; 0 ignored; 0 measured; 0 filtered out; finished in 0.02s
[INFO] [stdout] 
[INFO] [stdout] 
[INFO] [stdout] running 1 test
[INFO] [stderr]      Running tests/test_multiple_trait_methods.rs (/opt/rustwide/target/release/build/crepe/87a8225e6b2a3d11/out/test_multiple_trait_methods-87a8225e6b2a3d11)
[INFO] [stdout] test test_multiple_trait_bounds ... ok
[INFO] [stdout] 
[INFO] [stdout] test result: ok. 1 passed; 0 failed; 0 ignored; 0 measured; 0 filtered out; finished in 0.01s
[INFO] [stdout] 
[INFO] [stdout] 
[INFO] [stdout] running 1 test
[INFO] [stdout] test test_multiple_trait_methods ... ok
[INFO] [stderr]      Running tests/test_negation.rs (/opt/rustwide/target/release/build/crepe/636028bfc633347e/out/test_negation-636028bfc633347e)
[INFO] [stdout] 
[INFO] [stdout] test result: ok. 1 passed; 0 failed; 0 ignored; 0 measured; 0 filtered out; finished in 0.01s
[INFO] [stdout] 
[INFO] [stdout] 
[INFO] [stdout] running 1 test
[INFO] [stdout] test test_negation ... ok
[INFO] [stdout] 
[INFO] [stderr]      Running tests/test_no_duplicate_bounds.rs (/opt/rustwide/target/release/build/crepe/434d0cca68b6e710/out/test_no_duplicate_bounds-434d0cca68b6e710)
[INFO] [stdout] test result: ok. 1 passed; 0 failed; 0 ignored; 0 measured; 0 filtered out; finished in 0.00s
[INFO] [stdout] 
[INFO] [stdout] 
[INFO] [stdout] running 1 test
[INFO] [stdout] test test_no_duplicate_bounds ... ok
[INFO] [stdout] 
[INFO] [stdout] test result: ok. 1 passed; 0 failed; 0 ignored; 0 measured; 0 filtered out; finished in 0.00s
[INFO] [stdout] 
[INFO] [stderr]      Running tests/test_parse.rs (/opt/rustwide/target/release/build/crepe/72a5036d0cdef495/out/test_parse-72a5036d0cdef495)
[INFO] [stdout] 
[INFO] [stdout] running 1 test
[INFO] [stdout] test test_parse ... ok
[INFO] [stdout] 
[INFO] [stdout] test result: ok. 1 passed; 0 failed; 0 ignored; 0 measured; 0 filtered out; finished in 0.01s
[INFO] [stdout] 
[INFO] [stderr]      Running tests/test_ref_overwrite.rs (/opt/rustwide/target/release/build/crepe/05e207a76c9f85a3/out/test_ref_overwrite-05e207a76c9f85a3)
[INFO] [stdout] 
[INFO] [stderr]      Running tests/test_showcase_all_features.rs (/opt/rustwide/target/release/build/crepe/fb2e2a58e216749c/out/test_showcase_all_features-fb2e2a58e216749c)
[INFO] [stdout] running 1 test
[INFO] [stdout] test test_ref_overwrite ... ok
[INFO] [stdout] 
[INFO] [stdout] test result: ok. 1 passed; 0 failed; 0 ignored; 0 measured; 0 filtered out; finished in 0.00s
[INFO] [stdout] 
[INFO] [stdout] 
[INFO] [stdout] running 1 test
[INFO] [stdout] test test_showcase_all_features ... ok
[INFO] [stdout] 
[INFO] [stdout] test result: ok. 1 passed; 0 failed; 0 ignored; 0 measured; 0 filtered out; finished in 0.00s
[INFO] [stdout] 
[INFO] [stderr]      Running tests/test_structs.rs (/opt/rustwide/target/release/build/crepe/a9a3353662d6a8c2/out/test_structs-a9a3353662d6a8c2)
[INFO] [stdout] 
[INFO] [stdout] running 1 test
[INFO] [stdout] test test_declare_structs ... ok
[INFO] [stdout] 
[INFO] [stdout] test result: ok. 1 passed; 0 failed; 0 ignored; 0 measured; 0 filtered out; finished in 0.00s
[INFO] [stdout] 
[INFO] [stderr]      Running tests/test_trait_method_call.rs (/opt/rustwide/target/release/build/crepe/f2ffd0964edf8eb3/out/test_trait_method_call-f2ffd0964edf8eb3)
[INFO] [stdout] 
[INFO] [stdout] running 1 test
[INFO] [stderr]      Running tests/test_transitive_closure.rs (/opt/rustwide/target/release/build/crepe/2c3d408d7c1bbe1c/out/test_transitive_closure-2c3d408d7c1bbe1c)
[INFO] [stdout] test test_trait_method_call ... ok
[INFO] [stdout] 
[INFO] [stdout] test result: ok. 1 passed; 0 failed; 0 ignored; 0 measured; 0 filtered out; finished in 0.00s
[INFO] [stdout] 
[INFO] [stdout] 
[INFO] [stdout] running 3 tests
[INFO] [stdout] test test_transitive_closure_same_as_with_clauses_swapped ... ok
[INFO] [stdout] test test_transitive_closure_str ... ok
[INFO] [stdout] test test_transitive_closure ... ok
[INFO] [stdout] 
[INFO] [stdout] test result: ok. 3 passed; 0 failed; 0 ignored; 0 measured; 0 filtered out; finished in 0.00s
[INFO] [stdout] 
[INFO] [stderr]      Running tests/test_ui.rs (/opt/rustwide/target/release/build/crepe/f0449c463187132c/out/test_ui-f0449c463187132c)
[INFO] [stdout] 
[INFO] [stdout] running 1 test
[INFO] [stderr]    Compiling autocfg v1.1.0
[INFO] [stderr]    Compiling proc-macro2 v1.0.52
[INFO] [stderr]    Compiling quote v1.0.26
[INFO] [stderr]    Compiling unicode-ident v1.0.8
[INFO] [stderr]    Compiling version_check v0.9.4
[INFO] [stderr]    Compiling crossbeam-utils v0.8.15
[INFO] [stderr]    Compiling syn v1.0.109
[INFO] [stderr]    Compiling libc v0.2.140
[INFO] [stderr]    Compiling serde_derive v1.0.157
[INFO] [stderr]     Checking cfg-if v1.0.0
[INFO] [stderr]    Compiling serde v1.0.157
[INFO] [stderr]     Checking scopeguard v1.1.0
[INFO] [stderr]     Checking hashbrown v0.12.3
[INFO] [stderr]    Compiling serde_json v1.0.94
[INFO] [stderr]    Compiling rayon-core v1.11.0
[INFO] [stderr]     Checking either v1.8.1
[INFO] [stderr]     Checking os_str_bytes v6.4.1
[INFO] [stderr]     Checking plotters-backend v0.3.4
[INFO] [stderr]     Checking itoa v1.0.6
[INFO] [stderr]     Checking ciborium-io v0.2.0
[INFO] [stderr]     Checking ryu v1.0.13
[INFO] [stderr]     Checking half v1.8.2
[INFO] [stderr]     Checking itertools v0.10.5
[INFO] [stderr]     Checking clap_lex v0.2.4
[INFO] [stderr]    Compiling fixedbitset v0.4.2
[INFO] [stderr]     Checking ciborium-ll v0.2.0
[INFO] [stderr]     Checking same-file v1.0.6
[INFO] [stderr]     Checking regex-syntax v0.6.28
[INFO] [stderr]     Checking bitflags v1.3.2
[INFO] [stderr]     Checking textwrap v0.16.0
[INFO] [stderr]     Checking plotters-svg v0.3.3
[INFO] [stderr]     Checking cast v0.3.0
[INFO] [stderr]     Checking walkdir v2.3.3
[INFO] [stderr]     Checking lazy_static v1.4.0
[INFO] [stderr]    Compiling proc-macro-error v1.0.4
[INFO] [stderr]    Compiling proc-macro-error-attr v1.0.4
[INFO] [stderr]     Checking anes v0.1.6
[INFO] [stderr]     Checking oorandom v11.1.3
[INFO] [stderr]    Compiling indexmap v1.9.2
[INFO] [stderr]    Compiling memoffset v0.8.0
[INFO] [stderr]    Compiling crossbeam-epoch v0.9.14
[INFO] [stderr]    Compiling num-traits v0.2.15
[INFO] [stderr]     Checking fnv v1.0.7
[INFO] [stderr]     Checking crossbeam-channel v0.5.7
[INFO] [stderr]     Checking num_cpus v1.15.0
[INFO] [stderr]     Checking atty v0.2.14
[INFO] [stderr]    Compiling syn v2.0.2
[INFO] [stderr]     Checking crossbeam-deque v0.8.3
[INFO] [stderr]     Checking clap v3.2.23
[INFO] [stderr]     Checking petgraph v0.6.3
[INFO] [stderr]     Checking rayon v1.7.0
[INFO] [stderr]     Checking criterion-plot v0.5.0
[INFO] [stderr]     Checking regex v1.7.1
[INFO] [stderr]     Checking plotters v0.3.4
[INFO] [stderr]    Compiling crepe v0.2.0 (/opt/rustwide/workdir)
[INFO] [stderr]     Checking ciborium v0.2.0
[INFO] [stderr]     Checking tinytemplate v1.2.1
[INFO] [stderr]     Checking criterion v0.4.0
[INFO] [stderr]     Checking crepe-tests v0.0.0 (/opt/rustwide/target/tests/trybuild/crepe)
[INFO] [stderr]     Finished `dev` profile [unoptimized + debuginfo] target(s) in 21.66s
[INFO] [stderr] 
[INFO] [stderr] 
[INFO] [stderr] test tests/ui/bad_goal_input.rs ... ok
[INFO] [stderr] test tests/ui/bad_visibility_of_relation.rs ... ok
[INFO] [stderr] test tests/ui/capital_letter_var.rs ... ok
[INFO] [stderr] test tests/ui/invalid_arity.rs ... ok
[INFO] [stderr] test tests/ui/non_input_lifetime.rs ... ok
[INFO] [stderr] test tests/ui/recursive_negation.rs ... ok
[INFO] [stderr] test tests/ui/unbound_variable.rs ... mismatch
[INFO] [stderr] 
[INFO] [stderr] EXPECTED:
[INFO] [stderr] ┈┈┈┈┈┈┈┈┈┈┈┈┈┈┈┈┈┈┈┈┈┈┈┈┈┈┈┈┈┈┈┈┈┈┈┈┈┈┈┈┈┈┈┈┈┈┈┈┈┈┈┈┈┈┈┈┈┈┈┈
[INFO] [stderr] error[E0425]: cannot find value `n` in this scope
[INFO] [stderr]   --> tests/ui/unbound_variable.rs:13:30
[INFO] [stderr]    |
[INFO] [stderr] 13 |         Fib(n, x + y) <- Fib(n - 1, x), Fib(n - 2, y), (n <= 25);
[INFO] [stderr]    |                              ^ not found in this scope
[INFO] [stderr] 
[INFO] [stderr] error[E0425]: cannot find value `n` in this scope
[INFO] [stderr]   --> tests/ui/unbound_variable.rs:13:45
[INFO] [stderr]    |
[INFO] [stderr] 13 |         Fib(n, x + y) <- Fib(n - 1, x), Fib(n - 2, y), (n <= 25);
[INFO] [stderr]    |                                             ^ help: a local variable with a similar name exists: `x`
[INFO] [stderr] 
[INFO] [stderr] error[E0425]: cannot find value `n` in this scope
[INFO] [stderr]   --> tests/ui/unbound_variable.rs:13:57
[INFO] [stderr]    |
[INFO] [stderr] 13 |         Fib(n, x + y) <- Fib(n - 1, x), Fib(n - 2, y), (n <= 25);
[INFO] [stderr]    |                                                         ^ help: a local variable with a similar name exists: `x`
[INFO] [stderr] 
[INFO] [stderr] error[E0425]: cannot find value `n` in this scope
[INFO] [stderr]   --> tests/ui/unbound_variable.rs:13:13
[INFO] [stderr]    |
[INFO] [stderr] 13 |         Fib(n, x + y) <- Fib(n - 1, x), Fib(n - 2, y), (n <= 25);
[INFO] [stderr]    |             ^ help: a local variable with a similar name exists: `x`
[INFO] [stderr] ┈┈┈┈┈┈┈┈┈┈┈┈┈┈┈┈┈┈┈┈┈┈┈┈┈┈┈┈┈┈┈┈┈┈┈┈┈┈┈┈┈┈┈┈┈┈┈┈┈┈┈┈┈┈┈┈┈┈┈┈
[INFO] [stderr] 
[INFO] [stderr] ACTUAL OUTPUT:
[INFO] [stderr] ┈┈┈┈┈┈┈┈┈┈┈┈┈┈┈┈┈┈┈┈┈┈┈┈┈┈┈┈┈┈┈┈┈┈┈┈┈┈┈┈┈┈┈┈┈┈┈┈┈┈┈┈┈┈┈┈┈┈┈┈
[INFO] [stderr] error[E0425]: cannot find value `n` in this scope
[INFO] [stderr]   --> tests/ui/unbound_variable.rs:13:30
[INFO] [stderr]    |
[INFO] [stderr] 13 |         Fib(n, x + y) <- Fib(n - 1, x), Fib(n - 2, y), (n <= 25);
[INFO] [stderr]    |                              ^ not found in this scope
[INFO] [stderr] 
[INFO] [stderr] error[E0425]: cannot find value `n` in this scope
[INFO] [stderr]   --> tests/ui/unbound_variable.rs:13:45
[INFO] [stderr]    |
[INFO] [stderr] 13 |         Fib(n, x + y) <- Fib(n - 1, x), Fib(n - 2, y), (n <= 25);
[INFO] [stderr]    |                                             ^ not found in this scope
[INFO] [stderr]    |
[INFO] [stderr] help: a local variable with a similar name exists
[INFO] [stderr]    |
[INFO] [stderr] 13 -         Fib(n, x + y) <- Fib(n - 1, x), Fib(n - 2, y), (n <= 25);
[INFO] [stderr] 13 +         Fib(n, x + y) <- Fib(n - 1, x), Fib(x - 2, y), (n <= 25);
[INFO] [stderr]    |
[INFO] [stderr] 
[INFO] [stderr] error[E0425]: cannot find value `n` in this scope
[INFO] [stderr]   --> tests/ui/unbound_variable.rs:13:57
[INFO] [stderr]    |
[INFO] [stderr] 13 |         Fib(n, x + y) <- Fib(n - 1, x), Fib(n - 2, y), (n <= 25);
[INFO] [stderr]    |                                                         ^ not found in this scope
[INFO] [stderr]    |
[INFO] [stderr] help: a local variable with a similar name exists
[INFO] [stderr]    |
[INFO] [stderr] 13 -         Fib(n, x + y) <- Fib(n - 1, x), Fib(n - 2, y), (n <= 25);
[INFO] [stderr] 13 +         Fib(n, x + y) <- Fib(n - 1, x), Fib(n - 2, y), (x <= 25);
[INFO] [stderr]    |
[INFO] [stderr] 
[INFO] [stderr] error[E0425]: cannot find value `n` in this scope
[INFO] [stderr]   --> tests/ui/unbound_variable.rs:13:13
[INFO] [stderr]    |
[INFO] [stderr] 13 |         Fib(n, x + y) <- Fib(n - 1, x), Fib(n - 2, y), (n <= 25);
[INFO] [stderr]    |             ^ not found in this scope
[INFO] [stderr]    |
[INFO] [stderr] help: a local variable with a similar name exists
[INFO] [stderr]    |
[INFO] [stderr] 13 -         Fib(n, x + y) <- Fib(n - 1, x), Fib(n - 2, y), (n <= 25);
[INFO] [stderr] 13 +         Fib(x, x + y) <- Fib(n - 1, x), Fib(n - 2, y), (n <= 25);
[INFO] [stderr]    |
[INFO] [stderr] ┈┈┈┈┈┈┈┈┈┈┈┈┈┈┈┈┈┈┈┈┈┈┈┈┈┈┈┈┈┈┈┈┈┈┈┈┈┈┈┈┈┈┈┈┈┈┈┈┈┈┈┈┈┈┈┈┈┈┈┈
[INFO] [stderr] note: If the actual output is the correct output you can bless it by rerunning
[INFO] [stderr]       your test with the environment variable TRYBUILD=overwrite
[INFO] [stderr] 
[INFO] [stderr] test tests/ui/underscore_in_goal.rs ... ok
[INFO] [stderr] 
[INFO] [stderr] 
[INFO] [stdout] test test_ui ... FAILED
[INFO] [stdout] 
[INFO] [stdout] failures:
[INFO] [stdout] 
[INFO] [stdout] ---- test_ui stdout ----
[INFO] [stdout] 
[INFO] [stdout] thread 'test_ui' (2814) panicked at /opt/rustwide/cargo-home/registry/src/index.crates.io-1949cf8c6b5b557f/trybuild-1.0.79/src/run.rs:101:13:
[INFO] [stdout] 1 of 8 tests failed
[INFO] [stdout] stack backtrace:
[INFO] [stdout]    0:     0x615594189e71 - <<std[617be2ca0a6fd877]::sys::backtrace::BacktraceLock>::print::DisplayBacktrace as core[a373ad73a504971]::fmt::Display>::fmt
[INFO] [stdout]    1:     0x61559419f5ba - core[a373ad73a504971]::fmt::write
[INFO] [stdout]    2:     0x61559418e73c - <alloc[2e1b2a31b91974c5]::vec::Vec<u8> as core[a373ad73a504971]::io::write::Write>::write_fmt
[INFO] [stdout]    3:     0x6155941631a6 - std[617be2ca0a6fd877]::panicking::default_hook::{closure#0}
[INFO] [stdout]    4:     0x615594180d29 - std[617be2ca0a6fd877]::panicking::default_hook
[INFO] [stdout]    5:     0x61559411b200 - test[aada8e7e76ba119b]::test_main_inner::{closure#0}
[INFO] [stdout]    6:     0x615594180ee2 - std[617be2ca0a6fd877]::panicking::panic_with_hook
[INFO] [stdout]    7:     0x615594163252 - std[617be2ca0a6fd877]::panicking::panic_handler::{closure#0}
[INFO] [stdout]    8:     0x61559415bbe9 - std[617be2ca0a6fd877]::sys::backtrace::__rust_end_short_backtrace::<std[617be2ca0a6fd877]::panicking::panic_handler::{closure#0}, !>
[INFO] [stdout]    9:     0x615594163e5d - __rustc[ea4f61d10b84890b]::rust_begin_unwind
[INFO] [stdout]   10:     0x61559419fcec - core[a373ad73a504971]::panicking::panic_fmt
[INFO] [stdout]   11:     0x615594081196 - <trybuild[985f5703f338ff8a]::Runner>::run
[INFO] [stdout]   12:     0x615594083e60 - <trybuild[985f5703f338ff8a]::TestCases as core[a373ad73a504971]::ops::drop::Drop>::drop
[INFO] [stdout]   13:     0x61559407bc28 - test_ui[5ef4760c32a673ee]::test_ui
[INFO] [stdout]   14:     0x61559407be29 - <test_ui[5ef4760c32a673ee]::test_ui::{closure#0} as core[a373ad73a504971]::ops::function::FnOnce<()>>::call_once
[INFO] [stdout]   15:     0x61559410e64b - test[aada8e7e76ba119b]::__rust_begin_short_backtrace::<core[a373ad73a504971]::result::Result<(), alloc[2e1b2a31b91974c5]::string::String>, fn() -> core[a373ad73a504971]::result::Result<(), alloc[2e1b2a31b91974c5]::string::String>>
[INFO] [stdout]   16:     0x61559411b825 - test[aada8e7e76ba119b]::run_test::{closure#0}
[INFO] [stdout]   17:     0x615594115114 - std[617be2ca0a6fd877]::sys::backtrace::__rust_begin_short_backtrace::<test[aada8e7e76ba119b]::run_test::{closure#1}, ()>
[INFO] [stdout]   18:     0x61559411e8b2 - <std[617be2ca0a6fd877]::thread::lifecycle::spawn_unchecked<test[aada8e7e76ba119b]::run_test::{closure#1}, ()>::{closure#1} as core[a373ad73a504971]::ops::function::FnOnce<()>>::call_once::{shim:vtable#0}
[INFO] [stdout]   19:     0x61559418909f - <std[617be2ca0a6fd877]::sys::thread::unix::Thread>::new::thread_start
[INFO] [stdout]   20:     0x7075323dfdfa - <unknown>
[INFO] [stdout]   21:     0x7075324733d4 - clone
[INFO] [stdout]   22:                0x0 - <unknown>
[INFO] [stdout] 
[INFO] [stdout] 
[INFO] [stdout] failures:
[INFO] [stdout]     test_ui
[INFO] [stdout] 
[INFO] [stdout] test result: FAILED. 0 passed; 1 failed; 0 ignored; 0 measured; 0 filtered out; finished in 23.78s
[INFO] [stdout] 
[INFO] [stderr] error: test failed, to rerun pass `--test test_ui`
[INFO] running `Command { std: "docker" "inspect" "41cfdc6eacf581b69ee631cd30639b69cd245e0c2817ffe70261ff8e7c6f79cf", kill_on_drop: false }`
[INFO] running `Command { std: "docker" "rm" "-f" "41cfdc6eacf581b69ee631cd30639b69cd245e0c2817ffe70261ff8e7c6f79cf", kill_on_drop: false }`
[INFO] [stdout] 41cfdc6eacf581b69ee631cd30639b69cd245e0c2817ffe70261ff8e7c6f79cf
