[INFO] fetching crate crela-license 1.0.1...
[INFO] testing crela-license-1.0.1 against 1.99.0-beta.8+cargoflags=--release for beta-release-1.100-2
[INFO] extracting crate crela-license 1.0.1 into /workspace/builds/worker-6-tc1/source
[INFO] started tweaking crates.io crate crela-license 1.0.1
[INFO] finished tweaking crates.io crate crela-license 1.0.1
[INFO] tweaked toml for crates.io crate crela-license 1.0.1 written to /workspace/builds/worker-6-tc1/source/Cargo.toml
[INFO] validating manifest of crates.io crate crela-license 1.0.1 on toolchain 1.99.0-beta.8
[INFO] running `Command { std: CARGO_HOME="/workspace/cargo-home" RUSTUP_HOME="/workspace/rustup-home" "/workspace/cargo-home/bin/cargo" "+1.99.0-beta.8" "metadata" "--manifest-path" "Cargo.toml" "--no-deps", kill_on_drop: false }`
[INFO] crate crates.io crate crela-license 1.0.1 already has a lockfile, it will not be regenerated
[INFO] running `Command { std: CARGO_HOME="/workspace/cargo-home" RUSTUP_HOME="/workspace/rustup-home" "/workspace/cargo-home/bin/cargo" "+1.99.0-beta.8" "fetch" "--manifest-path" "Cargo.toml", kill_on_drop: false }`
[INFO] [stderr]     Updating crates.io index
[INFO] [stderr]  Downloading crates ...
[INFO] [stderr]   Downloaded serial_test v3.4.0
[INFO] [stderr]   Downloaded serial_test_derive v3.4.0
[INFO] [stderr]   Downloaded sdd v3.0.10
[INFO] [stderr]   Downloaded dirs-sys v0.4.1
[INFO] [stderr]   Downloaded machine-uid v0.5.4
[INFO] [stderr]   Downloaded mac_address v1.1.8
[INFO] [stderr]   Downloaded curve25519-dalek-derive v0.1.1
[INFO] [stderr]   Downloaded libredox v0.1.16
[INFO] [stderr]   Downloaded directories v5.0.1
[INFO] [stderr]   Downloaded ed25519 v2.2.3
[INFO] [stderr]   Downloaded scc v2.4.0
[INFO] [stderr]   Downloaded ed25519-dalek v2.2.0
[INFO] [stderr]   Downloaded hashbrown v0.17.0
[INFO] [stderr]   Downloaded curve25519-dalek v4.1.3
[INFO] [stderr]   Downloaded nix v0.29.0
[INFO] [stderr]   Downloaded fiat-crypto v0.2.9
[INFO] running `Command { std: "docker" "create" "-v" "/var/lib/crater-agent-workspace/builds/worker-6-tc1/source:/opt/rustwide/workdir:ro,Z" "-v" "/var/lib/crater-agent-workspace/builds/worker-6-tc1/target:/opt/rustwide/target:rw,Z" "-v" "/var/lib/crater-agent-workspace/cargo-home:/opt/rustwide/cargo-home:ro,Z" "-v" "/var/lib/crater-agent-workspace/rustup-home:/opt/rustwide/rustup-home:ro,Z" "-m" "1610612736" "--network" "none" "ghcr.io/rust-lang/crates-build-env/linux@sha256:77db811e55d90add9212f6832c23229e3de5f1c1f9905e8cb07319ea15df73ac" "sleep" "infinity", kill_on_drop: false }`
[INFO] [stdout] 55c8d36ed7dc7c64c4abaf6b6cfb4f557d1ff63e99de8a42d002bb701c185b0f
[INFO] running `Command { std: "docker" "start" "55c8d36ed7dc7c64c4abaf6b6cfb4f557d1ff63e99de8a42d002bb701c185b0f", kill_on_drop: false }`
[INFO] running `Command { std: "docker" "inspect" "55c8d36ed7dc7c64c4abaf6b6cfb4f557d1ff63e99de8a42d002bb701c185b0f", kill_on_drop: false }`
[INFO] running `Command { std: "docker" "exec" "-e" "SOURCE_DIR=/opt/rustwide/workdir" "-e" "CARGO_HOME=/opt/rustwide/cargo-home" "-e" "RUSTUP_HOME=/opt/rustwide/rustup-home" "-e" "CARGO_TARGET_DIR=/opt/rustwide/target" "-w" "/opt/rustwide/workdir" "--user" "0:0" "55c8d36ed7dc7c64c4abaf6b6cfb4f557d1ff63e99de8a42d002bb701c185b0f" "/opt/rustwide/cargo-home/bin/cargo" "+1.99.0-beta.8" "metadata" "--no-deps" "--format-version=1", kill_on_drop: false }`
[INFO] running `Command { std: "docker" "inspect" "55c8d36ed7dc7c64c4abaf6b6cfb4f557d1ff63e99de8a42d002bb701c185b0f", kill_on_drop: false }`
[INFO] running `Command { std: "docker" "exec" "-e" "SOURCE_DIR=/opt/rustwide/workdir" "-e" "CARGO_HOME=/opt/rustwide/cargo-home" "-e" "RUSTUP_HOME=/opt/rustwide/rustup-home" "-e" "CARGO_TARGET_DIR=/opt/rustwide/target" "-e" "CARGO_INCREMENTAL=0" "-e" "RUST_BACKTRACE=full" "-e" "RUSTFLAGS=--cap-lints=warn" "-e" "RUSTDOCFLAGS=--cap-lints=warn" "-w" "/opt/rustwide/workdir" "--user" "0:0" "55c8d36ed7dc7c64c4abaf6b6cfb4f557d1ff63e99de8a42d002bb701c185b0f" "/opt/rustwide/cargo-home/bin/cargo" "+1.99.0-beta.8" "build" "--frozen" "--message-format=json" "--release", kill_on_drop: false }`
[INFO] [stderr]    Compiling typenum v1.20.0
[INFO] [stderr]    Compiling libc v0.2.186
[INFO] [stderr]    Compiling semver v1.0.28
[INFO] [stderr]    Compiling cfg_aliases v0.2.1
[INFO] [stderr]    Compiling memoffset v0.9.1
[INFO] [stderr]    Compiling serde_core v1.0.228
[INFO] [stderr]    Compiling syn v2.0.117
[INFO] [stderr]    Compiling zmij v1.0.21
[INFO] [stderr]    Compiling nix v0.29.0
[INFO] [stderr]    Compiling signature v2.2.0
[INFO] [stderr]    Compiling subtle v2.6.1
[INFO] [stderr]    Compiling rustc_version v0.4.1
[INFO] [stderr]    Compiling zeroize v1.8.2
[INFO] [stderr]    Compiling serde_json v1.0.149
[INFO] [stderr]    Compiling bitflags v2.11.1
[INFO] [stderr]    Compiling serde v1.0.228
[INFO] [stderr]    Compiling option-ext v0.2.0
[INFO] [stderr]    Compiling ed25519 v2.2.3
[INFO] [stderr]    Compiling curve25519-dalek v4.1.3
[INFO] [stderr]    Compiling memchr v2.8.0
[INFO] [stderr]    Compiling crela-license v1.0.1 (/opt/rustwide/workdir)
[INFO] [stderr]    Compiling machine-uid v0.5.4
[INFO] [stderr]    Compiling generic-array v0.14.7
[INFO] [stderr] warning: crela-license@1.0.1: CRELA_SDK_MARKER ist nicht gesetzt - der Build enthaelt keinen Crela-SDK-Marker. Fuer ein kostenpflichtiges Tool lehnt die Pruefung den Upload ab (KO-10). Marker im Creator-Dashboard holen und vor dem Build setzen.
[INFO] [stderr]    Compiling crypto-common v0.1.7
[INFO] [stderr]    Compiling block-buffer v0.10.4
[INFO] [stderr]    Compiling digest v0.10.7
[INFO] [stderr]    Compiling sha2 v0.10.9
[INFO] [stderr]    Compiling dirs-sys v0.4.1
[INFO] [stderr]    Compiling directories v5.0.1
[INFO] [stderr]    Compiling curve25519-dalek-derive v0.1.1
[INFO] [stderr]    Compiling thiserror-impl v1.0.69
[INFO] [stderr]    Compiling serde_derive v1.0.228
[INFO] [stderr]    Compiling mac_address v1.1.8
[INFO] [stderr]    Compiling thiserror v1.0.69
[INFO] [stderr]    Compiling ed25519-dalek v2.2.0
[INFO] [stderr]     Finished `release` profile [optimized] target(s) in 29.39s
[INFO] running `Command { std: "docker" "inspect" "55c8d36ed7dc7c64c4abaf6b6cfb4f557d1ff63e99de8a42d002bb701c185b0f", kill_on_drop: false }`
[INFO] running `Command { std: "docker" "exec" "-e" "SOURCE_DIR=/opt/rustwide/workdir" "-e" "CARGO_HOME=/opt/rustwide/cargo-home" "-e" "RUSTUP_HOME=/opt/rustwide/rustup-home" "-e" "CARGO_TARGET_DIR=/opt/rustwide/target" "-e" "CARGO_INCREMENTAL=0" "-e" "RUST_BACKTRACE=full" "-e" "RUSTFLAGS=--cap-lints=warn" "-e" "RUSTDOCFLAGS=--cap-lints=warn" "-w" "/opt/rustwide/workdir" "--user" "0:0" "55c8d36ed7dc7c64c4abaf6b6cfb4f557d1ff63e99de8a42d002bb701c185b0f" "/opt/rustwide/cargo-home/bin/cargo" "+1.99.0-beta.8" "test" "--frozen" "--no-run" "--message-format=json" "--release", kill_on_drop: false }`
[INFO] [stderr]    Compiling getrandom v0.2.17
[INFO] [stderr]    Compiling bitflags v2.11.1
[INFO] [stderr]    Compiling zerocopy v0.8.48
[INFO] [stderr]    Compiling rustix v1.1.4
[INFO] [stderr]    Compiling smallvec v1.15.1
[INFO] [stderr]    Compiling getrandom v0.4.2
[INFO] [stderr]    Compiling futures-util v0.3.32
[INFO] [stderr]    Compiling sdd v3.0.10
[INFO] [stderr]    Compiling rand_core v0.6.4
[INFO] [stderr]    Compiling nix v0.29.0
[INFO] [stderr]    Compiling parking_lot_core v0.9.12
[INFO] [stderr]    Compiling once_cell v1.21.4
[INFO] [stderr]    Compiling linux-raw-sys v0.12.1
[INFO] [stderr] warning: crela-license@1.0.1: CRELA_SDK_MARKER ist nicht gesetzt - der Build enthaelt keinen Crela-SDK-Marker. Fuer ein kostenpflichtiges Tool lehnt die Pruefung den Upload ab (KO-10). Marker im Creator-Dashboard holen und vor dem Build setzen.
[INFO] [stderr]    Compiling ed25519-dalek v2.2.0
[INFO] [stderr]    Compiling parking_lot v0.12.5
[INFO] [stderr]    Compiling scc v2.4.0
[INFO] [stderr]    Compiling serial_test_derive v3.4.0
[INFO] [stderr]    Compiling log v0.4.29
[INFO] [stderr]    Compiling fastrand v2.4.1
[INFO] [stderr]    Compiling mac_address v1.1.8
[INFO] [stderr]    Compiling crela-license v1.0.1 (/opt/rustwide/workdir)
[INFO] [stderr]    Compiling futures-executor v0.3.32
[INFO] [stderr]    Compiling serial_test v3.4.0
[INFO] [stderr]    Compiling tempfile v3.27.0
[INFO] [stderr]    Compiling ppv-lite86 v0.2.21
[INFO] [stderr]    Compiling rand_chacha v0.3.1
[INFO] [stderr]    Compiling rand v0.8.6
[INFO] [stderr]     Finished `release` profile [optimized] target(s) in 29.63s
[INFO] running `Command { std: "docker" "inspect" "55c8d36ed7dc7c64c4abaf6b6cfb4f557d1ff63e99de8a42d002bb701c185b0f", kill_on_drop: false }`
[INFO] running `Command { std: "docker" "exec" "-e" "SOURCE_DIR=/opt/rustwide/workdir" "-e" "CARGO_HOME=/opt/rustwide/cargo-home" "-e" "RUSTUP_HOME=/opt/rustwide/rustup-home" "-e" "CARGO_TARGET_DIR=/opt/rustwide/target" "-e" "CARGO_INCREMENTAL=0" "-e" "RUST_BACKTRACE=full" "-e" "RUSTFLAGS=--cap-lints=warn" "-e" "RUSTDOCFLAGS=--cap-lints=warn" "-w" "/opt/rustwide/workdir" "--user" "0:0" "55c8d36ed7dc7c64c4abaf6b6cfb4f557d1ff63e99de8a42d002bb701c185b0f" "/opt/rustwide/cargo-home/bin/cargo" "+1.99.0-beta.8" "test" "--frozen" "--release", kill_on_drop: false }`
[INFO] [stderr] warning: crela-license@1.0.1: CRELA_SDK_MARKER ist nicht gesetzt - der Build enthaelt keinen Crela-SDK-Marker. Fuer ein kostenpflichtiges Tool lehnt die Pruefung den Upload ab (KO-10). Marker im Creator-Dashboard holen und vor dem Build setzen.
[INFO] [stderr]     Finished `release` profile [optimized] target(s) in 0.12s
[INFO] [stderr]      Running unittests src/lib.rs (/opt/rustwide/target/release/deps/crela_license-186bf902321c6ab1)
[INFO] [stdout] 
[INFO] [stdout] running 19 tests
[INFO] [stdout] test tests::copied_token_on_other_device_is_rejected ... ok
[INFO] [stdout] test tests::empty_env_falls_through_to_cache ... ok
[INFO] [stdout] test tests::expired_jwt_fails_outside_grace ... ok
[INFO] [stdout] test tests::env_handoff_valid_jwt_succeeds ... ok
[INFO] [stdout] test tests::dev_mode_skips_verification ... FAILED
[INFO] [stdout] test tests::dev_mode_only_honored_in_debug_builds ... ok
[INFO] [stdout] test tests::cache_file_fallback_when_no_env ... ok
[INFO] [stdout] test tests::expired_within_skew_succeeds ... ok
[INFO] [stdout] test tests::malformed_jwt_fails ... ok
[INFO] [stdout] test tests::fingerprint_is_stable ... ok
[INFO] [stdout] test tests::invalid_signature_fails ... ok
[INFO] [stdout] test tests::wrong_prefix_is_reported_as_invalid ... ok
[INFO] [stdout] test tests::marker_has_correct_prefix_when_set ... ok
[INFO] [stdout] test tests::no_jwt_anywhere_returns_not_launched_from_crela ... ok
[INFO] [stdout] test tests::unset_marker_is_reported_as_missing_not_as_invalid ... ok
[INFO] [stdout] test tests::valid_marker_passes ... ok
[INFO] [stdout] test tests::dev_mode_disallowed_when_explicitly_disabled ... ok
[INFO] [stdout] test tests::matching_device_fp_succeeds ... ok
[INFO] [stdout] test tests::wrong_tool_slug_fails ... ok
[INFO] [stdout] 
[INFO] [stdout] failures:
[INFO] [stdout] 
[INFO] [stdout] ---- tests::dev_mode_skips_verification stdout ----
[INFO] [stdout] 
[INFO] [stdout] thread 'tests::dev_mode_skips_verification' (1126) panicked at src/lib.rs:586:33:
[INFO] [stdout] called `Result::unwrap()` on an `Err` value: NotLaunchedFromCrela
[INFO] [stdout] stack backtrace:
[INFO] [stdout]    0:     0x637ab88a3231 - <<std[70759c8f55707aa4]::sys::backtrace::BacktraceLock>::print::DisplayBacktrace as core[df12db4294e9bfd3]::fmt::Display>::fmt
[INFO] [stdout]    1:     0x637ab88b800a - core[df12db4294e9bfd3]::fmt::write
[INFO] [stdout]    2:     0x637ab88a794c - <alloc[2182bb758b4b3781]::vec::Vec<u8> as core[df12db4294e9bfd3]::io::write::Write>::write_fmt
[INFO] [stdout]    3:     0x637ab887d576 - std[70759c8f55707aa4]::panicking::default_hook::{closure#0}
[INFO] [stdout]    4:     0x637ab889a719 - std[70759c8f55707aa4]::panicking::default_hook
[INFO] [stdout]    5:     0x637ab8805110 - test[9d35eded1c95d3be]::test_main_inner::<test[9d35eded1c95d3be]::test_main_static::{closure#0}>::{closure#0}
[INFO] [stdout]    6:     0x637ab889a8d2 - std[70759c8f55707aa4]::panicking::panic_with_hook
[INFO] [stdout]    7:     0x637ab887d622 - std[70759c8f55707aa4]::panicking::panic_handler::{closure#0}
[INFO] [stdout]    8:     0x637ab8875f69 - std[70759c8f55707aa4]::sys::backtrace::__rust_end_short_backtrace::<std[70759c8f55707aa4]::panicking::panic_handler::{closure#0}, !>
[INFO] [stdout]    9:     0x637ab887e43d - __rustc[8fa7c3cbc660c2b3]::rust_begin_unwind
[INFO] [stdout]   10:     0x637ab88b873c - core[df12db4294e9bfd3]::panicking::panic_fmt
[INFO] [stdout]   11:     0x637ab88b8512 - core[df12db4294e9bfd3]::result::unwrap_failed
[INFO] [stdout]   12:     0x637ab87ea0ff - <crela_license[90bae516118bb3d6]::tests::dev_mode_skips_verification::{closure#0} as core[df12db4294e9bfd3]::ops::function::FnOnce<()>>::call_once
[INFO] [stdout]   13:     0x637ab8842483 - serial_test[eedc559c2adcd08f]::serial_code_lock::local_serial_core
[INFO] [stdout]   14:     0x637ab87f3dbd - <crela_license[90bae516118bb3d6]::tests::dev_mode_skips_verification::{closure#0} as core[df12db4294e9bfd3]::ops::function::FnOnce<()>>::call_once
[INFO] [stdout]   15:     0x637ab87f83fb - test[9d35eded1c95d3be]::__rust_begin_short_backtrace::<core[df12db4294e9bfd3]::result::Result<(), alloc[2182bb758b4b3781]::string::String>, fn() -> core[df12db4294e9bfd3]::result::Result<(), alloc[2182bb758b4b3781]::string::String>>
[INFO] [stdout]   16:     0x637ab8805a65 - test[9d35eded1c95d3be]::run_test::{closure#0}
[INFO] [stdout]   17:     0x637ab87ff324 - std[70759c8f55707aa4]::sys::backtrace::__rust_begin_short_backtrace::<test[9d35eded1c95d3be]::run_test::{closure#1}, ()>
[INFO] [stdout]   18:     0x637ab8808bc2 - <std[70759c8f55707aa4]::thread::lifecycle::spawn_unchecked<test[9d35eded1c95d3be]::run_test::{closure#1}, ()>::{closure#1} as core[df12db4294e9bfd3]::ops::function::FnOnce<()>>::call_once::{shim:vtable#0}
[INFO] [stdout]   19:     0x637ab88a2259 - <std[70759c8f55707aa4]::sys::thread::unix::Thread>::new::thread_start
[INFO] [stdout]   20:     0x756c38468dfa - <unknown>
[INFO] [stdout]   21:     0x756c384fc3d4 - clone
[INFO] [stdout]   22:                0x0 - <unknown>
[INFO] [stdout] 
[INFO] [stdout] 
[INFO] [stdout] failures:
[INFO] [stdout]     tests::dev_mode_skips_verification
[INFO] [stdout] 
[INFO] [stdout] test result: FAILED. 18 passed; 1 failed; 0 ignored; 0 measured; 0 filtered out; finished in 0.02s
[INFO] [stdout] 
[INFO] [stderr] error: test failed, to rerun pass `--lib`
[INFO] running `Command { std: "docker" "inspect" "55c8d36ed7dc7c64c4abaf6b6cfb4f557d1ff63e99de8a42d002bb701c185b0f", kill_on_drop: false }`
[INFO] running `Command { std: "docker" "rm" "-f" "55c8d36ed7dc7c64c4abaf6b6cfb4f557d1ff63e99de8a42d002bb701c185b0f", kill_on_drop: false }`
[INFO] [stdout] 55c8d36ed7dc7c64c4abaf6b6cfb4f557d1ff63e99de8a42d002bb701c185b0f
