[INFO] fetching crate creator-simctl 0.1.1...
[INFO] testing creator-simctl-0.1.1 against 1.99.0-beta.8+cargoflags=--release for beta-release-1.100-2
[INFO] extracting crate creator-simctl 0.1.1 into /workspace/builds/worker-1-tc1/source
[INFO] started tweaking crates.io crate creator-simctl 0.1.1
[INFO] finished tweaking crates.io crate creator-simctl 0.1.1
[INFO] tweaked toml for crates.io crate creator-simctl 0.1.1 written to /workspace/builds/worker-1-tc1/source/Cargo.toml
[INFO] validating manifest of crates.io crate creator-simctl 0.1.1 on toolchain 1.99.0-beta.8
[INFO] running `Command { std: CARGO_HOME="/workspace/cargo-home" RUSTUP_HOME="/workspace/rustup-home" "/workspace/cargo-home/bin/cargo" "+1.99.0-beta.8" "metadata" "--manifest-path" "Cargo.toml" "--no-deps", kill_on_drop: false }`
[INFO] running `Command { std: CARGO_HOME="/workspace/cargo-home" RUSTUP_HOME="/workspace/rustup-home" "/workspace/cargo-home/bin/cargo" "+1.99.0-beta.8" "generate-lockfile" "--manifest-path" "Cargo.toml", kill_on_drop: false }`
[INFO] [stderr]     Updating crates.io index
[INFO] [stderr]      Locking 28 packages to highest compatible versions
[INFO] [stderr]       Adding serial_test v0.5.1 (available: v4.0.1)
[INFO] running `Command { std: CARGO_HOME="/workspace/cargo-home" RUSTUP_HOME="/workspace/rustup-home" "/workspace/cargo-home/bin/cargo" "+1.99.0-beta.8" "fetch" "--manifest-path" "Cargo.toml", kill_on_drop: false }`
[INFO] running `Command { std: "docker" "create" "-v" "/var/lib/crater-agent-workspace/builds/worker-1-tc1/source:/opt/rustwide/workdir:ro,Z" "-v" "/var/lib/crater-agent-workspace/builds/worker-1-tc1/target:/opt/rustwide/target:rw,Z" "-v" "/var/lib/crater-agent-workspace/cargo-home:/opt/rustwide/cargo-home:ro,Z" "-v" "/var/lib/crater-agent-workspace/rustup-home:/opt/rustwide/rustup-home:ro,Z" "-m" "1610612736" "--network" "none" "ghcr.io/rust-lang/crates-build-env/linux@sha256:77db811e55d90add9212f6832c23229e3de5f1c1f9905e8cb07319ea15df73ac" "sleep" "infinity", kill_on_drop: false }`
[INFO] [stdout] ac83c1df41510826cf7bd6fc93cc7d19c64d2334c56859e5f49a847e4c49c2c0
[INFO] running `Command { std: "docker" "start" "ac83c1df41510826cf7bd6fc93cc7d19c64d2334c56859e5f49a847e4c49c2c0", kill_on_drop: false }`
[INFO] running `Command { std: "docker" "inspect" "ac83c1df41510826cf7bd6fc93cc7d19c64d2334c56859e5f49a847e4c49c2c0", kill_on_drop: false }`
[INFO] running `Command { std: "docker" "exec" "-e" "SOURCE_DIR=/opt/rustwide/workdir" "-e" "CARGO_HOME=/opt/rustwide/cargo-home" "-e" "RUSTUP_HOME=/opt/rustwide/rustup-home" "-e" "CARGO_TARGET_DIR=/opt/rustwide/target" "-w" "/opt/rustwide/workdir" "--user" "0:0" "ac83c1df41510826cf7bd6fc93cc7d19c64d2334c56859e5f49a847e4c49c2c0" "/opt/rustwide/cargo-home/bin/cargo" "+1.99.0-beta.8" "metadata" "--no-deps" "--format-version=1", kill_on_drop: false }`
[INFO] running `Command { std: "docker" "inspect" "ac83c1df41510826cf7bd6fc93cc7d19c64d2334c56859e5f49a847e4c49c2c0", kill_on_drop: false }`
[INFO] running `Command { std: "docker" "exec" "-e" "SOURCE_DIR=/opt/rustwide/workdir" "-e" "CARGO_HOME=/opt/rustwide/cargo-home" "-e" "RUSTUP_HOME=/opt/rustwide/rustup-home" "-e" "CARGO_TARGET_DIR=/opt/rustwide/target" "-e" "CARGO_INCREMENTAL=0" "-e" "RUST_BACKTRACE=full" "-e" "RUSTFLAGS=--cap-lints=warn" "-e" "RUSTDOCFLAGS=--cap-lints=warn" "-w" "/opt/rustwide/workdir" "--user" "0:0" "ac83c1df41510826cf7bd6fc93cc7d19c64d2334c56859e5f49a847e4c49c2c0" "/opt/rustwide/cargo-home/bin/cargo" "+1.99.0-beta.8" "build" "--frozen" "--message-format=json" "--release", kill_on_drop: false }`
[INFO] [stderr]    Compiling syn v3.0.9
[INFO] [stderr]    Compiling serde_json v1.0.154
[INFO] [stderr]    Compiling serde_derive v1.0.229
[INFO] [stderr]    Compiling serde v1.0.229
[INFO] [stderr]    Compiling creator-simctl v0.1.1 (/opt/rustwide/workdir)
[INFO] [stdout] warning: function cannot return without recursing
[INFO] [stdout]   --> src/simctl.rs:45:5
[INFO] [stdout]    |
[INFO] [stdout] 45 |     pub fn with_xcode(path: &Path) -> Simctl {
[INFO] [stdout]    |     ^^^^^^^^^^^^^^^^^^^^^^^^^^^^^^^^^^^^^^^^ cannot return without recursing
[INFO] [stdout] 46 |         Simctl::with_xcode(&path.join("Contents/Developer"))
[INFO] [stdout]    |         ---------------------------------------------------- recursive call site
[INFO] [stdout]    |
[INFO] [stdout]    = help: a `loop` may express intention better if this is on purpose
[INFO] [stdout]    = note: `#[warn(unconditional_recursion)]` on by default
[INFO] [stdout] 
[INFO] [stdout] 
[INFO] [stderr]     Finished `release` profile [optimized] target(s) in 9.31s
[INFO] running `Command { std: "docker" "inspect" "ac83c1df41510826cf7bd6fc93cc7d19c64d2334c56859e5f49a847e4c49c2c0", kill_on_drop: false }`
[INFO] running `Command { std: "docker" "exec" "-e" "SOURCE_DIR=/opt/rustwide/workdir" "-e" "CARGO_HOME=/opt/rustwide/cargo-home" "-e" "RUSTUP_HOME=/opt/rustwide/rustup-home" "-e" "CARGO_TARGET_DIR=/opt/rustwide/target" "-e" "CARGO_INCREMENTAL=0" "-e" "RUST_BACKTRACE=full" "-e" "RUSTFLAGS=--cap-lints=warn" "-e" "RUSTDOCFLAGS=--cap-lints=warn" "-w" "/opt/rustwide/workdir" "--user" "0:0" "ac83c1df41510826cf7bd6fc93cc7d19c64d2334c56859e5f49a847e4c49c2c0" "/opt/rustwide/cargo-home/bin/cargo" "+1.99.0-beta.8" "test" "--frozen" "--no-run" "--message-format=json" "--release", kill_on_drop: false }`
[INFO] [stderr]    Compiling syn v1.0.109
[INFO] [stderr]    Compiling instant v0.1.13
[INFO] [stderr]    Compiling smallvec v1.16.3
[INFO] [stderr]    Compiling lazy_static v1.5.1
[INFO] [stdout] warning: function cannot return without recursing
[INFO] [stdout]   --> src/simctl.rs:45:5
[INFO] [stdout]    |
[INFO] [stdout] 45 |     pub fn with_xcode(path: &Path) -> Simctl {
[INFO] [stdout]    |     ^^^^^^^^^^^^^^^^^^^^^^^^^^^^^^^^^^^^^^^^ cannot return without recursing
[INFO] [stdout] 46 |         Simctl::with_xcode(&path.join("Contents/Developer"))
[INFO] [stdout]    |         ---------------------------------------------------- recursive call site
[INFO] [stdout]    |
[INFO] [stdout]    = help: a `loop` may express intention better if this is on purpose
[INFO] [stdout]    = note: `#[warn(unconditional_recursion)]` on by default
[INFO] [stdout] 
[INFO] [stdout] 
[INFO] [stderr]    Compiling parking_lot_core v0.8.6
[INFO] [stderr]    Compiling parking_lot v0.11.2
[INFO] [stderr]    Compiling serial_test_derive v0.5.1
[INFO] [stderr]    Compiling serial_test v0.5.1
[INFO] [stderr]    Compiling creator-simctl v0.1.1 (/opt/rustwide/workdir)
[INFO] [stdout] warning: function cannot return without recursing
[INFO] [stdout]   --> src/simctl.rs:45:5
[INFO] [stdout]    |
[INFO] [stdout] 45 |     pub fn with_xcode(path: &Path) -> Simctl {
[INFO] [stdout]    |     ^^^^^^^^^^^^^^^^^^^^^^^^^^^^^^^^^^^^^^^^ cannot return without recursing
[INFO] [stdout] 46 |         Simctl::with_xcode(&path.join("Contents/Developer"))
[INFO] [stdout]    |         ---------------------------------------------------- recursive call site
[INFO] [stdout]    |
[INFO] [stdout]    = help: a `loop` may express intention better if this is on purpose
[INFO] [stdout]    = note: `#[warn(unconditional_recursion)]` on by default
[INFO] [stdout] 
[INFO] [stdout] 
[INFO] [stdout] warning: missing documentation for a module
[INFO] [stdout]   --> src/lib.rs:29:1
[INFO] [stdout]    |
[INFO] [stdout] 29 | pub mod mock;
[INFO] [stdout]    | ^^^^^^^^^^^^
[INFO] [stdout]    |
[INFO] [stdout] note: the lint level is defined here
[INFO] [stdout]   --> src/lib.rs:5:9
[INFO] [stdout]    |
[INFO] [stdout]  5 | #![warn(missing_docs)]
[INFO] [stdout]    |         ^^^^^^^^^^^^
[INFO] [stdout] 
[INFO] [stdout] 
[INFO] [stdout] warning: missing documentation for a function
[INFO] [stdout]  --> src/mock.rs:3:1
[INFO] [stdout]   |
[INFO] [stdout] 3 | pub fn device() -> Result<Device> {
[INFO] [stdout]   | ^^^^^^^^^^^^^^^^^^^^^^^^^^^^^^^^^
[INFO] [stdout] 
[INFO] [stdout] 
[INFO] [stderr]     Finished `release` profile [optimized] target(s) in 8.08s
[INFO] running `Command { std: "docker" "inspect" "ac83c1df41510826cf7bd6fc93cc7d19c64d2334c56859e5f49a847e4c49c2c0", kill_on_drop: false }`
[INFO] running `Command { std: "docker" "exec" "-e" "SOURCE_DIR=/opt/rustwide/workdir" "-e" "CARGO_HOME=/opt/rustwide/cargo-home" "-e" "RUSTUP_HOME=/opt/rustwide/rustup-home" "-e" "CARGO_TARGET_DIR=/opt/rustwide/target" "-e" "CARGO_INCREMENTAL=0" "-e" "RUST_BACKTRACE=full" "-e" "RUSTFLAGS=--cap-lints=warn" "-e" "RUSTDOCFLAGS=--cap-lints=warn" "-w" "/opt/rustwide/workdir" "--user" "0:0" "ac83c1df41510826cf7bd6fc93cc7d19c64d2334c56859e5f49a847e4c49c2c0" "/opt/rustwide/cargo-home/bin/cargo" "+1.99.0-beta.8" "test" "--frozen" "--release", kill_on_drop: false }`
[INFO] [stderr] warning: function cannot return without recursing
[INFO] [stderr]   --> src/simctl.rs:45:5
[INFO] [stderr]    |
[INFO] [stderr] 45 |     pub fn with_xcode(path: &Path) -> Simctl {
[INFO] [stderr]    |     ^^^^^^^^^^^^^^^^^^^^^^^^^^^^^^^^^^^^^^^^ cannot return without recursing
[INFO] [stderr] 46 |         Simctl::with_xcode(&path.join("Contents/Developer"))
[INFO] [stderr]    |         ---------------------------------------------------- recursive call site
[INFO] [stderr]    |
[INFO] [stderr]    = help: a `loop` may express intention better if this is on purpose
[INFO] [stderr]    = note: `#[warn(unconditional_recursion)]` on by default
[INFO] [stderr] 
[INFO] [stderr] warning: `creator-simctl` (lib) generated 1 warning
[INFO] [stderr] warning: missing documentation for a module
[INFO] [stderr]   --> src/lib.rs:29:1
[INFO] [stderr]    |
[INFO] [stderr] 29 | pub mod mock;
[INFO] [stderr]    | ^^^^^^^^^^^^
[INFO] [stderr]    |
[INFO] [stderr] note: the lint level is defined here
[INFO] [stderr]   --> src/lib.rs:5:9
[INFO] [stderr]    |
[INFO] [stderr]  5 | #![warn(missing_docs)]
[INFO] [stderr]    |         ^^^^^^^^^^^^
[INFO] [stderr] 
[INFO] [stderr] warning: missing documentation for a function
[INFO] [stderr]  --> src/mock.rs:3:1
[INFO] [stderr]   |
[INFO] [stderr] 3 | pub fn device() -> Result<Device> {
[INFO] [stderr]   | ^^^^^^^^^^^^^^^^^^^^^^^^^^^^^^^^^
[INFO] [stderr] 
[INFO] [stderr] warning: `creator-simctl` (lib test) generated 3 warnings (1 duplicate)
[INFO] [stderr]     Finished `release` profile [optimized] target(s) in 0.03s
[INFO] [stderr]      Running unittests src/lib.rs (/opt/rustwide/target/release/deps/creator_simctl-1b4ced485370b05a)
[INFO] [stdout] 
[INFO] [stdout] running 19 tests
[INFO] [stdout] test get_app_container::tests::test_get_app_container ... FAILED
[INFO] [stdout] test list::tests::test_list ... FAILED
[INFO] [stdout] test getenv::tests::test_getenv ... FAILED
[INFO] [stdout] test launch::tests::test_launch ... FAILED
[INFO] [stdout] test uninstall::tests::test_uninstall ... FAILED
[INFO] [stdout] test open_url::tests::test_open_url ... FAILED
[INFO] [stdout] test privacy::tests::test_privacy_reset_all ... FAILED
[INFO] [stdout] test privacy::tests::test_privacy_revoke ... FAILED
[INFO] [stdout] test install::tests::test_install ... FAILED
[INFO] [stdout] test status_bar::tests::test_status_bar ... FAILED
[INFO] [stdout] test privacy::tests::test_privacy_grant ... FAILED
[INFO] [stdout] test shutdown::tests::test_shutdown ... FAILED
[INFO] [stdout] test keychain::tests::test_keychain_reset ... FAILED
[INFO] [stdout] test io::tests::test_screenshot ... FAILED
[INFO] [stdout] test push::tests::test_push ... FAILED
[INFO] [stdout] test privacy::tests::test_privacy_reset ... FAILED
[INFO] [stdout] test terminate::tests::test_terminate ... FAILED
[INFO] [stdout] test ui::tests::test_appearance ... FAILED
[INFO] [stdout] test boot::tests::test_boot ... FAILED
[INFO] [stdout] 
[INFO] [stdout] failures:
[INFO] [stdout] 
[INFO] [stdout] ---- get_app_container::tests::test_get_app_container stdout ----
[INFO] [stdout] 
[INFO] [stdout] thread 'get_app_container::tests::test_get_app_container' (405) panicked at src/simctl.rs:22:18:
[INFO] [stdout] called `Result::unwrap()` on an `Err` value: Os { code: 2, kind: NotFound, message: "No such file or directory" }
[INFO] [stdout] stack backtrace:
[INFO] [stdout]    0:     0x5c4e8eb224e1 - <<std[70759c8f55707aa4]::sys::backtrace::BacktraceLock>::print::DisplayBacktrace as core[df12db4294e9bfd3]::fmt::Display>::fmt
[INFO] [stdout]    1:     0x5c4e8eb3734a - core[df12db4294e9bfd3]::fmt::write
[INFO] [stdout]    2:     0x5c4e8eb26a5c - <alloc[2182bb758b4b3781]::vec::Vec<u8> as core[df12db4294e9bfd3]::io::write::Write>::write_fmt
[INFO] [stdout]    3:     0x5c4e8eafe116 - std[70759c8f55707aa4]::panicking::default_hook::{closure#0}
[INFO] [stdout]    4:     0x5c4e8eb1ab19 - std[70759c8f55707aa4]::panicking::default_hook
[INFO] [stdout]    5:     0x5c4e8eab3370 - test[9d35eded1c95d3be]::test_main_inner::<test[9d35eded1c95d3be]::test_main_static::{closure#0}>::{closure#0}
[INFO] [stdout]    6:     0x5c4e8eb1acd2 - std[70759c8f55707aa4]::panicking::panic_with_hook
[INFO] [stdout]    7:     0x5c4e8eafe1c2 - std[70759c8f55707aa4]::panicking::panic_handler::{closure#0}
[INFO] [stdout]    8:     0x5c4e8eaf6f49 - std[70759c8f55707aa4]::sys::backtrace::__rust_end_short_backtrace::<std[70759c8f55707aa4]::panicking::panic_handler::{closure#0}, !>
[INFO] [stdout]    9:     0x5c4e8eafedbd - __rustc[8fa7c3cbc660c2b3]::rust_begin_unwind
[INFO] [stdout]   10:     0x5c4e8eb37a7c - core[df12db4294e9bfd3]::panicking::panic_fmt
[INFO] [stdout]   11:     0x5c4e8eb37852 - core[df12db4294e9bfd3]::result::unwrap_failed
[INFO] [stdout]   12:     0x5c4e8ea8caa0 - <creator_simctl[fab49a270d20e336]::simctl::Simctl>::new
[INFO] [stdout]   13:     0x5c4e8ea96461 - creator_simctl[fab49a270d20e336]::mock::device
[INFO] [stdout]   14:     0x5c4e8ea9bac0 - <creator_simctl[fab49a270d20e336]::get_app_container::tests::test_get_app_container::{closure#0} as core[df12db4294e9bfd3]::ops::function::FnOnce<()>>::call_once
[INFO] [stdout]   15:     0x5c4e8ea8b609 - serial_test[5e0bb079bd1b7982]::serial_core_with_return::<creator_simctl[fab49a270d20e336]::error::Error>
[INFO] [stdout]   16:     0x5c4e8ea8f9f5 - <creator_simctl[fab49a270d20e336]::get_app_container::tests::test_get_app_container::{closure#0} as core[df12db4294e9bfd3]::ops::function::FnOnce<()>>::call_once
[INFO] [stdout]   17:     0x5c4e8eaa665b - test[9d35eded1c95d3be]::__rust_begin_short_backtrace::<core[df12db4294e9bfd3]::result::Result<(), alloc[2182bb758b4b3781]::string::String>, fn() -> core[df12db4294e9bfd3]::result::Result<(), alloc[2182bb758b4b3781]::string::String>>
[INFO] [stdout]   18:     0x5c4e8eab3cc5 - test[9d35eded1c95d3be]::run_test::{closure#0}
[INFO] [stdout]   19:     0x5c4e8eaad584 - std[70759c8f55707aa4]::sys::backtrace::__rust_begin_short_backtrace::<test[9d35eded1c95d3be]::run_test::{closure#1}, ()>
[INFO] [stdout]   20:     0x5c4e8eab6e22 - <std[70759c8f55707aa4]::thread::lifecycle::spawn_unchecked<test[9d35eded1c95d3be]::run_test::{closure#1}, ()>::{closure#1} as core[df12db4294e9bfd3]::ops::function::FnOnce<()>>::call_once::{shim:vtable#0}
[INFO] [stdout]   21:     0x5c4e8eb21db9 - <std[70759c8f55707aa4]::sys::thread::unix::Thread>::new::thread_start
[INFO] [stdout]   22:     0x728cdd433dfa - <unknown>
[INFO] [stdout]   23:     0x728cdd4c73d4 - clone
[INFO] [stdout]   24:                0x0 - <unknown>
[INFO] [stdout] 
[INFO] [stdout] ---- list::tests::test_list stdout ----
[INFO] [stdout] 
[INFO] [stdout] thread 'list::tests::test_list' (412) panicked at src/simctl.rs:22:18:
[INFO] [stdout] called `Result::unwrap()` on an `Err` value: Os { code: 2, kind: NotFound, message: "No such file or directory" }
[INFO] [stdout] stack backtrace:
[INFO] [stdout]    0:     0x5c4e8eb224e1 - <<std[70759c8f55707aa4]::sys::backtrace::BacktraceLock>::print::DisplayBacktrace as core[df12db4294e9bfd3]::fmt::Display>::fmt
[INFO] [stdout]    1:     0x5c4e8eb3734a - core[df12db4294e9bfd3]::fmt::write
[INFO] [stdout]    2:     0x5c4e8eb26a5c - <alloc[2182bb758b4b3781]::vec::Vec<u8> as core[df12db4294e9bfd3]::io::write::Write>::write_fmt
[INFO] [stdout]    3:     0x5c4e8eafe116 - std[70759c8f55707aa4]::panicking::default_hook::{closure#0}
[INFO] [stdout]    4:     0x5c4e8eb1ab19 - std[70759c8f55707aa4]::panicking::default_hook
[INFO] [stdout]    5:     0x5c4e8eab3370 - test[9d35eded1c95d3be]::test_main_inner::<test[9d35eded1c95d3be]::test_main_static::{closure#0}>::{closure#0}
[INFO] [stdout]    6:     0x5c4e8eb1acd2 - std[70759c8f55707aa4]::panicking::panic_with_hook
[INFO] [stdout]    7:     0x5c4e8eafe1c2 - std[70759c8f55707aa4]::panicking::panic_handler::{closure#0}
[INFO] [stdout]    8:     0x5c4e8eaf6f49 - std[70759c8f55707aa4]::sys::backtrace::__rust_end_short_backtrace::<std[70759c8f55707aa4]::panicking::panic_handler::{closure#0}, !>
[INFO] [stdout]    9:     0x5c4e8eafedbd - __rustc[8fa7c3cbc660c2b3]::rust_begin_unwind
[INFO] [stdout]   10:     0x5c4e8eb37a7c - core[df12db4294e9bfd3]::panicking::panic_fmt
[INFO] [stdout]   11:     0x5c4e8eb37852 - core[df12db4294e9bfd3]::result::unwrap_failed
[INFO] [stdout]   12:     0x5c4e8ea8caa0 - <creator_simctl[fab49a270d20e336]::simctl::Simctl>::new
[INFO] [stdout]   13:     0x5c4e8ea8d05b - creator_simctl[fab49a270d20e336]::list::tests::test_list
[INFO] [stdout]   14:     0x5c4e8ea90767 - <creator_simctl[fab49a270d20e336]::list::tests::test_list::{closure#0} as core[df12db4294e9bfd3]::ops::function::FnOnce<()>>::call_once
[INFO] [stdout]   15:     0x5c4e8eaa665b - test[9d35eded1c95d3be]::__rust_begin_short_backtrace::<core[df12db4294e9bfd3]::result::Result<(), alloc[2182bb758b4b3781]::string::String>, fn() -> core[df12db4294e9bfd3]::result::Result<(), alloc[2182bb758b4b3781]::string::String>>
[INFO] [stdout]   16:     0x5c4e8eab3cc5 - test[9d35eded1c95d3be]::run_test::{closure#0}
[INFO] [stdout]   17:     0x5c4e8eaad584 - std[70759c8f55707aa4]::sys::backtrace::__rust_begin_short_backtrace::<test[9d35eded1c95d3be]::run_test::{closure#1}, ()>
[INFO] [stdout]   18:     0x5c4e8eab6e22 - <std[70759c8f55707aa4]::thread::lifecycle::spawn_unchecked<test[9d35eded1c95d3be]::run_test::{closure#1}, ()>::{closure#1} as core[df12db4294e9bfd3]::ops::function::FnOnce<()>>::call_once::{shim:vtable#0}
[INFO] [stdout]   19:     0x5c4e8eb21db9 - <std[70759c8f55707aa4]::sys::thread::unix::Thread>::new::thread_start
[INFO] [stdout]   20:     0x728cdd433dfa - <unknown>
[INFO] [stdout]   21:     0x728cdd4c73d4 - clone
[INFO] [stdout]   22:                0x0 - <unknown>
[INFO] [stdout] 
[INFO] [stdout] ---- getenv::tests::test_getenv stdout ----
[INFO] [stdout] 
[INFO] [stdout] thread 'getenv::tests::test_getenv' (406) panicked at src/simctl.rs:22:18:
[INFO] [stdout] called `Result::unwrap()` on an `Err` value: Os { code: 2, kind: NotFound, message: "No such file or directory" }
[INFO] [stdout] stack backtrace:
[INFO] [stdout]    0:     0x5c4e8eb224e1 - <<std[70759c8f55707aa4]::sys::backtrace::BacktraceLock>::print::DisplayBacktrace as core[df12db4294e9bfd3]::fmt::Display>::fmt
[INFO] [stdout]    1:     0x5c4e8eb3734a - core[df12db4294e9bfd3]::fmt::write
[INFO] [stdout]    2:     0x5c4e8eb26a5c - <alloc[2182bb758b4b3781]::vec::Vec<u8> as core[df12db4294e9bfd3]::io::write::Write>::write_fmt
[INFO] [stdout]    3:     0x5c4e8eafe116 - std[70759c8f55707aa4]::panicking::default_hook::{closure#0}
[INFO] [stdout]    4:     0x5c4e8eb1ab19 - std[70759c8f55707aa4]::panicking::default_hook
[INFO] [stdout]    5:     0x5c4e8eab3370 - test[9d35eded1c95d3be]::test_main_inner::<test[9d35eded1c95d3be]::test_main_static::{closure#0}>::{closure#0}
[INFO] [stdout]    6:     0x5c4e8eb1acd2 - std[70759c8f55707aa4]::panicking::panic_with_hook
[INFO] [stdout]    7:     0x5c4e8eafe1c2 - std[70759c8f55707aa4]::panicking::panic_handler::{closure#0}
[INFO] [stdout]    8:     0x5c4e8eaf6f49 - std[70759c8f55707aa4]::sys::backtrace::__rust_end_short_backtrace::<std[70759c8f55707aa4]::panicking::panic_handler::{closure#0}, !>
[INFO] [stdout]    9:     0x5c4e8eafedbd - __rustc[8fa7c3cbc660c2b3]::rust_begin_unwind
[INFO] [stdout]   10:     0x5c4e8eb37a7c - core[df12db4294e9bfd3]::panicking::panic_fmt
[INFO] [stdout]   11:     0x5c4e8eb37852 - core[df12db4294e9bfd3]::result::unwrap_failed
[INFO] [stdout]   12:     0x5c4e8ea8caa0 - <creator_simctl[fab49a270d20e336]::simctl::Simctl>::new
[INFO] [stdout]   13:     0x5c4e8ea96461 - creator_simctl[fab49a270d20e336]::mock::device
[INFO] [stdout]   14:     0x5c4e8ea90a31 - <creator_simctl[fab49a270d20e336]::getenv::tests::test_getenv::{closure#0} as core[df12db4294e9bfd3]::ops::function::FnOnce<()>>::call_once
[INFO] [stdout]   15:     0x5c4e8ea8b609 - serial_test[5e0bb079bd1b7982]::serial_core_with_return::<creator_simctl[fab49a270d20e336]::error::Error>
[INFO] [stdout]   16:     0x5c4e8ea90945 - <creator_simctl[fab49a270d20e336]::getenv::tests::test_getenv::{closure#0} as core[df12db4294e9bfd3]::ops::function::FnOnce<()>>::call_once
[INFO] [stdout]   17:     0x5c4e8eaa665b - test[9d35eded1c95d3be]::__rust_begin_short_backtrace::<core[df12db4294e9bfd3]::result::Result<(), alloc[2182bb758b4b3781]::string::String>, fn() -> core[df12db4294e9bfd3]::result::Result<(), alloc[2182bb758b4b3781]::string::String>>
[INFO] [stdout]   18:     0x5c4e8eab3cc5 - test[9d35eded1c95d3be]::run_test::{closure#0}
[INFO] [stdout]   19:     0x5c4e8eaad584 - std[70759c8f55707aa4]::sys::backtrace::__rust_begin_short_backtrace::<test[9d35eded1c95d3be]::run_test::{closure#1}, ()>
[INFO] [stdout]   20:     0x5c4e8eab6e22 - <std[70759c8f55707aa4]::thread::lifecycle::spawn_unchecked<test[9d35eded1c95d3be]::run_test::{closure#1}, ()>::{closure#1} as core[df12db4294e9bfd3]::ops::function::FnOnce<()>>::call_once::{shim:vtable#0}
[INFO] [stdout]   21:     0x5c4e8eb21db9 - <std[70759c8f55707aa4]::sys::thread::unix::Thread>::new::thread_start
[INFO] [stdout]   22:     0x728cdd433dfa - <unknown>
[INFO] [stdout]   23:     0x728cdd4c73d4 - clone
[INFO] [stdout]   24:                0x0 - <unknown>
[INFO] [stdout] 
[INFO] [stdout] ---- launch::tests::test_launch stdout ----
[INFO] [stdout] 
[INFO] [stdout] thread 'launch::tests::test_launch' (410) panicked at src/simctl.rs:22:18:
[INFO] [stdout] called `Result::unwrap()` on an `Err` value: Os { code: 2, kind: NotFound, message: "No such file or directory" }
[INFO] [stdout] stack backtrace:
[INFO] [stdout]    0:     0x5c4e8eb224e1 - <<std[70759c8f55707aa4]::sys::backtrace::BacktraceLock>::print::DisplayBacktrace as core[df12db4294e9bfd3]::fmt::Display>::fmt
[INFO] [stdout]    1:     0x5c4e8eb3734a - core[df12db4294e9bfd3]::fmt::write
[INFO] [stdout]    2:     0x5c4e8eb26a5c - <alloc[2182bb758b4b3781]::vec::Vec<u8> as core[df12db4294e9bfd3]::io::write::Write>::write_fmt
[INFO] [stdout]    3:     0x5c4e8eafe116 - std[70759c8f55707aa4]::panicking::default_hook::{closure#0}
[INFO] [stdout]    4:     0x5c4e8eb1ab19 - std[70759c8f55707aa4]::panicking::default_hook
[INFO] [stdout]    5:     0x5c4e8eab3370 - test[9d35eded1c95d3be]::test_main_inner::<test[9d35eded1c95d3be]::test_main_static::{closure#0}>::{closure#0}
[INFO] [stdout]    6:     0x5c4e8eb1acd2 - std[70759c8f55707aa4]::panicking::panic_with_hook
[INFO] [stdout]    7:     0x5c4e8eafe1c2 - std[70759c8f55707aa4]::panicking::panic_handler::{closure#0}
[INFO] [stdout]    8:     0x5c4e8eaf6f49 - std[70759c8f55707aa4]::sys::backtrace::__rust_end_short_backtrace::<std[70759c8f55707aa4]::panicking::panic_handler::{closure#0}, !>
[INFO] [stdout]    9:     0x5c4e8eafedbd - __rustc[8fa7c3cbc660c2b3]::rust_begin_unwind
[INFO] [stdout]   10:     0x5c4e8eb37a7c - core[df12db4294e9bfd3]::panicking::panic_fmt
[INFO] [stdout]   11:     0x5c4e8eb37852 - core[df12db4294e9bfd3]::result::unwrap_failed
[INFO] [stdout]   12:     0x5c4e8ea8caa0 - <creator_simctl[fab49a270d20e336]::simctl::Simctl>::new
[INFO] [stdout]   13:     0x5c4e8ea96461 - creator_simctl[fab49a270d20e336]::mock::device
[INFO] [stdout]   14:     0x5c4e8ea9f40c - <creator_simctl[fab49a270d20e336]::launch::tests::test_launch::{closure#0} as core[df12db4294e9bfd3]::ops::function::FnOnce<()>>::call_once
[INFO] [stdout]   15:     0x5c4e8ea8b609 - serial_test[5e0bb079bd1b7982]::serial_core_with_return::<creator_simctl[fab49a270d20e336]::error::Error>
[INFO] [stdout]   16:     0x5c4e8ea912c5 - <creator_simctl[fab49a270d20e336]::launch::tests::test_launch::{closure#0} as core[df12db4294e9bfd3]::ops::function::FnOnce<()>>::call_once
[INFO] [stdout]   17:     0x5c4e8eaa665b - test[9d35eded1c95d3be]::__rust_begin_short_backtrace::<core[df12db4294e9bfd3]::result::Result<(), alloc[2182bb758b4b3781]::string::String>, fn() -> core[df12db4294e9bfd3]::result::Result<(), alloc[2182bb758b4b3781]::string::String>>
[INFO] [stdout]   18:     0x5c4e8eab3cc5 - test[9d35eded1c95d3be]::run_test::{closure#0}
[INFO] [stdout]   19:     0x5c4e8eaad584 - std[70759c8f55707aa4]::sys::backtrace::__rust_begin_short_backtrace::<test[9d35eded1c95d3be]::run_test::{closure#1}, ()>
[INFO] [stdout]   20:     0x5c4e8eab6e22 - <std[70759c8f55707aa4]::thread::lifecycle::spawn_unchecked<test[9d35eded1c95d3be]::run_test::{closure#1}, ()>::{closure#1} as core[df12db4294e9bfd3]::ops::function::FnOnce<()>>::call_once::{shim:vtable#0}
[INFO] [stdout]   21:     0x5c4e8eb21db9 - <std[70759c8f55707aa4]::sys::thread::unix::Thread>::new::thread_start
[INFO] [stdout]   22:     0x728cdd433dfa - <unknown>
[INFO] [stdout]   23:     0x728cdd4c73d4 - clone
[INFO] [stdout]   24:                0x0 - <unknown>
[INFO] [stdout] 
[INFO] [stdout] ---- uninstall::tests::test_uninstall stdout ----
[INFO] [stdout] 
[INFO] [stdout] thread 'uninstall::tests::test_uninstall' (425) panicked at src/simctl.rs:22:18:
[INFO] [stdout] called `Result::unwrap()` on an `Err` value: Os { code: 2, kind: NotFound, message: "No such file or directory" }
[INFO] [stdout] stack backtrace:
[INFO] [stdout]    0:     0x5c4e8eb224e1 - <<std[70759c8f55707aa4]::sys::backtrace::BacktraceLock>::print::DisplayBacktrace as core[df12db4294e9bfd3]::fmt::Display>::fmt
[INFO] [stdout]    1:     0x5c4e8eb3734a - core[df12db4294e9bfd3]::fmt::write
[INFO] [stdout]    2:     0x5c4e8eb26a5c - <alloc[2182bb758b4b3781]::vec::Vec<u8> as core[df12db4294e9bfd3]::io::write::Write>::write_fmt
[INFO] [stdout]    3:     0x5c4e8eafe116 - std[70759c8f55707aa4]::panicking::default_hook::{closure#0}
[INFO] [stdout]    4:     0x5c4e8eb1ab19 - std[70759c8f55707aa4]::panicking::default_hook
[INFO] [stdout]    5:     0x5c4e8eab3370 - test[9d35eded1c95d3be]::test_main_inner::<test[9d35eded1c95d3be]::test_main_static::{closure#0}>::{closure#0}
[INFO] [stdout]    6:     0x5c4e8eb1acd2 - std[70759c8f55707aa4]::panicking::panic_with_hook
[INFO] [stdout]    7:     0x5c4e8eafe1c2 - std[70759c8f55707aa4]::panicking::panic_handler::{closure#0}
[INFO] [stdout]    8:     0x5c4e8eaf6f49 - std[70759c8f55707aa4]::sys::backtrace::__rust_end_short_backtrace::<std[70759c8f55707aa4]::panicking::panic_handler::{closure#0}, !>
[INFO] [stdout]    9:     0x5c4e8eafedbd - __rustc[8fa7c3cbc660c2b3]::rust_begin_unwind
[INFO] [stdout]   10:     0x5c4e8eb37a7c - core[df12db4294e9bfd3]::panicking::panic_fmt
[INFO] [stdout]   11:     0x5c4e8eb37852 - core[df12db4294e9bfd3]::result::unwrap_failed
[INFO] [stdout]   12:     0x5c4e8ea8caa0 - <creator_simctl[fab49a270d20e336]::simctl::Simctl>::new
[INFO] [stdout]   13:     0x5c4e8ea96461 - creator_simctl[fab49a270d20e336]::mock::device
[INFO] [stdout]   14:     0x5c4e8ea9a669 - <creator_simctl[fab49a270d20e336]::uninstall::tests::test_uninstall::{closure#0} as core[df12db4294e9bfd3]::ops::function::FnOnce<()>>::call_once
[INFO] [stdout]   15:     0x5c4e8ea8b609 - serial_test[5e0bb079bd1b7982]::serial_core_with_return::<creator_simctl[fab49a270d20e336]::error::Error>
[INFO] [stdout]   16:     0x5c4e8ea93b65 - <creator_simctl[fab49a270d20e336]::uninstall::tests::test_uninstall::{closure#0} as core[df12db4294e9bfd3]::ops::function::FnOnce<()>>::call_once
[INFO] [stdout]   17:     0x5c4e8eaa665b - test[9d35eded1c95d3be]::__rust_begin_short_backtrace::<core[df12db4294e9bfd3]::result::Result<(), alloc[2182bb758b4b3781]::string::String>, fn() -> core[df12db4294e9bfd3]::result::Result<(), alloc[2182bb758b4b3781]::string::String>>
[INFO] [stdout]   18:     0x5c4e8eab3cc5 - test[9d35eded1c95d3be]::run_test::{closure#0}
[INFO] [stdout]   19:     0x5c4e8eaad584 - std[70759c8f55707aa4]::sys::backtrace::__rust_begin_short_backtrace::<test[9d35eded1c95d3be]::run_test::{closure#1}, ()>
[INFO] [stdout]   20:     0x5c4e8eab6e22 - <std[70759c8f55707aa4]::thread::lifecycle::spawn_unchecked<test[9d35eded1c95d3be]::run_test::{closure#1}, ()>::{closure#1} as core[df12db4294e9bfd3]::ops::function::FnOnce<()>>::call_once::{shim:vtable#0}
[INFO] [stdout]   21:     0x5c4e8eb21db9 - <std[70759c8f55707aa4]::sys::thread::unix::Thread>::new::thread_start
[INFO] [stdout]   22:     0x728cdd433dfa - <unknown>
[INFO] [stdout]   23:     0x728cdd4c73d4 - clone
[INFO] [stdout]   24:                0x0 - <unknown>
[INFO] [stdout] 
[INFO] [stdout] ---- open_url::tests::test_open_url stdout ----
[INFO] [stdout] 
[INFO] [stdout] thread 'open_url::tests::test_open_url' (413) panicked at src/simctl.rs:22:18:
[INFO] [stdout] called `Result::unwrap()` on an `Err` value: Os { code: 2, kind: NotFound, message: "No such file or directory" }
[INFO] [stdout] stack backtrace:
[INFO] [stdout]    0:     0x5c4e8eb224e1 - <<std[70759c8f55707aa4]::sys::backtrace::BacktraceLock>::print::DisplayBacktrace as core[df12db4294e9bfd3]::fmt::Display>::fmt
[INFO] [stdout]    1:     0x5c4e8eb3734a - core[df12db4294e9bfd3]::fmt::write
[INFO] [stdout]    2:     0x5c4e8eb26a5c - <alloc[2182bb758b4b3781]::vec::Vec<u8> as core[df12db4294e9bfd3]::io::write::Write>::write_fmt
[INFO] [stdout]    3:     0x5c4e8eafe116 - std[70759c8f55707aa4]::panicking::default_hook::{closure#0}
[INFO] [stdout]    4:     0x5c4e8eb1ab19 - std[70759c8f55707aa4]::panicking::default_hook
[INFO] [stdout]    5:     0x5c4e8eab3370 - test[9d35eded1c95d3be]::test_main_inner::<test[9d35eded1c95d3be]::test_main_static::{closure#0}>::{closure#0}
[INFO] [stdout]    6:     0x5c4e8eb1acd2 - std[70759c8f55707aa4]::panicking::panic_with_hook
[INFO] [stdout]    7:     0x5c4e8eafe1c2 - std[70759c8f55707aa4]::panicking::panic_handler::{closure#0}
[INFO] [stdout]    8:     0x5c4e8eaf6f49 - std[70759c8f55707aa4]::sys::backtrace::__rust_end_short_backtrace::<std[70759c8f55707aa4]::panicking::panic_handler::{closure#0}, !>
[INFO] [stdout]    9:     0x5c4e8eafedbd - __rustc[8fa7c3cbc660c2b3]::rust_begin_unwind
[INFO] [stdout]   10:     0x5c4e8eb37a7c - core[df12db4294e9bfd3]::panicking::panic_fmt
[INFO] [stdout]   11:     0x5c4e8eb37852 - core[df12db4294e9bfd3]::result::unwrap_failed
[INFO] [stdout]   12:     0x5c4e8ea8caa0 - <creator_simctl[fab49a270d20e336]::simctl::Simctl>::new
[INFO] [stdout]   13:     0x5c4e8ea96461 - creator_simctl[fab49a270d20e336]::mock::device
[INFO] [stdout]   14:     0x5c4e8ea9d479 - <creator_simctl[fab49a270d20e336]::open_url::tests::test_open_url::{closure#0} as core[df12db4294e9bfd3]::ops::function::FnOnce<()>>::call_once
[INFO] [stdout]   15:     0x5c4e8ea8b609 - serial_test[5e0bb079bd1b7982]::serial_core_with_return::<creator_simctl[fab49a270d20e336]::error::Error>
[INFO] [stdout]   16:     0x5c4e8ea93415 - <creator_simctl[fab49a270d20e336]::open_url::tests::test_open_url::{closure#0} as core[df12db4294e9bfd3]::ops::function::FnOnce<()>>::call_once
[INFO] [stdout]   17:     0x5c4e8eaa665b - test[9d35eded1c95d3be]::__rust_begin_short_backtrace::<core[df12db4294e9bfd3]::result::Result<(), alloc[2182bb758b4b3781]::string::String>, fn() -> core[df12db4294e9bfd3]::result::Result<(), alloc[2182bb758b4b3781]::string::String>>
[INFO] [stdout]   18:     0x5c4e8eab3cc5 - test[9d35eded1c95d3be]::run_test::{closure#0}
[INFO] [stdout]   19:     0x5c4e8eaad584 - std[70759c8f55707aa4]::sys::backtrace::__rust_begin_short_backtrace::<test[9d35eded1c95d3be]::run_test::{closure#1}, ()>
[INFO] [stdout]   20:     0x5c4e8eab6e22 - <std[70759c8f55707aa4]::thread::lifecycle::spawn_unchecked<test[9d35eded1c95d3be]::run_test::{closure#1}, ()>::{closure#1} as core[df12db4294e9bfd3]::ops::function::FnOnce<()>>::call_once::{shim:vtable#0}
[INFO] [stdout]   21:     0x5c4e8eb21db9 - <std[70759c8f55707aa4]::sys::thread::unix::Thread>::new::thread_start
[INFO] [stdout]   22:     0x728cdd433dfa - <unknown>
[INFO] [stdout]   23:     0x728cdd4c73d4 - clone
[INFO] [stdout]   24:                0x0 - <unknown>
[INFO] [stdout] 
[INFO] [stdout] ---- privacy::tests::test_privacy_reset_all stdout ----
[INFO] [stdout] 
[INFO] [stdout] thread 'privacy::tests::test_privacy_reset_all' (417) panicked at src/simctl.rs:22:18:
[INFO] [stdout] called `Result::unwrap()` on an `Err` value: Os { code: 2, kind: NotFound, message: "No such file or directory" }
[INFO] [stdout] stack backtrace:
[INFO] [stdout]    0:     0x5c4e8eb224e1 - <<std[70759c8f55707aa4]::sys::backtrace::BacktraceLock>::print::DisplayBacktrace as core[df12db4294e9bfd3]::fmt::Display>::fmt
[INFO] [stdout]    1:     0x5c4e8eb3734a - core[df12db4294e9bfd3]::fmt::write
[INFO] [stdout]    2:     0x5c4e8eb26a5c - <alloc[2182bb758b4b3781]::vec::Vec<u8> as core[df12db4294e9bfd3]::io::write::Write>::write_fmt
[INFO] [stdout]    3:     0x5c4e8eafe116 - std[70759c8f55707aa4]::panicking::default_hook::{closure#0}
[INFO] [stdout]    4:     0x5c4e8eb1ab19 - std[70759c8f55707aa4]::panicking::default_hook
[INFO] [stdout]    5:     0x5c4e8eab3370 - test[9d35eded1c95d3be]::test_main_inner::<test[9d35eded1c95d3be]::test_main_static::{closure#0}>::{closure#0}
[INFO] [stdout]    6:     0x5c4e8eb1acd2 - std[70759c8f55707aa4]::panicking::panic_with_hook
[INFO] [stdout]    7:     0x5c4e8eafe1c2 - std[70759c8f55707aa4]::panicking::panic_handler::{closure#0}
[INFO] [stdout]    8:     0x5c4e8eaf6f49 - std[70759c8f55707aa4]::sys::backtrace::__rust_end_short_backtrace::<std[70759c8f55707aa4]::panicking::panic_handler::{closure#0}, !>
[INFO] [stdout]    9:     0x5c4e8eafedbd - __rustc[8fa7c3cbc660c2b3]::rust_begin_unwind
[INFO] [stdout]   10:     0x5c4e8eb37a7c - core[df12db4294e9bfd3]::panicking::panic_fmt
[INFO] [stdout]   11:     0x5c4e8eb37852 - core[df12db4294e9bfd3]::result::unwrap_failed
[INFO] [stdout]   12:     0x5c4e8ea8caa0 - <creator_simctl[fab49a270d20e336]::simctl::Simctl>::new
[INFO] [stdout]   13:     0x5c4e8ea96461 - creator_simctl[fab49a270d20e336]::mock::device
[INFO] [stdout]   14:     0x5c4e8ea92b31 - <creator_simctl[fab49a270d20e336]::privacy::tests::test_privacy_reset_all::{closure#0} as core[df12db4294e9bfd3]::ops::function::FnOnce<()>>::call_once
[INFO] [stdout]   15:     0x5c4e8ea8b609 - serial_test[5e0bb079bd1b7982]::serial_core_with_return::<creator_simctl[fab49a270d20e336]::error::Error>
[INFO] [stdout]   16:     0x5c4e8ea91775 - <creator_simctl[fab49a270d20e336]::privacy::tests::test_privacy_reset_all::{closure#0} as core[df12db4294e9bfd3]::ops::function::FnOnce<()>>::call_once
[INFO] [stdout]   17:     0x5c4e8eaa665b - test[9d35eded1c95d3be]::__rust_begin_short_backtrace::<core[df12db4294e9bfd3]::result::Result<(), alloc[2182bb758b4b3781]::string::String>, fn() -> core[df12db4294e9bfd3]::result::Result<(), alloc[2182bb758b4b3781]::string::String>>
[INFO] [stdout]   18:     0x5c4e8eab3cc5 - test[9d35eded1c95d3be]::run_test::{closure#0}
[INFO] [stdout]   19:     0x5c4e8eaad584 - std[70759c8f55707aa4]::sys::backtrace::__rust_begin_short_backtrace::<test[9d35eded1c95d3be]::run_test::{closure#1}, ()>
[INFO] [stdout]   20:     0x5c4e8eab6e22 - <std[70759c8f55707aa4]::thread::lifecycle::spawn_unchecked<test[9d35eded1c95d3be]::run_test::{closure#1}, ()>::{closure#1} as core[df12db4294e9bfd3]::ops::function::FnOnce<()>>::call_once::{shim:vtable#0}
[INFO] [stdout]   21:     0x5c4e8eb21db9 - <std[70759c8f55707aa4]::sys::thread::unix::Thread>::new::thread_start
[INFO] [stdout]   22:     0x728cdd433dfa - <unknown>
[INFO] [stdout]   23:     0x728cdd4c73d4 - clone
[INFO] [stdout]   24:                0x0 - <unknown>
[INFO] [stdout] 
[INFO] [stdout] ---- privacy::tests::test_privacy_revoke stdout ----
[INFO] [stdout] 
[INFO] [stdout] thread 'privacy::tests::test_privacy_revoke' (418) panicked at src/simctl.rs:22:18:
[INFO] [stdout] called `Result::unwrap()` on an `Err` value: Os { code: 2, kind: NotFound, message: "No such file or directory" }
[INFO] [stdout] stack backtrace:
[INFO] [stdout]    0:     0x5c4e8eb224e1 - <<std[70759c8f55707aa4]::sys::backtrace::BacktraceLock>::print::DisplayBacktrace as core[df12db4294e9bfd3]::fmt::Display>::fmt
[INFO] [stdout]    1:     0x5c4e8eb3734a - core[df12db4294e9bfd3]::fmt::write
[INFO] [stdout]    2:     0x5c4e8eb26a5c - <alloc[2182bb758b4b3781]::vec::Vec<u8> as core[df12db4294e9bfd3]::io::write::Write>::write_fmt
[INFO] [stdout]    3:     0x5c4e8eafe116 - std[70759c8f55707aa4]::panicking::default_hook::{closure#0}
[INFO] [stdout]    4:     0x5c4e8eb1ab19 - std[70759c8f55707aa4]::panicking::default_hook
[INFO] [stdout]    5:     0x5c4e8eab3370 - test[9d35eded1c95d3be]::test_main_inner::<test[9d35eded1c95d3be]::test_main_static::{closure#0}>::{closure#0}
[INFO] [stdout]    6:     0x5c4e8eb1acd2 - std[70759c8f55707aa4]::panicking::panic_with_hook
[INFO] [stdout]    7:     0x5c4e8eafe1c2 - std[70759c8f55707aa4]::panicking::panic_handler::{closure#0}
[INFO] [stdout]    8:     0x5c4e8eaf6f49 - std[70759c8f55707aa4]::sys::backtrace::__rust_end_short_backtrace::<std[70759c8f55707aa4]::panicking::panic_handler::{closure#0}, !>
[INFO] [stdout]    9:     0x5c4e8eafedbd - __rustc[8fa7c3cbc660c2b3]::rust_begin_unwind
[INFO] [stdout]   10:     0x5c4e8eb37a7c - core[df12db4294e9bfd3]::panicking::panic_fmt
[INFO] [stdout]   11:     0x5c4e8eb37852 - core[df12db4294e9bfd3]::result::unwrap_failed
[INFO] [stdout]   12:     0x5c4e8ea8caa0 - <creator_simctl[fab49a270d20e336]::simctl::Simctl>::new
[INFO] [stdout]   13:     0x5c4e8ea96461 - creator_simctl[fab49a270d20e336]::mock::device
[INFO] [stdout]   14:     0x5c4e8ea92471 - <creator_simctl[fab49a270d20e336]::privacy::tests::test_privacy_revoke::{closure#0} as core[df12db4294e9bfd3]::ops::function::FnOnce<()>>::call_once
[INFO] [stdout]   15:     0x5c4e8ea8b609 - serial_test[5e0bb079bd1b7982]::serial_core_with_return::<creator_simctl[fab49a270d20e336]::error::Error>
[INFO] [stdout]   16:     0x5c4e8ea91685 - <creator_simctl[fab49a270d20e336]::privacy::tests::test_privacy_revoke::{closure#0} as core[df12db4294e9bfd3]::ops::function::FnOnce<()>>::call_once
[INFO] [stdout]   17:     0x5c4e8eaa665b - test[9d35eded1c95d3be]::__rust_begin_short_backtrace::<core[df12db4294e9bfd3]::result::Result<(), alloc[2182bb758b4b3781]::string::String>, fn() -> core[df12db4294e9bfd3]::result::Result<(), alloc[2182bb758b4b3781]::string::String>>
[INFO] [stdout]   18:     0x5c4e8eab3cc5 - test[9d35eded1c95d3be]::run_test::{closure#0}
[INFO] [stdout]   19:     0x5c4e8eaad584 - std[70759c8f55707aa4]::sys::backtrace::__rust_begin_short_backtrace::<test[9d35eded1c95d3be]::run_test::{closure#1}, ()>
[INFO] [stdout]   20:     0x5c4e8eab6e22 - <std[70759c8f55707aa4]::thread::lifecycle::spawn_unchecked<test[9d35eded1c95d3be]::run_test::{closure#1}, ()>::{closure#1} as core[df12db4294e9bfd3]::ops::function::FnOnce<()>>::call_once::{shim:vtable#0}
[INFO] [stdout]   21:     0x5c4e8eb21db9 - <std[70759c8f55707aa4]::sys::thread::unix::Thread>::new::thread_start
[INFO] [stdout]   22:     0x728cdd433dfa - <unknown>
[INFO] [stdout]   23:     0x728cdd4c73d4 - clone
[INFO] [stdout]   24:                0x0 - <unknown>
[INFO] [stdout] 
[INFO] [stdout] ---- install::tests::test_install stdout ----
[INFO] [stdout] 
[INFO] [stdout] thread 'install::tests::test_install' (407) panicked at src/simctl.rs:22:18:
[INFO] [stdout] called `Result::unwrap()` on an `Err` value: Os { code: 2, kind: NotFound, message: "No such file or directory" }
[INFO] [stdout] stack backtrace:
[INFO] [stdout]    0:     0x5c4e8eb224e1 - <<std[70759c8f55707aa4]::sys::backtrace::BacktraceLock>::print::DisplayBacktrace as core[df12db4294e9bfd3]::fmt::Display>::fmt
[INFO] [stdout]    1:     0x5c4e8eb3734a - core[df12db4294e9bfd3]::fmt::write
[INFO] [stdout]    2:     0x5c4e8eb26a5c - <alloc[2182bb758b4b3781]::vec::Vec<u8> as core[df12db4294e9bfd3]::io::write::Write>::write_fmt
[INFO] [stdout]    3:     0x5c4e8eafe116 - std[70759c8f55707aa4]::panicking::default_hook::{closure#0}
[INFO] [stdout]    4:     0x5c4e8eb1ab19 - std[70759c8f55707aa4]::panicking::default_hook
[INFO] [stdout]    5:     0x5c4e8eab3370 - test[9d35eded1c95d3be]::test_main_inner::<test[9d35eded1c95d3be]::test_main_static::{closure#0}>::{closure#0}
[INFO] [stdout]    6:     0x5c4e8eb1acd2 - std[70759c8f55707aa4]::panicking::panic_with_hook
[INFO] [stdout]    7:     0x5c4e8eafe1c2 - std[70759c8f55707aa4]::panicking::panic_handler::{closure#0}
[INFO] [stdout]    8:     0x5c4e8eaf6f49 - std[70759c8f55707aa4]::sys::backtrace::__rust_end_short_backtrace::<std[70759c8f55707aa4]::panicking::panic_handler::{closure#0}, !>
[INFO] [stdout]    9:     0x5c4e8eafedbd - __rustc[8fa7c3cbc660c2b3]::rust_begin_unwind
[INFO] [stdout]   10:     0x5c4e8eb37a7c - core[df12db4294e9bfd3]::panicking::panic_fmt
[INFO] [stdout]   11:     0x5c4e8eb37852 - core[df12db4294e9bfd3]::result::unwrap_failed
[INFO] [stdout]   12:     0x5c4e8ea8caa0 - <creator_simctl[fab49a270d20e336]::simctl::Simctl>::new
[INFO] [stdout]   13:     0x5c4e8ea96461 - creator_simctl[fab49a270d20e336]::mock::device
[INFO] [stdout]   14:     0x5c4e8ea9f899 - <creator_simctl[fab49a270d20e336]::install::tests::test_install::{closure#0} as core[df12db4294e9bfd3]::ops::function::FnOnce<()>>::call_once
[INFO] [stdout]   15:     0x5c4e8ea8b609 - serial_test[5e0bb079bd1b7982]::serial_core_with_return::<creator_simctl[fab49a270d20e336]::error::Error>
[INFO] [stdout]   16:     0x5c4e8ea913b5 - <creator_simctl[fab49a270d20e336]::install::tests::test_install::{closure#0} as core[df12db4294e9bfd3]::ops::function::FnOnce<()>>::call_once
[INFO] [stdout]   17:     0x5c4e8eaa665b - test[9d35eded1c95d3be]::__rust_begin_short_backtrace::<core[df12db4294e9bfd3]::result::Result<(), alloc[2182bb758b4b3781]::string::String>, fn() -> core[df12db4294e9bfd3]::result::Result<(), alloc[2182bb758b4b3781]::string::String>>
[INFO] [stdout]   18:     0x5c4e8eab3cc5 - test[9d35eded1c95d3be]::run_test::{closure#0}
[INFO] [stdout]   19:     0x5c4e8eaad584 - std[70759c8f55707aa4]::sys::backtrace::__rust_begin_short_backtrace::<test[9d35eded1c95d3be]::run_test::{closure#1}, ()>
[INFO] [stdout]   20:     0x5c4e8eab6e22 - <std[70759c8f55707aa4]::thread::lifecycle::spawn_unchecked<test[9d35eded1c95d3be]::run_test::{closure#1}, ()>::{closure#1} as core[df12db4294e9bfd3]::ops::function::FnOnce<()>>::call_once::{shim:vtable#0}
[INFO] [stdout]   21:     0x5c4e8eb21db9 - <std[70759c8f55707aa4]::sys::thread::unix::Thread>::new::thread_start
[INFO] [stdout]   22:     0x728cdd433dfa - <unknown>
[INFO] [stdout]   23:     0x728cdd4c73d4 - clone
[INFO] [stdout]   24:                0x0 - <unknown>
[INFO] [stdout] 
[INFO] [stdout] ---- status_bar::tests::test_status_bar stdout ----
[INFO] [stdout] 
[INFO] [stdout] thread 'status_bar::tests::test_status_bar' (421) panicked at src/simctl.rs:22:18:
[INFO] [stdout] called `Result::unwrap()` on an `Err` value: Os { code: 2, kind: NotFound, message: "No such file or directory" }
[INFO] [stdout] stack backtrace:
[INFO] [stdout]    0:     0x5c4e8eb224e1 - <<std[70759c8f55707aa4]::sys::backtrace::BacktraceLock>::print::DisplayBacktrace as core[df12db4294e9bfd3]::fmt::Display>::fmt
[INFO] [stdout]    1:     0x5c4e8eb3734a - core[df12db4294e9bfd3]::fmt::write
[INFO] [stdout]    2:     0x5c4e8eb26a5c - <alloc[2182bb758b4b3781]::vec::Vec<u8> as core[df12db4294e9bfd3]::io::write::Write>::write_fmt
[INFO] [stdout]    3:     0x5c4e8eafe116 - std[70759c8f55707aa4]::panicking::default_hook::{closure#0}
[INFO] [stdout]    4:     0x5c4e8eb1ab19 - std[70759c8f55707aa4]::panicking::default_hook
[INFO] [stdout]    5:     0x5c4e8eab3370 - test[9d35eded1c95d3be]::test_main_inner::<test[9d35eded1c95d3be]::test_main_static::{closure#0}>::{closure#0}
[INFO] [stdout]    6:     0x5c4e8eb1acd2 - std[70759c8f55707aa4]::panicking::panic_with_hook
[INFO] [stdout]    7:     0x5c4e8eafe1c2 - std[70759c8f55707aa4]::panicking::panic_handler::{closure#0}
[INFO] [stdout]    8:     0x5c4e8eaf6f49 - std[70759c8f55707aa4]::sys::backtrace::__rust_end_short_backtrace::<std[70759c8f55707aa4]::panicking::panic_handler::{closure#0}, !>
[INFO] [stdout]    9:     0x5c4e8eafedbd - __rustc[8fa7c3cbc660c2b3]::rust_begin_unwind
[INFO] [stdout]   10:     0x5c4e8eb37a7c - core[df12db4294e9bfd3]::panicking::panic_fmt
[INFO] [stdout]   11:     0x5c4e8eb37852 - core[df12db4294e9bfd3]::result::unwrap_failed
[INFO] [stdout]   12:     0x5c4e8ea8caa0 - <creator_simctl[fab49a270d20e336]::simctl::Simctl>::new
[INFO] [stdout]   13:     0x5c4e8ea96461 - creator_simctl[fab49a270d20e336]::mock::device
[INFO] [stdout]   14:     0x5c4e8ea9ebdb - <creator_simctl[fab49a270d20e336]::status_bar::tests::test_status_bar::{closure#0} as core[df12db4294e9bfd3]::ops::function::FnOnce<()>>::call_once
[INFO] [stdout]   15:     0x5c4e8ea8b609 - serial_test[5e0bb079bd1b7982]::serial_core_with_return::<creator_simctl[fab49a270d20e336]::error::Error>
[INFO] [stdout]   16:     0x5c4e8ea8f905 - <creator_simctl[fab49a270d20e336]::status_bar::tests::test_status_bar::{closure#0} as core[df12db4294e9bfd3]::ops::function::FnOnce<()>>::call_once
[INFO] [stdout]   17:     0x5c4e8eaa665b - test[9d35eded1c95d3be]::__rust_begin_short_backtrace::<core[df12db4294e9bfd3]::result::Result<(), alloc[2182bb758b4b3781]::string::String>, fn() -> core[df12db4294e9bfd3]::result::Result<(), alloc[2182bb758b4b3781]::string::String>>
[INFO] [stdout]   18:     0x5c4e8eab3cc5 - test[9d35eded1c95d3be]::run_test::{closure#0}
[INFO] [stdout]   19:     0x5c4e8eaad584 - std[70759c8f55707aa4]::sys::backtrace::__rust_begin_short_backtrace::<test[9d35eded1c95d3be]::run_test::{closure#1}, ()>
[INFO] [stdout]   20:     0x5c4e8eab6e22 - <std[70759c8f55707aa4]::thread::lifecycle::spawn_unchecked<test[9d35eded1c95d3be]::run_test::{closure#1}, ()>::{closure#1} as core[df12db4294e9bfd3]::ops::function::FnOnce<()>>::call_once::{shim:vtable#0}
[INFO] [stdout]   21:     0x5c4e8eb21db9 - <std[70759c8f55707aa4]::sys::thread::unix::Thread>::new::thread_start
[INFO] [stdout]   22:     0x728cdd433dfa - <unknown>
[INFO] [stdout]   23:     0x728cdd4c73d4 - clone
[INFO] [stdout]   24:                0x0 - <unknown>
[INFO] [stdout] 
[INFO] [stdout] ---- privacy::tests::test_privacy_grant stdout ----
[INFO] [stdout] 
[INFO] [stdout] thread 'privacy::tests::test_privacy_grant' (415) panicked at src/simctl.rs:22:18:
[INFO] [stdout] called `Result::unwrap()` on an `Err` value: Os { code: 2, kind: NotFound, message: "No such file or directory" }
[INFO] [stdout] stack backtrace:
[INFO] [stdout]    0:     0x5c4e8eb224e1 - <<std[70759c8f55707aa4]::sys::backtrace::BacktraceLock>::print::DisplayBacktrace as core[df12db4294e9bfd3]::fmt::Display>::fmt
[INFO] [stdout]    1:     0x5c4e8eb3734a - core[df12db4294e9bfd3]::fmt::write
[INFO] [stdout]    2:     0x5c4e8eb26a5c - <alloc[2182bb758b4b3781]::vec::Vec<u8> as core[df12db4294e9bfd3]::io::write::Write>::write_fmt
[INFO] [stdout]    3:     0x5c4e8eafe116 - std[70759c8f55707aa4]::panicking::default_hook::{closure#0}
[INFO] [stdout]    4:     0x5c4e8eb1ab19 - std[70759c8f55707aa4]::panicking::default_hook
[INFO] [stdout]    5:     0x5c4e8eab3370 - test[9d35eded1c95d3be]::test_main_inner::<test[9d35eded1c95d3be]::test_main_static::{closure#0}>::{closure#0}
[INFO] [stdout]    6:     0x5c4e8eb1acd2 - std[70759c8f55707aa4]::panicking::panic_with_hook
[INFO] [stdout]    7:     0x5c4e8eafe1c2 - std[70759c8f55707aa4]::panicking::panic_handler::{closure#0}
[INFO] [stdout]    8:     0x5c4e8eaf6f49 - std[70759c8f55707aa4]::sys::backtrace::__rust_end_short_backtrace::<std[70759c8f55707aa4]::panicking::panic_handler::{closure#0}, !>
[INFO] [stdout]    9:     0x5c4e8eafedbd - __rustc[8fa7c3cbc660c2b3]::rust_begin_unwind
[INFO] [stdout]   10:     0x5c4e8eb37a7c - core[df12db4294e9bfd3]::panicking::panic_fmt
[INFO] [stdout]   11:     0x5c4e8eb37852 - core[df12db4294e9bfd3]::result::unwrap_failed
[INFO] [stdout]   12:     0x5c4e8ea8caa0 - <creator_simctl[fab49a270d20e336]::simctl::Simctl>::new
[INFO] [stdout]   13:     0x5c4e8ea96461 - creator_simctl[fab49a270d20e336]::mock::device
[INFO] [stdout]   14:     0x5c4e8ea91859 - <creator_simctl[fab49a270d20e336]::privacy::tests::test_privacy_grant::{closure#0} as core[df12db4294e9bfd3]::ops::function::FnOnce<()>>::call_once
[INFO] [stdout]   15:     0x5c4e8ea8b609 - serial_test[5e0bb079bd1b7982]::serial_core_with_return::<creator_simctl[fab49a270d20e336]::error::Error>
[INFO] [stdout]   16:     0x5c4e8ea914a5 - <creator_simctl[fab49a270d20e336]::privacy::tests::test_privacy_grant::{closure#0} as core[df12db4294e9bfd3]::ops::function::FnOnce<()>>::call_once
[INFO] [stdout]   17:     0x5c4e8eaa665b - test[9d35eded1c95d3be]::__rust_begin_short_backtrace::<core[df12db4294e9bfd3]::result::Result<(), alloc[2182bb758b4b3781]::string::String>, fn() -> core[df12db4294e9bfd3]::result::Result<(), alloc[2182bb758b4b3781]::string::String>>
[INFO] [stdout]   18:     0x5c4e8eab3cc5 - test[9d35eded1c95d3be]::run_test::{closure#0}
[INFO] [stdout]   19:     0x5c4e8eaad584 - std[70759c8f55707aa4]::sys::backtrace::__rust_begin_short_backtrace::<test[9d35eded1c95d3be]::run_test::{closure#1}, ()>
[INFO] [stdout]   20:     0x5c4e8eab6e22 - <std[70759c8f55707aa4]::thread::lifecycle::spawn_unchecked<test[9d35eded1c95d3be]::run_test::{closure#1}, ()>::{closure#1} as core[df12db4294e9bfd3]::ops::function::FnOnce<()>>::call_once::{shim:vtable#0}
[INFO] [stdout]   21:     0x5c4e8eb21db9 - <std[70759c8f55707aa4]::sys::thread::unix::Thread>::new::thread_start
[INFO] [stdout]   22:     0x728cdd433dfa - <unknown>
[INFO] [stdout]   23:     0x728cdd4c73d4 - clone
[INFO] [stdout]   24:                0x0 - <unknown>
[INFO] [stdout] 
[INFO] [stdout] ---- shutdown::tests::test_shutdown stdout ----
[INFO] [stdout] 
[INFO] [stdout] thread 'shutdown::tests::test_shutdown' (420) panicked at src/simctl.rs:22:18:
[INFO] [stdout] called `Result::unwrap()` on an `Err` value: Os { code: 2, kind: NotFound, message: "No such file or directory" }
[INFO] [stdout] stack backtrace:
[INFO] [stdout]    0:     0x5c4e8eb224e1 - <<std[70759c8f55707aa4]::sys::backtrace::BacktraceLock>::print::DisplayBacktrace as core[df12db4294e9bfd3]::fmt::Display>::fmt
[INFO] [stdout]    1:     0x5c4e8eb3734a - core[df12db4294e9bfd3]::fmt::write
[INFO] [stdout]    2:     0x5c4e8eb26a5c - <alloc[2182bb758b4b3781]::vec::Vec<u8> as core[df12db4294e9bfd3]::io::write::Write>::write_fmt
[INFO] [stdout]    3:     0x5c4e8eafe116 - std[70759c8f55707aa4]::panicking::default_hook::{closure#0}
[INFO] [stdout]    4:     0x5c4e8eb1ab19 - std[70759c8f55707aa4]::panicking::default_hook
[INFO] [stdout]    5:     0x5c4e8eab3370 - test[9d35eded1c95d3be]::test_main_inner::<test[9d35eded1c95d3be]::test_main_static::{closure#0}>::{closure#0}
[INFO] [stdout]    6:     0x5c4e8eb1acd2 - std[70759c8f55707aa4]::panicking::panic_with_hook
[INFO] [stdout]    7:     0x5c4e8eafe1c2 - std[70759c8f55707aa4]::panicking::panic_handler::{closure#0}
[INFO] [stdout]    8:     0x5c4e8eaf6f49 - std[70759c8f55707aa4]::sys::backtrace::__rust_end_short_backtrace::<std[70759c8f55707aa4]::panicking::panic_handler::{closure#0}, !>
[INFO] [stdout]    9:     0x5c4e8eafedbd - __rustc[8fa7c3cbc660c2b3]::rust_begin_unwind
[INFO] [stdout]   10:     0x5c4e8eb37a7c - core[df12db4294e9bfd3]::panicking::panic_fmt
[INFO] [stdout]   11:     0x5c4e8eb37852 - core[df12db4294e9bfd3]::result::unwrap_failed
[INFO] [stdout]   12:     0x5c4e8ea8caa0 - <creator_simctl[fab49a270d20e336]::simctl::Simctl>::new
[INFO] [stdout]   13:     0x5c4e8ea96461 - creator_simctl[fab49a270d20e336]::mock::device
[INFO] [stdout]   14:     0x5c4e8ea935ee - <creator_simctl[fab49a270d20e336]::shutdown::tests::test_shutdown::{closure#0} as core[df12db4294e9bfd3]::ops::function::FnOnce<()>>::call_once
[INFO] [stdout]   15:     0x5c4e8ea8b609 - serial_test[5e0bb079bd1b7982]::serial_core_with_return::<creator_simctl[fab49a270d20e336]::error::Error>
[INFO] [stdout]   16:     0x5c4e8ea93505 - <creator_simctl[fab49a270d20e336]::shutdown::tests::test_shutdown::{closure#0} as core[df12db4294e9bfd3]::ops::function::FnOnce<()>>::call_once
[INFO] [stdout]   17:     0x5c4e8eaa665b - test[9d35eded1c95d3be]::__rust_begin_short_backtrace::<core[df12db4294e9bfd3]::result::Result<(), alloc[2182bb758b4b3781]::string::String>, fn() -> core[df12db4294e9bfd3]::result::Result<(), alloc[2182bb758b4b3781]::string::String>>
[INFO] [stdout]   18:     0x5c4e8eab3cc5 - test[9d35eded1c95d3be]::run_test::{closure#0}
[INFO] [stdout]   19:     0x5c4e8eaad584 - std[70759c8f55707aa4]::sys::backtrace::__rust_begin_short_backtrace::<test[9d35eded1c95d3be]::run_test::{closure#1}, ()>
[INFO] [stdout]   20:     0x5c4e8eab6e22 - <std[70759c8f55707aa4]::thread::lifecycle::spawn_unchecked<test[9d35eded1c95d3be]::run_test::{closure#1}, ()>::{closure#1} as core[df12db4294e9bfd3]::ops::function::FnOnce<()>>::call_once::{shim:vtable#0}
[INFO] [stdout]   21:     0x5c4e8eb21db9 - <std[70759c8f55707aa4]::sys::thread::unix::Thread>::new::thread_start
[INFO] [stdout]   22:     0x728cdd433dfa - <unknown>
[INFO] [stdout]   23:     0x728cdd4c73d4 - clone
[INFO] [stdout]   24:                0x0 - <unknown>
[INFO] [stdout] 
[INFO] [stdout] ---- keychain::tests::test_keychain_reset stdout ----
[INFO] [stdout] 
[INFO] [stdout] thread 'keychain::tests::test_keychain_reset' (409) panicked at src/simctl.rs:22:18:
[INFO] [stdout] called `Result::unwrap()` on an `Err` value: Os { code: 2, kind: NotFound, message: "No such file or directory" }
[INFO] [stdout] stack backtrace:
[INFO] [stdout]    0:     0x5c4e8eb224e1 - <<std[70759c8f55707aa4]::sys::backtrace::BacktraceLock>::print::DisplayBacktrace as core[df12db4294e9bfd3]::fmt::Display>::fmt
[INFO] [stdout]    1:     0x5c4e8eb3734a - core[df12db4294e9bfd3]::fmt::write
[INFO] [stdout]    2:     0x5c4e8eb26a5c - <alloc[2182bb758b4b3781]::vec::Vec<u8> as core[df12db4294e9bfd3]::io::write::Write>::write_fmt
[INFO] [stdout]    3:     0x5c4e8eafe116 - std[70759c8f55707aa4]::panicking::default_hook::{closure#0}
[INFO] [stdout]    4:     0x5c4e8eb1ab19 - std[70759c8f55707aa4]::panicking::default_hook
[INFO] [stdout]    5:     0x5c4e8eab3370 - test[9d35eded1c95d3be]::test_main_inner::<test[9d35eded1c95d3be]::test_main_static::{closure#0}>::{closure#0}
[INFO] [stdout]    6:     0x5c4e8eb1acd2 - std[70759c8f55707aa4]::panicking::panic_with_hook
[INFO] [stdout]    7:     0x5c4e8eafe1c2 - std[70759c8f55707aa4]::panicking::panic_handler::{closure#0}
[INFO] [stdout]    8:     0x5c4e8eaf6f49 - std[70759c8f55707aa4]::sys::backtrace::__rust_end_short_backtrace::<std[70759c8f55707aa4]::panicking::panic_handler::{closure#0}, !>
[INFO] [stdout]    9:     0x5c4e8eafedbd - __rustc[8fa7c3cbc660c2b3]::rust_begin_unwind
[INFO] [stdout]   10:     0x5c4e8eb37a7c - core[df12db4294e9bfd3]::panicking::panic_fmt
[INFO] [stdout]   11:     0x5c4e8eb37852 - core[df12db4294e9bfd3]::result::unwrap_failed
[INFO] [stdout]   12:     0x5c4e8ea8caa0 - <creator_simctl[fab49a270d20e336]::simctl::Simctl>::new
[INFO] [stdout]   13:     0x5c4e8ea96461 - creator_simctl[fab49a270d20e336]::mock::device
[INFO] [stdout]   14:     0x5c4e8ea96d71 - <creator_simctl[fab49a270d20e336]::keychain::tests::test_keychain_reset::{closure#0} as core[df12db4294e9bfd3]::ops::function::FnOnce<()>>::call_once
[INFO] [stdout]   15:     0x5c4e8ea8b609 - serial_test[5e0bb079bd1b7982]::serial_core_with_return::<creator_simctl[fab49a270d20e336]::error::Error>
[INFO] [stdout]   16:     0x5c4e8ea93325 - <creator_simctl[fab49a270d20e336]::keychain::tests::test_keychain_reset::{closure#0} as core[df12db4294e9bfd3]::ops::function::FnOnce<()>>::call_once
[INFO] [stdout]   17:     0x5c4e8eaa665b - test[9d35eded1c95d3be]::__rust_begin_short_backtrace::<core[df12db4294e9bfd3]::result::Result<(), alloc[2182bb758b4b3781]::string::String>, fn() -> core[df12db4294e9bfd3]::result::Result<(), alloc[2182bb758b4b3781]::string::String>>
[INFO] [stdout]   18:     0x5c4e8eab3cc5 - test[9d35eded1c95d3be]::run_test::{closure#0}
[INFO] [stdout]   19:     0x5c4e8eaad584 - std[70759c8f55707aa4]::sys::backtrace::__rust_begin_short_backtrace::<test[9d35eded1c95d3be]::run_test::{closure#1}, ()>
[INFO] [stdout]   20:     0x5c4e8eab6e22 - <std[70759c8f55707aa4]::thread::lifecycle::spawn_unchecked<test[9d35eded1c95d3be]::run_test::{closure#1}, ()>::{closure#1} as core[df12db4294e9bfd3]::ops::function::FnOnce<()>>::call_once::{shim:vtable#0}
[INFO] [stdout]   21:     0x5c4e8eb21db9 - <std[70759c8f55707aa4]::sys::thread::unix::Thread>::new::thread_start
[INFO] [stdout]   22:     0x728cdd433dfa - <unknown>
[INFO] [stdout]   23:     0x728cdd4c73d4 - clone
[INFO] [stdout]   24:                0x0 - <unknown>
[INFO] [stdout] 
[INFO] [stdout] ---- io::tests::test_screenshot stdout ----
[INFO] [stdout] 
[INFO] [stdout] thread 'io::tests::test_screenshot' (408) panicked at src/simctl.rs:22:18:
[INFO] [stdout] called `Result::unwrap()` on an `Err` value: Os { code: 2, kind: NotFound, message: "No such file or directory" }
[INFO] [stdout] stack backtrace:
[INFO] [stdout]    0:     0x5c4e8eb224e1 - <<std[70759c8f55707aa4]::sys::backtrace::BacktraceLock>::print::DisplayBacktrace as core[df12db4294e9bfd3]::fmt::Display>::fmt
[INFO] [stdout]    1:     0x5c4e8eb3734a - core[df12db4294e9bfd3]::fmt::write
[INFO] [stdout]    2:     0x5c4e8eb26a5c - <alloc[2182bb758b4b3781]::vec::Vec<u8> as core[df12db4294e9bfd3]::io::write::Write>::write_fmt
[INFO] [stdout]    3:     0x5c4e8eafe116 - std[70759c8f55707aa4]::panicking::default_hook::{closure#0}
[INFO] [stdout]    4:     0x5c4e8eb1ab19 - std[70759c8f55707aa4]::panicking::default_hook
[INFO] [stdout]    5:     0x5c4e8eab3370 - test[9d35eded1c95d3be]::test_main_inner::<test[9d35eded1c95d3be]::test_main_static::{closure#0}>::{closure#0}
[INFO] [stdout]    6:     0x5c4e8eb1acd2 - std[70759c8f55707aa4]::panicking::panic_with_hook
[INFO] [stdout]    7:     0x5c4e8eafe1c2 - std[70759c8f55707aa4]::panicking::panic_handler::{closure#0}
[INFO] [stdout]    8:     0x5c4e8eaf6f49 - std[70759c8f55707aa4]::sys::backtrace::__rust_end_short_backtrace::<std[70759c8f55707aa4]::panicking::panic_handler::{closure#0}, !>
[INFO] [stdout]    9:     0x5c4e8eafedbd - __rustc[8fa7c3cbc660c2b3]::rust_begin_unwind
[INFO] [stdout]   10:     0x5c4e8eb37a7c - core[df12db4294e9bfd3]::panicking::panic_fmt
[INFO] [stdout]   11:     0x5c4e8eb37852 - core[df12db4294e9bfd3]::result::unwrap_failed
[INFO] [stdout]   12:     0x5c4e8ea8caa0 - <creator_simctl[fab49a270d20e336]::simctl::Simctl>::new
[INFO] [stdout]   13:     0x5c4e8ea96461 - creator_simctl[fab49a270d20e336]::mock::device
[INFO] [stdout]   14:     0x5c4e8ea9c061 - <creator_simctl[fab49a270d20e336]::io::tests::test_screenshot::{closure#0} as core[df12db4294e9bfd3]::ops::function::FnOnce<()>>::call_once
[INFO] [stdout]   15:     0x5c4e8ea8b609 - serial_test[5e0bb079bd1b7982]::serial_core_with_return::<creator_simctl[fab49a270d20e336]::error::Error>
[INFO] [stdout]   16:     0x5c4e8ea8fae5 - <creator_simctl[fab49a270d20e336]::io::tests::test_screenshot::{closure#0} as core[df12db4294e9bfd3]::ops::function::FnOnce<()>>::call_once
[INFO] [stdout]   17:     0x5c4e8eaa665b - test[9d35eded1c95d3be]::__rust_begin_short_backtrace::<core[df12db4294e9bfd3]::result::Result<(), alloc[2182bb758b4b3781]::string::String>, fn() -> core[df12db4294e9bfd3]::result::Result<(), alloc[2182bb758b4b3781]::string::String>>
[INFO] [stdout]   18:     0x5c4e8eab3cc5 - test[9d35eded1c95d3be]::run_test::{closure#0}
[INFO] [stdout]   19:     0x5c4e8eaad584 - std[70759c8f55707aa4]::sys::backtrace::__rust_begin_short_backtrace::<test[9d35eded1c95d3be]::run_test::{closure#1}, ()>
[INFO] [stdout]   20:     0x5c4e8eab6e22 - <std[70759c8f55707aa4]::thread::lifecycle::spawn_unchecked<test[9d35eded1c95d3be]::run_test::{closure#1}, ()>::{closure#1} as core[df12db4294e9bfd3]::ops::function::FnOnce<()>>::call_once::{shim:vtable#0}
[INFO] [stdout]   21:     0x5c4e8eb21db9 - <std[70759c8f55707aa4]::sys::thread::unix::Thread>::new::thread_start
[INFO] [stdout]   22:     0x728cdd433dfa - <unknown>
[INFO] [stdout]   23:     0x728cdd4c73d4 - clone
[INFO] [stdout]   24:                0x0 - <unknown>
[INFO] [stdout] 
[INFO] [stdout] ---- push::tests::test_push stdout ----
[INFO] [stdout] 
[INFO] [stderr] error: test failed, to rerun pass `--lib`
[INFO] [stdout] thread 'push::tests::test_push' (419) panicked at src/simctl.rs:22:18:
[INFO] [stdout] called `Result::unwrap()` on an `Err` value: Os { code: 2, kind: NotFound, message: "No such file or directory" }
[INFO] [stdout] stack backtrace:
[INFO] [stdout]    0:     0x5c4e8eb224e1 - <<std[70759c8f55707aa4]::sys::backtrace::BacktraceLock>::print::DisplayBacktrace as core[df12db4294e9bfd3]::fmt::Display>::fmt
[INFO] [stdout]    1:     0x5c4e8eb3734a - core[df12db4294e9bfd3]::fmt::write
[INFO] [stdout]    2:     0x5c4e8eb26a5c - <alloc[2182bb758b4b3781]::vec::Vec<u8> as core[df12db4294e9bfd3]::io::write::Write>::write_fmt
[INFO] [stdout]    3:     0x5c4e8eafe116 - std[70759c8f55707aa4]::panicking::default_hook::{closure#0}
[INFO] [stdout]    4:     0x5c4e8eb1ab19 - std[70759c8f55707aa4]::panicking::default_hook
[INFO] [stdout]    5:     0x5c4e8eab3370 - test[9d35eded1c95d3be]::test_main_inner::<test[9d35eded1c95d3be]::test_main_static::{closure#0}>::{closure#0}
[INFO] [stdout]    6:     0x5c4e8eb1acd2 - std[70759c8f55707aa4]::panicking::panic_with_hook
[INFO] [stdout]    7:     0x5c4e8eafe1c2 - std[70759c8f55707aa4]::panicking::panic_handler::{closure#0}
[INFO] [stdout]    8:     0x5c4e8eaf6f49 - std[70759c8f55707aa4]::sys::backtrace::__rust_end_short_backtrace::<std[70759c8f55707aa4]::panicking::panic_handler::{closure#0}, !>
[INFO] [stdout]    9:     0x5c4e8eafedbd - __rustc[8fa7c3cbc660c2b3]::rust_begin_unwind
[INFO] [stdout]   10:     0x5c4e8eb37a7c - core[df12db4294e9bfd3]::panicking::panic_fmt
[INFO] [stdout]   11:     0x5c4e8eb37852 - core[df12db4294e9bfd3]::result::unwrap_failed
[INFO] [stdout]   12:     0x5c4e8ea8caa0 - <creator_simctl[fab49a270d20e336]::simctl::Simctl>::new
[INFO] [stdout]   13:     0x5c4e8ea96461 - creator_simctl[fab49a270d20e336]::mock::device
[INFO] [stdout]   14:     0x5c4e8ea9ce2c - <creator_simctl[fab49a270d20e336]::push::tests::test_push::{closure#0} as core[df12db4294e9bfd3]::ops::function::FnOnce<()>>::call_once
[INFO] [stdout]   15:     0x5c4e8ea8b609 - serial_test[5e0bb079bd1b7982]::serial_core_with_return::<creator_simctl[fab49a270d20e336]::error::Error>
[INFO] [stdout]   16:     0x5c4e8ea90855 - <creator_simctl[fab49a270d20e336]::push::tests::test_push::{closure#0} as core[df12db4294e9bfd3]::ops::function::FnOnce<()>>::call_once
[INFO] [stdout]   17:     0x5c4e8eaa665b - test[9d35eded1c95d3be]::__rust_begin_short_backtrace::<core[df12db4294e9bfd3]::result::Result<(), alloc[2182bb758b4b3781]::string::String>, fn() -> core[df12db4294e9bfd3]::result::Result<(), alloc[2182bb758b4b3781]::string::String>>
[INFO] [stdout]   18:     0x5c4e8eab3cc5 - test[9d35eded1c95d3be]::run_test::{closure#0}
[INFO] [stdout]   19:     0x5c4e8eaad584 - std[70759c8f55707aa4]::sys::backtrace::__rust_begin_short_backtrace::<test[9d35eded1c95d3be]::run_test::{closure#1}, ()>
[INFO] [stdout]   20:     0x5c4e8eab6e22 - <std[70759c8f55707aa4]::thread::lifecycle::spawn_unchecked<test[9d35eded1c95d3be]::run_test::{closure#1}, ()>::{closure#1} as core[df12db4294e9bfd3]::ops::function::FnOnce<()>>::call_once::{shim:vtable#0}
[INFO] [stdout]   21:     0x5c4e8eb21db9 - <std[70759c8f55707aa4]::sys::thread::unix::Thread>::new::thread_start
[INFO] [stdout]   22:     0x728cdd433dfa - <unknown>
[INFO] [stdout]   23:     0x728cdd4c73d4 - clone
[INFO] [stdout]   24:                0x0 - <unknown>
[INFO] [stdout] 
[INFO] [stdout] ---- privacy::tests::test_privacy_reset stdout ----
[INFO] [stdout] 
[INFO] [stdout] thread 'privacy::tests::test_privacy_reset' (416) panicked at src/simctl.rs:22:18:
[INFO] [stdout] called `Result::unwrap()` on an `Err` value: Os { code: 2, kind: NotFound, message: "No such file or directory" }
[INFO] [stdout] stack backtrace:
[INFO] [stdout]    0:     0x5c4e8eb224e1 - <<std[70759c8f55707aa4]::sys::backtrace::BacktraceLock>::print::DisplayBacktrace as core[df12db4294e9bfd3]::fmt::Display>::fmt
[INFO] [stdout]    1:     0x5c4e8eb3734a - core[df12db4294e9bfd3]::fmt::write
[INFO] [stdout]    2:     0x5c4e8eb26a5c - <alloc[2182bb758b4b3781]::vec::Vec<u8> as core[df12db4294e9bfd3]::io::write::Write>::write_fmt
[INFO] [stdout]    3:     0x5c4e8eafe116 - std[70759c8f55707aa4]::panicking::default_hook::{closure#0}
[INFO] [stdout]    4:     0x5c4e8eb1ab19 - std[70759c8f55707aa4]::panicking::default_hook
[INFO] [stdout]    5:     0x5c4e8eab3370 - test[9d35eded1c95d3be]::test_main_inner::<test[9d35eded1c95d3be]::test_main_static::{closure#0}>::{closure#0}
[INFO] [stdout]    6:     0x5c4e8eb1acd2 - std[70759c8f55707aa4]::panicking::panic_with_hook
[INFO] [stdout]    7:     0x5c4e8eafe1c2 - std[70759c8f55707aa4]::panicking::panic_handler::{closure#0}
[INFO] [stdout]    8:     0x5c4e8eaf6f49 - std[70759c8f55707aa4]::sys::backtrace::__rust_end_short_backtrace::<std[70759c8f55707aa4]::panicking::panic_handler::{closure#0}, !>
[INFO] [stdout]    9:     0x5c4e8eafedbd - __rustc[8fa7c3cbc660c2b3]::rust_begin_unwind
[INFO] [stdout]   10:     0x5c4e8eb37a7c - core[df12db4294e9bfd3]::panicking::panic_fmt
[INFO] [stdout]   11:     0x5c4e8eb37852 - core[df12db4294e9bfd3]::result::unwrap_failed
[INFO] [stdout]   12:     0x5c4e8ea8caa0 - <creator_simctl[fab49a270d20e336]::simctl::Simctl>::new
[INFO] [stdout]   13:     0x5c4e8ea96461 - creator_simctl[fab49a270d20e336]::mock::device
[INFO] [stdout]   14:     0x5c4e8ea91c71 - <creator_simctl[fab49a270d20e336]::privacy::tests::test_privacy_reset::{closure#0} as core[df12db4294e9bfd3]::ops::function::FnOnce<()>>::call_once
[INFO] [stdout]   15:     0x5c4e8ea8b609 - serial_test[5e0bb079bd1b7982]::serial_core_with_return::<creator_simctl[fab49a270d20e336]::error::Error>
[INFO] [stdout]   16:     0x5c4e8ea91595 - <creator_simctl[fab49a270d20e336]::privacy::tests::test_privacy_reset::{closure#0} as core[df12db4294e9bfd3]::ops::function::FnOnce<()>>::call_once
[INFO] [stdout]   17:     0x5c4e8eaa665b - test[9d35eded1c95d3be]::__rust_begin_short_backtrace::<core[df12db4294e9bfd3]::result::Result<(), alloc[2182bb758b4b3781]::string::String>, fn() -> core[df12db4294e9bfd3]::result::Result<(), alloc[2182bb758b4b3781]::string::String>>
[INFO] [stdout]   18:     0x5c4e8eab3cc5 - test[9d35eded1c95d3be]::run_test::{closure#0}
[INFO] [stdout]   19:     0x5c4e8eaad584 - std[70759c8f55707aa4]::sys::backtrace::__rust_begin_short_backtrace::<test[9d35eded1c95d3be]::run_test::{closure#1}, ()>
[INFO] [stdout]   20:     0x5c4e8eab6e22 - <std[70759c8f55707aa4]::thread::lifecycle::spawn_unchecked<test[9d35eded1c95d3be]::run_test::{closure#1}, ()>::{closure#1} as core[df12db4294e9bfd3]::ops::function::FnOnce<()>>::call_once::{shim:vtable#0}
[INFO] [stdout]   21:     0x5c4e8eb21db9 - <std[70759c8f55707aa4]::sys::thread::unix::Thread>::new::thread_start
[INFO] [stdout]   22:     0x728cdd433dfa - <unknown>
[INFO] [stdout]   23:     0x728cdd4c73d4 - clone
[INFO] [stdout]   24:                0x0 - <unknown>
[INFO] [stdout] 
[INFO] [stdout] ---- terminate::tests::test_terminate stdout ----
[INFO] [stdout] 
[INFO] [stdout] thread 'terminate::tests::test_terminate' (423) panicked at src/simctl.rs:22:18:
[INFO] [stdout] called `Result::unwrap()` on an `Err` value: Os { code: 2, kind: NotFound, message: "No such file or directory" }
[INFO] [stdout] stack backtrace:
[INFO] [stdout]    0:     0x5c4e8eb224e1 - <<std[70759c8f55707aa4]::sys::backtrace::BacktraceLock>::print::DisplayBacktrace as core[df12db4294e9bfd3]::fmt::Display>::fmt
[INFO] [stdout]    1:     0x5c4e8eb3734a - core[df12db4294e9bfd3]::fmt::write
[INFO] [stdout]    2:     0x5c4e8eb26a5c - <alloc[2182bb758b4b3781]::vec::Vec<u8> as core[df12db4294e9bfd3]::io::write::Write>::write_fmt
[INFO] [stdout]    3:     0x5c4e8eafe116 - std[70759c8f55707aa4]::panicking::default_hook::{closure#0}
[INFO] [stdout]    4:     0x5c4e8eb1ab19 - std[70759c8f55707aa4]::panicking::default_hook
[INFO] [stdout]    5:     0x5c4e8eab3370 - test[9d35eded1c95d3be]::test_main_inner::<test[9d35eded1c95d3be]::test_main_static::{closure#0}>::{closure#0}
[INFO] [stdout]    6:     0x5c4e8eb1acd2 - std[70759c8f55707aa4]::panicking::panic_with_hook
[INFO] [stdout]    7:     0x5c4e8eafe1c2 - std[70759c8f55707aa4]::panicking::panic_handler::{closure#0}
[INFO] [stdout]    8:     0x5c4e8eaf6f49 - std[70759c8f55707aa4]::sys::backtrace::__rust_end_short_backtrace::<std[70759c8f55707aa4]::panicking::panic_handler::{closure#0}, !>
[INFO] [stdout]    9:     0x5c4e8eafedbd - __rustc[8fa7c3cbc660c2b3]::rust_begin_unwind
[INFO] [stdout]   10:     0x5c4e8eb37a7c - core[df12db4294e9bfd3]::panicking::panic_fmt
[INFO] [stdout]   11:     0x5c4e8eb37852 - core[df12db4294e9bfd3]::result::unwrap_failed
[INFO] [stdout]   12:     0x5c4e8ea8caa0 - <creator_simctl[fab49a270d20e336]::simctl::Simctl>::new
[INFO] [stdout]   13:     0x5c4e8ea96461 - creator_simctl[fab49a270d20e336]::mock::device
[INFO] [stdout]   14:     0x5c4e8ea9fd80 - <creator_simctl[fab49a270d20e336]::terminate::tests::test_terminate::{closure#0} as core[df12db4294e9bfd3]::ops::function::FnOnce<()>>::call_once
[INFO] [stdout]   15:     0x5c4e8ea8b609 - serial_test[5e0bb079bd1b7982]::serial_core_with_return::<creator_simctl[fab49a270d20e336]::error::Error>
[INFO] [stdout]   16:     0x5c4e8ea93a75 - <creator_simctl[fab49a270d20e336]::terminate::tests::test_terminate::{closure#0} as core[df12db4294e9bfd3]::ops::function::FnOnce<()>>::call_once
[INFO] [stdout]   17:     0x5c4e8eaa665b - test[9d35eded1c95d3be]::__rust_begin_short_backtrace::<core[df12db4294e9bfd3]::result::Result<(), alloc[2182bb758b4b3781]::string::String>, fn() -> core[df12db4294e9bfd3]::result::Result<(), alloc[2182bb758b4b3781]::string::String>>
[INFO] [stdout]   18:     0x5c4e8eab3cc5 - test[9d35eded1c95d3be]::run_test::{closure#0}
[INFO] [stdout]   19:     0x5c4e8eaad584 - std[70759c8f55707aa4]::sys::backtrace::__rust_begin_short_backtrace::<test[9d35eded1c95d3be]::run_test::{closure#1}, ()>
[INFO] [stdout]   20:     0x5c4e8eab6e22 - <std[70759c8f55707aa4]::thread::lifecycle::spawn_unchecked<test[9d35eded1c95d3be]::run_test::{closure#1}, ()>::{closure#1} as core[df12db4294e9bfd3]::ops::function::FnOnce<()>>::call_once::{shim:vtable#0}
[INFO] [stdout]   21:     0x5c4e8eb21db9 - <std[70759c8f55707aa4]::sys::thread::unix::Thread>::new::thread_start
[INFO] [stdout]   22:     0x728cdd433dfa - <unknown>
[INFO] [stdout]   23:     0x728cdd4c73d4 - clone
[INFO] [stdout]   24:                0x0 - <unknown>
[INFO] [stdout] 
[INFO] [stdout] ---- ui::tests::test_appearance stdout ----
[INFO] [stdout] 
[INFO] [stdout] thread 'ui::tests::test_appearance' (424) panicked at src/simctl.rs:22:18:
[INFO] [stdout] called `Result::unwrap()` on an `Err` value: Os { code: 2, kind: NotFound, message: "No such file or directory" }
[INFO] [stdout] stack backtrace:
[INFO] [stdout]    0:     0x5c4e8eb224e1 - <<std[70759c8f55707aa4]::sys::backtrace::BacktraceLock>::print::DisplayBacktrace as core[df12db4294e9bfd3]::fmt::Display>::fmt
[INFO] [stdout]    1:     0x5c4e8eb3734a - core[df12db4294e9bfd3]::fmt::write
[INFO] [stdout]    2:     0x5c4e8eb26a5c - <alloc[2182bb758b4b3781]::vec::Vec<u8> as core[df12db4294e9bfd3]::io::write::Write>::write_fmt
[INFO] [stdout]    3:     0x5c4e8eafe116 - std[70759c8f55707aa4]::panicking::default_hook::{closure#0}
[INFO] [stdout]    4:     0x5c4e8eb1ab19 - std[70759c8f55707aa4]::panicking::default_hook
[INFO] [stdout]    5:     0x5c4e8eab3370 - test[9d35eded1c95d3be]::test_main_inner::<test[9d35eded1c95d3be]::test_main_static::{closure#0}>::{closure#0}
[INFO] [stdout]    6:     0x5c4e8eb1acd2 - std[70759c8f55707aa4]::panicking::panic_with_hook
[INFO] [stdout]    7:     0x5c4e8eafe1c2 - std[70759c8f55707aa4]::panicking::panic_handler::{closure#0}
[INFO] [stdout]    8:     0x5c4e8eaf6f49 - std[70759c8f55707aa4]::sys::backtrace::__rust_end_short_backtrace::<std[70759c8f55707aa4]::panicking::panic_handler::{closure#0}, !>
[INFO] [stdout]    9:     0x5c4e8eafedbd - __rustc[8fa7c3cbc660c2b3]::rust_begin_unwind
[INFO] [stdout]   10:     0x5c4e8eb37a7c - core[df12db4294e9bfd3]::panicking::panic_fmt
[INFO] [stdout]   11:     0x5c4e8eb37852 - core[df12db4294e9bfd3]::result::unwrap_failed
[INFO] [stdout]   12:     0x5c4e8ea8caa0 - <creator_simctl[fab49a270d20e336]::simctl::Simctl>::new
[INFO] [stdout]   13:     0x5c4e8ea96461 - creator_simctl[fab49a270d20e336]::mock::device
[INFO] [stdout]   14:     0x5c4e8ea8fcbe - <creator_simctl[fab49a270d20e336]::ui::tests::test_appearance::{closure#0} as core[df12db4294e9bfd3]::ops::function::FnOnce<()>>::call_once
[INFO] [stdout]   15:     0x5c4e8ea8b609 - serial_test[5e0bb079bd1b7982]::serial_core_with_return::<creator_simctl[fab49a270d20e336]::error::Error>
[INFO] [stdout]   16:     0x5c4e8ea8fbd5 - <creator_simctl[fab49a270d20e336]::ui::tests::test_appearance::{closure#0} as core[df12db4294e9bfd3]::ops::function::FnOnce<()>>::call_once
[INFO] [stdout]   17:     0x5c4e8eaa665b - test[9d35eded1c95d3be]::__rust_begin_short_backtrace::<core[df12db4294e9bfd3]::result::Result<(), alloc[2182bb758b4b3781]::string::String>, fn() -> core[df12db4294e9bfd3]::result::Result<(), alloc[2182bb758b4b3781]::string::String>>
[INFO] [stdout]   18:     0x5c4e8eab3cc5 - test[9d35eded1c95d3be]::run_test::{closure#0}
[INFO] [stdout]   19:     0x5c4e8eaad584 - std[70759c8f55707aa4]::sys::backtrace::__rust_begin_short_backtrace::<test[9d35eded1c95d3be]::run_test::{closure#1}, ()>
[INFO] [stdout]   20:     0x5c4e8eab6e22 - <std[70759c8f55707aa4]::thread::lifecycle::spawn_unchecked<test[9d35eded1c95d3be]::run_test::{closure#1}, ()>::{closure#1} as core[df12db4294e9bfd3]::ops::function::FnOnce<()>>::call_once::{shim:vtable#0}
[INFO] [stdout]   21:     0x5c4e8eb21db9 - <std[70759c8f55707aa4]::sys::thread::unix::Thread>::new::thread_start
[INFO] [stdout]   22:     0x728cdd433dfa - <unknown>
[INFO] [stdout]   23:     0x728cdd4c73d4 - clone
[INFO] [stdout]   24:                0x0 - <unknown>
[INFO] [stdout] 
[INFO] [stdout] ---- boot::tests::test_boot stdout ----
[INFO] [stdout] 
[INFO] [stdout] thread 'boot::tests::test_boot' (404) panicked at src/simctl.rs:22:18:
[INFO] [stdout] called `Result::unwrap()` on an `Err` value: Os { code: 2, kind: NotFound, message: "No such file or directory" }
[INFO] [stdout] stack backtrace:
[INFO] [stdout]    0:     0x5c4e8eb224e1 - <<std[70759c8f55707aa4]::sys::backtrace::BacktraceLock>::print::DisplayBacktrace as core[df12db4294e9bfd3]::fmt::Display>::fmt
[INFO] [stdout]    1:     0x5c4e8eb3734a - core[df12db4294e9bfd3]::fmt::write
[INFO] [stdout]    2:     0x5c4e8eb26a5c - <alloc[2182bb758b4b3781]::vec::Vec<u8> as core[df12db4294e9bfd3]::io::write::Write>::write_fmt
[INFO] [stdout]    3:     0x5c4e8eafe116 - std[70759c8f55707aa4]::panicking::default_hook::{closure#0}
[INFO] [stdout]    4:     0x5c4e8eb1ab19 - std[70759c8f55707aa4]::panicking::default_hook
[INFO] [stdout]    5:     0x5c4e8eab3370 - test[9d35eded1c95d3be]::test_main_inner::<test[9d35eded1c95d3be]::test_main_static::{closure#0}>::{closure#0}
[INFO] [stdout]    6:     0x5c4e8eb1acd2 - std[70759c8f55707aa4]::panicking::panic_with_hook
[INFO] [stdout]    7:     0x5c4e8eafe1c2 - std[70759c8f55707aa4]::panicking::panic_handler::{closure#0}
[INFO] [stdout]    8:     0x5c4e8eaf6f49 - std[70759c8f55707aa4]::sys::backtrace::__rust_end_short_backtrace::<std[70759c8f55707aa4]::panicking::panic_handler::{closure#0}, !>
[INFO] [stdout]    9:     0x5c4e8eafedbd - __rustc[8fa7c3cbc660c2b3]::rust_begin_unwind
[INFO] [stdout]   10:     0x5c4e8eb37a7c - core[df12db4294e9bfd3]::panicking::panic_fmt
[INFO] [stdout]   11:     0x5c4e8eb37852 - core[df12db4294e9bfd3]::result::unwrap_failed
[INFO] [stdout]   12:     0x5c4e8ea8caa0 - <creator_simctl[fab49a270d20e336]::simctl::Simctl>::new
[INFO] [stdout]   13:     0x5c4e8ea96461 - creator_simctl[fab49a270d20e336]::mock::device
[INFO] [stdout]   14:     0x5c4e8ea9c9ae - <creator_simctl[fab49a270d20e336]::boot::tests::test_boot::{closure#0} as core[df12db4294e9bfd3]::ops::function::FnOnce<()>>::call_once
[INFO] [stdout]   15:     0x5c4e8ea8b609 - serial_test[5e0bb079bd1b7982]::serial_core_with_return::<creator_simctl[fab49a270d20e336]::error::Error>
[INFO] [stdout]   16:     0x5c4e8ea90685 - <creator_simctl[fab49a270d20e336]::boot::tests::test_boot::{closure#0} as core[df12db4294e9bfd3]::ops::function::FnOnce<()>>::call_once
[INFO] [stdout]   17:     0x5c4e8eaa665b - test[9d35eded1c95d3be]::__rust_begin_short_backtrace::<core[df12db4294e9bfd3]::result::Result<(), alloc[2182bb758b4b3781]::string::String>, fn() -> core[df12db4294e9bfd3]::result::Result<(), alloc[2182bb758b4b3781]::string::String>>
[INFO] [stdout]   18:     0x5c4e8eab3cc5 - test[9d35eded1c95d3be]::run_test::{closure#0}
[INFO] [stdout]   19:     0x5c4e8eaad584 - std[70759c8f55707aa4]::sys::backtrace::__rust_begin_short_backtrace::<test[9d35eded1c95d3be]::run_test::{closure#1}, ()>
[INFO] [stdout]   20:     0x5c4e8eab6e22 - <std[70759c8f55707aa4]::thread::lifecycle::spawn_unchecked<test[9d35eded1c95d3be]::run_test::{closure#1}, ()>::{closure#1} as core[df12db4294e9bfd3]::ops::function::FnOnce<()>>::call_once::{shim:vtable#0}
[INFO] [stdout]   21:     0x5c4e8eb21db9 - <std[70759c8f55707aa4]::sys::thread::unix::Thread>::new::thread_start
[INFO] [stdout]   22:     0x728cdd433dfa - <unknown>
[INFO] [stdout]   23:     0x728cdd4c73d4 - clone
[INFO] [stdout]   24:                0x0 - <unknown>
[INFO] [stdout] 
[INFO] [stdout] 
[INFO] [stdout] failures:
[INFO] [stdout]     boot::tests::test_boot
[INFO] [stdout]     get_app_container::tests::test_get_app_container
[INFO] [stdout]     getenv::tests::test_getenv
[INFO] [stdout]     install::tests::test_install
[INFO] [stdout]     io::tests::test_screenshot
[INFO] [stdout]     keychain::tests::test_keychain_reset
[INFO] [stdout]     launch::tests::test_launch
[INFO] [stdout]     list::tests::test_list
[INFO] [stdout]     open_url::tests::test_open_url
[INFO] [stdout]     privacy::tests::test_privacy_grant
[INFO] [stdout]     privacy::tests::test_privacy_reset
[INFO] [stdout]     privacy::tests::test_privacy_reset_all
[INFO] [stdout]     privacy::tests::test_privacy_revoke
[INFO] [stdout]     push::tests::test_push
[INFO] [stdout]     shutdown::tests::test_shutdown
[INFO] [stdout]     status_bar::tests::test_status_bar
[INFO] [stdout]     terminate::tests::test_terminate
[INFO] [stdout]     ui::tests::test_appearance
[INFO] [stdout]     uninstall::tests::test_uninstall
[INFO] [stdout] 
[INFO] [stdout] test result: FAILED. 0 passed; 19 failed; 0 ignored; 0 measured; 0 filtered out; finished in 0.03s
[INFO] [stdout] 
[INFO] running `Command { std: "docker" "inspect" "ac83c1df41510826cf7bd6fc93cc7d19c64d2334c56859e5f49a847e4c49c2c0", kill_on_drop: false }`
[INFO] running `Command { std: "docker" "rm" "-f" "ac83c1df41510826cf7bd6fc93cc7d19c64d2334c56859e5f49a847e4c49c2c0", kill_on_drop: false }`
[INFO] [stdout] ac83c1df41510826cf7bd6fc93cc7d19c64d2334c56859e5f49a847e4c49c2c0
