[INFO] fetching crate crdb-sqlite 0.0.1-alpha.0...
[INFO] testing crdb-sqlite-0.0.1-alpha.0 against 1.99.0-beta.8+cargoflags=--release for beta-release-1.100-2
[INFO] extracting crate crdb-sqlite 0.0.1-alpha.0 into /workspace/builds/worker-2-tc1/source
[INFO] started tweaking crates.io crate crdb-sqlite 0.0.1-alpha.0
[INFO] finished tweaking crates.io crate crdb-sqlite 0.0.1-alpha.0
[INFO] tweaked toml for crates.io crate crdb-sqlite 0.0.1-alpha.0 written to /workspace/builds/worker-2-tc1/source/Cargo.toml
[INFO] validating manifest of crates.io crate crdb-sqlite 0.0.1-alpha.0 on toolchain 1.99.0-beta.8
[INFO] running `Command { std: CARGO_HOME="/workspace/cargo-home" RUSTUP_HOME="/workspace/rustup-home" "/workspace/cargo-home/bin/cargo" "+1.99.0-beta.8" "metadata" "--manifest-path" "Cargo.toml" "--no-deps", kill_on_drop: false }`
[INFO] crate crates.io crate crdb-sqlite 0.0.1-alpha.0 already has a lockfile, it will not be regenerated
[INFO] running `Command { std: CARGO_HOME="/workspace/cargo-home" RUSTUP_HOME="/workspace/rustup-home" "/workspace/cargo-home/bin/cargo" "+1.99.0-beta.8" "fetch" "--manifest-path" "Cargo.toml", kill_on_drop: false }`
[INFO] [stderr]     Updating crates.io index
[INFO] [stderr]  Downloading crates ...
[INFO] [stderr]   Downloaded crdb-macros v0.0.1-alpha.0
[INFO] [stderr]   Downloaded crdb-helpers v0.0.1-alpha.0
[INFO] [stderr]   Downloaded crdb-core v0.0.1-alpha.0
[INFO] [stderr]   Downloaded crdb-test-utils v0.0.1-alpha.0
[INFO] running `Command { std: "docker" "create" "-v" "/var/lib/crater-agent-workspace/builds/worker-2-tc1/source:/opt/rustwide/workdir:ro,Z" "-v" "/var/lib/crater-agent-workspace/builds/worker-2-tc1/target:/opt/rustwide/target:rw,Z" "-v" "/var/lib/crater-agent-workspace/cargo-home:/opt/rustwide/cargo-home:ro,Z" "-v" "/var/lib/crater-agent-workspace/rustup-home:/opt/rustwide/rustup-home:ro,Z" "-m" "1610612736" "--network" "none" "ghcr.io/rust-lang/crates-build-env/linux@sha256:77db811e55d90add9212f6832c23229e3de5f1c1f9905e8cb07319ea15df73ac" "sleep" "infinity", kill_on_drop: false }`
[INFO] [stdout] ab71e380eb1a50941e9f8730930b646a3b506c9586a43f2921062f34b887c0a7
[INFO] running `Command { std: "docker" "start" "ab71e380eb1a50941e9f8730930b646a3b506c9586a43f2921062f34b887c0a7", kill_on_drop: false }`
[INFO] running `Command { std: "docker" "inspect" "ab71e380eb1a50941e9f8730930b646a3b506c9586a43f2921062f34b887c0a7", kill_on_drop: false }`
[INFO] running `Command { std: "docker" "exec" "-e" "SOURCE_DIR=/opt/rustwide/workdir" "-e" "CARGO_HOME=/opt/rustwide/cargo-home" "-e" "RUSTUP_HOME=/opt/rustwide/rustup-home" "-e" "CARGO_TARGET_DIR=/opt/rustwide/target" "-w" "/opt/rustwide/workdir" "--user" "0:0" "ab71e380eb1a50941e9f8730930b646a3b506c9586a43f2921062f34b887c0a7" "/opt/rustwide/cargo-home/bin/cargo" "+1.99.0-beta.8" "metadata" "--no-deps" "--format-version=1", kill_on_drop: false }`
[INFO] running `Command { std: "docker" "inspect" "ab71e380eb1a50941e9f8730930b646a3b506c9586a43f2921062f34b887c0a7", kill_on_drop: false }`
[INFO] running `Command { std: "docker" "exec" "-e" "SOURCE_DIR=/opt/rustwide/workdir" "-e" "CARGO_HOME=/opt/rustwide/cargo-home" "-e" "RUSTUP_HOME=/opt/rustwide/rustup-home" "-e" "CARGO_TARGET_DIR=/opt/rustwide/target" "-e" "CARGO_INCREMENTAL=0" "-e" "RUST_BACKTRACE=full" "-e" "RUSTFLAGS=--cap-lints=warn" "-e" "RUSTDOCFLAGS=--cap-lints=warn" "-w" "/opt/rustwide/workdir" "--user" "0:0" "ab71e380eb1a50941e9f8730930b646a3b506c9586a43f2921062f34b887c0a7" "/opt/rustwide/cargo-home/bin/cargo" "+1.99.0-beta.8" "build" "--frozen" "--message-format=json" "--release", kill_on_drop: false }`
[INFO] [stderr]    Compiling proc-macro2 v1.0.93
[INFO] [stderr]    Compiling unicode-ident v1.0.16
[INFO] [stderr]    Compiling serde v1.0.217
[INFO] [stderr]    Compiling stable_deref_trait v1.2.0
[INFO] [stderr]    Compiling writeable v0.5.5
[INFO] [stderr]    Compiling litemap v0.7.4
[INFO] [stderr]    Compiling icu_locid_transform_data v1.5.0
[INFO] [stderr]    Compiling smallvec v1.13.2
[INFO] [stderr]    Compiling icu_properties_data v1.5.0
[INFO] [stderr]    Compiling thiserror v2.0.11
[INFO] [stderr]    Compiling cc v1.2.13
[INFO] [stderr]    Compiling lock_api v0.4.12
[INFO] [stderr]    Compiling write16 v1.0.0
[INFO] [stderr]    Compiling icu_normalizer_data v1.5.0
[INFO] [stderr]    Compiling utf16_iter v1.0.5
[INFO] [stderr]    Compiling futures-sink v0.3.31
[INFO] [stderr]    Compiling bytes v1.10.0
[INFO] [stderr]    Compiling slab v0.4.9
[INFO] [stderr]    Compiling parking_lot_core v0.9.10
[INFO] [stderr]    Compiling once_cell v1.20.3
[INFO] [stderr]    Compiling foldhash v0.1.4
[INFO] [stderr]    Compiling form_urlencoded v1.2.1
[INFO] [stderr]    Compiling socket2 v0.5.8
[INFO] [stderr]    Compiling mio v1.0.3
[INFO] [stderr]    Compiling hashbrown v0.15.2
[INFO] [stderr]    Compiling log v0.4.25
[INFO] [stderr]    Compiling serde_json v1.0.138
[INFO] [stderr]    Compiling ryu v1.0.19
[INFO] [stderr]    Compiling futures-util v0.3.31
[INFO] [stderr]    Compiling tracing-core v0.1.33
[INFO] [stderr]    Compiling num-traits v0.2.19
[INFO] [stderr]    Compiling parking_lot v0.12.3
[INFO] [stderr]    Compiling digest v0.10.7
[INFO] [stderr]    Compiling getrandom v0.3.1
[INFO] [stderr]    Compiling crc-catalog v2.4.0
[INFO] [stderr]    Compiling rustix v0.38.44
[INFO] [stderr]    Compiling quote v1.0.38
[INFO] [stderr]    Compiling tokio v1.43.0
[INFO] [stderr]    Compiling zerocopy v0.8.17
[INFO] [stderr]    Compiling crc v3.2.1
[INFO] [stderr]    Compiling sha2 v0.10.8
[INFO] [stderr]    Compiling event-listener v5.4.0
[INFO] [stderr]    Compiling futures-intrusive v0.5.0
[INFO] [stderr]    Compiling indexmap v2.7.1
[INFO] [stderr]    Compiling syn v2.0.98
[INFO] [stderr]    Compiling hashlink v0.10.0
[INFO] [stderr]    Compiling spin v0.9.8
[INFO] [stderr]    Compiling linux-raw-sys v0.4.15
[INFO] [stderr]    Compiling bitflags v2.8.0
[INFO] [stderr]    Compiling httparse v1.10.0
[INFO] [stderr]    Compiling uuid v1.13.1
[INFO] [stderr]    Compiling libsqlite3-sys v0.30.1
[INFO] [stderr]    Compiling flume v0.11.1
[INFO] [stderr]    Compiling concurrent-queue v2.5.0
[INFO] [stderr]    Compiling atoi v2.0.0
[INFO] [stderr]    Compiling futures-channel v0.3.31
[INFO] [stderr]    Compiling parking v2.2.1
[INFO] [stderr]    Compiling http v1.2.0
[INFO] [stderr]    Compiling crossbeam-queue v0.3.12
[INFO] [stderr]    Compiling sha1 v0.10.6
[INFO] [stderr]    Compiling data-encoding v2.8.0
[INFO] [stderr]    Compiling dotenvy v0.15.7
[INFO] [stderr]    Compiling anyhow v1.0.95
[INFO] [stderr]    Compiling syn v1.0.109
[INFO] [stderr]    Compiling rust_decimal v1.36.0
[INFO] [stderr]    Compiling core_maths v0.1.1
[INFO] [stderr]    Compiling arrayvec v0.7.6
[INFO] [stderr]    Compiling web-time v1.1.0
[INFO] [stderr]    Compiling icu_segmenter_data v1.5.0
[INFO] [stderr]    Compiling icu_casemap_data v1.5.0
[INFO] [stderr]    Compiling futures-executor v0.3.31
[INFO] [stderr]    Compiling sha3 v0.10.8
[INFO] [stderr]    Compiling tempfile v3.16.0
[INFO] [stderr]    Compiling rand_core v0.9.0
[INFO] [stderr]    Compiling deepsize_derive v0.1.2
[INFO] [stderr]    Compiling deepsize v0.2.0
[INFO] [stderr]    Compiling synstructure v0.13.1
[INFO] [stderr]    Compiling tokio-stream v0.1.17
[INFO] [stderr]    Compiling zerovec-derive v0.10.3
[INFO] [stderr]    Compiling displaydoc v0.2.5
[INFO] [stderr]    Compiling icu_provider_macros v1.5.0
[INFO] [stderr]    Compiling serde_derive v1.0.217
[INFO] [stderr]    Compiling zerocopy-derive v0.7.35
[INFO] [stderr]    Compiling thiserror-impl v2.0.11
[INFO] [stderr]    Compiling tracing-attributes v0.1.28
[INFO] [stderr]    Compiling tokio-macros v2.5.0
[INFO] [stderr]    Compiling thiserror-impl v1.0.69
[INFO] [stderr]    Compiling enum-ordinalize-derive v4.3.1
[INFO] [stderr]    Compiling zerofrom-derive v0.1.5
[INFO] [stderr]    Compiling yoke-derive v0.7.5
[INFO] [stderr]    Compiling enum-ordinalize v4.3.0
[INFO] [stderr]    Compiling zerocopy v0.7.35
[INFO] [stderr]    Compiling educe v0.6.0
[INFO] [stderr]    Compiling thiserror v1.0.69
[INFO] [stderr]    Compiling zerofrom v0.1.5
[INFO] [stderr]    Compiling yoke v0.7.5
[INFO] [stderr]    Compiling tracing v0.1.41
[INFO] [stderr]    Compiling zerovec v0.10.4
[INFO] [stderr]    Compiling ppv-lite86 v0.2.20
[INFO] [stderr]    Compiling rand_chacha v0.3.1
[INFO] [stderr]    Compiling rand_chacha v0.9.0
[INFO] [stderr]    Compiling rand v0.9.0
[INFO] [stderr]    Compiling rand v0.8.5
[INFO] [stderr]    Compiling tinystr v0.7.6
[INFO] [stderr]    Compiling icu_collections v1.5.0
[INFO] [stderr]    Compiling icu_locid v1.5.0
[INFO] [stderr]    Compiling icu_provider v1.5.0
[INFO] [stderr]    Compiling icu_locid_transform v1.5.0
[INFO] [stderr]    Compiling icu_properties v1.5.1
[INFO] [stderr]    Compiling icu_segmenter v1.5.0
[INFO] [stderr]    Compiling either v1.13.0
[INFO] [stderr]    Compiling serde_urlencoded v0.7.1
[INFO] [stderr]    Compiling rust-stemmers v1.2.0
[INFO] [stderr]    Compiling ulid v1.2.0
[INFO] [stderr]    Compiling icu_normalizer v1.5.0
[INFO] [stderr]    Compiling idna_adapter v1.2.0
[INFO] [stderr]    Compiling idna v1.0.3
[INFO] [stderr]    Compiling url v2.5.4
[INFO] [stderr]    Compiling icu_casemap v1.5.1
[INFO] [stderr]    Compiling sqlx-core v0.8.3
[INFO] [stderr]    Compiling tungstenite v0.21.0
[INFO] [stderr]    Compiling tokio-tungstenite v0.21.0
[INFO] [stderr]    Compiling sqlx-sqlite v0.8.3
[INFO] [stderr]    Compiling waaaa v0.1.0
[INFO] [stderr]    Compiling sqlx-macros-core v0.8.3
[INFO] [stderr]    Compiling sqlx-macros v0.8.3
[INFO] [stderr]    Compiling sqlx v0.8.3
[INFO] [stderr]    Compiling crdb-core v0.0.1-alpha.0
[INFO] [stderr]    Compiling crdb-sqlite v0.0.1-alpha.0 (/opt/rustwide/workdir)
[INFO] [stderr]     Finished `release` profile [optimized] target(s) in 3m 01s
[INFO] running `Command { std: "docker" "inspect" "ab71e380eb1a50941e9f8730930b646a3b506c9586a43f2921062f34b887c0a7", kill_on_drop: false }`
[INFO] running `Command { std: "docker" "exec" "-e" "SOURCE_DIR=/opt/rustwide/workdir" "-e" "CARGO_HOME=/opt/rustwide/cargo-home" "-e" "RUSTUP_HOME=/opt/rustwide/rustup-home" "-e" "CARGO_TARGET_DIR=/opt/rustwide/target" "-e" "CARGO_INCREMENTAL=0" "-e" "RUST_BACKTRACE=full" "-e" "RUSTFLAGS=--cap-lints=warn" "-e" "RUSTDOCFLAGS=--cap-lints=warn" "-w" "/opt/rustwide/workdir" "--user" "0:0" "ab71e380eb1a50941e9f8730930b646a3b506c9586a43f2921062f34b887c0a7" "/opt/rustwide/cargo-home/bin/cargo" "+1.99.0-beta.8" "test" "--frozen" "--no-run" "--message-format=json" "--release", kill_on_drop: false }`
[INFO] [stderr]    Compiling futures-channel v0.3.31
[INFO] [stderr]    Compiling futures-macro v0.3.31
[INFO] [stderr]    Compiling derive_arbitrary v1.4.1
[INFO] [stderr]    Compiling flume v0.11.1
[INFO] [stderr]    Compiling rust_decimal v1.36.0
[INFO] [stderr]    Compiling futures-util v0.3.31
[INFO] [stderr]    Compiling arbitrary v1.4.1
[INFO] [stderr]    Compiling arbitrary-json v0.1.1
[INFO] [stderr]    Compiling bitflags v2.8.0
[INFO] [stderr]    Compiling futures-executor v0.3.31
[INFO] [stderr]    Compiling sqlx-core v0.8.3
[INFO] [stderr]    Compiling tokio-tungstenite v0.21.0
[INFO] [stderr]    Compiling futures v0.3.31
[INFO] [stderr]    Compiling waaaa v0.1.0
[INFO] [stderr]    Compiling sqlx-sqlite v0.8.3
[INFO] [stderr]    Compiling sqlx v0.8.3
[INFO] [stderr]    Compiling crdb-core v0.0.1-alpha.0
[INFO] [stderr]    Compiling crdb-helpers v0.0.1-alpha.0
[INFO] [stderr]    Compiling crdb-sqlite v0.0.1-alpha.0 (/opt/rustwide/workdir)
[INFO] [stderr]    Compiling crdb-macros v0.0.1-alpha.0
[INFO] [stderr]    Compiling crdb-test-utils v0.0.1-alpha.0
[INFO] [stderr]     Finished `release` profile [optimized] target(s) in 31.09s
[INFO] running `Command { std: "docker" "inspect" "ab71e380eb1a50941e9f8730930b646a3b506c9586a43f2921062f34b887c0a7", kill_on_drop: false }`
[INFO] running `Command { std: "docker" "exec" "-e" "SOURCE_DIR=/opt/rustwide/workdir" "-e" "CARGO_HOME=/opt/rustwide/cargo-home" "-e" "RUSTUP_HOME=/opt/rustwide/rustup-home" "-e" "CARGO_TARGET_DIR=/opt/rustwide/target" "-e" "CARGO_INCREMENTAL=0" "-e" "RUST_BACKTRACE=full" "-e" "RUSTFLAGS=--cap-lints=warn" "-e" "RUSTDOCFLAGS=--cap-lints=warn" "-w" "/opt/rustwide/workdir" "--user" "0:0" "ab71e380eb1a50941e9f8730930b646a3b506c9586a43f2921062f34b887c0a7" "/opt/rustwide/cargo-home/bin/cargo" "+1.99.0-beta.8" "test" "--frozen" "--release", kill_on_drop: false }`
[INFO] [stderr]     Finished `release` profile [optimized] target(s) in 0.24s
[INFO] [stderr]      Running unittests src/lib.rs (/opt/rustwide/target/release/deps/crdb_sqlite-2490f575b54b5dba)
[INFO] [stdout] 
[INFO] [stdout] running 1 test
[INFO] [stdout] test tests::smoke_test ... FAILED
[INFO] [stdout] 
[INFO] [stdout] failures:
[INFO] [stdout] 
[INFO] [stdout] ---- tests::smoke_test stdout ----
[INFO] [stdout] 
[INFO] [stdout] thread 'tests::smoke_test' (3362) panicked at /opt/rustwide/cargo-home/registry/src/index.crates.io-1949cf8c6b5b557f/sqlx-sqlite-0.8.3/src/testing/mod.rs:41:14:
[INFO] [stdout] failed to create folders: Os { code: 30, kind: ReadOnlyFilesystem, message: "Read-only file system" }
[INFO] [stdout] stack backtrace:
[INFO] [stdout]    0:     0x59386cfd5d01 - <<std[70759c8f55707aa4]::sys::backtrace::BacktraceLock>::print::DisplayBacktrace as core[df12db4294e9bfd3]::fmt::Display>::fmt
[INFO] [stdout]    1:     0x59386cfeb55a - core[df12db4294e9bfd3]::fmt::write
[INFO] [stdout]    2:     0x59386cfda8bc - <alloc[2182bb758b4b3781]::vec::Vec<u8> as core[df12db4294e9bfd3]::io::write::Write>::write_fmt
[INFO] [stdout]    3:     0x59386cfb09f6 - std[70759c8f55707aa4]::panicking::default_hook::{closure#0}
[INFO] [stdout]    4:     0x59386cfcde49 - std[70759c8f55707aa4]::panicking::default_hook
[INFO] [stdout]    5:     0x59386cd578a0 - test[9d35eded1c95d3be]::test_main_inner::<test[9d35eded1c95d3be]::test_main_static::{closure#0}>::{closure#0}
[INFO] [stdout]    6:     0x59386cfce172 - std[70759c8f55707aa4]::panicking::panic_with_hook
[INFO] [stdout]    7:     0x59386cfb0aa2 - std[70759c8f55707aa4]::panicking::panic_handler::{closure#0}
[INFO] [stdout]    8:     0x59386cfa9149 - std[70759c8f55707aa4]::sys::backtrace::__rust_end_short_backtrace::<std[70759c8f55707aa4]::panicking::panic_handler::{closure#0}, !>
[INFO] [stdout]    9:     0x59386cfb17ad - __rustc[8fa7c3cbc660c2b3]::rust_begin_unwind
[INFO] [stdout]   10:     0x59386cfebcbc - core[df12db4294e9bfd3]::panicking::panic_fmt
[INFO] [stdout]   11:     0x59386cfeba92 - core[df12db4294e9bfd3]::result::unwrap_failed
[INFO] [stdout]   12:     0x59386cdb3875 - <sqlx_sqlite[5395f6ad685c7bae]::database::Sqlite as sqlx_core[d97095bce1e10b3d]::testing::TestSupport>::test_context::{closure#0}
[INFO] [stdout]   13:     0x59386ccf6e62 - sqlx_core[d97095bce1e10b3d]::testing::run_test::<sqlx_sqlite[5395f6ad685c7bae]::database::Sqlite, sqlx_core[d97095bce1e10b3d]::testing::run_test_with_pool<sqlx_sqlite[5395f6ad685c7bae]::database::Sqlite, fn(sqlx_core[d97095bce1e10b3d]::pool::Pool<sqlx_sqlite[5395f6ad685c7bae]::database::Sqlite>) -> crdb_sqlite[4d693a4949386f39]::tests::smoke_test::smoke_test::{closure#0}, crdb_sqlite[4d693a4949386f39]::tests::smoke_test::smoke_test::{closure#0}>::{closure#0}, sqlx_core[d97095bce1e10b3d]::testing::run_test_with_pool<sqlx_sqlite[5395f6ad685c7bae]::database::Sqlite, fn(sqlx_core[d97095bce1e10b3d]::pool::Pool<sqlx_sqlite[5395f6ad685c7bae]::database::Sqlite>) -> crdb_sqlite[4d693a4949386f39]::tests::smoke_test::smoke_test::{closure#0}, crdb_sqlite[4d693a4949386f39]::tests::smoke_test::smoke_test::{closure#0}>::{closure#0}::{closure#0}>::{closure#0}
[INFO] [stdout]   14:     0x59386cd4752e - <tokio[e887297ddcb5f7c9]::runtime::scheduler::current_thread::Context>::enter::<core[df12db4294e9bfd3]::task::poll::Poll<()>, <tokio[e887297ddcb5f7c9]::runtime::scheduler::current_thread::CoreGuard>::block_on<core[df12db4294e9bfd3]::pin::Pin<&mut sqlx_core[d97095bce1e10b3d]::testing::run_test<sqlx_sqlite[5395f6ad685c7bae]::database::Sqlite, sqlx_core[d97095bce1e10b3d]::testing::run_test_with_pool<sqlx_sqlite[5395f6ad685c7bae]::database::Sqlite, fn(sqlx_core[d97095bce1e10b3d]::pool::Pool<sqlx_sqlite[5395f6ad685c7bae]::database::Sqlite>) -> crdb_sqlite[4d693a4949386f39]::tests::smoke_test::smoke_test::{closure#0}, crdb_sqlite[4d693a4949386f39]::tests::smoke_test::smoke_test::{closure#0}>::{closure#0}, sqlx_core[d97095bce1e10b3d]::testing::run_test_with_pool<sqlx_sqlite[5395f6ad685c7bae]::database::Sqlite, fn(sqlx_core[d97095bce1e10b3d]::pool::Pool<sqlx_sqlite[5395f6ad685c7bae]::database::Sqlite>) -> crdb_sqlite[4d693a4949386f39]::tests::smoke_test::smoke_test::{closure#0}, crdb_sqlite[4d693a4949386f39]::tests::smoke_test::smoke_test::{closure#0}>::{closure#0}::{closure#0}>::{closure#0}>>::{closure#0}::{closure#0}>
[INFO] [stdout]   15:     0x59386cd3c102 - <tokio[e887297ddcb5f7c9]::runtime::context::scoped::Scoped<tokio[e887297ddcb5f7c9]::runtime::scheduler::Context>>::set::<<tokio[e887297ddcb5f7c9]::runtime::scheduler::current_thread::CoreGuard>::enter<<tokio[e887297ddcb5f7c9]::runtime::scheduler::current_thread::CoreGuard>::block_on<core[df12db4294e9bfd3]::pin::Pin<&mut sqlx_core[d97095bce1e10b3d]::testing::run_test<sqlx_sqlite[5395f6ad685c7bae]::database::Sqlite, sqlx_core[d97095bce1e10b3d]::testing::run_test_with_pool<sqlx_sqlite[5395f6ad685c7bae]::database::Sqlite, fn(sqlx_core[d97095bce1e10b3d]::pool::Pool<sqlx_sqlite[5395f6ad685c7bae]::database::Sqlite>) -> crdb_sqlite[4d693a4949386f39]::tests::smoke_test::smoke_test::{closure#0}, crdb_sqlite[4d693a4949386f39]::tests::smoke_test::smoke_test::{closure#0}>::{closure#0}, sqlx_core[d97095bce1e10b3d]::testing::run_test_with_pool<sqlx_sqlite[5395f6ad685c7bae]::database::Sqlite, fn(sqlx_core[d97095bce1e10b3d]::pool::Pool<sqlx_sqlite[5395f6ad685c7bae]::database::Sqlite>) -> crdb_sqlite[4d693a4949386f39]::tests::smoke_test::smoke_test::{closure#0}, crdb_sqlite[4d693a4949386f39]::tests::smoke_test::smoke_test::{closure#0}>::{closure#0}::{closure#0}>::{closure#0}>>::{closure#0}, core[df12db4294e9bfd3]::option::Option<()>>::{closure#0}, (alloc[2182bb758b4b3781]::boxed::Box<tokio[e887297ddcb5f7c9]::runtime::scheduler::current_thread::Core>, core[df12db4294e9bfd3]::option::Option<()>)>
[INFO] [stdout]   16:     0x59386cd47db5 - <tokio[e887297ddcb5f7c9]::runtime::scheduler::current_thread::CoreGuard>::block_on::<core[df12db4294e9bfd3]::pin::Pin<&mut sqlx_core[d97095bce1e10b3d]::testing::run_test<sqlx_sqlite[5395f6ad685c7bae]::database::Sqlite, sqlx_core[d97095bce1e10b3d]::testing::run_test_with_pool<sqlx_sqlite[5395f6ad685c7bae]::database::Sqlite, fn(sqlx_core[d97095bce1e10b3d]::pool::Pool<sqlx_sqlite[5395f6ad685c7bae]::database::Sqlite>) -> crdb_sqlite[4d693a4949386f39]::tests::smoke_test::smoke_test::{closure#0}, crdb_sqlite[4d693a4949386f39]::tests::smoke_test::smoke_test::{closure#0}>::{closure#0}, sqlx_core[d97095bce1e10b3d]::testing::run_test_with_pool<sqlx_sqlite[5395f6ad685c7bae]::database::Sqlite, fn(sqlx_core[d97095bce1e10b3d]::pool::Pool<sqlx_sqlite[5395f6ad685c7bae]::database::Sqlite>) -> crdb_sqlite[4d693a4949386f39]::tests::smoke_test::smoke_test::{closure#0}, crdb_sqlite[4d693a4949386f39]::tests::smoke_test::smoke_test::{closure#0}>::{closure#0}::{closure#0}>::{closure#0}>>
[INFO] [stdout]   17:     0x59386cd319a1 - tokio[e887297ddcb5f7c9]::runtime::context::runtime::enter_runtime::<<tokio[e887297ddcb5f7c9]::runtime::scheduler::current_thread::CurrentThread>::block_on<sqlx_core[d97095bce1e10b3d]::testing::run_test<sqlx_sqlite[5395f6ad685c7bae]::database::Sqlite, sqlx_core[d97095bce1e10b3d]::testing::run_test_with_pool<sqlx_sqlite[5395f6ad685c7bae]::database::Sqlite, fn(sqlx_core[d97095bce1e10b3d]::pool::Pool<sqlx_sqlite[5395f6ad685c7bae]::database::Sqlite>) -> crdb_sqlite[4d693a4949386f39]::tests::smoke_test::smoke_test::{closure#0}, crdb_sqlite[4d693a4949386f39]::tests::smoke_test::smoke_test::{closure#0}>::{closure#0}, sqlx_core[d97095bce1e10b3d]::testing::run_test_with_pool<sqlx_sqlite[5395f6ad685c7bae]::database::Sqlite, fn(sqlx_core[d97095bce1e10b3d]::pool::Pool<sqlx_sqlite[5395f6ad685c7bae]::database::Sqlite>) -> crdb_sqlite[4d693a4949386f39]::tests::smoke_test::smoke_test::{closure#0}, crdb_sqlite[4d693a4949386f39]::tests::smoke_test::smoke_test::{closure#0}>::{closure#0}::{closure#0}>::{closure#0}>::{closure#0}, ()>
[INFO] [stdout]   18:     0x59386cd37829 - <tokio[e887297ddcb5f7c9]::runtime::runtime::Runtime>::block_on::<sqlx_core[d97095bce1e10b3d]::testing::run_test<sqlx_sqlite[5395f6ad685c7bae]::database::Sqlite, sqlx_core[d97095bce1e10b3d]::testing::run_test_with_pool<sqlx_sqlite[5395f6ad685c7bae]::database::Sqlite, fn(sqlx_core[d97095bce1e10b3d]::pool::Pool<sqlx_sqlite[5395f6ad685c7bae]::database::Sqlite>) -> crdb_sqlite[4d693a4949386f39]::tests::smoke_test::smoke_test::{closure#0}, crdb_sqlite[4d693a4949386f39]::tests::smoke_test::smoke_test::{closure#0}>::{closure#0}, sqlx_core[d97095bce1e10b3d]::testing::run_test_with_pool<sqlx_sqlite[5395f6ad685c7bae]::database::Sqlite, fn(sqlx_core[d97095bce1e10b3d]::pool::Pool<sqlx_sqlite[5395f6ad685c7bae]::database::Sqlite>) -> crdb_sqlite[4d693a4949386f39]::tests::smoke_test::smoke_test::{closure#0}, crdb_sqlite[4d693a4949386f39]::tests::smoke_test::smoke_test::{closure#0}>::{closure#0}::{closure#0}>::{closure#0}>
[INFO] [stdout]   19:     0x59386cd3c54c - sqlx_core[d97095bce1e10b3d]::rt::test_block_on::<sqlx_core[d97095bce1e10b3d]::testing::run_test<sqlx_sqlite[5395f6ad685c7bae]::database::Sqlite, sqlx_core[d97095bce1e10b3d]::testing::run_test_with_pool<sqlx_sqlite[5395f6ad685c7bae]::database::Sqlite, fn(sqlx_core[d97095bce1e10b3d]::pool::Pool<sqlx_sqlite[5395f6ad685c7bae]::database::Sqlite>) -> crdb_sqlite[4d693a4949386f39]::tests::smoke_test::smoke_test::{closure#0}, crdb_sqlite[4d693a4949386f39]::tests::smoke_test::smoke_test::{closure#0}>::{closure#0}, sqlx_core[d97095bce1e10b3d]::testing::run_test_with_pool<sqlx_sqlite[5395f6ad685c7bae]::database::Sqlite, fn(sqlx_core[d97095bce1e10b3d]::pool::Pool<sqlx_sqlite[5395f6ad685c7bae]::database::Sqlite>) -> crdb_sqlite[4d693a4949386f39]::tests::smoke_test::smoke_test::{closure#0}, crdb_sqlite[4d693a4949386f39]::tests::smoke_test::smoke_test::{closure#0}>::{closure#0}::{closure#0}>::{closure#0}>
[INFO] [stdout]   20:     0x59386cd4ab1d - <crdb_sqlite[4d693a4949386f39]::tests::smoke_test::{closure#0} as core[df12db4294e9bfd3]::ops::function::FnOnce<()>>::call_once
[INFO] [stdout]   21:     0x59386cd4ab8b - test[9d35eded1c95d3be]::__rust_begin_short_backtrace::<core[df12db4294e9bfd3]::result::Result<(), alloc[2182bb758b4b3781]::string::String>, fn() -> core[df12db4294e9bfd3]::result::Result<(), alloc[2182bb758b4b3781]::string::String>>
[INFO] [stdout]   22:     0x59386cd581f5 - test[9d35eded1c95d3be]::run_test::{closure#0}
[INFO] [stdout]   23:     0x59386cd51ab4 - std[70759c8f55707aa4]::sys::backtrace::__rust_begin_short_backtrace::<test[9d35eded1c95d3be]::run_test::{closure#1}, ()>
[INFO] [stdout]   24:     0x59386cd5b352 - <std[70759c8f55707aa4]::thread::lifecycle::spawn_unchecked<test[9d35eded1c95d3be]::run_test::{closure#1}, ()>::{closure#1} as core[df12db4294e9bfd3]::ops::function::FnOnce<()>>::call_once::{shim:vtable#0}
[INFO] [stdout]   25:     0x59386cfd5599 - <std[70759c8f55707aa4]::sys::thread::unix::Thread>::new::thread_start
[INFO] [stdout]   26:     0x72ea17baedfa - <unknown>
[INFO] [stdout]   27:     0x72ea17c423d4 - clone
[INFO] [stdout]   28:                0x0 - <unknown>
[INFO] [stdout] 
[INFO] [stdout] 
[INFO] [stdout] failures:
[INFO] [stdout]     tests::smoke_test
[INFO] [stdout] 
[INFO] [stdout] test result: FAILED. 0 passed; 1 failed; 0 ignored; 0 measured; 0 filtered out; finished in 0.00s
[INFO] [stdout] 
[INFO] [stderr] error: test failed, to rerun pass `--lib`
[INFO] running `Command { std: "docker" "inspect" "ab71e380eb1a50941e9f8730930b646a3b506c9586a43f2921062f34b887c0a7", kill_on_drop: false }`
[INFO] running `Command { std: "docker" "rm" "-f" "ab71e380eb1a50941e9f8730930b646a3b506c9586a43f2921062f34b887c0a7", kill_on_drop: false }`
[INFO] [stdout] ab71e380eb1a50941e9f8730930b646a3b506c9586a43f2921062f34b887c0a7
