[INFO] fetching crate crc-fast 1.10.0...
[INFO] testing crc-fast-1.10.0 against 1.99.0-beta.8+cargoflags=--release for beta-release-1.100-2
[INFO] extracting crate crc-fast 1.10.0 into /workspace/builds/worker-3-tc1/source
[INFO] started tweaking crates.io crate crc-fast 1.10.0
[INFO] removed 0 missing tests
[INFO] finished tweaking crates.io crate crc-fast 1.10.0
[INFO] tweaked toml for crates.io crate crc-fast 1.10.0 written to /workspace/builds/worker-3-tc1/source/Cargo.toml
[INFO] validating manifest of crates.io crate crc-fast 1.10.0 on toolchain 1.99.0-beta.8
[INFO] running `Command { std: CARGO_HOME="/workspace/cargo-home" RUSTUP_HOME="/workspace/rustup-home" "/workspace/cargo-home/bin/cargo" "+1.99.0-beta.8" "metadata" "--manifest-path" "Cargo.toml" "--no-deps", kill_on_drop: false }`
[INFO] crate crates.io crate crc-fast 1.10.0 already has a lockfile, it will not be regenerated
[INFO] running `Command { std: CARGO_HOME="/workspace/cargo-home" RUSTUP_HOME="/workspace/rustup-home" "/workspace/cargo-home/bin/cargo" "+1.99.0-beta.8" "fetch" "--manifest-path" "Cargo.toml", kill_on_drop: false }`
[INFO] [stderr]     Updating crates.io index
[INFO] [stderr]  Downloading crates ...
[INFO] [stderr]   Downloaded wasm-bindgen-test-macro v0.3.56
[INFO] [stderr]   Downloaded wasm-bindgen-test v0.3.56
[INFO] [stderr]   Downloaded minicov v0.3.8
[INFO] [stderr]   Downloaded zmij v0.1.10
[INFO] [stderr]   Downloaded serde_json v1.0.147
[INFO] [stderr]   Downloaded toml v0.9.10+spec-1.1.0
[INFO] [stderr]   Downloaded cbindgen v0.29.2
[INFO] running `Command { std: "docker" "create" "-v" "/var/lib/crater-agent-workspace/builds/worker-3-tc1/source:/opt/rustwide/workdir:ro,Z" "-v" "/var/lib/crater-agent-workspace/builds/worker-3-tc1/target:/opt/rustwide/target:rw,Z" "-v" "/var/lib/crater-agent-workspace/cargo-home:/opt/rustwide/cargo-home:ro,Z" "-v" "/var/lib/crater-agent-workspace/rustup-home:/opt/rustwide/rustup-home:ro,Z" "-m" "1610612736" "--network" "none" "ghcr.io/rust-lang/crates-build-env/linux@sha256:77db811e55d90add9212f6832c23229e3de5f1c1f9905e8cb07319ea15df73ac" "sleep" "infinity", kill_on_drop: false }`
[INFO] [stdout] 1b2f2d91d413444a337d5375087c66b5fd8374d5e6946fcbbe4efdfaea22b935
[INFO] running `Command { std: "docker" "start" "1b2f2d91d413444a337d5375087c66b5fd8374d5e6946fcbbe4efdfaea22b935", kill_on_drop: false }`
[INFO] running `Command { std: "docker" "inspect" "1b2f2d91d413444a337d5375087c66b5fd8374d5e6946fcbbe4efdfaea22b935", kill_on_drop: false }`
[INFO] running `Command { std: "docker" "exec" "-e" "SOURCE_DIR=/opt/rustwide/workdir" "-e" "CARGO_HOME=/opt/rustwide/cargo-home" "-e" "RUSTUP_HOME=/opt/rustwide/rustup-home" "-e" "CARGO_TARGET_DIR=/opt/rustwide/target" "-w" "/opt/rustwide/workdir" "--user" "0:0" "1b2f2d91d413444a337d5375087c66b5fd8374d5e6946fcbbe4efdfaea22b935" "/opt/rustwide/cargo-home/bin/cargo" "+1.99.0-beta.8" "metadata" "--no-deps" "--format-version=1", kill_on_drop: false }`
[INFO] running `Command { std: "docker" "inspect" "1b2f2d91d413444a337d5375087c66b5fd8374d5e6946fcbbe4efdfaea22b935", kill_on_drop: false }`
[INFO] running `Command { std: "docker" "exec" "-e" "SOURCE_DIR=/opt/rustwide/workdir" "-e" "CARGO_HOME=/opt/rustwide/cargo-home" "-e" "RUSTUP_HOME=/opt/rustwide/rustup-home" "-e" "CARGO_TARGET_DIR=/opt/rustwide/target" "-e" "CARGO_INCREMENTAL=0" "-e" "RUST_BACKTRACE=full" "-e" "RUSTFLAGS=--cap-lints=warn" "-e" "RUSTDOCFLAGS=--cap-lints=warn" "-w" "/opt/rustwide/workdir" "--user" "0:0" "1b2f2d91d413444a337d5375087c66b5fd8374d5e6946fcbbe4efdfaea22b935" "/opt/rustwide/cargo-home/bin/cargo" "+1.99.0-beta.8" "build" "--frozen" "--message-format=json" "--release", kill_on_drop: false }`
[INFO] [stderr]    Compiling version_check v0.9.5
[INFO] [stderr]    Compiling typenum v1.19.0
[INFO] [stderr]    Compiling spin v0.10.0
[INFO] [stderr]    Compiling generic-array v0.14.7
[INFO] [stderr]    Compiling crypto-common v0.1.7
[INFO] [stderr]    Compiling digest v0.10.7
[INFO] [stderr]    Compiling crc-fast v1.10.0 (/opt/rustwide/workdir)
[INFO] [stderr]     Finished `release` profile [optimized] target(s) in 6.31s
[INFO] running `Command { std: "docker" "inspect" "1b2f2d91d413444a337d5375087c66b5fd8374d5e6946fcbbe4efdfaea22b935", kill_on_drop: false }`
[INFO] running `Command { std: "docker" "exec" "-e" "SOURCE_DIR=/opt/rustwide/workdir" "-e" "CARGO_HOME=/opt/rustwide/cargo-home" "-e" "RUSTUP_HOME=/opt/rustwide/rustup-home" "-e" "CARGO_TARGET_DIR=/opt/rustwide/target" "-e" "CARGO_INCREMENTAL=0" "-e" "RUST_BACKTRACE=full" "-e" "RUSTFLAGS=--cap-lints=warn" "-e" "RUSTDOCFLAGS=--cap-lints=warn" "-w" "/opt/rustwide/workdir" "--user" "0:0" "1b2f2d91d413444a337d5375087c66b5fd8374d5e6946fcbbe4efdfaea22b935" "/opt/rustwide/cargo-home/bin/cargo" "+1.99.0-beta.8" "test" "--frozen" "--no-run" "--message-format=json" "--release", kill_on_drop: false }`
[INFO] [stderr]    Compiling proc-macro2 v1.0.103
[INFO] [stderr]    Compiling quote v1.0.42
[INFO] [stderr]    Compiling unicode-ident v1.0.22
[INFO] [stderr]    Compiling cfg-if v1.0.4
[INFO] [stderr]    Compiling serde_core v1.0.228
[INFO] [stderr]    Compiling libc v0.2.178
[INFO] [stderr]    Compiling wasm-bindgen-shared v0.2.106
[INFO] [stderr]    Compiling zerocopy v0.8.31
[INFO] [stderr]    Compiling getrandom v0.3.4
[INFO] [stderr]    Compiling rustversion v1.0.22
[INFO] [stderr]    Compiling once_cell v1.21.3
[INFO] [stderr]    Compiling memchr v2.7.6
[INFO] [stderr]    Compiling crossbeam-utils v0.8.21
[INFO] [stderr]    Compiling serde v1.0.228
[INFO] [stderr]    Compiling autocfg v1.5.0
[INFO] [stderr]    Compiling libm v0.2.15
[INFO] [stderr]    Compiling bumpalo v3.19.1
[INFO] [stderr]    Compiling rustix v1.1.3
[INFO] [stderr]    Compiling utf8parse v0.2.2
[INFO] [stderr]    Compiling serde_json v1.0.147
[INFO] [stderr]    Compiling bitflags v2.10.0
[INFO] [stderr]    Compiling num-traits v0.2.19
[INFO] [stderr]    Compiling is_terminal_polyfill v1.70.2
[INFO] [stderr]    Compiling anstyle-query v1.1.5
[INFO] [stderr]    Compiling itoa v1.0.16
[INFO] [stderr]    Compiling zmij v0.1.10
[INFO] [stderr]    Compiling linux-raw-sys v0.11.0
[INFO] [stderr]    Compiling colorchoice v1.0.4
[INFO] [stderr]    Compiling anstyle-parse v0.2.7
[INFO] [stderr]    Compiling anstyle v1.0.13
[INFO] [stderr]    Compiling rayon-core v1.13.0
[INFO] [stderr]    Compiling clap_lex v0.7.6
[INFO] [stderr]    Compiling either v1.15.0
[INFO] [stderr]    Compiling regex-syntax v0.8.8
[INFO] [stderr]    Compiling fastrand v2.3.0
[INFO] [stderr]    Compiling strsim v0.11.1
[INFO] [stderr]    Compiling anstream v0.6.21
[INFO] [stderr]    Compiling aho-corasick v1.1.4
[INFO] [stderr]    Compiling ciborium-io v0.2.2
[INFO] [stderr]    Compiling wasm-bindgen v0.2.106
[INFO] [stderr]    Compiling cast v0.3.0
[INFO] [stderr]    Compiling winnow v0.7.14
[INFO] [stderr]    Compiling plotters-backend v0.3.7
[INFO] [stderr]    Compiling itertools v0.13.0
[INFO] [stderr]    Compiling crossbeam-epoch v0.9.18
[INFO] [stderr]    Compiling clap_builder v4.5.53
[INFO] [stderr]    Compiling crossbeam-deque v0.8.6
[INFO] [stderr]    Compiling plotters-svg v0.3.7
[INFO] [stderr]    Compiling wait-timeout v0.2.1
[INFO] [stderr]    Compiling rand_core v0.9.3
[INFO] [stderr]    Compiling quick-error v1.2.3
[INFO] [stderr]    Compiling syn v2.0.111
[INFO] [stderr]    Compiling oorandom v11.1.5
[INFO] [stderr]    Compiling fnv v1.0.7
[INFO] [stderr]    Compiling same-file v1.0.6
[INFO] [stderr]    Compiling equivalent v1.0.2
[INFO] [stderr]    Compiling cbindgen v0.29.2
[INFO] [stderr]    Compiling hashbrown v0.16.1
[INFO] [stderr]    Compiling bit-vec v0.8.0
[INFO] [stderr]    Compiling walkdir v2.5.0
[INFO] [stderr]    Compiling rand_xorshift v0.4.0
[INFO] [stderr]    Compiling unarray v0.1.4
[INFO] [stderr]    Compiling heck v0.5.0
[INFO] [stderr]    Compiling bit-set v0.8.0
[INFO] [stderr]    Compiling crc-catalog v2.4.0
[INFO] [stderr]    Compiling anes v0.1.6
[INFO] [stderr]    Compiling log v0.4.29
[INFO] [stderr]    Compiling rayon v1.11.0
[INFO] [stderr]    Compiling nu-ansi-term v0.50.3
[INFO] [stderr]    Compiling plotters v0.3.7
[INFO] [stderr]    Compiling crc v3.4.0
[INFO] [stderr]    Compiling indexmap v2.12.1
[INFO] [stderr]    Compiling tempfile v3.24.0
[INFO] [stderr]    Compiling toml_parser v1.0.6+spec-1.1.0
[INFO] [stderr]    Compiling rusty-fork v0.3.1
[INFO] [stderr]    Compiling regex-automata v0.4.13
[INFO] [stderr]    Compiling criterion-plot v0.6.0
[INFO] [stderr]    Compiling toml_datetime v0.7.5+spec-1.1.0
[INFO] [stderr]    Compiling serde_spanned v1.0.4
[INFO] [stderr]    Compiling clap v4.5.53
[INFO] [stderr]    Compiling toml v0.9.10+spec-1.1.0
[INFO] [stderr]    Compiling wasm-bindgen-macro-support v0.2.106
[INFO] [stderr]    Compiling zerocopy-derive v0.8.31
[INFO] [stderr]    Compiling serde_derive v1.0.228
[INFO] [stderr]    Compiling async-trait v0.1.89
[INFO] [stderr]    Compiling wasm-bindgen-test-macro v0.3.56
[INFO] [stderr]    Compiling regex v1.12.2
[INFO] [stderr]    Compiling wasm-bindgen-macro v0.2.106
[INFO] [stderr]    Compiling js-sys v0.3.83
[INFO] [stderr]    Compiling tinytemplate v1.2.1
[INFO] [stderr]    Compiling half v2.7.1
[INFO] [stderr]    Compiling ppv-lite86 v0.2.21
[INFO] [stderr]    Compiling ciborium-ll v0.2.2
[INFO] [stderr]    Compiling rand_chacha v0.9.0
[INFO] [stderr]    Compiling ciborium v0.2.2
[INFO] [stderr]    Compiling rand v0.9.2
[INFO] [stderr]    Compiling criterion v0.7.0
[INFO] [stderr]    Compiling proptest v1.9.0
[INFO] [stderr]    Compiling wasm-bindgen-futures v0.4.56
[INFO] [stderr]    Compiling wasm-bindgen-test v0.3.56
[INFO] [stderr]    Compiling crc-fast v1.10.0 (/opt/rustwide/workdir)
[INFO] [stderr]     Finished `release` profile [optimized] target(s) in 2m 36s
[INFO] running `Command { std: "docker" "inspect" "1b2f2d91d413444a337d5375087c66b5fd8374d5e6946fcbbe4efdfaea22b935", kill_on_drop: false }`
[INFO] running `Command { std: "docker" "exec" "-e" "SOURCE_DIR=/opt/rustwide/workdir" "-e" "CARGO_HOME=/opt/rustwide/cargo-home" "-e" "RUSTUP_HOME=/opt/rustwide/rustup-home" "-e" "CARGO_TARGET_DIR=/opt/rustwide/target" "-e" "CARGO_INCREMENTAL=0" "-e" "RUST_BACKTRACE=full" "-e" "RUSTFLAGS=--cap-lints=warn" "-e" "RUSTDOCFLAGS=--cap-lints=warn" "-w" "/opt/rustwide/workdir" "--user" "0:0" "1b2f2d91d413444a337d5375087c66b5fd8374d5e6946fcbbe4efdfaea22b935" "/opt/rustwide/cargo-home/bin/cargo" "+1.99.0-beta.8" "test" "--frozen" "--release", kill_on_drop: false }`
[INFO] [stderr]     Finished `release` profile [optimized] target(s) in 0.17s
[INFO] [stderr]      Running unittests src/lib.rs (/opt/rustwide/target/release/deps/crc_fast-1069d682e536859b)
[INFO] [stdout] 
[INFO] [stdout] running 144 tests
[INFO] [stdout] test arch::software::property_tests::prop_native_crc32_reflected_matches_reference ... ok
[INFO] [stdout] test arch::software::property_tests::prop_custom_params_crc64_matches_reference ... ok
[INFO] [stdout] test arch::tests::test_512_string ... ok
[INFO] [stdout] test arch::tests::test_check_value ... ok
[INFO] [stdout] test arch::tests::test_crc16_ibm_sdlc_check_value ... ok
[INFO] [stdout] test arch::tests::test_crc16_t10_dif_check_value ... ok
[INFO] [stdout] test arch::tests::test_crc32_php_standard_vectors ... ok
[INFO] [stdout] test arch::software::property_tests::prop_incremental_update_crc32_equivalence ... ok
[INFO] [stdout] test arch::software::property_tests::test_check_values_crc16 ... ok
[INFO] [stdout] test arch::software::property_tests::test_check_values_crc32 ... ok
[INFO] [stdout] test arch::tests::test_256_string ... ok
[INFO] [stdout] test arch::software::property_tests::prop_native_crc32_forward_matches_reference ... ok
[INFO] [stdout] test arch::tests::test_crc64_nvme_standard_vectors ... ok
[INFO] [stdout] test arch::software::property_tests::test_check_values_crc64 ... ok
[INFO] [stdout] test arch::software::property_tests::prop_custom_params_crc32_matches_reference ... ok
[INFO] [stdout] test arch::software::property_tests::prop_native_crc64_reflected_matches_reference ... ok
[INFO] [stdout] test arch::software::property_tests::prop_custom_params_crc16_matches_reference ... ok
[INFO] [stdout] test arch::software::property_tests::prop_native_crc16_forward_matches_reference ... ok
[INFO] [stdout] test arch::software::property_tests::prop_native_crc64_forward_matches_reference ... ok
[INFO] [stdout] test arch::tests::test_1024_string ... ok
[INFO] [stdout] test cache::tests::test_cache_key_debug_and_clone ... ok
[INFO] [stdout] test cache::tests::test_cache_hit_scenarios ... ok
[INFO] [stdout] test cache::tests::test_cache_error_handling ... ok
[INFO] [stdout] test cache::tests::test_cache_key_equality ... ok
[INFO] [stdout] test arch::software::property_tests::prop_incremental_update_crc64_equivalence ... ok
[INFO] [stdout] test cache::tests::test_cache_fallback_to_direct_generation ... ok
[INFO] [stdout] test arch::software::property_tests::prop_native_crc16_reflected_matches_reference ... ok
[INFO] [stdout] test cache::tests::test_cache_behavior_with_thread_local_access ... ok
[INFO] [stdout] test cache::tests::test_cache_memory_allocation_non_stress ... ok
[INFO] [stdout] test cache::tests::test_cache_miss_scenarios ... ok
[INFO] [stdout] test cache::tests::test_cache_lock_poisoning_recovery ... ok
[INFO] [stdout] test cache::tests::test_cache_key_creation ... ok
[INFO] [stdout] test cache::tests::test_cache_error_recovery_patterns ... ok
[INFO] [stdout] test arch::tests::test_small_lengths_all ... ok
[INFO] [stdout] test cache::tests::test_cache_key_hashing ... ok
[INFO] [stdout] test cache::tests::test_crc_params_with_all_standard_algorithms ... ok
[INFO] [stdout] test cache::tests::test_crc_params_api_compatibility ... ok
[INFO] [stdout] test cache::tests::test_cache_management_utilities ... ok
[INFO] [stdout] test cache::tests::test_crc_params_new_behavior_unchanged ... ok
[INFO] [stdout] test cache::tests::test_existing_crc_parameter_combinations ... ok
[INFO] [stdout] test cache::tests::test_cached_keys_identical_to_generated_keys ... ok
[INFO] [stdout] test cache::tests::test_cached_vs_uncached_results_identical ... ok
[INFO] [stdout] test cache::tests::test_multiple_parameter_combinations ... ok
[INFO] [stdout] test cache::tests::test_multiple_crc_params_instances_use_cached_keys ... ok
[INFO] [stdout] test cache::tests::test_crc_params_edge_cases ... ok
[INFO] [stdout] test crc16::property_tests::prop_crc16_ibm_sdlc_checksum_combine_roundtrip ... ok
[INFO] [stdout] test crc16::property_tests::prop_crc16_custom_reflected_matches_reference ... ok
[INFO] [stdout] test crc16::property_tests::prop_crc16_ibm_sdlc_with_params_matches_reference ... ok
[INFO] [stdout] test crc16::property_tests::prop_crc16_ibm_sdlc_matches_reference ... ok
[INFO] [stdout] test cache::tests::test_cache_consistency_under_concurrent_access ... ok
[INFO] [stdout] test cache::tests::test_concurrent_cache_writes ... ok
[INFO] [stdout] test crc16::property_tests::prop_crc16_t10_dif_checksum_combine_roundtrip ... ok
[INFO] [stdout] test crc16::property_tests::prop_crc16_ibm_sdlc_checksum_combine_with_params_roundtrip ... ok
[INFO] [stdout] test crc16::property_tests::prop_crc16_custom_forward_matches_reference ... ok
[INFO] [stdout] test cache::tests::test_lock_poisoning_recovery ... ok
[INFO] [stdout] test cache::tests::test_concurrent_cache_reads ... ok
[INFO] [stdout] test crc32::fusion::x86::tests::test_crc32_iscsi_check ... ok
[INFO] [stdout] test crc32::fusion::x86::tests::test_crc32_iscsi_medium_lengths ... ok
[INFO] [stdout] test crc32::fusion::x86::tests::test_crc32_iscsi_small_all_lengths ... ok
[INFO] [stdout] test crc16::property_tests::prop_crc16_t10_dif_matches_reference ... ok
[INFO] [stdout] test cache::tests::test_crc_params_concurrent_creation ... ok
[INFO] [stdout] test cache::tests::test_cache_operations_under_memory_pressure ... ok
[INFO] [stdout] test feature_detection::software_fallback_tests::test_aarch64_without_aes_falls_back_to_software ... ok
[INFO] [stdout] test feature_detection::software_fallback_tests::test_x86_without_pclmulqdq_falls_back_to_software ... ok
[INFO] [stdout] test feature_detection::software_fallback_tests::test_conditional_compilation_coverage ... ok
[INFO] [stdout] test feature_detection::tests::graceful_degradation_tests::test_aarch64_degradation_path ... ok
[INFO] [stdout] test feature_detection::tests::graceful_degradation_tests::test_x86_64_degradation_path ... ok
[INFO] [stdout] test crc32::property_tests::prop_crc32_compatibility ... ok
[INFO] [stdout] test feature_detection::tests::mock_feature_agreement_tests::test_feature_dependency_validation ... ok
[INFO] [stdout] test feature_detection::tests::graceful_degradation_tests::test_partial_feature_availability ... ok
[INFO] [stdout] test crc16::property_tests::prop_crc16_t10_dif_with_params_matches_reference ... ok
[INFO] [stdout] test crc32::fusion::x86::tests::test_crc32_iscsi_large_lengths ... ok
[INFO] [stdout] test feature_detection::tests::test_aarch64_feature_hierarchy ... ok
[INFO] [stdout] test crc64::property_tests::prop_crc64_compatibility ... ok
[INFO] [stdout] test crc32::fusion::x86::tests::test_crc32_iscsi_small_fast_all_lengths ... ok
[INFO] [stdout] test feature_detection::tests::test_aarch64_tier_selection ... ok
[INFO] [stdout] test feature_detection::tests::test_x86_feature_hierarchy ... ok
[INFO] [stdout] test feature_detection::tests::tier_selection_comprehensive_tests::test_target_string_consistency ... ok
[INFO] [stdout] test feature_detection::tests::tier_selection_comprehensive_tests::test_x86_32bit_tier_combinations ... ok
[INFO] [stdout] test crc16::property_tests::prop_crc16_t10_dif_checksum_combine_with_params_roundtrip ... ok
[INFO] [stdout] test generate::tests::test_crc16_ibm_sdlc_keys ... ok
[INFO] [stdout] test generate::tests::test_crc16_t10_dif_keys ... ok
[INFO] [stdout] test lib::test_1024_length ... ok
[INFO] [stdout] test lib::test_checksum_check ... ok
[INFO] [stdout] test crc32::fusion::x86::tests::test_crc32_iscsi_small_fast_check ... ok
[INFO] [stdout] test feature_detection::tests::tier_selection_comprehensive_tests::test_all_x86_64_tier_combinations ... ok
[INFO] [stdout] test lib::test_checksum_file ... ok
[INFO] [stdout] test lib::test_checksum_file_with_custom_params ... ok
[INFO] [stdout] test lib::test_checksum_reference ... ok
[INFO] [stdout] test lib::test_checksum_with_custom_params ... ok
[INFO] [stdout] test generate::tests::test_all ... ok
[INFO] [stdout] test feature_detection::tests::test_x86_64_tier_selection ... ok
[INFO] [stdout] test feature_detection::tests::tier_selection_comprehensive_tests::test_all_aarch64_tier_combinations ... ok
[INFO] [stdout] test lib::test_combine ... ok
[INFO] [stdout] test lib::test_combine_with_custom_params ... ok
[INFO] [stdout] test generate::property_tests::prop_reflected_polynomial_formatting ... ok
[INFO] [stdout] test lib::test_crc_keys_storage_bounds_safety ... ok
[INFO] [stdout] test lib::test_crc_keys_storage_const_constructors ... ok
[INFO] [stdout] test lib::test_crc_keys_storage_fold_256 ... ok
[INFO] [stdout] test lib::test_crc_params_safe_accessors ... ok
[INFO] [stdout] test lib::test_digest_reset ... ok
[INFO] [stdout] test arch::tests::test_medium_lengths ... ok
[INFO] [stdout] test lib::test_crc_keys_storage_future_test ... ok
[INFO] [stdout] test lib::test_digest_finalize_into ... ok
[INFO] [stdout] test lib::test_digest_finalize_into_reset ... ok
[INFO] [stdout] test lib::test_get_calculator_target_consistency ... ok
[INFO] [stdout] test generate::property_tests::prop_forward_polynomial_formatting ... ok
[INFO] [stdout] test lib::test_digest_finalize_reset ... ok
[INFO] [stdout] test lib::test_digest_updates_check ... ok
[INFO] [stdout] test lib::test_digest_updates_check_with_custom_params ... ok
[INFO] [stdout] test lib::test_get_calculator_target_format ... ok
[INFO] [stdout] test cache::tests::test_read_write_contention ... ok
[INFO] [stdout] test cache::tests::test_mixed_concurrent_operations ... ok
[INFO] [stdout] test cache::tests::test_cache_concurrent_error_scenarios ... ok
[INFO] [stdout] test cache::tests::test_cache_memory_allocation_stress ... ok
[INFO] [stdout] test lib::test_writer ... ok
[INFO] [stdout] test lib::test_get_calculator_target_uses_cached_detection ... ok
[INFO] [stdout] test lib::test_get_custom_params ... ok
[INFO] [stdout] test test::future_proof_tests::test_backwards_compatibility_throughout_migration_phases ... ok
[INFO] [stdout] test test::future_proof_tests::ffi_tests::test_ffi_pointer_stability ... ok
[INFO] [stdout] test test::future_proof_tests::test_code_gracefully_handles_different_key_array_sizes ... ok
[INFO] [stdout] test test::future_proof_tests::ffi_tests::test_ffi_conversion_25_keys ... ok
[INFO] [stdout] test test::future_proof_tests::ffi_tests::test_ffi_conversion_23_keys ... ok
[INFO] [stdout] test test::future_proof_tests::test_crc_calculation_performance_before_and_after_changes ... ok
[INFO] [stdout] test test::future_proof_tests::test_crc_keys_storage_bounds_checking ... ok
[INFO] [stdout] test test::future_proof_tests::test_compiler_optimizations_eliminate_enum_dispatch ... ok
[INFO] [stdout] test test::future_proof_tests::ffi_tests::test_ffi_get_custom_params_function ... ok
[INFO] [stdout] test test::future_proof_tests::ffi_tests::test_ffi_memory_safety ... ok
[INFO] [stdout] test test::future_proof_tests::test_existing_key_access_patterns_continue_to_work ... ok
[INFO] [stdout] test test::future_proof_tests::test_crc_params_get_key_checked ... ok
[INFO] [stdout] test test::future_proof_tests::test_create_crc_params_using_keys_future_test_variant ... ok
[INFO] [stdout] test test::future_proof_tests::test_third_party_const_definitions_compatibility ... ok
[INFO] [stdout] test test::future_proof_tests::test_crc_params_get_key_bounds_checking ... ok
[INFO] [stdout] test test::future_proof_tests::test_expansion_to_larger_key_arrays_works_as_designed ... ok
[INFO] [stdout] test test::future_proof_tests::test_future_expansion_backwards_compatibility ... ok
[INFO] [stdout] test test::future_proof_tests::test_memory_usage_impact_of_enum_based_storage ... ok
[INFO] [stdout] test test::future_proof_tests::test_key_access_performance_matches_direct_array_access ... ok
[INFO] [stdout] test test::future_proof_tests::test_key_count_returns_correct_values ... ok
[INFO] [stdout] test test::future_proof_tests::ffi_tests::test_ffi_different_key_counts ... ok
[INFO] [stdout] test lib::test_small_all_lengths ... ok
[INFO] [stdout] test lib::test_medium_lengths ... ok
[INFO] [stdout] test arch::tests::test_large_lengths ... ok
[INFO] [stdout] test lib::test_large_lengths ... ok
[INFO] [stderr]      Running tests/no_std_tests.rs (/opt/rustwide/target/release/deps/no_std_tests-e86da93777d32133)
[INFO] [stdout] test lib::test_ffi_header ... ok
[INFO] [stdout] 
[INFO] [stdout] test result: ok. 144 passed; 0 failed; 0 ignored; 0 measured; 0 filtered out; finished in 1.33s
[INFO] [stdout] 
[INFO] [stdout] 
[INFO] [stdout] running 13 tests
[INFO] [stdout] test test_no_std_both_widths ... ok
[INFO] [stdout] test test_no_std_checksum_combine ... ok
[INFO] [stdout] test test_no_std_basic_checksum ... ok
[INFO] [stdout] test test_no_std_digest_api ... ok
[INFO] [stdout] test test_no_std_digest_reuse ... ok
[INFO] [stdout] test test_no_std_edge_case_patterns ... ok
[INFO] [stdout] test test_no_std_empty_input ... ok
[INFO] [stdout] test test_no_std_all_algorithms ... ok
[INFO] [stdout] test test_no_std_incremental_digest ... ok
[INFO] [stdout] test test_no_std_custom_params ... ok
[INFO] [stdout] test test_no_std_stack_only ... ok
[INFO] [stdout] test test_no_std_various_sizes ... ok
[INFO] [stdout] test test_no_std_reflection_modes ... ok
[INFO] [stderr]      Running tests/wasm_tests.rs (/opt/rustwide/target/release/deps/wasm_tests-03f23fcc388fc208)
[INFO] [stdout] 
[INFO] [stdout] test result: ok. 13 passed; 0 failed; 0 ignored; 0 measured; 0 filtered out; finished in 0.00s
[INFO] [stdout] 
[INFO] [stdout] 
[INFO] [stdout] running 13 tests
[INFO] [stdout] test test_wasm_various_sizes ... ok
[INFO] [stdout] test test_wasm_vectors ... ok
[INFO] [stdout] test test_wasm_all_crc32 ... ok
[INFO] [stdout] test test_wasm_basic_crc32 ... ok
[INFO] [stdout] test test_wasm_incremental ... ok
[INFO] [stdout] test test_wasm_reset ... ok
[INFO] [stdout] test test_wasm_custom_params ... ok
[INFO] [stdout] test test_wasm_all_crc64 ... ok
[INFO] [stdout] test test_wasm_reflection ... ok
[INFO] [stdout] test test_wasm_crc64 ... ok
[INFO] [stdout] test test_wasm_digest ... ok
[INFO] [stdout] test test_wasm_empty ... ok
[INFO] [stdout] test test_wasm_combine ... ok
[INFO] [stderr]    Doc-tests crc_fast
[INFO] [stdout] 
[INFO] [stdout] test result: ok. 13 passed; 0 failed; 0 ignored; 0 measured; 0 filtered out; finished in 0.01s
[INFO] [stdout] 
[INFO] [stdout] 
[INFO] [stdout] running 20 tests
[INFO] [stdout] test src/lib.rs - (line 59) ... FAILED
[INFO] [stdout] test src/lib.rs - checksum_combine (line 1044) ... FAILED
[INFO] [stdout] test src/lib.rs - checksum (line 722) ... FAILED
[INFO] [stdout] test src/lib.rs - Digest::new_with_init_state (line 546) ... FAILED
[INFO] [stdout] test src/lib.rs - (line 97) ... FAILED
[INFO] [stdout] test src/lib.rs - (line 86) ... FAILED
[INFO] [stdout] test src/lib.rs - (line 77) ... FAILED
[INFO] [stdout] test src/lib.rs - Digest::get_state (line 667) ... FAILED
[INFO] [stdout] test src/lib.rs - Digest::new_with_params (line 581) ... FAILED
[INFO] [stdout] test src/lib.rs - checksum_file (line 945) ... FAILED
[INFO] [stdout] test src/lib.rs - checksum_with_params (line 911) ... ok
[INFO] [stdout] test src/lib.rs - checksum_file_with_params (line 977) ... ok
[INFO] [stdout] test src/lib.rs - crc32_iso_hdlc (line 1166) ... ok
[INFO] [stdout] test src/lib.rs - Digest::new (line 521) ... ok
[INFO] [stdout] test src/lib.rs - (line 116) ... ok
[INFO] [stdout] test src/lib.rs - get_calculator_target (line 1117) ... ok
[INFO] [stdout] test src/lib.rs - crc64_nvme (line 1186) ... ok
[INFO] [stdout] test src/lib.rs - (line 43) ... ok
[INFO] [stdout] test src/lib.rs - checksum_combine_with_params (line 1069) ... ok
[INFO] [stdout] test src/lib.rs - crc32_iscsi (line 1146) ... ok
[INFO] [stdout] 
[INFO] [stdout] failures:
[INFO] [stdout] 
[INFO] [stdout] ---- src/lib.rs - (line 59) stdout ----
[INFO] [stdout] Couldn't compile the test.
[INFO] [stdout] ---- src/lib.rs - checksum_combine (line 1044) stdout ----
[INFO] [stdout] Couldn't compile the test.
[INFO] [stdout] ---- src/lib.rs - checksum (line 722) stdout ----
[INFO] [stdout] Couldn't compile the test.
[INFO] [stdout] ---- src/lib.rs - Digest::new_with_init_state (line 546) stdout ----
[INFO] [stdout] Couldn't compile the test.
[INFO] [stdout] ---- src/lib.rs - (line 97) stdout ----
[INFO] [stdout] Couldn't compile the test.
[INFO] [stdout] ---- src/lib.rs - (line 86) stdout ----
[INFO] [stdout] Couldn't compile the test.
[INFO] [stdout] ---- src/lib.rs - (line 77) stdout ----
[INFO] [stdout] Couldn't compile the test.
[INFO] [stdout] ---- src/lib.rs - Digest::get_state (line 667) stdout ----
[INFO] [stdout] Couldn't compile the test.
[INFO] [stdout] ---- src/lib.rs - Digest::new_with_params (line 581) stdout ----
[INFO] [stdout] Couldn't compile the test.
[INFO] [stdout] ---- src/lib.rs - checksum_file (line 945) stdout ----
[INFO] [stdout] Couldn't compile the test.
[INFO] [stdout] 
[INFO] [stdout] failures:
[INFO] [stdout]     src/lib.rs - (line 59)
[INFO] [stdout]     src/lib.rs - (line 77)
[INFO] [stdout]     src/lib.rs - (line 86)
[INFO] [stdout]     src/lib.rs - (line 97)
[INFO] [stdout]     src/lib.rs - Digest::get_state (line 667)
[INFO] [stdout]     src/lib.rs - Digest::new_with_init_state (line 546)
[INFO] [stdout]     src/lib.rs - Digest::new_with_params (line 581)
[INFO] [stdout]     src/lib.rs - checksum (line 722)
[INFO] [stdout]     src/lib.rs - checksum_combine (line 1044)
[INFO] [stdout]     src/lib.rs - checksum_file (line 945)
[INFO] [stdout] 
[INFO] [stdout] test result: FAILED. 10 passed; 10 failed; 0 ignored; 0 measured; 0 filtered out; finished in 21.03s
[INFO] [stdout] 
[INFO] [stderr] error: doctest failed, to rerun pass `--doc`
[INFO] running `Command { std: "docker" "inspect" "1b2f2d91d413444a337d5375087c66b5fd8374d5e6946fcbbe4efdfaea22b935", kill_on_drop: false }`
[INFO] running `Command { std: "docker" "rm" "-f" "1b2f2d91d413444a337d5375087c66b5fd8374d5e6946fcbbe4efdfaea22b935", kill_on_drop: false }`
[INFO] [stdout] 1b2f2d91d413444a337d5375087c66b5fd8374d5e6946fcbbe4efdfaea22b935
