[INFO] fetching crate crax_monorepo 0.2.3...
[INFO] testing crax_monorepo-0.2.3 against 1.99.0-beta.8+cargoflags=--release for beta-release-1.100-2
[INFO] extracting crate crax_monorepo 0.2.3 into /workspace/builds/worker-7-tc1/source
[INFO] started tweaking crates.io crate crax_monorepo 0.2.3
[INFO] removed 0 missing tests
[INFO] finished tweaking crates.io crate crax_monorepo 0.2.3
[INFO] tweaked toml for crates.io crate crax_monorepo 0.2.3 written to /workspace/builds/worker-7-tc1/source/Cargo.toml
[INFO] validating manifest of crates.io crate crax_monorepo 0.2.3 on toolchain 1.99.0-beta.8
[INFO] running `Command { std: CARGO_HOME="/workspace/cargo-home" RUSTUP_HOME="/workspace/rustup-home" "/workspace/cargo-home/bin/cargo" "+1.99.0-beta.8" "metadata" "--manifest-path" "Cargo.toml" "--no-deps", kill_on_drop: false }`
[INFO] crate crates.io crate crax_monorepo 0.2.3 already has a lockfile, it will not be regenerated
[INFO] running `Command { std: CARGO_HOME="/workspace/cargo-home" RUSTUP_HOME="/workspace/rustup-home" "/workspace/cargo-home/bin/cargo" "+1.99.0-beta.8" "fetch" "--manifest-path" "Cargo.toml", kill_on_drop: false }`
[INFO] [stderr]     Updating crates.io index
[INFO] [stderr]  Downloading crates ...
[INFO] [stderr]   Downloaded serde_spanned v1.0.0
[INFO] [stderr]   Downloaded toml_datetime v0.7.0
[INFO] [stderr]   Downloaded toml_parser v1.0.1
[INFO] [stderr]   Downloaded ansitok v0.3.0
[INFO] [stderr]   Downloaded toml v0.9.2
[INFO] [stderr]   Downloaded sugar_path v1.2.0
[INFO] [stderr]   Downloaded ansi-str v0.9.0
[INFO] [stderr]   Downloaded granit-parser v0.0.2
[INFO] [stderr]   Downloaded annotate-snippets v0.12.5
[INFO] [stderr]   Downloaded serde-saphyr v0.0.26
[INFO] [stderr]   Downloaded rustix v0.38.38
[INFO] [stderr]   Downloaded cc v1.1.34
[INFO] [stderr]   Downloaded windows-registry v0.5.2
[INFO] [stderr]   Downloaded h2 v0.4.7
[INFO] [stderr]   Downloaded rustls v0.23.17
[INFO] [stderr]   Downloaded instability v0.3.3
[INFO] [stderr]   Downloaded indoc v2.0.5
[INFO] [stderr]   Downloaded openssl-src v300.4.1+3.4.0
[INFO] [stderr]   Downloaded windows-core v0.59.0
[INFO] [stderr]   Downloaded process-wrap v8.2.0
[INFO] [stderr]   Downloaded windows-implement v0.59.0
[INFO] [stderr]   Downloaded loading v0.4.0
[INFO] [stderr]   Downloaded kill_tree v0.2.4
[INFO] [stderr]   Downloaded owo-colors v4.2.2
[INFO] [stderr]   Downloaded windows v0.59.0
[INFO] [stderr]   Downloaded grep v0.4.1
[INFO] [stderr]   Downloaded thiserror v1.0.67
[INFO] [stderr]   Downloaded crax_utils v0.2.3
[INFO] [stderr]   Downloaded grep-printer v0.3.1
[INFO] [stderr]   Downloaded grep-cli v0.1.12
[INFO] [stderr]   Downloaded thiserror-impl v1.0.67
[INFO] [stderr]   Downloaded wax v0.6.0
[INFO] [stderr]   Downloaded pori v0.0.0
[INFO] [stderr]   Downloaded const_format v0.2.33
[INFO] [stderr]   Downloaded jsonptr v0.7.1
[INFO] [stderr]   Downloaded crax_dts v0.2.3
[INFO] [stderr]   Downloaded const_format_proc_macros v0.2.33
[INFO] [stderr]   Downloaded json-patch v4.0.0
[INFO] running `Command { std: "docker" "create" "-v" "/var/lib/crater-agent-workspace/builds/worker-7-tc1/source:/opt/rustwide/workdir:ro,Z" "-v" "/var/lib/crater-agent-workspace/builds/worker-7-tc1/target:/opt/rustwide/target:rw,Z" "-v" "/var/lib/crater-agent-workspace/cargo-home:/opt/rustwide/cargo-home:ro,Z" "-v" "/var/lib/crater-agent-workspace/rustup-home:/opt/rustwide/rustup-home:ro,Z" "-m" "1610612736" "--network" "none" "ghcr.io/rust-lang/crates-build-env/linux@sha256:77db811e55d90add9212f6832c23229e3de5f1c1f9905e8cb07319ea15df73ac" "sleep" "infinity", kill_on_drop: false }`
[INFO] [stdout] cc270d569daaaae2c737a4aa088198ad394bcf3186a2bb99c627885de5758ee9
[INFO] running `Command { std: "docker" "start" "cc270d569daaaae2c737a4aa088198ad394bcf3186a2bb99c627885de5758ee9", kill_on_drop: false }`
[INFO] running `Command { std: "docker" "inspect" "cc270d569daaaae2c737a4aa088198ad394bcf3186a2bb99c627885de5758ee9", kill_on_drop: false }`
[INFO] running `Command { std: "docker" "exec" "-e" "SOURCE_DIR=/opt/rustwide/workdir" "-e" "CARGO_HOME=/opt/rustwide/cargo-home" "-e" "RUSTUP_HOME=/opt/rustwide/rustup-home" "-e" "CARGO_TARGET_DIR=/opt/rustwide/target" "-w" "/opt/rustwide/workdir" "--user" "0:0" "cc270d569daaaae2c737a4aa088198ad394bcf3186a2bb99c627885de5758ee9" "/opt/rustwide/cargo-home/bin/cargo" "+1.99.0-beta.8" "metadata" "--no-deps" "--format-version=1", kill_on_drop: false }`
[INFO] running `Command { std: "docker" "inspect" "cc270d569daaaae2c737a4aa088198ad394bcf3186a2bb99c627885de5758ee9", kill_on_drop: false }`
[INFO] running `Command { std: "docker" "exec" "-e" "SOURCE_DIR=/opt/rustwide/workdir" "-e" "CARGO_HOME=/opt/rustwide/cargo-home" "-e" "RUSTUP_HOME=/opt/rustwide/rustup-home" "-e" "CARGO_TARGET_DIR=/opt/rustwide/target" "-e" "CARGO_INCREMENTAL=0" "-e" "RUST_BACKTRACE=full" "-e" "RUSTFLAGS=--cap-lints=warn" "-e" "RUSTDOCFLAGS=--cap-lints=warn" "-w" "/opt/rustwide/workdir" "--user" "0:0" "cc270d569daaaae2c737a4aa088198ad394bcf3186a2bb99c627885de5758ee9" "/opt/rustwide/cargo-home/bin/cargo" "+1.99.0-beta.8" "build" "--frozen" "--message-format=json" "--release", kill_on_drop: false }`
[INFO] [stderr]    Compiling proc-macro2 v1.0.89
[INFO] [stderr]    Compiling libc v0.2.171
[INFO] [stderr]    Compiling bitflags v2.9.0
[INFO] [stderr]    Compiling bytes v1.8.0
[INFO] [stderr]    Compiling aho-corasick v1.1.3
[INFO] [stderr]    Compiling hashbrown v0.15.0
[INFO] [stderr]    Compiling cc v1.1.34
[INFO] [stderr]    Compiling tracing-core v0.1.33
[INFO] [stderr]    Compiling litemap v0.7.3
[INFO] [stderr]    Compiling either v1.13.0
[INFO] [stderr]    Compiling serde_json v1.0.141
[INFO] [stderr]    Compiling nom v7.1.3
[INFO] [stderr]    Compiling unicode-width v0.2.0
[INFO] [stderr]    Compiling openssl v0.10.73
[INFO] [stderr]    Compiling rustix v0.38.38
[INFO] [stderr]    Compiling thiserror v1.0.67
[INFO] [stderr]    Compiling vte v0.14.1
[INFO] [stderr]    Compiling rustix v1.0.5
[INFO] [stderr]    Compiling encoding_rs_io v0.1.7
[INFO] [stderr]    Compiling grep-matcher v0.1.8
[INFO] [stderr]    Compiling anyhow v1.0.98
[INFO] [stderr]    Compiling owo-colors v4.2.2
[INFO] [stderr]    Compiling nix v0.29.0
[INFO] [stderr]    Compiling convert_case v0.7.1
[INFO] [stderr]    Compiling diff v0.1.13
[INFO] [stderr]    Compiling http v1.1.0
[INFO] [stderr]    Compiling portable-atomic v1.9.0
[INFO] [stderr]    Compiling winnow v0.7.12
[INFO] [stderr]    Compiling pretty_assertions v1.4.1
[INFO] [stderr]    Compiling itertools v0.11.0
[INFO] [stderr]    Compiling itertools v0.13.0
[INFO] [stderr]    Compiling castaway v0.2.3
[INFO] [stderr]    Compiling quote v1.0.37
[INFO] [stderr]    Compiling syn v2.0.87
[INFO] [stderr]    Compiling fastrand v2.1.1
[INFO] [stderr]    Compiling openssl-src v300.4.1+3.4.0
[INFO] [stderr]    Compiling proc-macro-error-attr2 v2.0.0
[INFO] [stderr]    Compiling indexmap v2.6.0
[INFO] [stderr]    Compiling const_format_proc_macros v0.2.33
[INFO] [stderr]    Compiling openssl-sys v0.9.109
[INFO] [stderr]    Compiling env_home v0.1.0
[INFO] [stderr]    Compiling iri-string v0.7.8
[INFO] [stderr]    Compiling litrs v0.4.1
[INFO] [stderr]    Compiling regex-automata v0.4.8
[INFO] [stderr]    Compiling http-body v1.0.1
[INFO] [stderr]    Compiling semver v1.0.26
[INFO] [stderr]    Compiling bytecount v0.6.8
[INFO] [stderr]    Compiling signal-hook-registry v1.4.2
[INFO] [stderr]    Compiling mio v1.0.2
[INFO] [stderr]    Compiling parking_lot_core v0.9.10
[INFO] [stderr]    Compiling socket2 v0.5.10
[INFO] [stderr]    Compiling parking_lot v0.12.3
[INFO] [stderr]    Compiling ansitok v0.3.0
[INFO] [stderr]    Compiling signal-hook v0.3.17
[INFO] [stderr]    Compiling memmap2 v0.9.10
[INFO] [stderr]    Compiling toml_parser v1.0.1
[INFO] [stderr]    Compiling pori v0.0.0
[INFO] [stderr]    Compiling signal-hook-mio v0.2.4
[INFO] [stderr]    Compiling const_format v0.2.33
[INFO] [stderr]    Compiling getrandom v0.3.4
[INFO] [stderr]    Compiling arraydeque v0.5.1
[INFO] [stderr]    Compiling indoc v2.0.5
[INFO] [stderr]    Compiling kill_tree v0.2.4
[INFO] [stderr]    Compiling toml_writer v1.0.2
[INFO] [stderr]    Compiling ansi-str v0.9.0
[INFO] [stderr]    Compiling testing_table v0.3.0
[INFO] [stderr]    Compiling granit-parser v0.0.2
[INFO] [stderr]    Compiling ahash v0.8.12
[INFO] [stderr]    Compiling unicode-truncate v1.1.0
[INFO] [stderr]    Compiling crossterm v0.28.1
[INFO] [stderr]    Compiling which v8.0.0
[INFO] [stderr]    Compiling tempfile v3.13.0
[INFO] [stderr]    Compiling papergrid v0.17.0
[INFO] [stderr]    Compiling console v0.16.0
[INFO] [stderr]    Compiling nix v0.27.1
[INFO] [stderr]    Compiling console v0.15.8
[INFO] [stderr]    Compiling compact_str v0.8.0
[INFO] [stderr]    Compiling document-features v0.2.11
[INFO] [stderr]    Compiling annotate-snippets v0.12.5
[INFO] [stderr]    Compiling lru v0.12.5
[INFO] [stderr]    Compiling synstructure v0.13.1
[INFO] [stderr]    Compiling darling_core v0.20.10
[INFO] [stderr]    Compiling proc-macro-error2 v2.0.1
[INFO] [stderr]    Compiling rayon v1.10.0
[INFO] [stderr]    Compiling tracing-log v0.2.0
[INFO] [stderr]    Compiling thread_local v1.1.8
[INFO] [stderr]    Compiling zeroize v1.8.1
[INFO] [stderr]    Compiling shell-words v1.1.0
[INFO] [stderr]    Compiling unit-prefix v0.5.1
[INFO] [stderr]    Compiling nohash-hasher v0.2.0
[INFO] [stderr]    Compiling loading v0.4.0
[INFO] [stderr]    Compiling sugar_path v1.2.0
[INFO] [stderr]    Compiling rustls-pki-types v1.10.0
[INFO] [stderr]    Compiling indicatif v0.18.0
[INFO] [stderr]    Compiling tracing-subscriber v0.3.19
[INFO] [stderr]    Compiling bstr v1.10.0
[INFO] [stderr]    Compiling regex v1.11.1
[INFO] [stderr]    Compiling zerofrom-derive v0.1.4
[INFO] [stderr]    Compiling tokio-macros v2.5.0
[INFO] [stderr]    Compiling yoke-derive v0.7.4
[INFO] [stderr]    Compiling tokio v1.46.1
[INFO] [stderr]    Compiling serde_derive v1.0.219
[INFO] [stderr]    Compiling zerovec-derive v0.10.3
[INFO] [stderr]    Compiling futures-macro v0.3.31
[INFO] [stderr]    Compiling displaydoc v0.2.5
[INFO] [stderr]    Compiling zerofrom v0.1.4
[INFO] [stderr]    Compiling yoke v0.7.4
[INFO] [stderr]    Compiling tracing-attributes v0.1.28
[INFO] [stderr]    Compiling icu_provider_macros v1.5.0
[INFO] [stderr]    Compiling darling_macro v0.20.10
[INFO] [stderr]    Compiling thiserror-impl v1.0.67
[INFO] [stderr]    Compiling openssl-macros v0.1.1
[INFO] [stderr]    Compiling zerovec v0.10.4
[INFO] [stderr]    Compiling futures-util v0.3.31
[INFO] [stderr]    Compiling darling v0.20.10
[INFO] [stderr]    Compiling derive_builder_core v0.20.2
[INFO] [stderr]    Compiling globset v0.4.18
[INFO] [stderr]    Compiling grep-searcher v0.1.16
[INFO] [stderr]    Compiling strum_macros v0.26.4
[INFO] [stderr]    Compiling derive_more-impl v2.0.1
[INFO] [stderr]    Compiling grep-cli v0.1.12
[INFO] [stderr]    Compiling tracing v0.1.41
[INFO] [stderr]    Compiling instability v0.3.3
[INFO] [stderr]    Compiling derive_builder_macro v0.20.2
[INFO] [stderr]    Compiling tinystr v0.7.6
[INFO] [stderr]    Compiling icu_collections v1.5.0
[INFO] [stderr]    Compiling wax v0.6.0
[INFO] [stderr]    Compiling derive_more v2.0.1
[INFO] [stderr]    Compiling derive_builder v0.20.2
[INFO] [stderr]    Compiling icu_locid v1.5.0
[INFO] [stderr]    Compiling grep-regex v0.1.14
[INFO] [stderr]    Compiling tabled_derive v0.11.0
[INFO] [stderr]    Compiling crossterm v0.29.0
[INFO] [stderr]    Compiling dialoguer v0.11.0
[INFO] [stderr]    Compiling serde v1.0.219
[INFO] [stderr]    Compiling jwalk v0.8.1
[INFO] [stderr]    Compiling strum v0.26.3
[INFO] [stderr]    Compiling icu_provider v1.5.0
[INFO] [stderr]    Compiling ratatui v0.29.0
[INFO] [stderr]    Compiling tabled v0.20.0
[INFO] [stderr]    Compiling icu_locid_transform v1.5.0
[INFO] [stderr]    Compiling http-body-util v0.1.2
[INFO] [stderr]    Compiling futures-executor v0.3.31
[INFO] [stderr]    Compiling icu_properties v1.5.1
[INFO] [stderr]    Compiling futures v0.3.31
[INFO] [stderr]    Compiling tokio-util v0.7.12
[INFO] [stderr]    Compiling tower v0.5.2
[INFO] [stderr]    Compiling process-wrap v8.2.0
[INFO] [stderr]    Compiling h2 v0.4.7
[INFO] [stderr]    Compiling tower-http v0.6.6
[INFO] [stderr]    Compiling crax_utils v0.2.3
[INFO] [stderr]    Compiling serde_spanned v1.0.0
[INFO] [stderr]    Compiling toml_datetime v0.7.0
[INFO] [stderr]    Compiling serde_urlencoded v0.7.1
[INFO] [stderr]    Compiling icu_normalizer v1.5.0
[INFO] [stderr]    Compiling serde-saphyr v0.0.26
[INFO] [stderr]    Compiling toml v0.9.2
[INFO] [stderr]    Compiling idna_adapter v1.2.0
[INFO] [stderr]    Compiling idna v1.0.3
[INFO] [stderr]    Compiling jsonptr v0.7.1
[INFO] [stderr]    Compiling url v2.5.3
[INFO] [stderr]    Compiling json-patch v4.0.0
[INFO] [stderr]    Compiling hyper v1.6.0
[INFO] [stderr]    Compiling grep-printer v0.3.1
[INFO] [stderr]    Compiling crax_dts v0.2.3
[INFO] [stderr]    Compiling grep v0.4.1
[INFO] [stderr]    Compiling hyper-util v0.1.16
[INFO] [stderr]    Compiling native-tls v0.2.12
[INFO] [stderr]    Compiling tokio-native-tls v0.3.1
[INFO] [stderr]    Compiling hyper-tls v0.6.0
[INFO] [stderr]    Compiling reqwest v0.12.22
[INFO] [stderr]    Compiling crax_monorepo v0.2.3 (/opt/rustwide/workdir)
[INFO] [stderr]     Finished `release` profile [optimized] target(s) in 1m 51s
[INFO] [stderr] warning: the following packages contain code that will be rejected by a future version of Rust: proc-macro-error2 v2.0.1
[INFO] [stderr] note: to see what the problems were, use the option `--future-incompat-report`, or run `cargo report future-incompatibilities --id 5`
[INFO] running `Command { std: "docker" "inspect" "cc270d569daaaae2c737a4aa088198ad394bcf3186a2bb99c627885de5758ee9", kill_on_drop: false }`
[INFO] running `Command { std: "docker" "exec" "-e" "SOURCE_DIR=/opt/rustwide/workdir" "-e" "CARGO_HOME=/opt/rustwide/cargo-home" "-e" "RUSTUP_HOME=/opt/rustwide/rustup-home" "-e" "CARGO_TARGET_DIR=/opt/rustwide/target" "-e" "CARGO_INCREMENTAL=0" "-e" "RUST_BACKTRACE=full" "-e" "RUSTFLAGS=--cap-lints=warn" "-e" "RUSTDOCFLAGS=--cap-lints=warn" "-w" "/opt/rustwide/workdir" "--user" "0:0" "cc270d569daaaae2c737a4aa088198ad394bcf3186a2bb99c627885de5758ee9" "/opt/rustwide/cargo-home/bin/cargo" "+1.99.0-beta.8" "test" "--frozen" "--no-run" "--message-format=json" "--release", kill_on_drop: false }`
[INFO] [stderr]    Compiling crax_monorepo v0.2.3 (/opt/rustwide/workdir)
[INFO] [stderr]     Finished `release` profile [optimized] target(s) in 3.65s
[INFO] [stderr] warning: the following packages contain code that will be rejected by a future version of Rust: proc-macro-error2 v2.0.1
[INFO] [stderr] note: to see what the problems were, use the option `--future-incompat-report`, or run `cargo report future-incompatibilities --id 5`
[INFO] running `Command { std: "docker" "inspect" "cc270d569daaaae2c737a4aa088198ad394bcf3186a2bb99c627885de5758ee9", kill_on_drop: false }`
[INFO] running `Command { std: "docker" "exec" "-e" "SOURCE_DIR=/opt/rustwide/workdir" "-e" "CARGO_HOME=/opt/rustwide/cargo-home" "-e" "RUSTUP_HOME=/opt/rustwide/rustup-home" "-e" "CARGO_TARGET_DIR=/opt/rustwide/target" "-e" "CARGO_INCREMENTAL=0" "-e" "RUST_BACKTRACE=full" "-e" "RUSTFLAGS=--cap-lints=warn" "-e" "RUSTDOCFLAGS=--cap-lints=warn" "-w" "/opt/rustwide/workdir" "--user" "0:0" "cc270d569daaaae2c737a4aa088198ad394bcf3186a2bb99c627885de5758ee9" "/opt/rustwide/cargo-home/bin/cargo" "+1.99.0-beta.8" "test" "--frozen" "--release", kill_on_drop: false }`
[INFO] [stderr]     Finished `release` profile [optimized] target(s) in 0.15s
[INFO] [stderr] warning: the following packages contain code that will be rejected by a future version of Rust: proc-macro-error2 v2.0.1
[INFO] [stderr] note: to see what the problems were, use the option `--future-incompat-report`, or run `cargo report future-incompatibilities --id 5`
[INFO] [stderr]      Running unittests src/lib.rs (/opt/rustwide/target/release/deps/crax_monorepo-b1dbc5ed19267cdc)
[INFO] [stdout] 
[INFO] [stdout] running 21 tests
[INFO] [stdout] test dev::tests::keeps_only_the_latest_carriage_return_update ... ok
[INFO] [stdout] test build::tests::selection_items_preserve_package_indices_and_names ... ok
[INFO] [stdout] test dev::tests::normalizes_terminal_control_sequences ... ok
[INFO] [stdout] test dev::tests::removes_controls_but_keeps_unicode_text ... ok
[INFO] [stdout] test dev::tests::log_rendering_cannot_overwrite_the_package_pane ... ok
[INFO] [stdout] test monorepo::tests::names_by_deps_deduplicates_multiple_seeds_and_paths ... ok
[INFO] [stdout] test monorepo::tests::names_by_deps_includes_peers_and_excludes_dev_dependencies ... ok
[INFO] [stdout] test monorepo::tests::glob_set ... ok
[INFO] [stdout] test monorepo::tests::names_by_deps_includes_root_only_when_enabled_and_affected ... ok
[INFO] [stdout] test monorepo::tests::names_by_deps_includes_transitive_dependents_in_workspace_order ... ok
[INFO] [stdout] test monorepo::tests::names_by_deps_returns_empty_without_matches ... ok
[INFO] [stdout] test monorepo::tests::names_by_deps_terminates_with_cycles ... ok
[INFO] [stdout] test diff::diff::glob ... ok
[INFO] [stdout] test monorepo::tests::packages_by_deps_breaks_ties_by_input_and_workspace_order ... ok
[INFO] [stdout] test monorepo::tests::packages_by_deps_records_shortest_chains_including_root ... ok
[INFO] [stdout] test version::version::get_tag ... ok
[INFO] [stdout] test version::version::version ... ok
[INFO] [stdout] test package_json::test::has ... FAILED
[INFO] [stdout] test package_json::test::create ... FAILED
[INFO] [stdout] test robot::robot_test::init ... FAILED
[INFO] [stdout] test grep_package_json::test::test ... FAILED
[INFO] [stdout] 
[INFO] [stdout] failures:
[INFO] [stdout] 
[INFO] [stdout] ---- package_json::test::has stdout ----
[INFO] [stdout] 
[INFO] [stdout] thread 'package_json::test::has' (13296) panicked at src/package_json.rs:348:76:
[INFO] [stdout] called `Result::unwrap()` on an `Err` value: No such a file at 
[INFO] [stdout] 
[INFO] [stdout] Stack backtrace:
[INFO] [stdout]    0: <anyhow::Error>::msg::<&str>
[INFO] [stdout]    1: crax_monorepo::package_json::create_pkg::<&str>
[INFO] [stdout]    2: <crax_monorepo::package_json::test::has::{closure#0} as core::ops::function::FnOnce<()>>::call_once
[INFO] [stdout]    3: test::__rust_begin_short_backtrace::<core::result::Result<(), alloc::string::String>, fn() -> core::result::Result<(), alloc::string::String>>
[INFO] [stdout]    4: test::run_test::{closure#0}
[INFO] [stdout]    5: std::sys::backtrace::__rust_begin_short_backtrace::<test::run_test::{closure#1}, ()>
[INFO] [stdout]    6: <std::thread::lifecycle::spawn_unchecked<test::run_test::{closure#1}, ()>::{closure#1} as core::ops::function::FnOnce<()>>::call_once::{shim:vtable#0}
[INFO] [stdout]    7: <std::sys::thread::unix::Thread>::new::thread_start
[INFO] [stdout]    8: <unknown>
[INFO] [stdout]    9: clone
[INFO] [stdout] stack backtrace:
[INFO] [stdout]    0:     0x588fa7f05d61 - <<std[70759c8f55707aa4]::sys::backtrace::BacktraceLock>::print::DisplayBacktrace as core[df12db4294e9bfd3]::fmt::Display>::fmt
[INFO] [stdout]    1:     0x588fa7f1c3da - core[df12db4294e9bfd3]::fmt::write
[INFO] [stdout]    2:     0x588fa7f0ad8c - <alloc[2182bb758b4b3781]::vec::Vec<u8> as core[df12db4294e9bfd3]::io::write::Write>::write_fmt
[INFO] [stdout]    3:     0x588fa7ee0286 - std[70759c8f55707aa4]::panicking::default_hook::{closure#0}
[INFO] [stdout]    4:     0x588fa7efd6b9 - std[70759c8f55707aa4]::panicking::default_hook
[INFO] [stdout]    5:     0x588fa7d19dd0 - test[9d35eded1c95d3be]::test_main_inner::<test[9d35eded1c95d3be]::test_main_static::{closure#0}>::{closure#0}
[INFO] [stdout]    6:     0x588fa7efd9e2 - std[70759c8f55707aa4]::panicking::panic_with_hook
[INFO] [stdout]    7:     0x588fa7ee0332 - std[70759c8f55707aa4]::panicking::panic_handler::{closure#0}
[INFO] [stdout]    8:     0x588fa7ed88f9 - std[70759c8f55707aa4]::sys::backtrace::__rust_end_short_backtrace::<std[70759c8f55707aa4]::panicking::panic_handler::{closure#0}, !>
[INFO] [stdout]    9:     0x588fa7ee103d - __rustc[8fa7c3cbc660c2b3]::rust_begin_unwind
[INFO] [stdout]   10:     0x588fa7f1cbbc - core[df12db4294e9bfd3]::panicking::panic_fmt
[INFO] [stdout]   11:     0x588fa7f1c992 - core[df12db4294e9bfd3]::result::unwrap_failed
[INFO] [stdout]   12:     0x588fa7cecb4c - <crax_monorepo[ec57cdf2c1e7133f]::package_json::test::has::{closure#0} as core[df12db4294e9bfd3]::ops::function::FnOnce<()>>::call_once
[INFO] [stdout]   13:     0x588fa7d0d0bb - test[9d35eded1c95d3be]::__rust_begin_short_backtrace::<core[df12db4294e9bfd3]::result::Result<(), alloc[2182bb758b4b3781]::string::String>, fn() -> core[df12db4294e9bfd3]::result::Result<(), alloc[2182bb758b4b3781]::string::String>>
[INFO] [stdout]   14:     0x588fa7d1a725 - test[9d35eded1c95d3be]::run_test::{closure#0}
[INFO] [stdout]   15:     0x588fa7d13fe4 - std[70759c8f55707aa4]::sys::backtrace::__rust_begin_short_backtrace::<test[9d35eded1c95d3be]::run_test::{closure#1}, ()>
[INFO] [stdout]   16:     0x588fa7d1d882 - <std[70759c8f55707aa4]::thread::lifecycle::spawn_unchecked<test[9d35eded1c95d3be]::run_test::{closure#1}, ()>::{closure#1} as core[df12db4294e9bfd3]::ops::function::FnOnce<()>>::call_once::{shim:vtable#0}
[INFO] [stdout]   17:     0x588fa7f05289 - <std[70759c8f55707aa4]::sys::thread::unix::Thread>::new::thread_start
[INFO] [stdout]   18:     0x73177c833dfa - <unknown>
[INFO] [stdout]   19:     0x73177c8c73d4 - clone
[INFO] [stdout]   20:                0x0 - <unknown>
[INFO] [stdout] 
[INFO] [stdout] ---- package_json::test::create stdout ----
[INFO] [stdout] 
[INFO] [stdout] thread 'package_json::test::create' (13295) panicked at src/package_json.rs:335:76:
[INFO] [stdout] called `Result::unwrap()` on an `Err` value: No such a file at 
[INFO] [stdout] 
[INFO] [stdout] Stack backtrace:
[INFO] [stdout]    0: <anyhow::Error>::msg::<&str>
[INFO] [stdout]    1: crax_monorepo::package_json::create_pkg::<&str>
[INFO] [stdout]    2: <crax_monorepo::package_json::test::create::{closure#0} as core::ops::function::FnOnce<()>>::call_once
[INFO] [stdout]    3: test::__rust_begin_short_backtrace::<core::result::Result<(), alloc::string::String>, fn() -> core::result::Result<(), alloc::string::String>>
[INFO] [stdout]    4: test::run_test::{closure#0}
[INFO] [stdout]    5: std::sys::backtrace::__rust_begin_short_backtrace::<test::run_test::{closure#1}, ()>
[INFO] [stdout]    6: <std::thread::lifecycle::spawn_unchecked<test::run_test::{closure#1}, ()>::{closure#1} as core::ops::function::FnOnce<()>>::call_once::{shim:vtable#0}
[INFO] [stdout]    7: <std::sys::thread::unix::Thread>::new::thread_start
[INFO] [stdout]    8: <unknown>
[INFO] [stdout]    9: clone
[INFO] [stdout] stack backtrace:
[INFO] [stdout]    0:     0x588fa7f05d61 - <<std[70759c8f55707aa4]::sys::backtrace::BacktraceLock>::print::DisplayBacktrace as core[df12db4294e9bfd3]::fmt::Display>::fmt
[INFO] [stdout]    1:     0x588fa7f1c3da - core[df12db4294e9bfd3]::fmt::write
[INFO] [stdout]    2:     0x588fa7f0ad8c - <alloc[2182bb758b4b3781]::vec::Vec<u8> as core[df12db4294e9bfd3]::io::write::Write>::write_fmt
[INFO] [stdout]    3:     0x588fa7ee0286 - std[70759c8f55707aa4]::panicking::default_hook::{closure#0}
[INFO] [stdout]    4:     0x588fa7efd6b9 - std[70759c8f55707aa4]::panicking::default_hook
[INFO] [stdout]    5:     0x588fa7d19dd0 - test[9d35eded1c95d3be]::test_main_inner::<test[9d35eded1c95d3be]::test_main_static::{closure#0}>::{closure#0}
[INFO] [stdout]    6:     0x588fa7efd9e2 - std[70759c8f55707aa4]::panicking::panic_with_hook
[INFO] [stdout]    7:     0x588fa7ee0332 - std[70759c8f55707aa4]::panicking::panic_handler::{closure#0}
[INFO] [stdout]    8:     0x588fa7ed88f9 - std[70759c8f55707aa4]::sys::backtrace::__rust_end_short_backtrace::<std[70759c8f55707aa4]::panicking::panic_handler::{closure#0}, !>
[INFO] [stdout]    9:     0x588fa7ee103d - __rustc[8fa7c3cbc660c2b3]::rust_begin_unwind
[INFO] [stdout]   10:     0x588fa7f1cbbc - core[df12db4294e9bfd3]::panicking::panic_fmt
[INFO] [stdout]   11:     0x588fa7f1c992 - core[df12db4294e9bfd3]::result::unwrap_failed
[INFO] [stdout]   12:     0x588fa7ced007 - <crax_monorepo[ec57cdf2c1e7133f]::package_json::test::create::{closure#0} as core[df12db4294e9bfd3]::ops::function::FnOnce<()>>::call_once
[INFO] [stdout]   13:     0x588fa7d0d0bb - test[9d35eded1c95d3be]::__rust_begin_short_backtrace::<core[df12db4294e9bfd3]::result::Result<(), alloc[2182bb758b4b3781]::string::String>, fn() -> core[df12db4294e9bfd3]::result::Result<(), alloc[2182bb758b4b3781]::string::String>>
[INFO] [stdout]   14:     0x588fa7d1a725 - test[9d35eded1c95d3be]::run_test::{closure#0}
[INFO] [stderr] error: test failed, to rerun pass `--lib`
[INFO] [stdout]   15:     0x588fa7d13fe4 - std[70759c8f55707aa4]::sys::backtrace::__rust_begin_short_backtrace::<test[9d35eded1c95d3be]::run_test::{closure#1}, ()>
[INFO] [stdout]   16:     0x588fa7d1d882 - <std[70759c8f55707aa4]::thread::lifecycle::spawn_unchecked<test[9d35eded1c95d3be]::run_test::{closure#1}, ()>::{closure#1} as core[df12db4294e9bfd3]::ops::function::FnOnce<()>>::call_once::{shim:vtable#0}
[INFO] [stdout]   17:     0x588fa7f05289 - <std[70759c8f55707aa4]::sys::thread::unix::Thread>::new::thread_start
[INFO] [stdout]   18:     0x73177c833dfa - <unknown>
[INFO] [stdout]   19:     0x73177c8c73d4 - clone
[INFO] [stdout]   20:                0x0 - <unknown>
[INFO] [stdout] 
[INFO] [stdout] ---- robot::robot_test::init stdout ----
[INFO] [stdout] 
[INFO] [stdout] thread 'robot::robot_test::init' (13297) panicked at src/robot.rs:21:87:
[INFO] [stdout] called `Result::unwrap()` on an `Err` value: No such file or directory (os error 2)
[INFO] [stdout] 
[INFO] [stdout] Stack backtrace:
[INFO] [stdout]    0: <anyhow::Error as core::convert::From<core::io::error::Error>>::from
[INFO] [stdout]    1: crax_utils::cli::run_command::<&std::path::Path>::{closure#0}
[INFO] [stdout]    2: crax_monorepo::robot::robot_test::init::{closure#0}
[INFO] [stdout]    3: <tokio::runtime::scheduler::current_thread::Context>::enter::<core::task::poll::Poll<()>, <tokio::runtime::scheduler::current_thread::CoreGuard>::block_on<core::pin::Pin<&mut core::pin::Pin<&mut dyn core::future::future::Future<Output = ()>>>>::{closure#0}::{closure#0}>
[INFO] [stdout]    4: <tokio::runtime::context::scoped::Scoped<tokio::runtime::scheduler::Context>>::set::<<tokio::runtime::scheduler::current_thread::CoreGuard>::enter<<tokio::runtime::scheduler::current_thread::CoreGuard>::block_on<core::pin::Pin<&mut core::pin::Pin<&mut dyn core::future::future::Future<Output = ()>>>>::{closure#0}, core::option::Option<()>>::{closure#0}, (alloc::boxed::Box<tokio::runtime::scheduler::current_thread::Core>, core::option::Option<()>)>
[INFO] [stdout]    5: <tokio::runtime::scheduler::current_thread::CoreGuard>::block_on::<core::pin::Pin<&mut core::pin::Pin<&mut dyn core::future::future::Future<Output = ()>>>>
[INFO] [stdout]    6: tokio::runtime::context::runtime::enter_runtime::<<tokio::runtime::scheduler::current_thread::CurrentThread>::block_on<core::pin::Pin<&mut dyn core::future::future::Future<Output = ()>>>::{closure#0}, ()>
[INFO] [stdout]    7: <tokio::runtime::runtime::Runtime>::block_on::<core::pin::Pin<&mut dyn core::future::future::Future<Output = ()>>>
[INFO] [stdout]    8: crax_monorepo::robot::robot_test::init
[INFO] [stdout]    9: <crax_monorepo::robot::robot_test::init::{closure#0} as core::ops::function::FnOnce<()>>::call_once
[INFO] [stdout]   10: test::__rust_begin_short_backtrace::<core::result::Result<(), alloc::string::String>, fn() -> core::result::Result<(), alloc::string::String>>
[INFO] [stdout]   11: test::run_test::{closure#0}
[INFO] [stdout]   12: std::sys::backtrace::__rust_begin_short_backtrace::<test::run_test::{closure#1}, ()>
[INFO] [stdout]   13: <std::thread::lifecycle::spawn_unchecked<test::run_test::{closure#1}, ()>::{closure#1} as core::ops::function::FnOnce<()>>::call_once::{shim:vtable#0}
[INFO] [stdout]   14: <std::sys::thread::unix::Thread>::new::thread_start
[INFO] [stdout]   15: <unknown>
[INFO] [stdout]   16: clone
[INFO] [stdout] stack backtrace:
[INFO] [stdout]    0:     0x588fa7f05d61 - <<std[70759c8f55707aa4]::sys::backtrace::BacktraceLock>::print::DisplayBacktrace as core[df12db4294e9bfd3]::fmt::Display>::fmt
[INFO] [stdout]    1:     0x588fa7f1c3da - core[df12db4294e9bfd3]::fmt::write
[INFO] [stdout]    2:     0x588fa7f0ad8c - <alloc[2182bb758b4b3781]::vec::Vec<u8> as core[df12db4294e9bfd3]::io::write::Write>::write_fmt
[INFO] [stdout]    3:     0x588fa7ee0286 - std[70759c8f55707aa4]::panicking::default_hook::{closure#0}
[INFO] [stdout]    4:     0x588fa7efd6b9 - std[70759c8f55707aa4]::panicking::default_hook
[INFO] [stdout]    5:     0x588fa7d19dd0 - test[9d35eded1c95d3be]::test_main_inner::<test[9d35eded1c95d3be]::test_main_static::{closure#0}>::{closure#0}
[INFO] [stdout]    6:     0x588fa7efd9e2 - std[70759c8f55707aa4]::panicking::panic_with_hook
[INFO] [stdout]    7:     0x588fa7ee0332 - std[70759c8f55707aa4]::panicking::panic_handler::{closure#0}
[INFO] [stdout]    8:     0x588fa7ed88f9 - std[70759c8f55707aa4]::sys::backtrace::__rust_end_short_backtrace::<std[70759c8f55707aa4]::panicking::panic_handler::{closure#0}, !>
[INFO] [stdout]    9:     0x588fa7ee103d - __rustc[8fa7c3cbc660c2b3]::rust_begin_unwind
[INFO] [stdout]   10:     0x588fa7f1cbbc - core[df12db4294e9bfd3]::panicking::panic_fmt
[INFO] [stdout]   11:     0x588fa7f1c992 - core[df12db4294e9bfd3]::result::unwrap_failed
[INFO] [stdout]   12:     0x588fa7cfd9b0 - crax_monorepo[ec57cdf2c1e7133f]::robot::robot_test::init::{closure#0}
[INFO] [stdout]   13:     0x588fa7cef283 - <tokio[8572b9f6b64c0146]::runtime::scheduler::current_thread::Context>::enter::<core[df12db4294e9bfd3]::task::poll::Poll<()>, <tokio[8572b9f6b64c0146]::runtime::scheduler::current_thread::CoreGuard>::block_on<core[df12db4294e9bfd3]::pin::Pin<&mut core[df12db4294e9bfd3]::pin::Pin<&mut dyn core[df12db4294e9bfd3]::future::future::Future<Output = ()>>>>::{closure#0}::{closure#0}>
[INFO] [stdout]   14:     0x588fa7ccba1c - <tokio[8572b9f6b64c0146]::runtime::context::scoped::Scoped<tokio[8572b9f6b64c0146]::runtime::scheduler::Context>>::set::<<tokio[8572b9f6b64c0146]::runtime::scheduler::current_thread::CoreGuard>::enter<<tokio[8572b9f6b64c0146]::runtime::scheduler::current_thread::CoreGuard>::block_on<core[df12db4294e9bfd3]::pin::Pin<&mut core[df12db4294e9bfd3]::pin::Pin<&mut dyn core[df12db4294e9bfd3]::future::future::Future<Output = ()>>>>::{closure#0}, core[df12db4294e9bfd3]::option::Option<()>>::{closure#0}, (alloc[2182bb758b4b3781]::boxed::Box<tokio[8572b9f6b64c0146]::runtime::scheduler::current_thread::Core>, core[df12db4294e9bfd3]::option::Option<()>)>
[INFO] [stdout]   15:     0x588fa7cef707 - <tokio[8572b9f6b64c0146]::runtime::scheduler::current_thread::CoreGuard>::block_on::<core[df12db4294e9bfd3]::pin::Pin<&mut core[df12db4294e9bfd3]::pin::Pin<&mut dyn core[df12db4294e9bfd3]::future::future::Future<Output = ()>>>>
[INFO] [stdout]   16:     0x588fa7ccf137 - tokio[8572b9f6b64c0146]::runtime::context::runtime::enter_runtime::<<tokio[8572b9f6b64c0146]::runtime::scheduler::current_thread::CurrentThread>::block_on<core[df12db4294e9bfd3]::pin::Pin<&mut dyn core[df12db4294e9bfd3]::future::future::Future<Output = ()>>>::{closure#0}, ()>
[INFO] [stdout]   17:     0x588fa7ccb7ba - <tokio[8572b9f6b64c0146]::runtime::runtime::Runtime>::block_on::<core[df12db4294e9bfd3]::pin::Pin<&mut dyn core[df12db4294e9bfd3]::future::future::Future<Output = ()>>>
[INFO] [stdout]   18:     0x588fa7cfe7fb - crax_monorepo[ec57cdf2c1e7133f]::robot::robot_test::init
[INFO] [stdout]   19:     0x588fa7cedd89 - <crax_monorepo[ec57cdf2c1e7133f]::robot::robot_test::init::{closure#0} as core[df12db4294e9bfd3]::ops::function::FnOnce<()>>::call_once
[INFO] [stdout]   20:     0x588fa7d0d0bb - test[9d35eded1c95d3be]::__rust_begin_short_backtrace::<core[df12db4294e9bfd3]::result::Result<(), alloc[2182bb758b4b3781]::string::String>, fn() -> core[df12db4294e9bfd3]::result::Result<(), alloc[2182bb758b4b3781]::string::String>>
[INFO] [stdout]   21:     0x588fa7d1a725 - test[9d35eded1c95d3be]::run_test::{closure#0}
[INFO] [stdout]   22:     0x588fa7d13fe4 - std[70759c8f55707aa4]::sys::backtrace::__rust_begin_short_backtrace::<test[9d35eded1c95d3be]::run_test::{closure#1}, ()>
[INFO] [stdout]   23:     0x588fa7d1d882 - <std[70759c8f55707aa4]::thread::lifecycle::spawn_unchecked<test[9d35eded1c95d3be]::run_test::{closure#1}, ()>::{closure#1} as core[df12db4294e9bfd3]::ops::function::FnOnce<()>>::call_once::{shim:vtable#0}
[INFO] [stdout]   24:     0x588fa7f05289 - <std[70759c8f55707aa4]::sys::thread::unix::Thread>::new::thread_start
[INFO] [stdout]   25:     0x73177c833dfa - <unknown>
[INFO] [stdout]   26:     0x73177c8c73d4 - clone
[INFO] [stdout]   27:                0x0 - <unknown>
[INFO] [stdout] 
[INFO] [stdout] ---- grep_package_json::test::test stdout ----
[INFO] [stdout] 
[INFO] [stdout] thread 'grep_package_json::test::test' (13285) panicked at src/grep_package_json.rs:89:46:
[INFO] [stdout] called `Result::unwrap()` on an `Err` value: IO error for operation on /root/lamp/system: No such file or directory (os error 2)
[INFO] [stdout] 
[INFO] [stdout] Caused by:
[INFO] [stdout]     No such file or directory (os error 2)
[INFO] [stdout] 
[INFO] [stdout] Stack backtrace:
[INFO] [stdout]    0: <anyhow::Error as core::convert::From<jwalk::core::error::Error>>::from
[INFO] [stdout]    1: crax_monorepo::grep_package_json::find_pkg::<&str>
[INFO] [stdout]    2: <crax_monorepo::grep_package_json::test::test::{closure#0} as core::ops::function::FnOnce<()>>::call_once
[INFO] [stdout]    3: test::__rust_begin_short_backtrace::<core::result::Result<(), alloc::string::String>, fn() -> core::result::Result<(), alloc::string::String>>
[INFO] [stdout]    4: test::run_test::{closure#0}
[INFO] [stdout]    5: std::sys::backtrace::__rust_begin_short_backtrace::<test::run_test::{closure#1}, ()>
[INFO] [stdout]    6: <std::thread::lifecycle::spawn_unchecked<test::run_test::{closure#1}, ()>::{closure#1} as core::ops::function::FnOnce<()>>::call_once::{shim:vtable#0}
[INFO] [stdout]    7: <std::sys::thread::unix::Thread>::new::thread_start
[INFO] [stdout]    8: <unknown>
[INFO] [stdout]    9: clone
[INFO] [stdout] stack backtrace:
[INFO] [stdout]    0:     0x588fa7f05d61 - <<std[70759c8f55707aa4]::sys::backtrace::BacktraceLock>::print::DisplayBacktrace as core[df12db4294e9bfd3]::fmt::Display>::fmt
[INFO] [stdout]    1:     0x588fa7f1c3da - core[df12db4294e9bfd3]::fmt::write
[INFO] [stdout]    2:     0x588fa7f0ad8c - <alloc[2182bb758b4b3781]::vec::Vec<u8> as core[df12db4294e9bfd3]::io::write::Write>::write_fmt
[INFO] [stdout]    3:     0x588fa7ee0286 - std[70759c8f55707aa4]::panicking::default_hook::{closure#0}
[INFO] [stdout]    4:     0x588fa7efd6b9 - std[70759c8f55707aa4]::panicking::default_hook
[INFO] [stdout]    5:     0x588fa7d19dd0 - test[9d35eded1c95d3be]::test_main_inner::<test[9d35eded1c95d3be]::test_main_static::{closure#0}>::{closure#0}
[INFO] [stdout]    6:     0x588fa7efd9e2 - std[70759c8f55707aa4]::panicking::panic_with_hook
[INFO] [stdout]    7:     0x588fa7ee0332 - std[70759c8f55707aa4]::panicking::panic_handler::{closure#0}
[INFO] [stdout]    8:     0x588fa7ed88f9 - std[70759c8f55707aa4]::sys::backtrace::__rust_end_short_backtrace::<std[70759c8f55707aa4]::panicking::panic_handler::{closure#0}, !>
[INFO] [stdout]    9:     0x588fa7ee103d - __rustc[8fa7c3cbc660c2b3]::rust_begin_unwind
[INFO] [stdout]   10:     0x588fa7f1cbbc - core[df12db4294e9bfd3]::panicking::panic_fmt
[INFO] [stdout]   11:     0x588fa7f1c992 - core[df12db4294e9bfd3]::result::unwrap_failed
[INFO] [stdout]   12:     0x588fa7ced174 - <crax_monorepo[ec57cdf2c1e7133f]::grep_package_json::test::test::{closure#0} as core[df12db4294e9bfd3]::ops::function::FnOnce<()>>::call_once
[INFO] [stdout]   13:     0x588fa7d0d0bb - test[9d35eded1c95d3be]::__rust_begin_short_backtrace::<core[df12db4294e9bfd3]::result::Result<(), alloc[2182bb758b4b3781]::string::String>, fn() -> core[df12db4294e9bfd3]::result::Result<(), alloc[2182bb758b4b3781]::string::String>>
[INFO] [stdout]   14:     0x588fa7d1a725 - test[9d35eded1c95d3be]::run_test::{closure#0}
[INFO] [stdout]   15:     0x588fa7d13fe4 - std[70759c8f55707aa4]::sys::backtrace::__rust_begin_short_backtrace::<test[9d35eded1c95d3be]::run_test::{closure#1}, ()>
[INFO] [stdout]   16:     0x588fa7d1d882 - <std[70759c8f55707aa4]::thread::lifecycle::spawn_unchecked<test[9d35eded1c95d3be]::run_test::{closure#1}, ()>::{closure#1} as core[df12db4294e9bfd3]::ops::function::FnOnce<()>>::call_once::{shim:vtable#0}
[INFO] [stdout]   17:     0x588fa7f05289 - <std[70759c8f55707aa4]::sys::thread::unix::Thread>::new::thread_start
[INFO] [stdout]   18:     0x73177c833dfa - <unknown>
[INFO] [stdout]   19:     0x73177c8c73d4 - clone
[INFO] [stdout]   20:                0x0 - <unknown>
[INFO] [stdout] 
[INFO] [stdout] 
[INFO] [stdout] failures:
[INFO] [stdout]     grep_package_json::test::test
[INFO] [stdout]     package_json::test::create
[INFO] [stdout]     package_json::test::has
[INFO] [stdout]     robot::robot_test::init
[INFO] [stdout] 
[INFO] [stdout] test result: FAILED. 17 passed; 4 failed; 0 ignored; 0 measured; 0 filtered out; finished in 0.00s
[INFO] [stdout] 
[INFO] running `Command { std: "docker" "inspect" "cc270d569daaaae2c737a4aa088198ad394bcf3186a2bb99c627885de5758ee9", kill_on_drop: false }`
[INFO] running `Command { std: "docker" "rm" "-f" "cc270d569daaaae2c737a4aa088198ad394bcf3186a2bb99c627885de5758ee9", kill_on_drop: false }`
[INFO] [stdout] cc270d569daaaae2c737a4aa088198ad394bcf3186a2bb99c627885de5758ee9
