[INFO] fetching crate crawlkit 0.5.0...
[INFO] testing crawlkit-0.5.0 against 1.100.0-beta.1+cargoflags=--release for beta-release-1.100-2
[INFO] extracting crate crawlkit 0.5.0 into /workspace/builds/worker-2-tc2/source
[INFO] started tweaking crates.io crate crawlkit 0.5.0
[INFO] removed 0 missing examples
[INFO] finished tweaking crates.io crate crawlkit 0.5.0
[INFO] tweaked toml for crates.io crate crawlkit 0.5.0 written to /workspace/builds/worker-2-tc2/source/Cargo.toml
[INFO] validating manifest of crates.io crate crawlkit 0.5.0 on toolchain 1.100.0-beta.1
[INFO] running `Command { std: CARGO_HOME="/workspace/cargo-home" RUSTUP_HOME="/workspace/rustup-home" "/workspace/cargo-home/bin/cargo" "+1.100.0-beta.1" "metadata" "--manifest-path" "Cargo.toml" "--no-deps", kill_on_drop: false }`
[INFO] crate crates.io crate crawlkit 0.5.0 already has a lockfile, it will not be regenerated
[INFO] running `Command { std: CARGO_HOME="/workspace/cargo-home" RUSTUP_HOME="/workspace/rustup-home" "/workspace/cargo-home/bin/cargo" "+1.100.0-beta.1" "fetch" "--manifest-path" "Cargo.toml", kill_on_drop: false }`
[INFO] running `Command { std: "docker" "create" "-v" "/var/lib/crater-agent-workspace/builds/worker-2-tc2/source:/opt/rustwide/workdir:ro,Z" "-v" "/var/lib/crater-agent-workspace/builds/worker-2-tc2/target:/opt/rustwide/target:rw,Z" "-v" "/var/lib/crater-agent-workspace/cargo-home:/opt/rustwide/cargo-home:ro,Z" "-v" "/var/lib/crater-agent-workspace/rustup-home:/opt/rustwide/rustup-home:ro,Z" "-m" "1610612736" "--network" "none" "ghcr.io/rust-lang/crates-build-env/linux@sha256:77db811e55d90add9212f6832c23229e3de5f1c1f9905e8cb07319ea15df73ac" "sleep" "infinity", kill_on_drop: false }`
[INFO] [stdout] e01c2d496df839e652b74508392139e3a78ae510ead77e0290d163bb7de90fa1
[INFO] running `Command { std: "docker" "start" "e01c2d496df839e652b74508392139e3a78ae510ead77e0290d163bb7de90fa1", kill_on_drop: false }`
[INFO] running `Command { std: "docker" "inspect" "e01c2d496df839e652b74508392139e3a78ae510ead77e0290d163bb7de90fa1", kill_on_drop: false }`
[INFO] running `Command { std: "docker" "exec" "-e" "SOURCE_DIR=/opt/rustwide/workdir" "-e" "CARGO_HOME=/opt/rustwide/cargo-home" "-e" "RUSTUP_HOME=/opt/rustwide/rustup-home" "-e" "CARGO_TARGET_DIR=/opt/rustwide/target" "-w" "/opt/rustwide/workdir" "--user" "0:0" "e01c2d496df839e652b74508392139e3a78ae510ead77e0290d163bb7de90fa1" "/opt/rustwide/cargo-home/bin/cargo" "+1.100.0-beta.1" "metadata" "--no-deps" "--format-version=1", kill_on_drop: false }`
[INFO] running `Command { std: "docker" "inspect" "e01c2d496df839e652b74508392139e3a78ae510ead77e0290d163bb7de90fa1", kill_on_drop: false }`
[INFO] running `Command { std: "docker" "exec" "-e" "SOURCE_DIR=/opt/rustwide/workdir" "-e" "CARGO_HOME=/opt/rustwide/cargo-home" "-e" "RUSTUP_HOME=/opt/rustwide/rustup-home" "-e" "CARGO_TARGET_DIR=/opt/rustwide/target" "-e" "CARGO_INCREMENTAL=0" "-e" "RUST_BACKTRACE=full" "-e" "RUSTFLAGS=--cap-lints=warn" "-e" "RUSTDOCFLAGS=--cap-lints=warn" "-w" "/opt/rustwide/workdir" "--user" "0:0" "e01c2d496df839e652b74508392139e3a78ae510ead77e0290d163bb7de90fa1" "/opt/rustwide/cargo-home/bin/cargo" "+1.100.0-beta.1" "build" "--frozen" "--message-format=json" "--release", kill_on_drop: false }`
[INFO] [stderr]    Compiling syn v2.0.119
[INFO] [stderr]    Compiling parking_lot_core v0.9.12
[INFO] [stderr]    Compiling jobserver v0.1.35
[INFO] [stderr]    Compiling phf_shared v0.13.1
[INFO] [stderr]    Compiling rand_core v0.6.4
[INFO] [stderr]    Compiling fastrand v2.4.1
[INFO] [stderr]    Compiling log v0.4.33
[INFO] [stderr]    Compiling mio v1.2.2
[INFO] [stderr]    Compiling rand v0.8.7
[INFO] [stderr]    Compiling parking_lot v0.12.5
[INFO] [stderr]    Compiling phf_generator v0.13.1
[INFO] [stderr]    Compiling socket2 v0.6.5
[INFO] [stderr]    Compiling cc v1.2.67
[INFO] [stderr]    Compiling serde_core v1.0.228
[INFO] [stderr]    Compiling phf_codegen v0.13.1
[INFO] [stderr]    Compiling aws-lc-rs v1.17.1
[INFO] [stderr]    Compiling http v1.4.2
[INFO] [stderr]    Compiling phf_generator v0.11.3
[INFO] [stderr]    Compiling phf_codegen v0.11.3
[INFO] [stderr]    Compiling rustls-pki-types v1.15.0
[INFO] [stderr]    Compiling phf_shared v0.11.3
[INFO] [stderr]    Compiling zstd-safe v7.2.4
[INFO] [stderr]    Compiling alloc-stdlib v0.2.4
[INFO] [stderr]    Compiling form_urlencoded v1.2.2
[INFO] [stderr]    Compiling cmake v0.1.58
[INFO] [stderr]    Compiling string_cache_codegen v0.6.1
[INFO] [stderr]    Compiling rustls v0.23.42
[INFO] [stderr]    Compiling brotli-decompressor v5.0.3
[INFO] [stderr]    Compiling http-body v1.1.0
[INFO] [stderr]    Compiling web_atoms v0.2.5
[INFO] [stderr]    Compiling string_cache_codegen v0.5.4
[INFO] [stderr]    Compiling servo_arc v0.4.3
[INFO] [stderr]    Compiling string_cache v0.9.0
[INFO] [stderr]    Compiling aws-lc-sys v0.42.0
[INFO] [stderr]    Compiling zstd-sys v2.0.16+zstd.1.5.7
[INFO] [stderr]    Compiling markup5ever v0.14.1
[INFO] [stderr]    Compiling aho-corasick v1.1.4
[INFO] [stderr]    Compiling serde_json v1.0.150
[INFO] [stderr]    Compiling compression-core v0.4.32
[INFO] [stderr]    Compiling brotli v8.0.4
[INFO] [stderr]    Compiling regex-syntax v0.8.11
[INFO] [stderr]    Compiling zerocopy v0.8.54
[INFO] [stderr]    Compiling synstructure v0.13.2
[INFO] [stderr]    Compiling selectors v0.26.0
[INFO] [stderr]    Compiling selectors v0.38.0
[INFO] [stderr]    Compiling regex-automata v0.4.15
[INFO] [stderr]    Compiling zerofrom-derive v0.1.7
[INFO] [stderr]    Compiling zerofrom v0.1.8
[INFO] [stderr]    Compiling yoke-derive v0.8.2
[INFO] [stderr]    Compiling zerovec-derive v0.11.3
[INFO] [stderr]    Compiling yoke v0.8.3
[INFO] [stderr]    Compiling displaydoc v0.2.6
[INFO] [stderr]    Compiling tokio-macros v2.7.0
[INFO] [stderr]    Compiling zerotrie v0.2.4
[INFO] [stderr]    Compiling tokio v1.52.3
[INFO] [stderr]    Compiling zerovec v0.11.6
[INFO] [stderr]    Compiling serde_derive v1.0.228
[INFO] [stderr]    Compiling thiserror-impl v2.0.18
[INFO] [stderr]    Compiling tinystr v0.8.3
[INFO] [stderr]    Compiling icu_locale_core v2.2.0
[INFO] [stderr]    Compiling potential_utf v0.1.5
[INFO] [stderr]    Compiling icu_collections v2.2.0
[INFO] [stderr]    Compiling icu_provider v2.2.0
[INFO] [stderr]    Compiling tracing-attributes v0.1.31
[INFO] [stderr]    Compiling icu_properties v2.2.0
[INFO] [stderr]    Compiling serde v1.0.228
[INFO] [stderr]    Compiling tracing v0.1.44
[INFO] [stderr]    Compiling icu_normalizer v2.2.0
[INFO] [stderr]    Compiling futures-macro v0.3.32
[INFO] [stderr]    Compiling phf_macros v0.13.1
[INFO] [stderr]    Compiling futures-util v0.3.32
[INFO] [stderr]    Compiling idna_adapter v1.2.2
[INFO] [stderr]    Compiling idna v1.1.0
[INFO] [stderr]    Compiling phf v0.13.1
[INFO] [stderr]    Compiling phf_macros v0.11.3
[INFO] [stderr]    Compiling url v2.5.8
[INFO] [stderr]    Compiling phf v0.11.3
[INFO] [stderr]    Compiling thiserror-impl v1.0.69
[INFO] [stderr]    Compiling tokio-util v0.7.18
[INFO] [stderr]    Compiling thiserror v2.0.18
[INFO] [stderr]    Compiling h2 v0.4.15
[INFO] [stderr]    Compiling string_cache v0.8.9
[INFO] [stderr]    Compiling strum_macros v0.27.2
[INFO] [stderr]    Compiling derive_more-impl v2.1.1
[INFO] [stderr]    Compiling cssparser-macros v0.6.1
[INFO] [stderr]    Compiling cssparser-macros v0.7.0
[INFO] [stderr]    Compiling tendril v0.5.1
[INFO] [stderr]    Compiling either v1.16.0
[INFO] [stderr]    Compiling markup5ever v0.39.0
[INFO] [stderr]    Compiling itertools v0.14.0
[INFO] [stderr]    Compiling tower v0.5.3
[INFO] [stderr]    Compiling rustls-native-certs v0.8.4
[INFO] [stderr]    Compiling strum v0.27.2
[INFO] [stderr]    Compiling derive_more v2.1.1
[INFO] [stderr]    Compiling cssparser v0.37.0
[INFO] [stderr]    Compiling cssparser v0.34.0
[INFO] [stderr]    Compiling hyper v1.10.1
[INFO] [stderr]    Compiling thiserror v1.0.69
[INFO] [stderr]    Compiling derive_more v0.99.20
[INFO] [stderr]    Compiling match_token v0.1.0
[INFO] [stderr]    Compiling async-trait v0.1.89
[INFO] [stderr]    Compiling hyper-util v0.1.20
[INFO] [stderr]    Compiling http-body-util v0.1.4
[INFO] [stderr]    Compiling getrandom v0.2.17
[INFO] [stderr]    Compiling bit-vec v0.8.0
[INFO] [stderr]    Compiling bit-set v0.8.0
[INFO] [stderr]    Compiling crawlkit-core v0.5.0
[INFO] [stderr]    Compiling html5ever v0.29.1
[INFO] [stderr]    Compiling enum-extract-error v0.1.1
[INFO] [stderr]    Compiling indextree-macros v0.1.3
[INFO] [stderr]    Compiling html5ever v0.39.0
[INFO] [stderr]    Compiling nom v8.0.0
[INFO] [stderr]    Compiling foldhash v0.2.0
[INFO] [stderr]    Compiling anyhow v1.0.103
[INFO] [stderr]    Compiling ego-tree v0.10.0
[INFO] [stderr]    Compiling heck v0.4.1
[INFO] [stderr]    Compiling backon v1.6.0
[INFO] [stderr]    Compiling enum-extract-macro v0.1.1
[INFO] [stderr]    Compiling scraper v0.22.0
[INFO] [stderr]    Compiling nom v7.1.3
[INFO] [stderr]    Compiling indextree v4.8.1
[INFO] [stderr]    Compiling ordered-float v4.6.0
[INFO] [stderr]    Compiling futures-executor v0.3.32
[INFO] [stderr]    Compiling regex v1.13.0
[INFO] [stderr]    Compiling gjson v0.8.1
[INFO] [stderr]    Compiling ppv-lite86 v0.2.21
[INFO] [stderr]    Compiling rand_chacha v0.3.1
[INFO] [stderr]    Compiling flagset v0.4.7
[INFO] [stderr]    Compiling html-escape v0.2.14
[INFO] [stderr]    Compiling unicode-segmentation v1.13.3
[INFO] [stderr]    Compiling sha2 v0.10.9
[INFO] [stderr]    Compiling dom_query v0.28.0
[INFO] [stderr]    Compiling skyscraper v0.6.4
[INFO] [stderr]    Compiling futures v0.3.32
[INFO] [stderr]    Compiling matchers v0.2.0
[INFO] [stderr]    Compiling tracing-log v0.2.0
[INFO] [stderr]    Compiling thread_local v1.1.10
[INFO] [stderr]    Compiling tracing-subscriber v0.3.23
[INFO] [stderr]    Compiling crawlkit-fetcher v0.5.0
[INFO] [stderr]    Compiling dom_smoothie v0.18.0
[INFO] [stderr]    Compiling crawlkit-parser v0.5.0
[INFO] [stderr]    Compiling zstd v0.13.3
[INFO] [stderr]    Compiling compression-codecs v0.4.38
[INFO] [stderr]    Compiling async-compression v0.4.42
[INFO] [stderr]    Compiling tower-http v0.6.11
[INFO] [stderr]    Compiling rustls-webpki v0.103.13
[INFO] [stderr]    Compiling tokio-rustls v0.26.4
[INFO] [stderr]    Compiling rustls-platform-verifier v0.7.0
[INFO] [stderr]    Compiling hyper-rustls v0.27.9
[INFO] [stderr]    Compiling reqwest v0.13.4
[INFO] [stderr]    Compiling crawlkit-fetcher-reqwest v0.5.0
[INFO] [stderr]    Compiling crawlkit-media v0.5.0
[INFO] [stderr]    Compiling crawlkit v0.5.0 (/opt/rustwide/workdir)
[INFO] [stderr]     Finished `release` profile [optimized] target(s) in 7m 27s
[INFO] running `Command { std: "docker" "inspect" "e01c2d496df839e652b74508392139e3a78ae510ead77e0290d163bb7de90fa1", kill_on_drop: false }`
[INFO] running `Command { std: "docker" "exec" "-e" "SOURCE_DIR=/opt/rustwide/workdir" "-e" "CARGO_HOME=/opt/rustwide/cargo-home" "-e" "RUSTUP_HOME=/opt/rustwide/rustup-home" "-e" "CARGO_TARGET_DIR=/opt/rustwide/target" "-e" "CARGO_INCREMENTAL=0" "-e" "RUST_BACKTRACE=full" "-e" "RUSTFLAGS=--cap-lints=warn" "-e" "RUSTDOCFLAGS=--cap-lints=warn" "-w" "/opt/rustwide/workdir" "--user" "0:0" "e01c2d496df839e652b74508392139e3a78ae510ead77e0290d163bb7de90fa1" "/opt/rustwide/cargo-home/bin/cargo" "+1.100.0-beta.1" "test" "--frozen" "--no-run" "--message-format=json" "--release", kill_on_drop: false }`
[INFO] [stderr]    Compiling crawlkit v0.5.0 (/opt/rustwide/workdir)
[INFO] [stderr]     Finished `release` profile [optimized] target(s) in 1m 11s
[INFO] running `Command { std: "docker" "inspect" "e01c2d496df839e652b74508392139e3a78ae510ead77e0290d163bb7de90fa1", kill_on_drop: false }`
[INFO] running `Command { std: "docker" "exec" "-e" "SOURCE_DIR=/opt/rustwide/workdir" "-e" "CARGO_HOME=/opt/rustwide/cargo-home" "-e" "RUSTUP_HOME=/opt/rustwide/rustup-home" "-e" "CARGO_TARGET_DIR=/opt/rustwide/target" "-e" "CARGO_INCREMENTAL=0" "-e" "RUST_BACKTRACE=full" "-e" "RUSTFLAGS=--cap-lints=warn" "-e" "RUSTDOCFLAGS=--cap-lints=warn" "-w" "/opt/rustwide/workdir" "--user" "0:0" "e01c2d496df839e652b74508392139e3a78ae510ead77e0290d163bb7de90fa1" "/opt/rustwide/cargo-home/bin/cargo" "+1.100.0-beta.1" "test" "--frozen" "--release", kill_on_drop: false }`
[INFO] [stderr]     Finished `release` profile [optimized] target(s) in 0.51s
[INFO] [stderr]      Running unittests src/lib.rs (/opt/rustwide/target/release/build/crawlkit/943c8bbb6e65623c/out/crawlkit-943c8bbb6e65623c)
[INFO] [stdout] 
[INFO] [stdout] running 27 tests
[INFO] [stdout] test collector::tests::test_access_denied_triggers_on_error ... ok
[INFO] [stdout] test collector::tests::test_custom_access_denied_callback_triggers_error ... ok
[INFO] [stdout] test collector::tests::test_bot_challenge_returns_error ... ok
[INFO] [stdout] test collector::tests::test_element_attrs_iterator ... ok
[INFO] [stdout] test collector::tests::test_access_denied_detection_disabled ... ok
[INFO] [stdout] test collector::tests::test_custom_callback_not_triggered_for_normal_content ... ok
[INFO] [stdout] test collector::tests::test_element_absolute_url ... ok
[INFO] [stdout] test collector::tests::test_access_denied_returns_error ... ok
[INFO] [stdout] test collector::tests::test_custom_bot_challenge_callback_triggers_error ... ok
[INFO] [stdout] test collector::tests::test_element_child_attr ... ok
[INFO] [stdout] test collector::tests::test_element_name_and_index ... ok
[INFO] [stdout] test collector::tests::test_bot_challenge_detection_disabled ... ok
[INFO] [stdout] test collector::tests::test_on_error_fires_for_custom_bot_challenge ... ok
[INFO] [stdout] test collector::tests::test_on_html_element_callback ... ok
[INFO] [stdout] test collector::tests::test_on_request_callback ... ok
[INFO] [stdout] test collector::tests::test_on_scraped_callback ... ok
[INFO] [stdout] test collector::tests::test_on_html_element_attr_access ... ok
[INFO] [stdout] test collector::tests::test_on_response_headers_before_on_response ... ok
[INFO] [stdout] test collector::tests::test_on_response_headers_callback ... ok
[INFO] [stdout] test collector::tests::test_element_child_text ... ok
[INFO] [stdout] test collector::tests::test_on_xml_element_callback ... ok
[INFO] [stdout] test collector::tests::test_max_depth_limits_recursion ... ok
[INFO] [stdout] test collector::tests::test_visit_basic ... ok
[INFO] [stdout] test collector::tests::test_visited_dedup ... ok
[INFO] [stdout] test collector::tests::test_on_xml_element_has_href ... ok
[INFO] [stdout] test collector::tests::test_on_xml_element_realistic_html ... ok
[INFO] [stdout] test collector::tests::test_visit_error ... ok
[INFO] [stdout] 
[INFO] [stdout] test result: ok. 27 passed; 0 failed; 0 ignored; 0 measured; 0 filtered out; finished in 0.01s
[INFO] [stdout] 
[INFO] [stderr]    Doc-tests crawlkit
[INFO] [stdout] 
[INFO] [stdout] running 12 tests
[INFO] [stdout] test src/collector.rs - collector::Collector (line 239) - compile ... ok
[INFO] [stdout] test src/collector.rs - collector::Collector::get_feed_links (line 1423) - compile ... FAILED
[INFO] [stdout] test src/lib.rs - (line 14) - compile ... ok
[INFO] [stdout] test src/collector.rs - collector::Collector::run (line 1207) - compile ... ok
[INFO] [stdout] test src/collector.rs - collector::Collector::on_xml_element (line 593) - compile ... ok
[INFO] [stdout] test src/collector.rs - collector::Collector::on_detect_access_denied (line 491) - compile ... ok
[INFO] [stdout] test src/collector.rs - collector::Collector::on_detect_bot_challenge (line 461) - compile ... ok
[INFO] [stdout] test src/collector.rs - collector::Collector::on_html_element (line 565) - compile ... ok
[INFO] [stdout] test src/log.rs - log::init (line 28) - compile ... ok
[INFO] [stdout] test src/log.rs - log::init_with_timestamp (line 72) - compile ... ok
[INFO] [stdout] test src/log.rs - log (line 6) - compile ... ok
[INFO] [stdout] test src/log.rs - log::init_debug (line 57) - compile ... ok
[INFO] [stdout] 
[INFO] [stdout] failures:
[INFO] [stdout] 
[INFO] [stdout] ---- src/collector.rs - collector::Collector::get_feed_links (line 1423) stdout ----
[INFO] [stdout] error[E0433]: cannot find module or crate `tokio_test` in this scope
[INFO] [stdout]     --> src/collector.rs:1426:1
[INFO] [stdout]      |
[INFO] [stdout] 1426 | tokio_test::block_on(async {
[INFO] [stdout]      | ^^^^^^^^^^ use of unresolved module or unlinked crate `tokio_test`
[INFO] [stdout]      |
[INFO] [stdout]      = help: if you wanted to use a crate named `tokio_test`, use `cargo add tokio_test` to add it to your `Cargo.toml`
[INFO] [stdout] 
[INFO] [stdout] error: aborting due to 1 previous error
[INFO] [stdout] 
[INFO] [stdout] For more information about this error, try `rustc --explain E0433`.
[INFO] [stdout] Couldn't compile the test.
[INFO] [stdout] 
[INFO] [stdout] failures:
[INFO] [stdout]     src/collector.rs - collector::Collector::get_feed_links (line 1423)
[INFO] [stdout] 
[INFO] [stdout] test result: FAILED. 11 passed; 1 failed; 0 ignored; 0 measured; 0 filtered out; finished in 1.06s
[INFO] [stdout] 
[INFO] [stderr] error: doctest failed, to rerun pass `--doc`
[INFO] [stdout] all doctests ran in 1.24s; merged doctests compilation took 0.18s
[INFO] running `Command { std: "docker" "inspect" "e01c2d496df839e652b74508392139e3a78ae510ead77e0290d163bb7de90fa1", kill_on_drop: false }`
[INFO] running `Command { std: "docker" "rm" "-f" "e01c2d496df839e652b74508392139e3a78ae510ead77e0290d163bb7de90fa1", kill_on_drop: false }`
[INFO] [stdout] e01c2d496df839e652b74508392139e3a78ae510ead77e0290d163bb7de90fa1
