[INFO] fetching crate cratestack-client-typescript 0.15.4...
[INFO] testing cratestack-client-typescript-0.15.4 against 1.100.0-beta.1+cargoflags=--release for beta-release-1.100-2
[INFO] extracting crate cratestack-client-typescript 0.15.4 into /workspace/builds/worker-1-tc2/source
[INFO] started tweaking crates.io crate cratestack-client-typescript 0.15.4
[INFO] removed 0 missing tests
[INFO] finished tweaking crates.io crate cratestack-client-typescript 0.15.4
[INFO] tweaked toml for crates.io crate cratestack-client-typescript 0.15.4 written to /workspace/builds/worker-1-tc2/source/Cargo.toml
[INFO] validating manifest of crates.io crate cratestack-client-typescript 0.15.4 on toolchain 1.100.0-beta.1
[INFO] running `Command { std: CARGO_HOME="/workspace/cargo-home" RUSTUP_HOME="/workspace/rustup-home" "/workspace/cargo-home/bin/cargo" "+1.100.0-beta.1" "metadata" "--manifest-path" "Cargo.toml" "--no-deps", kill_on_drop: false }`
[INFO] crate crates.io crate cratestack-client-typescript 0.15.4 already has a lockfile, it will not be regenerated
[INFO] running `Command { std: CARGO_HOME="/workspace/cargo-home" RUSTUP_HOME="/workspace/rustup-home" "/workspace/cargo-home/bin/cargo" "+1.100.0-beta.1" "fetch" "--manifest-path" "Cargo.toml", kill_on_drop: false }`
[INFO] running `Command { std: "docker" "create" "-v" "/var/lib/crater-agent-workspace/builds/worker-1-tc2/source:/opt/rustwide/workdir:ro,Z" "-v" "/var/lib/crater-agent-workspace/builds/worker-1-tc2/target:/opt/rustwide/target:rw,Z" "-v" "/var/lib/crater-agent-workspace/cargo-home:/opt/rustwide/cargo-home:ro,Z" "-v" "/var/lib/crater-agent-workspace/rustup-home:/opt/rustwide/rustup-home:ro,Z" "-m" "1610612736" "--network" "none" "ghcr.io/rust-lang/crates-build-env/linux@sha256:77db811e55d90add9212f6832c23229e3de5f1c1f9905e8cb07319ea15df73ac" "sleep" "infinity", kill_on_drop: false }`
[INFO] [stdout] 05df8e008dd70d0b19f89d6fdfbf6be2e76d38a7514d61529d4225932f1c6b3e
[INFO] running `Command { std: "docker" "start" "05df8e008dd70d0b19f89d6fdfbf6be2e76d38a7514d61529d4225932f1c6b3e", kill_on_drop: false }`
[INFO] running `Command { std: "docker" "inspect" "05df8e008dd70d0b19f89d6fdfbf6be2e76d38a7514d61529d4225932f1c6b3e", kill_on_drop: false }`
[INFO] running `Command { std: "docker" "exec" "-e" "SOURCE_DIR=/opt/rustwide/workdir" "-e" "CARGO_HOME=/opt/rustwide/cargo-home" "-e" "RUSTUP_HOME=/opt/rustwide/rustup-home" "-e" "CARGO_TARGET_DIR=/opt/rustwide/target" "-w" "/opt/rustwide/workdir" "--user" "0:0" "05df8e008dd70d0b19f89d6fdfbf6be2e76d38a7514d61529d4225932f1c6b3e" "/opt/rustwide/cargo-home/bin/cargo" "+1.100.0-beta.1" "metadata" "--no-deps" "--format-version=1", kill_on_drop: false }`
[INFO] running `Command { std: "docker" "inspect" "05df8e008dd70d0b19f89d6fdfbf6be2e76d38a7514d61529d4225932f1c6b3e", kill_on_drop: false }`
[INFO] running `Command { std: "docker" "exec" "-e" "SOURCE_DIR=/opt/rustwide/workdir" "-e" "CARGO_HOME=/opt/rustwide/cargo-home" "-e" "RUSTUP_HOME=/opt/rustwide/rustup-home" "-e" "CARGO_TARGET_DIR=/opt/rustwide/target" "-e" "CARGO_INCREMENTAL=0" "-e" "RUST_BACKTRACE=full" "-e" "RUSTFLAGS=--cap-lints=warn" "-e" "RUSTDOCFLAGS=--cap-lints=warn" "-w" "/opt/rustwide/workdir" "--user" "0:0" "05df8e008dd70d0b19f89d6fdfbf6be2e76d38a7514d61529d4225932f1c6b3e" "/opt/rustwide/cargo-home/bin/cargo" "+1.100.0-beta.1" "build" "--frozen" "--message-format=json" "--release", kill_on_drop: false }`
[INFO] [stderr]    Compiling litemap v0.8.3
[INFO] [stderr]    Compiling writeable v0.6.4
[INFO] [stderr]    Compiling icu_normalizer_data v2.3.0
[INFO] [stderr]    Compiling icu_properties_data v2.3.0
[INFO] [stderr]    Compiling typenum v1.20.1
[INFO] [stderr]    Compiling smallvec v1.15.2
[INFO] [stderr]    Compiling cmov v0.5.4
[INFO] [stderr]    Compiling libc v0.2.189
[INFO] [stderr]    Compiling num-traits v0.2.19
[INFO] [stderr]    Compiling const-oid v0.10.2
[INFO] [stderr]    Compiling syn v3.0.6
[INFO] [stderr]    Compiling syn v2.0.119
[INFO] [stderr]    Compiling thiserror v2.0.21
[INFO] [stderr]    Compiling rust_decimal v1.43.0
[INFO] [stderr]    Compiling iana-time-zone v0.1.65
[INFO] [stderr]    Compiling cpufeatures v0.3.1
[INFO] [stderr]    Compiling bytes v1.12.1
[INFO] [stderr]    Compiling memo-map v0.3.3
[INFO] [stderr]    Compiling base64 v0.23.1
[INFO] [stderr]    Compiling ctutils v0.4.2
[INFO] [stderr]    Compiling http v1.5.0
[INFO] [stderr]    Compiling hybrid-array v0.4.14
[INFO] [stderr]    Compiling getrandom v0.4.3
[INFO] [stderr]    Compiling uuid v1.26.1
[INFO] [stderr]    Compiling crypto-common v0.2.2
[INFO] [stderr]    Compiling block-buffer v0.12.1
[INFO] [stderr]    Compiling synstructure v0.13.2
[INFO] [stderr]    Compiling zerofrom-derive v0.1.7
[INFO] [stderr]    Compiling yoke-derive v0.8.2
[INFO] [stderr]    Compiling zerofrom v0.1.8
[INFO] [stderr]    Compiling digest v0.11.3
[INFO] [stderr]    Compiling yoke v0.8.3
[INFO] [stderr]    Compiling sha2 v0.11.0
[INFO] [stderr]    Compiling hmac v0.13.0
[INFO] [stderr]    Compiling zerovec-derive v0.11.6
[INFO] [stderr]    Compiling displaydoc v0.2.7
[INFO] [stderr]    Compiling serde_derive v1.0.229
[INFO] [stderr]    Compiling thiserror-impl v2.0.21
[INFO] [stderr]    Compiling async-trait v0.1.92
[INFO] [stderr]    Compiling zerotrie v0.2.5
[INFO] [stderr]    Compiling zerovec v0.11.8
[INFO] [stderr]    Compiling tinystr v0.8.4
[INFO] [stderr]    Compiling potential_utf v0.1.6
[INFO] [stderr]    Compiling icu_collections v2.3.0
[INFO] [stderr]    Compiling icu_locale_core v2.3.0
[INFO] [stderr]    Compiling serde v1.0.229
[INFO] [stderr]    Compiling chrono v0.4.45
[INFO] [stderr]    Compiling minijinja v2.24.0
[INFO] [stderr]    Compiling icu_provider v2.3.1
[INFO] [stderr]    Compiling icu_normalizer v2.3.0
[INFO] [stderr]    Compiling icu_properties v2.3.0
[INFO] [stderr]    Compiling idna_adapter v1.2.2
[INFO] [stderr]    Compiling idna v1.1.0
[INFO] [stderr]    Compiling url v2.5.8
[INFO] [stderr]    Compiling cratestack-core v0.15.4
[INFO] [stderr]    Compiling cratestack-client-typescript v0.15.4 (/opt/rustwide/workdir)
[INFO] [stderr]     Finished `release` profile [optimized] target(s) in 58.83s
[INFO] running `Command { std: "docker" "inspect" "05df8e008dd70d0b19f89d6fdfbf6be2e76d38a7514d61529d4225932f1c6b3e", kill_on_drop: false }`
[INFO] running `Command { std: "docker" "exec" "-e" "SOURCE_DIR=/opt/rustwide/workdir" "-e" "CARGO_HOME=/opt/rustwide/cargo-home" "-e" "RUSTUP_HOME=/opt/rustwide/rustup-home" "-e" "CARGO_TARGET_DIR=/opt/rustwide/target" "-e" "CARGO_INCREMENTAL=0" "-e" "RUST_BACKTRACE=full" "-e" "RUSTFLAGS=--cap-lints=warn" "-e" "RUSTDOCFLAGS=--cap-lints=warn" "-w" "/opt/rustwide/workdir" "--user" "0:0" "05df8e008dd70d0b19f89d6fdfbf6be2e76d38a7514d61529d4225932f1c6b3e" "/opt/rustwide/cargo-home/bin/cargo" "+1.100.0-beta.1" "test" "--frozen" "--no-run" "--message-format=json" "--release", kill_on_drop: false }`
[INFO] [stderr]    Compiling serde v1.0.229
[INFO] [stderr]    Compiling memchr v2.8.3
[INFO] [stderr]    Compiling serde_json v1.0.151
[INFO] [stderr]    Compiling syn v2.0.119
[INFO] [stderr]    Compiling uuid v1.26.1
[INFO] [stderr]    Compiling futures-core v0.3.34
[INFO] [stderr]    Compiling find-msvc-tools v0.1.11
[INFO] [stderr]    Compiling object v0.39.1
[INFO] [stderr]    Compiling tokio-macros v2.7.2
[INFO] [stderr]    Compiling mio v1.2.2
[INFO] [stderr]    Compiling socket2 v0.6.5
[INFO] [stderr]    Compiling http-body v1.1.0
[INFO] [stderr]    Compiling serde_path_to_error v0.1.20
[INFO] [stderr]    Compiling sync_wrapper v1.0.2
[INFO] [stderr]    Compiling typeid v1.0.3
[INFO] [stderr]    Compiling futures-task v0.3.34
[INFO] [stderr]    Compiling minicbor v2.3.0
[INFO] [stderr]    Compiling futures-channel v0.3.34
[INFO] [stderr]    Compiling http-body-util v0.1.5
[INFO] [stderr]    Compiling erased-serde v0.4.10
[INFO] [stderr]    Compiling cc v1.4.4
[INFO] [stderr]    Compiling futures-util v0.3.34
[INFO] [stderr]    Compiling hashbrown v0.15.5
[INFO] [stderr]    Compiling matchit v0.8.4
[INFO] [stderr]    Compiling yansi v1.0.1
[INFO] [stderr]    Compiling bitflags v2.13.1
[INFO] [stderr]    Compiling unicode-ident v1.0.24
[INFO] [stderr]    Compiling ariadne v0.6.0
[INFO] [stderr]    Compiling rust_decimal v1.43.0
[INFO] [stderr]    Compiling chrono v0.4.45
[INFO] [stderr]    Compiling tokio v1.53.1
[INFO] [stderr]    Compiling aho-corasick v1.1.5
[INFO] [stderr]    Compiling serde_urlencoded v0.7.1
[INFO] [stderr]    Compiling minijinja v2.24.0
[INFO] [stderr]    Compiling rustix v1.1.4
[INFO] [stderr]    Compiling ipnet v2.12.2
[INFO] [stderr]    Compiling stacker v0.1.25
[INFO] [stderr]    Compiling minicbor-serde v0.7.1
[INFO] [stderr]    Compiling regex-automata v0.4.18
[INFO] [stderr]    Compiling tempfile v3.27.0
[INFO] [stderr]    Compiling synstructure v0.13.2
[INFO] [stderr]    Compiling hyper v1.11.1
[INFO] [stderr]    Compiling ar_archive_writer v0.5.3
[INFO] [stderr]    Compiling tracing-attributes v0.1.31
[INFO] [stderr]    Compiling zerofrom-derive v0.1.7
[INFO] [stderr]    Compiling yoke-derive v0.8.2
[INFO] [stderr]    Compiling hyper-util v0.1.20
[INFO] [stderr]    Compiling psm v0.1.32
[INFO] [stderr]    Compiling regex v1.13.1
[INFO] [stderr]    Compiling tracing v0.1.44
[INFO] [stderr]    Compiling zerofrom v0.1.8
[INFO] [stderr]    Compiling yoke v0.8.3
[INFO] [stderr]    Compiling zerovec v0.11.8
[INFO] [stderr]    Compiling zerotrie v0.2.5
[INFO] [stderr]    Compiling tower v0.5.3
[INFO] [stderr]    Compiling axum-core v0.5.6
[INFO] [stderr]    Compiling chumsky v0.13.0
[INFO] [stderr]    Compiling tinystr v0.8.4
[INFO] [stderr]    Compiling icu_locale_core v2.3.0
[INFO] [stderr]    Compiling potential_utf v0.1.6
[INFO] [stderr]    Compiling axum v0.8.9
[INFO] [stderr]    Compiling icu_collections v2.3.0
[INFO] [stderr]    Compiling icu_provider v2.3.1
[INFO] [stderr]    Compiling icu_normalizer v2.3.0
[INFO] [stderr]    Compiling icu_properties v2.3.0
[INFO] [stderr]    Compiling idna_adapter v1.2.2
[INFO] [stderr]    Compiling idna v1.1.0
[INFO] [stderr]    Compiling url v2.5.8
[INFO] [stderr]    Compiling cratestack-core v0.15.4
[INFO] [stderr]    Compiling cratestack-policy v0.15.4
[INFO] [stderr]    Compiling cratestack-codec-json v0.15.4
[INFO] [stderr]    Compiling cratestack-codec-cbor v0.15.4
[INFO] [stderr]    Compiling cratestack-exec v0.15.4
[INFO] [stderr]    Compiling cratestack-parser v0.15.4
[INFO] [stderr]    Compiling cratestack-client-typescript v0.15.4 (/opt/rustwide/workdir)
[INFO] [stderr]    Compiling cratestack-sql v0.15.4
[INFO] [stderr]    Compiling cratestack-axum v0.15.4
[INFO] [stderr]     Finished `release` profile [optimized] target(s) in 1m 56s
[INFO] running `Command { std: "docker" "inspect" "05df8e008dd70d0b19f89d6fdfbf6be2e76d38a7514d61529d4225932f1c6b3e", kill_on_drop: false }`
[INFO] running `Command { std: "docker" "exec" "-e" "SOURCE_DIR=/opt/rustwide/workdir" "-e" "CARGO_HOME=/opt/rustwide/cargo-home" "-e" "RUSTUP_HOME=/opt/rustwide/rustup-home" "-e" "CARGO_TARGET_DIR=/opt/rustwide/target" "-e" "CARGO_INCREMENTAL=0" "-e" "RUST_BACKTRACE=full" "-e" "RUSTFLAGS=--cap-lints=warn" "-e" "RUSTDOCFLAGS=--cap-lints=warn" "-w" "/opt/rustwide/workdir" "--user" "0:0" "05df8e008dd70d0b19f89d6fdfbf6be2e76d38a7514d61529d4225932f1c6b3e" "/opt/rustwide/cargo-home/bin/cargo" "+1.100.0-beta.1" "test" "--frozen" "--release", kill_on_drop: false }`
[INFO] [stderr]     Finished `release` profile [optimized] target(s) in 0.19s
[INFO] [stderr]      Running unittests src/lib.rs (/opt/rustwide/target/release/build/cratestack-client-typescript/51f72e9a3b27b220/out/cratestack_client_typescript-51f72e9a3b27b220)
[INFO] [stdout] 
[INFO] [stdout] running 40 tests
[INFO] [stdout] test rtk::naming::tests::derives_the_expected_camel_case_identifiers ... ok
[INFO] [stdout] test rtk::touch::tests::unwraps_page_and_find_many_generic_wrappers ... ok
[INFO] [stdout] test swr::ownership::tests::enum_used_by_exactly_one_model_is_model_owned ... ok
[INFO] [stdout] test release_line::release_line_tests::requirement_pairs_the_floor_with_the_derived_ceiling ... ok
[INFO] [stdout] test swr::ownership::tests::enum_used_by_two_models_is_shared ... ok
[INFO] [stdout] test package_floors::package_floors_tests::floors_never_exceed_the_workspace_version ... ok
[INFO] [stdout] test rtk::touch::tests::derives_exactly_the_models_the_procedure_actually_references ... ok
[INFO] [stdout] test release_line::release_line_tests::a_prerelease_suffix_is_ignored ... ok
[INFO] [stdout] test rtk::touch::tests::a_procedure_touching_nothing_derives_an_empty_set ... ok
[INFO] [stdout] test package_floors::package_floors_tests::published_equal_floor_entries_are_still_needed ... ok
[INFO] [stdout] test rtk::collisions::tests::refuses_a_procedure_that_collides_with_a_derived_model_endpoint_key ... ok
[INFO] [stdout] test swr::ownership::tests::nested_type_used_by_two_procedures_is_shared ... ok
[INFO] [stdout] test swr::ownership::tests::type_referenced_by_two_different_procedures_is_shared_not_duplicated ... ok
[INFO] [stdout] test types::tests::an_int_list_stays_a_plain_number_array ... ok
[INFO] [stdout] test swr::ownership::tests::type_referenced_only_by_a_procedure_is_procedures_owned ... ok
[INFO] [stdout] test rtk::collisions::tests::distinct_names_never_collide ... ok
[INFO] [stdout] test release_line::release_line_tests::the_two_digit_minor_does_not_regress_to_a_lower_line ... ok
[INFO] [stdout] test swr::ownership::tests::nested_type_referencing_a_shared_enum_makes_the_enum_shared_too ... ok
[INFO] [stdout] test types::tests::bytes_is_a_uint8_array_at_every_arity ... ok
[INFO] [stdout] test wire_shapes::tests::bigint::bigint_fields_are_one_key_list_at_every_arity ... ok
[INFO] [stdout] test wire_shapes::tests::bigint::server_only_bigint_fields_get_no_revival_entry ... ok
[INFO] [stdout] test release_line::release_line_tests::the_ceiling_always_exceeds_its_own_version ... ok
[INFO] [stdout] test release_line::release_line_tests::ceiling_is_the_next_minor ... ok
[INFO] [stdout] test swr::ownership::tests::unused_declared_type_defaults_to_shared ... ok
[INFO] [stdout] test wire_shapes::tests::bigint::a_bigint_field_and_a_same_named_string_field_get_independent_shapes ... ok
[INFO] [stdout] test wire_shapes::tests::bytes_fields_are_split_by_arity ... ok
[INFO] [stdout] test swr::ownership::tests::page_wrapped_procedure_return_type_unwraps_to_the_item_type ... ok
[INFO] [stdout] test wire_shapes::tests::a_bytes_field_and_an_int_list_field_are_told_apart_by_the_schema_not_the_wire ... ok
[INFO] [stdout] test wire_shapes::tests::bigint::a_bigint_in_a_type_decl_and_behind_a_relation_is_routed_not_flattened ... ok
[INFO] [stdout] test release_line::release_line_tests::an_unparseable_version_panics_by_name - should panic ... ok
[INFO] [stdout] test wire_shapes::tests::same_named_field_in_two_types_gets_two_independent_shapes ... ok
[INFO] [stdout] test wire_shapes::tests::scalar_revival_strings_match_the_runtime_contract ... ok
[INFO] [stdout] test wire_shapes::tests::self_referential_relation_is_a_nested_entry_pointing_at_its_own_shape ... ok
[INFO] [stdout] test wire_shapes::tests::type_decl_gets_a_shape_like_a_model ... ok
[INFO] [stdout] test wire_shapes::tests::direct_field_becomes_a_key_not_a_nested_entry ... ok
[INFO] [stdout] test wire_shapes::tests::procedure_scalar_returns_are_classified_by_type_and_arity ... ok
[INFO] [stdout] test wire_shapes::tests::relation_field_becomes_a_nested_entry_not_a_key ... ok
[INFO] [stdout] test wire_shapes::tests::server_only_bytes_fields_get_no_revival_entry ... ok
[INFO] [stdout] test wire_shapes::tests::decimal_and_bytes_coexist_in_one_shape ... ok
[INFO] [stdout] test rtk::naming::tests::distinct_model_names_can_never_collide_even_when_one_pluralizes_to_the_other ... ok
[INFO] [stdout] 
[INFO] [stdout] test result: ok. 40 passed; 0 failed; 0 ignored; 0 measured; 0 filtered out; finished in 0.04s
[INFO] [stdout] 
[INFO] [stderr]      Running tests/bigint_generator.rs (/opt/rustwide/target/release/build/cratestack-client-typescript/c7ee41047727d195/out/bigint_generator-c7ee41047727d195)
[INFO] [stdout] 
[INFO] [stdout] running 7 tests
[INFO] [stdout] test bare_bigint_procedure_returns_ask_for_the_bigint_revival_not_the_shape_no_op ... ok
[INFO] [stdout] test bigint_filters_are_comparable_bigint_and_reach_where_in_both_layouts ... ok
[INFO] [stdout] test revival_registries_name_the_bigint_keys_per_type_in_both_layouts ... ok
[INFO] [stdout] test every_json_encode_path_converts_a_bigint_before_json_stringify ... ok
[INFO] [stdout] test the_codecs_convert_a_bigint_themselves_so_link_batch_cannot_skip_it ... ok
[INFO] [stdout] test a_bigint_procedure_argument_and_return_are_typed_bigint ... ok
[INFO] [stdout] test a_bigint_field_is_the_primitive_bigint_not_the_global_wrapper_interface ... ok
[INFO] [stdout] 
[INFO] [stderr]      Running tests/bigint_query_keys.rs (/opt/rustwide/target/release/build/cratestack-client-typescript/b5ffcc67c58f6e54/out/bigint_query_keys-b5ffcc67c58f6e54)
[INFO] [stdout] test result: ok. 7 passed; 0 failed; 0 ignored; 0 measured; 0 filtered out; finished in 0.03s
[INFO] [stdout] 
[INFO] [stdout] 
[INFO] [stdout] running 2 tests
[INFO] [stdout] test rest_presets_accept_a_bigint_in_every_cache_key ... ok
[INFO] [stdout] test rpc_presets_accept_a_bigint_in_every_cache_key ... ok
[INFO] [stdout] 
[INFO] [stdout] test result: ok. 2 passed; 0 failed; 0 ignored; 0 measured; 0 filtered out; finished in 0.15s
[INFO] [stdout] 
[INFO] [stderr]      Running tests/bigint_round_trip.rs (/opt/rustwide/target/release/build/cratestack-client-typescript/005ee9df29091028/out/bigint_round_trip-005ee9df29091028)
[INFO] [stdout] 
[INFO] [stdout] running 4 tests
[INFO] [stdout] test rest_computed_params_convert_a_bigint_before_json_stringify ... ok
[INFO] [stdout] test rest_client_holds_bigint_exactly_in_both_layouts ... ok
[INFO] [stdout] test rpc_computed_params_convert_a_bigint_before_json_stringify ... ok
[INFO] [stdout] test rpc_client_holds_bigint_exactly_and_batches_it_as_a_string ... ok
[INFO] [stderr]      Running tests/bytes_round_trip.rs (/opt/rustwide/target/release/build/cratestack-client-typescript/dea9902f040a9ea4/out/bytes_round_trip-dea9902f040a9ea4)
[INFO] [stdout] 
[INFO] [stdout] test result: ok. 4 passed; 0 failed; 0 ignored; 0 measured; 0 filtered out; finished in 0.18s
[INFO] [stdout] 
[INFO] [stdout] 
[INFO] [stdout] running 1 test
[INFO] [stderr]      Running tests/composite_primary_key.rs (/opt/rustwide/target/release/build/cratestack-client-typescript/f1d0ab94a64bd12b/out/composite_primary_key-f1d0ab94a64bd12b)
[INFO] [stdout] test bytes_round_trip_through_the_generated_rest_client ... ok
[INFO] [stdout] 
[INFO] [stdout] test result: ok. 1 passed; 0 failed; 0 ignored; 0 measured; 0 filtered out; finished in 0.05s
[INFO] [stdout] 
[INFO] [stdout] 
[INFO] [stdout] running 2 tests
[INFO] [stdout] test a_composite_primary_key_is_an_error_not_a_panic ... ok
[INFO] [stdout] test a_single_scalar_primary_key_still_generates ... ok
[INFO] [stdout] 
[INFO] [stdout] test result: ok. 2 passed; 0 failed; 0 ignored; 0 measured; 0 filtered out; finished in 0.00s
[INFO] [stdout] 
[INFO] [stderr]      Running tests/computed_params_generator.rs (/opt/rustwide/target/release/build/cratestack-client-typescript/ab3fa246b37cfba6/out/computed_params_generator-ab3fa246b37cfba6)
[INFO] [stdout] 
[INFO] [stdout] running 5 tests
[INFO] [stdout] test rest_gated_model_gets_a_typed_computed_params_interface_and_query_config ... ok
[INFO] [stdout] test rpc_gated_model_gets_typed_list_query_and_get_options ... ok
[INFO] [stdout] test rpc_get_options_carry_projection_on_a_gated_and_an_ungated_model ... ok
[INFO] [stdout] test rpc_swr_get_cache_key_incorporates_computed_params_on_a_gated_model ... ok
[INFO] [stdout] test rpc_swr_gated_model_get_omits_empty_computed_params_from_the_frame ... ok
[INFO] [stdout] 
[INFO] [stdout] test result: ok. 5 passed; 0 failed; 0 ignored; 0 measured; 0 filtered out; finished in 0.01s
[INFO] [stdout] 
[INFO] [stderr]      Running tests/computed_params_typed_gate_tsc.rs (/opt/rustwide/target/release/build/cratestack-client-typescript/3125f9509b0614e6/out/computed_params_typed_gate_tsc-3125f9509b0614e6)
[INFO] [stdout] 
[INFO] [stdout] running 2 tests
[INFO] [stdout] test rest_computed_params_gate_is_enforced_by_tsc ... ok
[INFO] [stdout] test rpc_computed_params_gate_is_enforced_by_tsc ... ok
[INFO] [stdout] 
[INFO] [stdout] test result: ok. 2 passed; 0 failed; 0 ignored; 0 measured; 0 filtered out; finished in 0.07s
[INFO] [stdout] 
[INFO] [stderr]      Running tests/decimal_collision_regression.rs (/opt/rustwide/target/release/build/cratestack-client-typescript/06741f79bd564f13/out/decimal_collision_regression-06741f79bd564f13)
[INFO] [stdout] 
[INFO] [stdout] running 1 test
[INFO] [stdout] test related_models_with_a_same_named_non_decimal_field_do_not_collide ... ok
[INFO] [stdout] 
[INFO] [stdout] test result: ok. 1 passed; 0 failed; 0 ignored; 0 measured; 0 filtered out; finished in 0.06s
[INFO] [stdout] 
[INFO] [stderr]      Running tests/decimal_relation_and_procedure_round_trip.rs (/opt/rustwide/target/release/build/cratestack-client-typescript/e4519537cd066161/out/decimal_relation_and_procedure_round_trip-e4519537cd066161)
[INFO] [stdout] 
[INFO] [stdout] running 2 tests
[INFO] [stdout] test default_layout_revives_relation_and_procedure_decimal_fields ... ok
[INFO] [stdout] test swr_layout_revives_relation_and_procedure_decimal_fields ... ok
[INFO] [stdout] 
[INFO] [stdout] test result: ok. 2 passed; 0 failed; 0 ignored; 0 measured; 0 filtered out; finished in 0.06s
[INFO] [stdout] 
[INFO] [stderr]      Running tests/decimal_round_trip.rs (/opt/rustwide/target/release/build/cratestack-client-typescript/093716a0133c68b5/out/decimal_round_trip-093716a0133c68b5)
[INFO] [stdout] 
[INFO] [stdout] running 1 test
[INFO] [stdout] test decimal_round_trips_through_the_generated_rest_client ... ok
[INFO] [stdout] 
[INFO] [stdout] test result: ok. 1 passed; 0 failed; 0 ignored; 0 measured; 0 filtered out; finished in 0.05s
[INFO] [stdout] 
[INFO] [stderr]      Running tests/declarative_query_absent.rs (/opt/rustwide/target/release/build/cratestack-client-typescript/0b53bfe542576594/out/declarative_query_absent-0b53bfe542576594)
[INFO] [stdout] 
[INFO] [stdout] running 3 tests
[INFO] [stdout] test the_default_preset_generates_nothing_for_a_query ... ok
[INFO] [stdout] test the_comparison_is_over_real_generated_output ... ok
[INFO] [stdout] test the_swr_preset_generates_nothing_for_a_query ... ok
[INFO] [stdout] 
[INFO] [stdout] test result: ok. 3 passed; 0 failed; 0 ignored; 0 measured; 0 filtered out; finished in 0.01s
[INFO] [stdout] 
[INFO] [stderr]      Running tests/etag_if_match.rs (/opt/rustwide/target/release/build/cratestack-client-typescript/99303fb0c40189be/out/etag_if_match-99303fb0c40189be)
[INFO] [stdout] 
[INFO] [stdout] running 7 tests
[INFO] [stdout] test swr_preset_get_with_response_exists_and_revives_decimals ... ok
[INFO] [stdout] test versioned_model_update_and_delete_accept_if_match_and_send_the_header ... ok
[INFO] [stdout] test versioned_model_get_response_reaches_the_etag_header ... ok
[INFO] [stdout] test swr_preset_update_and_delete_functions_also_accept_if_match ... ok
[INFO] [stdout] test readme_optimistic_concurrency_section_is_gated_on_rest_transport_and_a_versioned_model ... ok
[INFO] [stdout] test swr_get_with_response_round_trips_through_a_real_http_stub_server_with_decimal_revival ... ok
[INFO] [stdout] test etag_generated_output_round_trips_through_a_real_http_stub_server ... ok
[INFO] [stdout] 
[INFO] [stdout] test result: ok. 7 passed; 0 failed; 0 ignored; 0 measured; 0 filtered out; finished in 0.07s
[INFO] [stdout] 
[INFO] [stderr]      Running tests/generator.rs (/opt/rustwide/target/release/build/cratestack-client-typescript/594da0ccd1e03625/out/generator-594da0ccd1e03625)
[INFO] [stdout] 
[INFO] [stdout] running 11 tests
[INFO] [stdout] test type_block_field_referencing_a_model_generates_correctly ... FAILED
[INFO] [stdout] test generates_fetch_client_and_tanstack_hooks_for_blog_schema ... FAILED
[INFO] [stdout] test model_computed_field_is_response_only_and_computed_params_is_available_on_reads ... ok
[INFO] [stdout] test preserves_enums_and_scalar_mappings ... FAILED
[INFO] [stdout] test page_and_page_info_match_the_core_wire_shape ... FAILED
[INFO] [stdout] test server_only_fields_are_excluded_from_generated_interfaces ... ok
[INFO] [stdout] test find_many_procedure_argument_generates_correctly ... ok
[INFO] [stdout] test create_is_gated_on_allow_create_policy ... ok
[INFO] [stdout] test decimal_scalar_revives_on_decode_over_rpc_transport_too ... ok
[INFO] [stdout] test decimal_scalar_maps_to_a_real_declared_decimal_type ... ok
[INFO] [stdout] test page_input_procedure_argument_generates_correctly ... ok
[INFO] [stdout] 
[INFO] [stdout] failures:
[INFO] [stdout] 
[INFO] [stdout] ---- type_block_field_referencing_a_model_generates_correctly stdout ----
[INFO] [stdout] 
[INFO] [stdout] thread 'type_block_field_referencing_a_model_generates_correctly' (4165) panicked at tests/generator.rs:228:6:
[INFO] [stdout] fixture schema should parse: SchemaError { message: "failed to read schema file ../cratestack-pg/tests/fixtures/type_references_model.cstack: No such file or directory (os error 2)", span: 0..0, line: 1, file: "../cratestack-pg/tests/fixtures/type_references_model.cstack", source_text_len: 0 }
[INFO] [stdout] stack backtrace:
[INFO] [stdout]    0:     0x59ad4633fc21 - <<std[617be2ca0a6fd877]::sys::backtrace::BacktraceLock>::print::DisplayBacktrace as core[a373ad73a504971]::fmt::Display>::fmt
[INFO] [stdout]    1:     0x59ad46357a0a - core[a373ad73a504971]::fmt::write
[INFO] [stdout]    2:     0x59ad46343e5c - <alloc[2e1b2a31b91974c5]::vec::Vec<u8> as core[a373ad73a504971]::io::write::Write>::write_fmt
[INFO] [stdout]    3:     0x59ad4631bb96 - std[617be2ca0a6fd877]::panicking::default_hook::{closure#0}
[INFO] [stdout]    4:     0x59ad46337f59 - std[617be2ca0a6fd877]::panicking::default_hook
[INFO] [stdout]    5:     0x59ad4615e830 - test[aada8e7e76ba119b]::test_main_inner::{closure#0}
[INFO] [stdout]    6:     0x59ad46338112 - std[617be2ca0a6fd877]::panicking::panic_with_hook
[INFO] [stdout]    7:     0x59ad4631bc42 - std[617be2ca0a6fd877]::panicking::panic_handler::{closure#0}
[INFO] [stdout]    8:     0x59ad463147c9 - std[617be2ca0a6fd877]::sys::backtrace::__rust_end_short_backtrace::<std[617be2ca0a6fd877]::panicking::panic_handler::{closure#0}, !>
[INFO] [stdout]    9:     0x59ad4631c84d - __rustc[ea4f61d10b84890b]::rust_begin_unwind
[INFO] [stdout]   10:     0x59ad463581ec - core[a373ad73a504971]::panicking::panic_fmt
[INFO] [stdout]   11:     0x59ad46357fc2 - core[a373ad73a504971]::result::unwrap_failed
[INFO] [stdout]   12:     0x59ad46022b43 - <generator[2db190d4bc7c1028]::type_block_field_referencing_a_model_generates_correctly::{closure#0} as core[a373ad73a504971]::ops::function::FnOnce<()>>::call_once
[INFO] [stdout]   13:     0x59ad46151c7b - test[aada8e7e76ba119b]::__rust_begin_short_backtrace::<core[a373ad73a504971]::result::Result<(), alloc[2e1b2a31b91974c5]::string::String>, fn() -> core[a373ad73a504971]::result::Result<(), alloc[2e1b2a31b91974c5]::string::String>>
[INFO] [stdout]   14:     0x59ad4615ee55 - test[aada8e7e76ba119b]::run_test::{closure#0}
[INFO] [stdout]   15:     0x59ad46158744 - std[617be2ca0a6fd877]::sys::backtrace::__rust_begin_short_backtrace::<test[aada8e7e76ba119b]::run_test::{closure#1}, ()>
[INFO] [stdout]   16:     0x59ad46161ee2 - <std[617be2ca0a6fd877]::thread::lifecycle::spawn_unchecked<test[aada8e7e76ba119b]::run_test::{closure#1}, ()>::{closure#1} as core[a373ad73a504971]::ops::function::FnOnce<()>>::call_once::{shim:vtable#0}
[INFO] [stdout]   17:     0x59ad4633f11f - <std[617be2ca0a6fd877]::sys::thread::unix::Thread>::new::thread_start
[INFO] [stdout]   18:     0x74c444fbddfa - <unknown>
[INFO] [stdout]   19:     0x74c4450513d4 - clone
[INFO] [stdout]   20:                0x0 - <unknown>
[INFO] [stdout] 
[INFO] [stdout] ---- generates_fetch_client_and_tanstack_hooks_for_blog_schema stdout ----
[INFO] [stdout] 
[INFO] [stdout] thread 'generates_fetch_client_and_tanstack_hooks_for_blog_schema' (4159) panicked at tests/generator.rs:7:14:
[INFO] [stdout] fixture schema should parse: SchemaError { message: "failed to read schema file ../cratestack-pg/tests/fixtures/blog.cstack: No such file or directory (os error 2)", span: 0..0, line: 1, file: "../cratestack-pg/tests/fixtures/blog.cstack", source_text_len: 0 }
[INFO] [stdout] stack backtrace:
[INFO] [stdout]    0:     0x59ad4633fc21 - <<std[617be2ca0a6fd877]::sys::backtrace::BacktraceLock>::print::DisplayBacktrace as core[a373ad73a504971]::fmt::Display>::fmt
[INFO] [stdout]    1:     0x59ad46357a0a - core[a373ad73a504971]::fmt::write
[INFO] [stdout]    2:     0x59ad46343e5c - <alloc[2e1b2a31b91974c5]::vec::Vec<u8> as core[a373ad73a504971]::io::write::Write>::write_fmt
[INFO] [stdout]    3:     0x59ad4631bb96 - std[617be2ca0a6fd877]::panicking::default_hook::{closure#0}
[INFO] [stdout]    4:     0x59ad46337f59 - std[617be2ca0a6fd877]::panicking::default_hook
[INFO] [stdout]    5:     0x59ad4615e830 - test[aada8e7e76ba119b]::test_main_inner::{closure#0}
[INFO] [stdout]    6:     0x59ad46338112 - std[617be2ca0a6fd877]::panicking::panic_with_hook
[INFO] [stdout]    7:     0x59ad4631bc42 - std[617be2ca0a6fd877]::panicking::panic_handler::{closure#0}
[INFO] [stdout]    8:     0x59ad463147c9 - std[617be2ca0a6fd877]::sys::backtrace::__rust_end_short_backtrace::<std[617be2ca0a6fd877]::panicking::panic_handler::{closure#0}, !>
[INFO] [stdout]    9:     0x59ad4631c84d - __rustc[ea4f61d10b84890b]::rust_begin_unwind
[INFO] [stdout]   10:     0x59ad463581ec - core[a373ad73a504971]::panicking::panic_fmt
[INFO] [stdout]   11:     0x59ad46357fc2 - core[a373ad73a504971]::result::unwrap_failed
[INFO] [stdout]   12:     0x59ad460248bf - <generator[2db190d4bc7c1028]::generates_fetch_client_and_tanstack_hooks_for_blog_schema::{closure#0} as core[a373ad73a504971]::ops::function::FnOnce<()>>::call_once
[INFO] [stdout]   13:     0x59ad46151c7b - test[aada8e7e76ba119b]::__rust_begin_short_backtrace::<core[a373ad73a504971]::result::Result<(), alloc[2e1b2a31b91974c5]::string::String>, fn() -> core[a373ad73a504971]::result::Result<(), alloc[2e1b2a31b91974c5]::string::String>>
[INFO] [stdout]   14:     0x59ad4615ee55 - test[aada8e7e76ba119b]::run_test::{closure#0}
[INFO] [stdout]   15:     0x59ad46158744 - std[617be2ca0a6fd877]::sys::backtrace::__rust_begin_short_backtrace::<test[aada8e7e76ba119b]::run_test::{closure#1}, ()>
[INFO] [stdout]   16:     0x59ad46161ee2 - <std[617be2ca0a6fd877]::thread::lifecycle::spawn_unchecked<test[aada8e7e76ba119b]::run_test::{closure#1}, ()>::{closure#1} as core[a373ad73a504971]::ops::function::FnOnce<()>>::call_once::{shim:vtable#0}
[INFO] [stdout]   17:     0x59ad4633f11f - <std[617be2ca0a6fd877]::sys::thread::unix::Thread>::new::thread_start
[INFO] [stdout]   18:     0x74c444fbddfa - <unknown>
[INFO] [stdout]   19:     0x74c4450513d4 - clone
[INFO] [stdout]   20:                0x0 - <unknown>
[INFO] [stdout] 
[INFO] [stdout] ---- preserves_enums_and_scalar_mappings stdout ----
[INFO] [stdout] 
[INFO] [stdout] thread 'preserves_enums_and_scalar_mappings' (4163) panicked at tests/generator.rs:206:14:
[INFO] [stdout] fixture schema should parse: SchemaError { message: "failed to read schema file ../cratestack-pg/tests/fixtures/enums.cstack: No such file or directory (os error 2)", span: 0..0, line: 1, file: "../cratestack-pg/tests/fixtures/enums.cstack", source_text_len: 0 }
[INFO] [stdout] stack backtrace:
[INFO] [stdout]    0:     0x59ad4633fc21 - <<std[617be2ca0a6fd877]::sys::backtrace::BacktraceLock>::print::DisplayBacktrace as core[a373ad73a504971]::fmt::Display>::fmt
[INFO] [stdout]    1:     0x59ad46357a0a - core[a373ad73a504971]::fmt::write
[INFO] [stdout]    2:     0x59ad46343e5c - <alloc[2e1b2a31b91974c5]::vec::Vec<u8> as core[a373ad73a504971]::io::write::Write>::write_fmt
[INFO] [stdout]    3:     0x59ad4631bb96 - std[617be2ca0a6fd877]::panicking::default_hook::{closure#0}
[INFO] [stdout]    4:     0x59ad46337f59 - std[617be2ca0a6fd877]::panicking::default_hook
[INFO] [stdout]    5:     0x59ad4615e830 - test[aada8e7e76ba119b]::test_main_inner::{closure#0}
[INFO] [stdout]    6:     0x59ad46338112 - std[617be2ca0a6fd877]::panicking::panic_with_hook
[INFO] [stdout]    7:     0x59ad4631bc42 - std[617be2ca0a6fd877]::panicking::panic_handler::{closure#0}
[INFO] [stdout]    8:     0x59ad463147c9 - std[617be2ca0a6fd877]::sys::backtrace::__rust_end_short_backtrace::<std[617be2ca0a6fd877]::panicking::panic_handler::{closure#0}, !>
[INFO] [stdout]    9:     0x59ad4631c84d - __rustc[ea4f61d10b84890b]::rust_begin_unwind
[INFO] [stdout]   10:     0x59ad463581ec - core[a373ad73a504971]::panicking::panic_fmt
[INFO] [stdout]   11:     0x59ad46357fc2 - core[a373ad73a504971]::result::unwrap_failed
[INFO] [stdout]   12:     0x59ad4601fc87 - <generator[2db190d4bc7c1028]::preserves_enums_and_scalar_mappings::{closure#0} as core[a373ad73a504971]::ops::function::FnOnce<()>>::call_once
[INFO] [stdout]   13:     0x59ad46151c7b - test[aada8e7e76ba119b]::__rust_begin_short_backtrace::<core[a373ad73a504971]::result::Result<(), alloc[2e1b2a31b91974c5]::string::String>, fn() -> core[a373ad73a504971]::result::Result<(), alloc[2e1b2a31b91974c5]::string::String>>
[INFO] [stdout]   14:     0x59ad4615ee55 - test[aada8e7e76ba119b]::run_test::{closure#0}
[INFO] [stdout]   15:     0x59ad46158744 - std[617be2ca0a6fd877]::sys::backtrace::__rust_begin_short_backtrace::<test[aada8e7e76ba119b]::run_test::{closure#1}, ()>
[INFO] [stdout]   16:     0x59ad46161ee2 - <std[617be2ca0a6fd877]::thread::lifecycle::spawn_unchecked<test[aada8e7e76ba119b]::run_test::{closure#1}, ()>::{closure#1} as core[a373ad73a504971]::ops::function::FnOnce<()>>::call_once::{shim:vtable#0}
[INFO] [stdout]   17:     0x59ad4633f11f - <std[617be2ca0a6fd877]::sys::thread::unix::Thread>::new::thread_start
[INFO] [stdout]   18:     0x74c444fbddfa - <unknown>
[INFO] [stdout]   19:     0x74c4450513d4 - clone
[INFO] [stdout]   20:                0x0 - <unknown>
[INFO] [stdout] 
[INFO] [stdout] ---- page_and_page_info_match_the_core_wire_shape stdout ----
[INFO] [stdout] 
[INFO] [stdout] thread 'page_and_page_info_match_the_core_wire_shape' (4161) panicked at tests/generator.rs:100:14:
[INFO] [stdout] fixture schema should parse: SchemaError { message: "failed to read schema file ../cratestack-pg/tests/fixtures/blog.cstack: No such file or directory (os error 2)", span: 0..0, line: 1, file: "../cratestack-pg/tests/fixtures/blog.cstack", source_text_len: 0 }
[INFO] [stdout] stack backtrace:
[INFO] [stdout]    0:     0x59ad4633fc21 - <<std[617be2ca0a6fd877]::sys::backtrace::BacktraceLock>::print::DisplayBacktrace as core[a373ad73a504971]::fmt::Display>::fmt
[INFO] [stdout]    1:     0x59ad46357a0a - core[a373ad73a504971]::fmt::write
[INFO] [stdout]    2:     0x59ad46343e5c - <alloc[2e1b2a31b91974c5]::vec::Vec<u8> as core[a373ad73a504971]::io::write::Write>::write_fmt
[INFO] [stdout]    3:     0x59ad4631bb96 - std[617be2ca0a6fd877]::panicking::default_hook::{closure#0}
[INFO] [stdout]    4:     0x59ad46337f59 - std[617be2ca0a6fd877]::panicking::default_hook
[INFO] [stdout]    5:     0x59ad4615e830 - test[aada8e7e76ba119b]::test_main_inner::{closure#0}
[INFO] [stdout]    6:     0x59ad46338112 - std[617be2ca0a6fd877]::panicking::panic_with_hook
[INFO] [stdout]    7:     0x59ad4631bc42 - std[617be2ca0a6fd877]::panicking::panic_handler::{closure#0}
[INFO] [stdout]    8:     0x59ad463147c9 - std[617be2ca0a6fd877]::sys::backtrace::__rust_end_short_backtrace::<std[617be2ca0a6fd877]::panicking::panic_handler::{closure#0}, !>
[INFO] [stdout]    9:     0x59ad4631c84d - __rustc[ea4f61d10b84890b]::rust_begin_unwind
[INFO] [stdout]   10:     0x59ad463581ec - core[a373ad73a504971]::panicking::panic_fmt
[INFO] [stdout]   11:     0x59ad46357fc2 - core[a373ad73a504971]::result::unwrap_failed
[INFO] [stdout]   12:     0x59ad460209f5 - <generator[2db190d4bc7c1028]::page_and_page_info_match_the_core_wire_shape::{closure#0} as core[a373ad73a504971]::ops::function::FnOnce<()>>::call_once
[INFO] [stdout]   13:     0x59ad46151c7b - test[aada8e7e76ba119b]::__rust_begin_short_backtrace::<core[a373ad73a504971]::result::Result<(), alloc[2e1b2a31b91974c5]::string::String>, fn() -> core[a373ad73a504971]::result::Result<(), alloc[2e1b2a31b91974c5]::string::String>>
[INFO] [stdout]   14:     0x59ad4615ee55 - test[aada8e7e76ba119b]::run_test::{closure#0}
[INFO] [stdout]   15:     0x59ad46158744 - std[617be2ca0a6fd877]::sys::backtrace::__rust_begin_short_backtrace::<test[aada8e7e76ba119b]::run_test::{closure#1}, ()>
[INFO] [stdout]   16:     0x59ad46161ee2 - <std[617be2ca0a6fd877]::thread::lifecycle::spawn_unchecked<test[aada8e7e76ba119b]::run_test::{closure#1}, ()>::{closure#1} as core[a373ad73a504971]::ops::function::FnOnce<()>>::call_once::{shim:vtable#0}
[INFO] [stdout]   17:     0x59ad4633f11f - <std[617be2ca0a6fd877]::sys::thread::unix::Thread>::new::thread_start
[INFO] [stdout]   18:     0x74c444fbddfa - <unknown>
[INFO] [stdout]   19:     0x74c4450513d4 - clone
[INFO] [stdout]   20:                0x0 - <unknown>
[INFO] [stdout] 
[INFO] [stdout] 
[INFO] [stdout] failures:
[INFO] [stdout]     generates_fetch_client_and_tanstack_hooks_for_blog_schema
[INFO] [stdout]     page_and_page_info_match_the_core_wire_shape
[INFO] [stdout]     preserves_enums_and_scalar_mappings
[INFO] [stdout]     type_block_field_referencing_a_model_generates_correctly
[INFO] [stdout] 
[INFO] [stdout] test result: FAILED. 7 passed; 4 failed; 0 ignored; 0 measured; 0 filtered out; finished in 0.02s
[INFO] [stdout] 
[INFO] [stderr] error: test failed, to rerun pass `--test generator`
[INFO] running `Command { std: "docker" "inspect" "05df8e008dd70d0b19f89d6fdfbf6be2e76d38a7514d61529d4225932f1c6b3e", kill_on_drop: false }`
[INFO] running `Command { std: "docker" "rm" "-f" "05df8e008dd70d0b19f89d6fdfbf6be2e76d38a7514d61529d4225932f1c6b3e", kill_on_drop: false }`
[INFO] [stdout] 05df8e008dd70d0b19f89d6fdfbf6be2e76d38a7514d61529d4225932f1c6b3e
