[INFO] fetching crate cratestack-client-dart 0.15.4...
[INFO] testing cratestack-client-dart-0.15.4 against 1.99.0-beta.8+cargoflags=--release for beta-release-1.100-2
[INFO] extracting crate cratestack-client-dart 0.15.4 into /workspace/builds/worker-2-tc1/source
[INFO] started tweaking crates.io crate cratestack-client-dart 0.15.4
[INFO] removed 0 missing tests
[INFO] finished tweaking crates.io crate cratestack-client-dart 0.15.4
[INFO] tweaked toml for crates.io crate cratestack-client-dart 0.15.4 written to /workspace/builds/worker-2-tc1/source/Cargo.toml
[INFO] validating manifest of crates.io crate cratestack-client-dart 0.15.4 on toolchain 1.99.0-beta.8
[INFO] running `Command { std: CARGO_HOME="/workspace/cargo-home" RUSTUP_HOME="/workspace/rustup-home" "/workspace/cargo-home/bin/cargo" "+1.99.0-beta.8" "metadata" "--manifest-path" "Cargo.toml" "--no-deps", kill_on_drop: false }`
[INFO] crate crates.io crate cratestack-client-dart 0.15.4 already has a lockfile, it will not be regenerated
[INFO] running `Command { std: CARGO_HOME="/workspace/cargo-home" RUSTUP_HOME="/workspace/rustup-home" "/workspace/cargo-home/bin/cargo" "+1.99.0-beta.8" "fetch" "--manifest-path" "Cargo.toml", kill_on_drop: false }`
[INFO] [stderr]     Updating crates.io index
[INFO] [stderr]  Downloading crates ...
[INFO] [stderr]   Downloaded bigdecimal v0.4.11
[INFO] [stderr]   Downloaded chumsky v0.13.0
[INFO] [stderr]   Downloaded minijinja v2.24.0
[INFO] [stderr]   Downloaded cratestack-parser v0.15.4
[INFO] [stderr]   Downloaded cratestack-core v0.15.4
[INFO] running `Command { std: "docker" "create" "-v" "/var/lib/crater-agent-workspace/builds/worker-2-tc1/source:/opt/rustwide/workdir:ro,Z" "-v" "/var/lib/crater-agent-workspace/builds/worker-2-tc1/target:/opt/rustwide/target:rw,Z" "-v" "/var/lib/crater-agent-workspace/cargo-home:/opt/rustwide/cargo-home:ro,Z" "-v" "/var/lib/crater-agent-workspace/rustup-home:/opt/rustwide/rustup-home:ro,Z" "-m" "1610612736" "--network" "none" "ghcr.io/rust-lang/crates-build-env/linux@sha256:77db811e55d90add9212f6832c23229e3de5f1c1f9905e8cb07319ea15df73ac" "sleep" "infinity", kill_on_drop: false }`
[INFO] [stdout] 061b63cc0fb64a3083ce021be64b6cce13d6dcd1c1457588912dc76bef970a72
[INFO] running `Command { std: "docker" "start" "061b63cc0fb64a3083ce021be64b6cce13d6dcd1c1457588912dc76bef970a72", kill_on_drop: false }`
[INFO] running `Command { std: "docker" "inspect" "061b63cc0fb64a3083ce021be64b6cce13d6dcd1c1457588912dc76bef970a72", kill_on_drop: false }`
[INFO] running `Command { std: "docker" "exec" "-e" "SOURCE_DIR=/opt/rustwide/workdir" "-e" "CARGO_HOME=/opt/rustwide/cargo-home" "-e" "RUSTUP_HOME=/opt/rustwide/rustup-home" "-e" "CARGO_TARGET_DIR=/opt/rustwide/target" "-w" "/opt/rustwide/workdir" "--user" "0:0" "061b63cc0fb64a3083ce021be64b6cce13d6dcd1c1457588912dc76bef970a72" "/opt/rustwide/cargo-home/bin/cargo" "+1.99.0-beta.8" "metadata" "--no-deps" "--format-version=1", kill_on_drop: false }`
[INFO] running `Command { std: "docker" "inspect" "061b63cc0fb64a3083ce021be64b6cce13d6dcd1c1457588912dc76bef970a72", kill_on_drop: false }`
[INFO] running `Command { std: "docker" "exec" "-e" "SOURCE_DIR=/opt/rustwide/workdir" "-e" "CARGO_HOME=/opt/rustwide/cargo-home" "-e" "RUSTUP_HOME=/opt/rustwide/rustup-home" "-e" "CARGO_TARGET_DIR=/opt/rustwide/target" "-e" "CARGO_INCREMENTAL=0" "-e" "RUST_BACKTRACE=full" "-e" "RUSTFLAGS=--cap-lints=warn" "-e" "RUSTDOCFLAGS=--cap-lints=warn" "-w" "/opt/rustwide/workdir" "--user" "0:0" "061b63cc0fb64a3083ce021be64b6cce13d6dcd1c1457588912dc76bef970a72" "/opt/rustwide/cargo-home/bin/cargo" "+1.99.0-beta.8" "build" "--frozen" "--message-format=json" "--release", kill_on_drop: false }`
[INFO] [stderr]    Compiling litemap v0.8.3
[INFO] [stderr]    Compiling writeable v0.6.4
[INFO] [stderr]    Compiling icu_normalizer_data v2.3.0
[INFO] [stderr]    Compiling icu_properties_data v2.3.0
[INFO] [stderr]    Compiling hybrid-array v0.4.14
[INFO] [stderr]    Compiling syn v3.0.6
[INFO] [stderr]    Compiling syn v2.0.119
[INFO] [stderr]    Compiling num-traits v0.2.19
[INFO] [stderr]    Compiling cmov v0.5.4
[INFO] [stderr]    Compiling libc v0.2.189
[INFO] [stderr]    Compiling smallvec v1.15.2
[INFO] [stderr]    Compiling getrandom v0.4.3
[INFO] [stderr]    Compiling ctutils v0.4.2
[INFO] [stderr]    Compiling rust_decimal v1.43.0
[INFO] [stderr]    Compiling thiserror v2.0.21
[INFO] [stderr]    Compiling crypto-common v0.2.2
[INFO] [stderr]    Compiling block-buffer v0.12.1
[INFO] [stderr]    Compiling form_urlencoded v1.2.2
[INFO] [stderr]    Compiling arrayvec v0.7.8
[INFO] [stderr]    Compiling memchr v2.8.3
[INFO] [stderr]    Compiling base64 v0.23.1
[INFO] [stderr]    Compiling subtle v2.6.1
[INFO] [stderr]    Compiling memo-map v0.3.3
[INFO] [stderr]    Compiling serde_json v1.0.151
[INFO] [stderr]    Compiling digest v0.11.3
[INFO] [stderr]    Compiling uuid v1.26.1
[INFO] [stderr]    Compiling sha2 v0.11.0
[INFO] [stderr]    Compiling hmac v0.13.0
[INFO] [stderr]    Compiling synstructure v0.13.2
[INFO] [stderr]    Compiling zerofrom-derive v0.1.7
[INFO] [stderr]    Compiling yoke-derive v0.8.2
[INFO] [stderr]    Compiling zerofrom v0.1.8
[INFO] [stderr]    Compiling yoke v0.8.3
[INFO] [stderr]    Compiling zerovec-derive v0.11.6
[INFO] [stderr]    Compiling displaydoc v0.2.7
[INFO] [stderr]    Compiling serde_derive v1.0.229
[INFO] [stderr]    Compiling thiserror-impl v2.0.21
[INFO] [stderr]    Compiling async-trait v0.1.92
[INFO] [stderr]    Compiling zerotrie v0.2.5
[INFO] [stderr]    Compiling zerovec v0.11.8
[INFO] [stderr]    Compiling tinystr v0.8.4
[INFO] [stderr]    Compiling potential_utf v0.1.6
[INFO] [stderr]    Compiling icu_collections v2.3.0
[INFO] [stderr]    Compiling icu_locale_core v2.3.0
[INFO] [stderr]    Compiling serde v1.0.229
[INFO] [stderr]    Compiling chrono v0.4.45
[INFO] [stderr]    Compiling minijinja v2.24.0
[INFO] [stderr]    Compiling icu_provider v2.3.1
[INFO] [stderr]    Compiling icu_properties v2.3.0
[INFO] [stderr]    Compiling icu_normalizer v2.3.0
[INFO] [stderr]    Compiling idna_adapter v1.2.2
[INFO] [stderr]    Compiling idna v1.1.0
[INFO] [stderr]    Compiling url v2.5.8
[INFO] [stderr]    Compiling cratestack-core v0.15.4
[INFO] [stderr]    Compiling cratestack-client-dart v0.15.4 (/opt/rustwide/workdir)
[INFO] [stderr]     Finished `release` profile [optimized] target(s) in 2m 06s
[INFO] running `Command { std: "docker" "inspect" "061b63cc0fb64a3083ce021be64b6cce13d6dcd1c1457588912dc76bef970a72", kill_on_drop: false }`
[INFO] running `Command { std: "docker" "exec" "-e" "SOURCE_DIR=/opt/rustwide/workdir" "-e" "CARGO_HOME=/opt/rustwide/cargo-home" "-e" "RUSTUP_HOME=/opt/rustwide/rustup-home" "-e" "CARGO_TARGET_DIR=/opt/rustwide/target" "-e" "CARGO_INCREMENTAL=0" "-e" "RUST_BACKTRACE=full" "-e" "RUSTFLAGS=--cap-lints=warn" "-e" "RUSTDOCFLAGS=--cap-lints=warn" "-w" "/opt/rustwide/workdir" "--user" "0:0" "061b63cc0fb64a3083ce021be64b6cce13d6dcd1c1457588912dc76bef970a72" "/opt/rustwide/cargo-home/bin/cargo" "+1.99.0-beta.8" "test" "--frozen" "--no-run" "--message-format=json" "--release", kill_on_drop: false }`
[INFO] [stderr]    Compiling find-msvc-tools v0.1.11
[INFO] [stderr]    Compiling object v0.39.1
[INFO] [stderr]    Compiling getrandom v0.4.3
[INFO] [stderr]    Compiling aho-corasick v1.1.5
[INFO] [stderr]    Compiling unicode-width v0.2.2
[INFO] [stderr]    Compiling unicode-segmentation v1.13.3
[INFO] [stderr]    Compiling unicode-ident v1.0.24
[INFO] [stderr]    Compiling uuid v1.26.1
[INFO] [stderr]    Compiling cc v1.4.4
[INFO] [stderr]    Compiling ariadne v0.6.0
[INFO] [stderr]    Compiling cratestack-core v0.15.4
[INFO] [stderr]    Compiling stacker v0.1.25
[INFO] [stderr]    Compiling regex-automata v0.4.18
[INFO] [stderr]    Compiling ar_archive_writer v0.5.3
[INFO] [stderr]    Compiling regex v1.13.1
[INFO] [stderr]    Compiling psm v0.1.32
[INFO] [stderr]    Compiling chumsky v0.13.0
[INFO] [stderr]    Compiling cratestack-client-dart v0.15.4 (/opt/rustwide/workdir)
[INFO] [stderr]    Compiling cratestack-parser v0.15.4
[INFO] [stderr]     Finished `release` profile [optimized] target(s) in 2m 01s
[INFO] running `Command { std: "docker" "inspect" "061b63cc0fb64a3083ce021be64b6cce13d6dcd1c1457588912dc76bef970a72", kill_on_drop: false }`
[INFO] running `Command { std: "docker" "exec" "-e" "SOURCE_DIR=/opt/rustwide/workdir" "-e" "CARGO_HOME=/opt/rustwide/cargo-home" "-e" "RUSTUP_HOME=/opt/rustwide/rustup-home" "-e" "CARGO_TARGET_DIR=/opt/rustwide/target" "-e" "CARGO_INCREMENTAL=0" "-e" "RUST_BACKTRACE=full" "-e" "RUSTFLAGS=--cap-lints=warn" "-e" "RUSTDOCFLAGS=--cap-lints=warn" "-w" "/opt/rustwide/workdir" "--user" "0:0" "061b63cc0fb64a3083ce021be64b6cce13d6dcd1c1457588912dc76bef970a72" "/opt/rustwide/cargo-home/bin/cargo" "+1.99.0-beta.8" "test" "--frozen" "--release", kill_on_drop: false }`
[INFO] [stderr]     Finished `release` profile [optimized] target(s) in 0.19s
[INFO] [stderr]      Running unittests src/lib.rs (/opt/rustwide/target/release/deps/cratestack_client_dart-af23a154608ff534)
[INFO] [stdout] 
[INFO] [stdout] running 27 tests
[INFO] [stdout] test enum_filter_view::collision_tests::an_enum_named_after_a_builtin_filter_does_not_duplicate_it ... ok
[INFO] [stdout] test release_line::release_line_tests::a_prerelease_suffix_is_ignored ... ok
[INFO] [stdout] test enum_filter_view::collision_tests::every_fixed_rung_taken_still_yields_a_free_name ... ok
[INFO] [stdout] test release_line::release_line_tests::ceiling_is_the_next_minor ... ok
[INFO] [stdout] test release_line::release_line_tests::requirement_pairs_the_floor_with_the_derived_ceiling ... ok
[INFO] [stdout] test enum_filter_view::collision_tests::resolution_is_deterministic_for_identical_inputs ... ok
[INFO] [stdout] test package_floors::package_floors_tests::floors_are_below_the_current_unpublished_workspace_version ... FAILED
[INFO] [stdout] test release_line::release_line_tests::an_unparseable_version_panics_by_name - should panic ... ok
[INFO] [stdout] test enum_filter_view::collision_tests::the_bigint_filter_class_is_reserved_like_the_other_builtins ... ok
[INFO] [stdout] test enum_filter_view::collision_tests::two_enums_cannot_race_for_the_same_fallback ... ok
[INFO] [stdout] test release_line::release_line_tests::the_ceiling_always_exceeds_its_own_version ... ok
[INFO] [stdout] test package_floors::package_floors_tests::emitted_annotations_floor_is_at_least_what_the_builder_requires ... FAILED
[INFO] [stdout] test release_line::release_line_tests::the_two_digit_minor_does_not_regress_to_a_lower_line ... ok
[INFO] [stdout] test riverpod::partition::tests::enum_used_by_exactly_one_model_is_owned_by_that_model ... ok
[INFO] [stdout] test riverpod::partition::tests::orphan_type_declared_but_unused_is_shared_not_dropped ... ok
[INFO] [stdout] test riverpod::partition::tests::relation_fields_do_not_leak_into_the_enum_reachability_graph ... ok
[INFO] [stdout] test riverpod::partition::tests::type_reached_transitively_through_another_type_inherits_procedures_ownership ... ok
[INFO] [stdout] test riverpod::partition::tests::enum_used_by_two_models_is_shared ... ok
[INFO] [stdout] test riverpod::partition::tests::type_used_only_by_a_procedure_is_owned_by_procedures ... ok
[INFO] [stdout] test riverpod::provider_naming::tests::colliding_function_names_escalate_to_the_qualified_prefixed_form ... ok
[INFO] [stdout] test riverpod::provider_naming::tests::colliding_provider_variable_name_also_escalates_even_when_the_base_is_free ... ok
[INFO] [stdout] test riverpod::provider_naming::tests::first_call_gets_the_preferred_name ... ok
[INFO] [stdout] test riverpod::provider_naming::tests::repeated_collisions_fall_back_to_a_numeric_suffix ... ok
[INFO] [stdout] test riverpod::provider_naming::tests::seed_includes_the_existing_di_layer_and_model_type_names ... ok
[INFO] [stdout] test riverpod::provider_naming::tests::seed_includes_the_rest_base_path_provider_only_for_rest ... ok
[INFO] [stdout] test riverpod::provider_naming::tests::two_reservations_for_the_same_preferred_name_never_collide_with_each_other ... ok
[INFO] [stderr] error: test failed, to rerun pass `--lib`
[INFO] [stdout] test riverpod::partition::tests::enum_referenced_by_a_model_and_by_a_procedure_is_shared ... ok
[INFO] [stdout] 
[INFO] [stdout] failures:
[INFO] [stdout] 
[INFO] [stdout] ---- package_floors::package_floors_tests::floors_are_below_the_current_unpublished_workspace_version stdout ----
[INFO] [stdout] 
[INFO] [stdout] thread 'package_floors::package_floors_tests::floors_are_below_the_current_unpublished_workspace_version' (2038) panicked at src/package_floors_tests.rs:60:33:
[INFO] [stdout] reading /opt/rustwide/workdir/../../dart-packages/cratestack_annotations/pubspec.yaml: No such file or directory (os error 2). Did the package move?
[INFO] [stdout] stack backtrace:
[INFO] [stdout]    0:     0x5def87e2a6c1 - <<std[70759c8f55707aa4]::sys::backtrace::BacktraceLock>::print::DisplayBacktrace as core[df12db4294e9bfd3]::fmt::Display>::fmt
[INFO] [stdout]    1:     0x5def87e40c5a - core[df12db4294e9bfd3]::fmt::write
[INFO] [stdout]    2:     0x5def87e2eb5c - <alloc[2182bb758b4b3781]::vec::Vec<u8> as core[df12db4294e9bfd3]::io::write::Write>::write_fmt
[INFO] [stdout]    3:     0x5def87e06946 - std[70759c8f55707aa4]::panicking::default_hook::{closure#0}
[INFO] [stdout]    4:     0x5def87e22ab9 - std[70759c8f55707aa4]::panicking::default_hook
[INFO] [stdout]    5:     0x5def87c848c0 - test[9d35eded1c95d3be]::test_main_inner::<test[9d35eded1c95d3be]::test_main_static::{closure#0}>::{closure#0}
[INFO] [stdout]    6:     0x5def87e22c72 - std[70759c8f55707aa4]::panicking::panic_with_hook
[INFO] [stdout]    7:     0x5def87e069f2 - std[70759c8f55707aa4]::panicking::panic_handler::{closure#0}
[INFO] [stdout]    8:     0x5def87dff5e9 - std[70759c8f55707aa4]::sys::backtrace::__rust_end_short_backtrace::<std[70759c8f55707aa4]::panicking::panic_handler::{closure#0}, !>
[INFO] [stdout]    9:     0x5def87e075ed - __rustc[8fa7c3cbc660c2b3]::rust_begin_unwind
[INFO] [stdout]   10:     0x5def87e4143c - core[df12db4294e9bfd3]::panicking::panic_fmt
[INFO] [stdout]   11:     0x5def87c7437a - cratestack_client_dart[658d81747162b244]::package_floors::package_floors_tests::pubspec_value::{closure#0}
[INFO] [stdout]   12:     0x5def87c74a70 - cratestack_client_dart[658d81747162b244]::package_floors::package_floors_tests::pubspec_value
[INFO] [stdout]   13:     0x5def87c74b5c - cratestack_client_dart[658d81747162b244]::package_floors::package_floors_tests::floors_are_below_the_current_unpublished_workspace_version
[INFO] [stdout]   14:     0x5def87c6f139 - <cratestack_client_dart[658d81747162b244]::package_floors::package_floors_tests::floors_are_below_the_current_unpublished_workspace_version::{closure#0} as core[df12db4294e9bfd3]::ops::function::FnOnce<()>>::call_once
[INFO] [stdout]   15:     0x5def87c77bab - test[9d35eded1c95d3be]::__rust_begin_short_backtrace::<core[df12db4294e9bfd3]::result::Result<(), alloc[2182bb758b4b3781]::string::String>, fn() -> core[df12db4294e9bfd3]::result::Result<(), alloc[2182bb758b4b3781]::string::String>>
[INFO] [stdout]   16:     0x5def87c85215 - test[9d35eded1c95d3be]::run_test::{closure#0}
[INFO] [stdout]   17:     0x5def87c7ead4 - std[70759c8f55707aa4]::sys::backtrace::__rust_begin_short_backtrace::<test[9d35eded1c95d3be]::run_test::{closure#1}, ()>
[INFO] [stdout]   18:     0x5def87c88372 - <std[70759c8f55707aa4]::thread::lifecycle::spawn_unchecked<test[9d35eded1c95d3be]::run_test::{closure#1}, ()>::{closure#1} as core[df12db4294e9bfd3]::ops::function::FnOnce<()>>::call_once::{shim:vtable#0}
[INFO] [stdout]   19:     0x5def87e29c29 - <std[70759c8f55707aa4]::sys::thread::unix::Thread>::new::thread_start
[INFO] [stdout]   20:     0x73aedf7a2dfa - <unknown>
[INFO] [stdout]   21:     0x73aedf8363d4 - clone
[INFO] [stdout]   22:                0x0 - <unknown>
[INFO] [stdout] 
[INFO] [stdout] ---- package_floors::package_floors_tests::emitted_annotations_floor_is_at_least_what_the_builder_requires stdout ----
[INFO] [stdout] 
[INFO] [stdout] thread 'package_floors::package_floors_tests::emitted_annotations_floor_is_at_least_what_the_builder_requires' (2037) panicked at src/package_floors_tests.rs:60:33:
[INFO] [stdout] reading /opt/rustwide/workdir/../../dart-packages/cratestack_builder/pubspec.yaml: No such file or directory (os error 2). Did the package move?
[INFO] [stdout] stack backtrace:
[INFO] [stdout]    0:     0x5def87e2a6c1 - <<std[70759c8f55707aa4]::sys::backtrace::BacktraceLock>::print::DisplayBacktrace as core[df12db4294e9bfd3]::fmt::Display>::fmt
[INFO] [stdout]    1:     0x5def87e40c5a - core[df12db4294e9bfd3]::fmt::write
[INFO] [stdout]    2:     0x5def87e2eb5c - <alloc[2182bb758b4b3781]::vec::Vec<u8> as core[df12db4294e9bfd3]::io::write::Write>::write_fmt
[INFO] [stdout]    3:     0x5def87e06946 - std[70759c8f55707aa4]::panicking::default_hook::{closure#0}
[INFO] [stdout]    4:     0x5def87e22ab9 - std[70759c8f55707aa4]::panicking::default_hook
[INFO] [stdout]    5:     0x5def87c848c0 - test[9d35eded1c95d3be]::test_main_inner::<test[9d35eded1c95d3be]::test_main_static::{closure#0}>::{closure#0}
[INFO] [stdout]    6:     0x5def87e22c72 - std[70759c8f55707aa4]::panicking::panic_with_hook
[INFO] [stdout]    7:     0x5def87e069f2 - std[70759c8f55707aa4]::panicking::panic_handler::{closure#0}
[INFO] [stdout]    8:     0x5def87dff5e9 - std[70759c8f55707aa4]::sys::backtrace::__rust_end_short_backtrace::<std[70759c8f55707aa4]::panicking::panic_handler::{closure#0}, !>
[INFO] [stdout]    9:     0x5def87e075ed - __rustc[8fa7c3cbc660c2b3]::rust_begin_unwind
[INFO] [stdout]   10:     0x5def87e4143c - core[df12db4294e9bfd3]::panicking::panic_fmt
[INFO] [stdout]   11:     0x5def87c7437a - cratestack_client_dart[658d81747162b244]::package_floors::package_floors_tests::pubspec_value::{closure#0}
[INFO] [stdout]   12:     0x5def87c74a70 - cratestack_client_dart[658d81747162b244]::package_floors::package_floors_tests::pubspec_value
[INFO] [stdout]   13:     0x5def87c74ef0 - cratestack_client_dart[658d81747162b244]::package_floors::package_floors_tests::emitted_annotations_floor_is_at_least_what_the_builder_requires
[INFO] [stdout]   14:     0x5def87c6f159 - <cratestack_client_dart[658d81747162b244]::package_floors::package_floors_tests::emitted_annotations_floor_is_at_least_what_the_builder_requires::{closure#0} as core[df12db4294e9bfd3]::ops::function::FnOnce<()>>::call_once
[INFO] [stdout]   15:     0x5def87c77bab - test[9d35eded1c95d3be]::__rust_begin_short_backtrace::<core[df12db4294e9bfd3]::result::Result<(), alloc[2182bb758b4b3781]::string::String>, fn() -> core[df12db4294e9bfd3]::result::Result<(), alloc[2182bb758b4b3781]::string::String>>
[INFO] [stdout]   16:     0x5def87c85215 - test[9d35eded1c95d3be]::run_test::{closure#0}
[INFO] [stdout]   17:     0x5def87c7ead4 - std[70759c8f55707aa4]::sys::backtrace::__rust_begin_short_backtrace::<test[9d35eded1c95d3be]::run_test::{closure#1}, ()>
[INFO] [stdout]   18:     0x5def87c88372 - <std[70759c8f55707aa4]::thread::lifecycle::spawn_unchecked<test[9d35eded1c95d3be]::run_test::{closure#1}, ()>::{closure#1} as core[df12db4294e9bfd3]::ops::function::FnOnce<()>>::call_once::{shim:vtable#0}
[INFO] [stdout]   19:     0x5def87e29c29 - <std[70759c8f55707aa4]::sys::thread::unix::Thread>::new::thread_start
[INFO] [stdout]   20:     0x73aedf7a2dfa - <unknown>
[INFO] [stdout]   21:     0x73aedf8363d4 - clone
[INFO] [stdout]   22:                0x0 - <unknown>
[INFO] [stdout] 
[INFO] [stdout] 
[INFO] [stdout] failures:
[INFO] [stdout]     package_floors::package_floors_tests::emitted_annotations_floor_is_at_least_what_the_builder_requires
[INFO] [stdout]     package_floors::package_floors_tests::floors_are_below_the_current_unpublished_workspace_version
[INFO] [stdout] 
[INFO] [stdout] test result: FAILED. 25 passed; 2 failed; 0 ignored; 0 measured; 0 filtered out; finished in 0.01s
[INFO] [stdout] 
[INFO] running `Command { std: "docker" "inspect" "061b63cc0fb64a3083ce021be64b6cce13d6dcd1c1457588912dc76bef970a72", kill_on_drop: false }`
[INFO] running `Command { std: "docker" "rm" "-f" "061b63cc0fb64a3083ce021be64b6cce13d6dcd1c1457588912dc76bef970a72", kill_on_drop: false }`
[INFO] [stdout] 061b63cc0fb64a3083ce021be64b6cce13d6dcd1c1457588912dc76bef970a72
