[INFO] fetching crate crates_io_api 0.12.0...
[INFO] testing crates_io_api-0.12.0 against 1.100.0-beta.1+cargoflags=--release for beta-release-1.100-2
[INFO] extracting crate crates_io_api 0.12.0 into /workspace/builds/worker-4-tc2/source
[INFO] started tweaking crates.io crate crates_io_api 0.12.0
[INFO] finished tweaking crates.io crate crates_io_api 0.12.0
[INFO] tweaked toml for crates.io crate crates_io_api 0.12.0 written to /workspace/builds/worker-4-tc2/source/Cargo.toml
[INFO] validating manifest of crates.io crate crates_io_api 0.12.0 on toolchain 1.100.0-beta.1
[INFO] running `Command { std: CARGO_HOME="/workspace/cargo-home" RUSTUP_HOME="/workspace/rustup-home" "/workspace/cargo-home/bin/cargo" "+1.100.0-beta.1" "metadata" "--manifest-path" "Cargo.toml" "--no-deps", kill_on_drop: false }`
[INFO] crate crates.io crate crates_io_api 0.12.0 already has a lockfile, it will not be regenerated
[INFO] running `Command { std: CARGO_HOME="/workspace/cargo-home" RUSTUP_HOME="/workspace/rustup-home" "/workspace/cargo-home/bin/cargo" "+1.100.0-beta.1" "fetch" "--manifest-path" "Cargo.toml", kill_on_drop: false }`
[INFO] [stderr]     Blocking waiting for file lock on package cache
[INFO] running `Command { std: "docker" "create" "-v" "/var/lib/crater-agent-workspace/builds/worker-4-tc2/source:/opt/rustwide/workdir:ro,Z" "-v" "/var/lib/crater-agent-workspace/builds/worker-4-tc2/target:/opt/rustwide/target:rw,Z" "-v" "/var/lib/crater-agent-workspace/cargo-home:/opt/rustwide/cargo-home:ro,Z" "-v" "/var/lib/crater-agent-workspace/rustup-home:/opt/rustwide/rustup-home:ro,Z" "-m" "1610612736" "--network" "none" "ghcr.io/rust-lang/crates-build-env/linux@sha256:77db811e55d90add9212f6832c23229e3de5f1c1f9905e8cb07319ea15df73ac" "sleep" "infinity", kill_on_drop: false }`
[INFO] [stdout] 0c2c18dbfefc2e702ff3ab7e04c86604eedddd9d218bb7328ad7230529d3c8ba
[INFO] running `Command { std: "docker" "start" "0c2c18dbfefc2e702ff3ab7e04c86604eedddd9d218bb7328ad7230529d3c8ba", kill_on_drop: false }`
[INFO] running `Command { std: "docker" "inspect" "0c2c18dbfefc2e702ff3ab7e04c86604eedddd9d218bb7328ad7230529d3c8ba", kill_on_drop: false }`
[INFO] running `Command { std: "docker" "exec" "-e" "SOURCE_DIR=/opt/rustwide/workdir" "-e" "CARGO_HOME=/opt/rustwide/cargo-home" "-e" "RUSTUP_HOME=/opt/rustwide/rustup-home" "-e" "CARGO_TARGET_DIR=/opt/rustwide/target" "-w" "/opt/rustwide/workdir" "--user" "0:0" "0c2c18dbfefc2e702ff3ab7e04c86604eedddd9d218bb7328ad7230529d3c8ba" "/opt/rustwide/cargo-home/bin/cargo" "+1.100.0-beta.1" "metadata" "--no-deps" "--format-version=1", kill_on_drop: false }`
[INFO] running `Command { std: "docker" "inspect" "0c2c18dbfefc2e702ff3ab7e04c86604eedddd9d218bb7328ad7230529d3c8ba", kill_on_drop: false }`
[INFO] running `Command { std: "docker" "exec" "-e" "SOURCE_DIR=/opt/rustwide/workdir" "-e" "CARGO_HOME=/opt/rustwide/cargo-home" "-e" "RUSTUP_HOME=/opt/rustwide/rustup-home" "-e" "CARGO_TARGET_DIR=/opt/rustwide/target" "-e" "CARGO_INCREMENTAL=0" "-e" "RUST_BACKTRACE=full" "-e" "RUSTFLAGS=--cap-lints=warn" "-e" "RUSTDOCFLAGS=--cap-lints=warn" "-w" "/opt/rustwide/workdir" "--user" "0:0" "0c2c18dbfefc2e702ff3ab7e04c86604eedddd9d218bb7328ad7230529d3c8ba" "/opt/rustwide/cargo-home/bin/cargo" "+1.100.0-beta.1" "build" "--frozen" "--message-format=json" "--release", kill_on_drop: false }`
[INFO] [stderr]    Compiling proc-macro2 v1.0.101
[INFO] [stderr]    Compiling libc v0.2.175
[INFO] [stderr]    Compiling cc v1.2.33
[INFO] [stderr]    Compiling bitflags v2.9.2
[INFO] [stderr]    Compiling serde v1.0.219
[INFO] [stderr]    Compiling serde_json v1.0.143
[INFO] [stderr]    Compiling rustls-pki-types v1.12.0
[INFO] [stderr]    Compiling quote v1.0.40
[INFO] [stderr]    Compiling syn v2.0.106
[INFO] [stderr]    Compiling mio v1.0.4
[INFO] [stderr]    Compiling socket2 v0.6.0
[INFO] [stderr]    Compiling openssl-sys v0.9.109
[INFO] [stderr]    Compiling openssl v0.10.73
[INFO] [stderr]    Compiling native-tls v0.2.14
[INFO] [stderr]    Compiling serde_urlencoded v0.7.1
[INFO] [stderr]    Compiling chrono v0.4.41
[INFO] [stderr]    Compiling serde_path_to_error v0.1.17
[INFO] [stderr]    Compiling synstructure v0.13.2
[INFO] [stderr]    Compiling zerofrom-derive v0.1.6
[INFO] [stderr]    Compiling yoke-derive v0.8.0
[INFO] [stderr]    Compiling zerovec-derive v0.11.1
[INFO] [stderr]    Compiling displaydoc v0.2.5
[INFO] [stderr]    Compiling tokio-macros v2.5.0
[INFO] [stderr]    Compiling futures-macro v0.3.31
[INFO] [stderr]    Compiling openssl-macros v0.1.1
[INFO] [stderr]    Compiling serde_derive v1.0.219
[INFO] [stderr]    Compiling tokio v1.47.1
[INFO] [stderr]    Compiling futures-util v0.3.31
[INFO] [stderr]    Compiling zerofrom v0.1.6
[INFO] [stderr]    Compiling yoke v0.8.0
[INFO] [stderr]    Compiling zerovec v0.11.4
[INFO] [stderr]    Compiling zerotrie v0.2.2
[INFO] [stderr]    Compiling tinystr v0.8.1
[INFO] [stderr]    Compiling potential_utf v0.1.2
[INFO] [stderr]    Compiling icu_collections v2.0.0
[INFO] [stderr]    Compiling icu_locale_core v2.0.0
[INFO] [stderr]    Compiling icu_provider v2.0.0
[INFO] [stderr]    Compiling icu_normalizer v2.0.0
[INFO] [stderr]    Compiling icu_properties v2.0.1
[INFO] [stderr]    Compiling futures-executor v0.3.31
[INFO] [stderr]    Compiling futures v0.3.31
[INFO] [stderr]    Compiling idna_adapter v1.2.1
[INFO] [stderr]    Compiling idna v1.0.3
[INFO] [stderr]    Compiling url v2.5.4
[INFO] [stderr]    Compiling hyper v1.7.0
[INFO] [stderr]    Compiling tower v0.5.2
[INFO] [stderr]    Compiling tokio-native-tls v0.3.1
[INFO] [stderr]    Compiling tower-http v0.6.6
[INFO] [stderr]    Compiling hyper-util v0.1.16
[INFO] [stderr]    Compiling hyper-tls v0.6.0
[INFO] [stderr]    Compiling reqwest v0.12.23
[INFO] [stderr]    Compiling crates_io_api v0.12.0 (/opt/rustwide/workdir)
[INFO] [stderr]     Finished `release` profile [optimized] target(s) in 54.88s
[INFO] running `Command { std: "docker" "inspect" "0c2c18dbfefc2e702ff3ab7e04c86604eedddd9d218bb7328ad7230529d3c8ba", kill_on_drop: false }`
[INFO] running `Command { std: "docker" "exec" "-e" "SOURCE_DIR=/opt/rustwide/workdir" "-e" "CARGO_HOME=/opt/rustwide/cargo-home" "-e" "RUSTUP_HOME=/opt/rustwide/rustup-home" "-e" "CARGO_TARGET_DIR=/opt/rustwide/target" "-e" "CARGO_INCREMENTAL=0" "-e" "RUST_BACKTRACE=full" "-e" "RUSTFLAGS=--cap-lints=warn" "-e" "RUSTDOCFLAGS=--cap-lints=warn" "-w" "/opt/rustwide/workdir" "--user" "0:0" "0c2c18dbfefc2e702ff3ab7e04c86604eedddd9d218bb7328ad7230529d3c8ba" "/opt/rustwide/cargo-home/bin/cargo" "+1.100.0-beta.1" "test" "--frozen" "--no-run" "--message-format=json" "--release", kill_on_drop: false }`
[INFO] [stderr]    Compiling crates_io_api v0.12.0 (/opt/rustwide/workdir)
[INFO] [stderr]     Finished `release` profile [optimized] target(s) in 9.36s
[INFO] running `Command { std: "docker" "inspect" "0c2c18dbfefc2e702ff3ab7e04c86604eedddd9d218bb7328ad7230529d3c8ba", kill_on_drop: false }`
[INFO] running `Command { std: "docker" "exec" "-e" "SOURCE_DIR=/opt/rustwide/workdir" "-e" "CARGO_HOME=/opt/rustwide/cargo-home" "-e" "RUSTUP_HOME=/opt/rustwide/rustup-home" "-e" "CARGO_TARGET_DIR=/opt/rustwide/target" "-e" "CARGO_INCREMENTAL=0" "-e" "RUST_BACKTRACE=full" "-e" "RUSTFLAGS=--cap-lints=warn" "-e" "RUSTDOCFLAGS=--cap-lints=warn" "-w" "/opt/rustwide/workdir" "--user" "0:0" "0c2c18dbfefc2e702ff3ab7e04c86604eedddd9d218bb7328ad7230529d3c8ba" "/opt/rustwide/cargo-home/bin/cargo" "+1.100.0-beta.1" "test" "--frozen" "--release", kill_on_drop: false }`
[INFO] [stderr]     Finished `release` profile [optimized] target(s) in 0.14s
[INFO] [stderr]      Running unittests src/lib.rs (/opt/rustwide/target/release/build/crates_io_api/3baade658f3894e6/out/crates_io_api-3baade658f3894e6)
[INFO] [stdout] 
[INFO] [stdout] running 15 tests
[INFO] [stdout] test async_client::test::test_crate_reverse_dependency_count_async ... FAILED
[INFO] [stdout] test async_client::test::test_get_crate_with_slash ... ok
[INFO] [stdout] test sync_client::test::test_summary ... FAILED
[INFO] [stdout] test async_client::test::test_crates_filter_by_user_async ... FAILED
[INFO] [stdout] test sync_client::test::sync_client_ensure_send ... ok
[INFO] [stdout] test async_client::test::test_full_crate_async ... FAILED
[INFO] [stdout] test sync_client::test::test_crate_reverse_dependency_count ... FAILED
[INFO] [stdout] test async_client::test::test_crates_filter_by_category_async ... FAILED
[INFO] [stdout] test async_client::test::test_summary_async ... FAILED
[INFO] [stdout] test async_client::test::test_user_get_async ... FAILED
[INFO] [stdout] test sync_client::test::test_full_crate ... FAILED
[INFO] [stdout] test async_client::test::test_crates_filter_by_ids_async ... FAILED
[INFO] [stdout] test sync_client::test::test_crates_filter_by_user_async ... FAILED
[INFO] [stdout] test async_client::test::test_crates_stream_async ... FAILED
[INFO] [stdout] test sync_client::test::test_user_get_async ... FAILED
[INFO] [stdout] 
[INFO] [stdout] failures:
[INFO] [stdout] 
[INFO] [stdout] ---- async_client::test::test_crate_reverse_dependency_count_async stdout ----
[INFO] [stdout] Error: Http(reqwest::Error { kind: Request, url: "https://crates.io/api/v1/crates/crates_io_api/reverse_dependencies?per_page=100&page=1", source: hyper_util::client::legacy::Error(Connect, ConnectError("dns error", Custom { kind: Uncategorized, error: "failed to lookup address information: Temporary failure in name resolution" })) })
[INFO] [stdout] 
[INFO] [stdout] ---- sync_client::test::test_summary stdout ----
[INFO] [stdout] Error: Http(reqwest::Error { kind: Request, url: "https://crates.io/api/v1/summary", source: hyper_util::client::legacy::Error(Connect, ConnectError("dns error", Custom { kind: Uncategorized, error: "failed to lookup address information: Temporary failure in name resolution" })) })
[INFO] [stdout] 
[INFO] [stdout] ---- async_client::test::test_crates_filter_by_user_async stdout ----
[INFO] [stdout] Error: Http(reqwest::Error { kind: Request, url: "https://crates.io/api/v1/users/theduke", source: hyper_util::client::legacy::Error(Connect, ConnectError("dns error", Custom { kind: Uncategorized, error: "failed to lookup address information: Temporary failure in name resolution" })) })
[INFO] [stdout] 
[INFO] [stdout] ---- async_client::test::test_full_crate_async stdout ----
[INFO] [stdout] Error: Http(reqwest::Error { kind: Request, url: "https://crates.io/api/v1/crates/crates_io_api", source: hyper_util::client::legacy::Error(Connect, ConnectError("dns error", Custom { kind: Uncategorized, error: "failed to lookup address information: Temporary failure in name resolution" })) })
[INFO] [stdout] 
[INFO] [stdout] ---- sync_client::test::test_crate_reverse_dependency_count stdout ----
[INFO] [stdout] Error: Http(reqwest::Error { kind: Request, url: "https://crates.io/api/v1/crates/crates_io_api/reverse_dependencies?per_page=100&page=1", source: hyper_util::client::legacy::Error(Connect, ConnectError("dns error", Custom { kind: Uncategorized, error: "failed to lookup address information: Temporary failure in name resolution" })) })
[INFO] [stdout] 
[INFO] [stdout] ---- async_client::test::test_crates_filter_by_category_async stdout ----
[INFO] [stdout] Error: Http(reqwest::Error { kind: Request, url: "https://crates.io/api/v1/crates?page=1&per_page=3&sort=recent-updates&category=wasm", source: hyper_util::client::legacy::Error(Connect, ConnectError("dns error", Custom { kind: Uncategorized, error: "failed to lookup address information: Temporary failure in name resolution" })) })
[INFO] [stdout] 
[INFO] [stdout] ---- async_client::test::test_summary_async stdout ----
[INFO] [stdout] Error: Http(reqwest::Error { kind: Request, url: "https://crates.io/api/v1/summary", source: hyper_util::client::legacy::Error(Connect, ConnectError("dns error", Custom { kind: Uncategorized, error: "failed to lookup address information: Temporary failure in name resolution" })) })
[INFO] [stdout] 
[INFO] [stdout] ---- async_client::test::test_user_get_async stdout ----
[INFO] [stdout] Error: Http(reqwest::Error { kind: Request, url: "https://crates.io/api/v1/users/theduke", source: hyper_util::client::legacy::Error(Connect, ConnectError("dns error", Custom { kind: Uncategorized, error: "failed to lookup address information: Temporary failure in name resolution" })) })
[INFO] [stdout] 
[INFO] [stdout] ---- sync_client::test::test_full_crate stdout ----
[INFO] [stdout] Error: Http(reqwest::Error { kind: Request, url: "https://crates.io/api/v1/crates/crates_io_api", source: hyper_util::client::legacy::Error(Connect, ConnectError("dns error", Custom { kind: Uncategorized, error: "failed to lookup address information: Temporary failure in name resolution" })) })
[INFO] [stdout] 
[INFO] [stdout] ---- async_client::test::test_crates_filter_by_ids_async stdout ----
[INFO] [stdout] Error: Http(reqwest::Error { kind: Request, url: "https://crates.io/api/v1/crates?page=1&per_page=10&sort=recent-updates&ids%5B%5D=a&ids%5B%5D=b&ids%5B%5D=c&ids%5B%5D=d&ids%5B%5D=e&ids%5B%5D=f&ids%5B%5D=g&ids%5B%5D=h&ids%5B%5D=i&ids%5B%5D=j", source: hyper_util::client::legacy::Error(Connect, ConnectError("dns error", Custom { kind: Uncategorized, error: "failed to lookup address information: Temporary failure in name resolution" })) })
[INFO] [stdout] 
[INFO] [stdout] ---- sync_client::test::test_crates_filter_by_user_async stdout ----
[INFO] [stdout] Error: Http(reqwest::Error { kind: Request, url: "https://crates.io/api/v1/users/theduke", source: hyper_util::client::legacy::Error(Connect, ConnectError("dns error", Custom { kind: Uncategorized, error: "failed to lookup address information: Temporary failure in name resolution" })) })
[INFO] [stdout] 
[INFO] [stdout] ---- async_client::test::test_crates_stream_async stdout ----
[INFO] [stdout] 
[INFO] [stdout] thread 'async_client::test::test_crates_stream_async' (1154) panicked at src/async_client.rs:503:55:
[INFO] [stdout] called `Result::unwrap()` on an `Err` value: Http(reqwest::Error { kind: Request, url: "https://crates.io/api/v1/crates?page=1&per_page=10&sort=recent-updates", source: hyper_util::client::legacy::Error(Connect, ConnectError("dns error", Custom { kind: Uncategorized, error: "failed to lookup address information: Temporary failure in name resolution" })) })
[INFO] [stdout] stack backtrace:
[INFO] [stdout]    0:     0x63757e6203a1 - <<std[617be2ca0a6fd877]::sys::backtrace::BacktraceLock>::print::DisplayBacktrace as core[a373ad73a504971]::fmt::Display>::fmt
[INFO] [stdout]    1:     0x63757e6361aa - core[a373ad73a504971]::fmt::write
[INFO] [stdout]    2:     0x63757e624c5c - <alloc[2e1b2a31b91974c5]::vec::Vec<u8> as core[a373ad73a504971]::io::write::Write>::write_fmt
[INFO] [stdout]    3:     0x63757e5fb086 - std[617be2ca0a6fd877]::panicking::default_hook::{closure#0}
[INFO] [stdout]    4:     0x63757e617fd9 - std[617be2ca0a6fd877]::panicking::default_hook
[INFO] [stdout]    5:     0x63757e4c0740 - test[aada8e7e76ba119b]::test_main_inner::{closure#0}
[INFO] [stdout]    6:     0x63757e618302 - std[617be2ca0a6fd877]::panicking::panic_with_hook
[INFO] [stdout]    7:     0x63757e5fb132 - std[617be2ca0a6fd877]::panicking::panic_handler::{closure#0}
[INFO] [stdout]    8:     0x63757e5f3d69 - std[617be2ca0a6fd877]::sys::backtrace::__rust_end_short_backtrace::<std[617be2ca0a6fd877]::panicking::panic_handler::{closure#0}, !>
[INFO] [stdout]    9:     0x63757e5fbf2d - __rustc[ea4f61d10b84890b]::rust_begin_unwind
[INFO] [stdout]   10:     0x63757e63690c - core[a373ad73a504971]::panicking::panic_fmt
[INFO] [stdout]   11:     0x63757e6366e2 - core[a373ad73a504971]::result::unwrap_failed
[INFO] [stdout]   12:     0x63757e45f9a9 - crates_io_api[449b63325d07f059]::async_client::test::test_crates_stream_async::{closure#0}
[INFO] [stdout]   13:     0x63757e4ae38a - <tokio[5a2013f9c690f45c]::runtime::scheduler::current_thread::CurrentThread>::block_on::<core[a373ad73a504971]::pin::Pin<&mut dyn core[a373ad73a504971]::future::future::Future<Output = ()>>>
[INFO] [stdout]   14:     0x63757e49a52d - <tokio[5a2013f9c690f45c]::runtime::runtime::Runtime>::block_on::<core[a373ad73a504971]::pin::Pin<&mut dyn core[a373ad73a504971]::future::future::Future<Output = ()>>>
[INFO] [stdout]   15:     0x63757e46511f - <crates_io_api[449b63325d07f059]::async_client::test::test_crates_stream_async::{closure#0} as core[a373ad73a504971]::ops::function::FnOnce<()>>::call_once
[INFO] [stdout]   16:     0x63757e4b3b8b - test[aada8e7e76ba119b]::__rust_begin_short_backtrace::<core[a373ad73a504971]::result::Result<(), alloc[2e1b2a31b91974c5]::string::String>, fn() -> core[a373ad73a504971]::result::Result<(), alloc[2e1b2a31b91974c5]::string::String>>
[INFO] [stdout]   17:     0x63757e4c0d65 - test[aada8e7e76ba119b]::run_test::{closure#0}
[INFO] [stdout]   18:     0x63757e4ba654 - std[617be2ca0a6fd877]::sys::backtrace::__rust_begin_short_backtrace::<test[aada8e7e76ba119b]::run_test::{closure#1}, ()>
[INFO] [stdout]   19:     0x63757e4c3df2 - <std[617be2ca0a6fd877]::thread::lifecycle::spawn_unchecked<test[aada8e7e76ba119b]::run_test::{closure#1}, ()>::{closure#1} as core[a373ad73a504971]::ops::function::FnOnce<()>>::call_once::{shim:vtable#0}
[INFO] [stdout]   20:     0x63757e61f84f - <std[617be2ca0a6fd877]::sys::thread::unix::Thread>::new::thread_start
[INFO] [stdout]   21:     0x767c3c795dfa - <unknown>
[INFO] [stdout]   22:     0x767c3c8293d4 - clone
[INFO] [stdout]   23:                0x0 - <unknown>
[INFO] [stdout] 
[INFO] [stdout] ---- sync_client::test::test_user_get_async stdout ----
[INFO] [stdout] Error: Http(reqwest::Error { kind: Request, url: "https://crates.io/api/v1/users/theduke", source: hyper_util::client::legacy::Error(Connect, ConnectError("dns error", Custom { kind: Uncategorized, error: "failed to lookup address information: Temporary failure in name resolution" })) })
[INFO] [stdout] 
[INFO] [stdout] 
[INFO] [stdout] failures:
[INFO] [stdout]     async_client::test::test_crate_reverse_dependency_count_async
[INFO] [stdout]     async_client::test::test_crates_filter_by_category_async
[INFO] [stdout]     async_client::test::test_crates_filter_by_ids_async
[INFO] [stdout]     async_client::test::test_crates_filter_by_user_async
[INFO] [stdout]     async_client::test::test_crates_stream_async
[INFO] [stdout]     async_client::test::test_full_crate_async
[INFO] [stdout]     async_client::test::test_summary_async
[INFO] [stdout]     async_client::test::test_user_get_async
[INFO] [stdout]     sync_client::test::test_crate_reverse_dependency_count
[INFO] [stdout]     sync_client::test::test_crates_filter_by_user_async
[INFO] [stdout]     sync_client::test::test_full_crate
[INFO] [stdout]     sync_client::test::test_summary
[INFO] [stdout]     sync_client::test::test_user_get_async
[INFO] [stdout] 
[INFO] [stdout] test result: FAILED. 2 passed; 13 failed; 0 ignored; 0 measured; 0 filtered out; finished in 0.21s
[INFO] [stdout] 
[INFO] [stderr] error: test failed, to rerun pass `--lib`
[INFO] running `Command { std: "docker" "inspect" "0c2c18dbfefc2e702ff3ab7e04c86604eedddd9d218bb7328ad7230529d3c8ba", kill_on_drop: false }`
[INFO] running `Command { std: "docker" "rm" "-f" "0c2c18dbfefc2e702ff3ab7e04c86604eedddd9d218bb7328ad7230529d3c8ba", kill_on_drop: false }`
[INFO] [stdout] 0c2c18dbfefc2e702ff3ab7e04c86604eedddd9d218bb7328ad7230529d3c8ba
