[INFO] fetching crate crates_io_api-wasm-patch 0.12.2...
[INFO] testing crates_io_api-wasm-patch-0.12.2 against 1.99.0-beta.8+cargoflags=--release for beta-release-1.100-2
[INFO] extracting crate crates_io_api-wasm-patch 0.12.2 into /workspace/builds/worker-4-tc1/source
[INFO] started tweaking crates.io crate crates_io_api-wasm-patch 0.12.2
[INFO] finished tweaking crates.io crate crates_io_api-wasm-patch 0.12.2
[INFO] tweaked toml for crates.io crate crates_io_api-wasm-patch 0.12.2 written to /workspace/builds/worker-4-tc1/source/Cargo.toml
[INFO] validating manifest of crates.io crate crates_io_api-wasm-patch 0.12.2 on toolchain 1.99.0-beta.8
[INFO] running `Command { std: CARGO_HOME="/workspace/cargo-home" RUSTUP_HOME="/workspace/rustup-home" "/workspace/cargo-home/bin/cargo" "+1.99.0-beta.8" "metadata" "--manifest-path" "Cargo.toml" "--no-deps", kill_on_drop: false }`
[INFO] crate crates.io crate crates_io_api-wasm-patch 0.12.2 already has a lockfile, it will not be regenerated
[INFO] running `Command { std: CARGO_HOME="/workspace/cargo-home" RUSTUP_HOME="/workspace/rustup-home" "/workspace/cargo-home/bin/cargo" "+1.99.0-beta.8" "fetch" "--manifest-path" "Cargo.toml", kill_on_drop: false }`
[INFO] [stderr]     Updating crates.io index
[INFO] [stderr]  Downloading crates ...
[INFO] [stderr]   Downloaded mio v1.2.3
[INFO] [stderr]   Downloaded yoke-derive v0.8.3
[INFO] [stderr]   Downloaded wasm-bindgen-futures v0.4.78
[INFO] [stderr]   Downloaded futures-executor v0.3.34
[INFO] [stderr]   Downloaded smallvec v1.16.1
[INFO] [stderr]   Downloaded futures v0.3.34
[INFO] [stderr]   Downloaded base64 v0.22.1
[INFO] [stderr]   Downloaded hyper-util v0.1.20
[INFO] [stderr]   Downloaded chrono v0.4.45
[INFO] [stderr]   Downloaded web-sys v0.3.105
[INFO] [stderr]   Downloaded tokio v1.53.1
[INFO] running `Command { std: "docker" "create" "-v" "/var/lib/crater-agent-workspace/builds/worker-4-tc1/source:/opt/rustwide/workdir:ro,Z" "-v" "/var/lib/crater-agent-workspace/builds/worker-4-tc1/target:/opt/rustwide/target:rw,Z" "-v" "/var/lib/crater-agent-workspace/cargo-home:/opt/rustwide/cargo-home:ro,Z" "-v" "/var/lib/crater-agent-workspace/rustup-home:/opt/rustwide/rustup-home:ro,Z" "-m" "1610612736" "--network" "none" "ghcr.io/rust-lang/crates-build-env/linux@sha256:77db811e55d90add9212f6832c23229e3de5f1c1f9905e8cb07319ea15df73ac" "sleep" "infinity", kill_on_drop: false }`
[INFO] [stdout] 935ba3941eeb235bc6460758cdca20d9f5f3f363bd95351718cb439c78c827dd
[INFO] running `Command { std: "docker" "start" "935ba3941eeb235bc6460758cdca20d9f5f3f363bd95351718cb439c78c827dd", kill_on_drop: false }`
[INFO] running `Command { std: "docker" "inspect" "935ba3941eeb235bc6460758cdca20d9f5f3f363bd95351718cb439c78c827dd", kill_on_drop: false }`
[INFO] running `Command { std: "docker" "exec" "-e" "SOURCE_DIR=/opt/rustwide/workdir" "-e" "CARGO_HOME=/opt/rustwide/cargo-home" "-e" "RUSTUP_HOME=/opt/rustwide/rustup-home" "-e" "CARGO_TARGET_DIR=/opt/rustwide/target" "-w" "/opt/rustwide/workdir" "--user" "0:0" "935ba3941eeb235bc6460758cdca20d9f5f3f363bd95351718cb439c78c827dd" "/opt/rustwide/cargo-home/bin/cargo" "+1.99.0-beta.8" "metadata" "--no-deps" "--format-version=1", kill_on_drop: false }`
[INFO] running `Command { std: "docker" "inspect" "935ba3941eeb235bc6460758cdca20d9f5f3f363bd95351718cb439c78c827dd", kill_on_drop: false }`
[INFO] running `Command { std: "docker" "exec" "-e" "SOURCE_DIR=/opt/rustwide/workdir" "-e" "CARGO_HOME=/opt/rustwide/cargo-home" "-e" "RUSTUP_HOME=/opt/rustwide/rustup-home" "-e" "CARGO_TARGET_DIR=/opt/rustwide/target" "-e" "CARGO_INCREMENTAL=0" "-e" "RUST_BACKTRACE=full" "-e" "RUSTFLAGS=--cap-lints=warn" "-e" "RUSTDOCFLAGS=--cap-lints=warn" "-w" "/opt/rustwide/workdir" "--user" "0:0" "935ba3941eeb235bc6460758cdca20d9f5f3f363bd95351718cb439c78c827dd" "/opt/rustwide/cargo-home/bin/cargo" "+1.99.0-beta.8" "build" "--frozen" "--message-format=json" "--release", kill_on_drop: false }`
[INFO] [stderr]    Compiling libc v0.2.189
[INFO] [stderr]    Compiling futures-sink v0.3.34
[INFO] [stderr]    Compiling itoa v1.0.18
[INFO] [stderr]    Compiling memchr v2.8.3
[INFO] [stderr]    Compiling icu_normalizer_data v2.3.0
[INFO] [stderr]    Compiling smallvec v1.16.1
[INFO] [stderr]    Compiling bytes v1.12.1
[INFO] [stderr]    Compiling futures-task v0.3.34
[INFO] [stderr]    Compiling futures-io v0.3.34
[INFO] [stderr]    Compiling slab v0.4.12
[INFO] [stderr]    Compiling serde_core v1.0.229
[INFO] [stderr]    Compiling percent-encoding v2.3.2
[INFO] [stderr]    Compiling httparse v1.10.1
[INFO] [stderr]    Compiling serde v1.0.229
[INFO] [stderr]    Compiling syn v3.0.6
[INFO] [stderr]    Compiling tower-service v0.3.3
[INFO] [stderr]    Compiling futures-channel v0.3.34
[INFO] [stderr]    Compiling try-lock v0.2.5
[INFO] [stderr]    Compiling zmij v1.0.23
[INFO] [stderr]    Compiling want v0.3.1
[INFO] [stderr]    Compiling form_urlencoded v1.2.2
[INFO] [stderr]    Compiling num-traits v0.2.19
[INFO] [stderr]    Compiling sync_wrapper v1.0.2
[INFO] [stderr]    Compiling tower-layer v0.3.3
[INFO] [stderr]    Compiling serde_json v1.0.151
[INFO] [stderr]    Compiling tracing v0.1.44
[INFO] [stderr]    Compiling ipnet v2.12.2
[INFO] [stderr]    Compiling bitflags v2.13.2
[INFO] [stderr]    Compiling base64 v0.22.1
[INFO] [stderr]    Compiling base64 v0.23.1
[INFO] [stderr]    Compiling http v1.5.0
[INFO] [stderr]    Compiling http-body v1.1.0
[INFO] [stderr]    Compiling mio v1.2.3
[INFO] [stderr]    Compiling socket2 v0.6.5
[INFO] [stderr]    Compiling http-body-util v0.1.5
[INFO] [stderr]    Compiling tokio v1.53.1
[INFO] [stderr]    Compiling serde_path_to_error v0.1.20
[INFO] [stderr]    Compiling synstructure v0.14.0
[INFO] [stderr]    Compiling chrono v0.4.45
[INFO] [stderr]    Compiling zerofrom-derive v0.1.8
[INFO] [stderr]    Compiling yoke-derive v0.8.3
[INFO] [stderr]    Compiling zerovec-derive v0.11.6
[INFO] [stderr]    Compiling displaydoc v0.2.7
[INFO] [stderr]    Compiling futures-macro v0.3.34
[INFO] [stderr]    Compiling serde_derive v1.0.229
[INFO] [stderr]    Compiling futures-util v0.3.34
[INFO] [stderr]    Compiling zerofrom v0.1.8
[INFO] [stderr]    Compiling yoke v0.8.3
[INFO] [stderr]    Compiling zerovec v0.11.8
[INFO] [stderr]    Compiling zerotrie v0.2.5
[INFO] [stderr]    Compiling hyper v1.11.1
[INFO] [stderr]    Compiling tinystr v0.8.4
[INFO] [stderr]    Compiling potential_utf v0.1.6
[INFO] [stderr]    Compiling icu_collections v2.3.0
[INFO] [stderr]    Compiling icu_locale_core v2.3.0
[INFO] [stderr]    Compiling icu_provider v2.3.1
[INFO] [stderr]    Compiling icu_normalizer v2.3.0
[INFO] [stderr]    Compiling icu_properties v2.3.0
[INFO] [stderr]    Compiling tower v0.5.3
[INFO] [stderr]    Compiling futures-executor v0.3.34
[INFO] [stderr]    Compiling hyper-util v0.1.20
[INFO] [stderr]    Compiling futures v0.3.34
[INFO] [stderr]    Compiling idna_adapter v1.2.2
[INFO] [stderr]    Compiling idna v1.1.0
[INFO] [stderr]    Compiling url v2.5.8
[INFO] [stderr]    Compiling tower-http v0.6.11
[INFO] [stderr]    Compiling reqwest v0.13.5
[INFO] [stderr]    Compiling crates_io_api-wasm-patch v0.12.2 (/opt/rustwide/workdir)
[INFO] [stderr]     Finished `release` profile [optimized] target(s) in 54.30s
[INFO] running `Command { std: "docker" "inspect" "935ba3941eeb235bc6460758cdca20d9f5f3f363bd95351718cb439c78c827dd", kill_on_drop: false }`
[INFO] running `Command { std: "docker" "exec" "-e" "SOURCE_DIR=/opt/rustwide/workdir" "-e" "CARGO_HOME=/opt/rustwide/cargo-home" "-e" "RUSTUP_HOME=/opt/rustwide/rustup-home" "-e" "CARGO_TARGET_DIR=/opt/rustwide/target" "-e" "CARGO_INCREMENTAL=0" "-e" "RUST_BACKTRACE=full" "-e" "RUSTFLAGS=--cap-lints=warn" "-e" "RUSTDOCFLAGS=--cap-lints=warn" "-w" "/opt/rustwide/workdir" "--user" "0:0" "935ba3941eeb235bc6460758cdca20d9f5f3f363bd95351718cb439c78c827dd" "/opt/rustwide/cargo-home/bin/cargo" "+1.99.0-beta.8" "test" "--frozen" "--no-run" "--message-format=json" "--release", kill_on_drop: false }`
[INFO] [stderr]    Compiling tokio-macros v2.7.2
[INFO] [stderr]    Compiling tokio v1.53.1
[INFO] [stderr]    Compiling hyper v1.11.1
[INFO] [stderr]    Compiling tower v0.5.3
[INFO] [stderr]    Compiling tower-http v0.6.11
[INFO] [stderr]    Compiling hyper-util v0.1.20
[INFO] [stderr]    Compiling reqwest v0.13.5
[INFO] [stderr]    Compiling crates_io_api-wasm-patch v0.12.2 (/opt/rustwide/workdir)
[INFO] [stderr]     Finished `release` profile [optimized] target(s) in 35.40s
[INFO] running `Command { std: "docker" "inspect" "935ba3941eeb235bc6460758cdca20d9f5f3f363bd95351718cb439c78c827dd", kill_on_drop: false }`
[INFO] running `Command { std: "docker" "exec" "-e" "SOURCE_DIR=/opt/rustwide/workdir" "-e" "CARGO_HOME=/opt/rustwide/cargo-home" "-e" "RUSTUP_HOME=/opt/rustwide/rustup-home" "-e" "CARGO_TARGET_DIR=/opt/rustwide/target" "-e" "CARGO_INCREMENTAL=0" "-e" "RUST_BACKTRACE=full" "-e" "RUSTFLAGS=--cap-lints=warn" "-e" "RUSTDOCFLAGS=--cap-lints=warn" "-w" "/opt/rustwide/workdir" "--user" "0:0" "935ba3941eeb235bc6460758cdca20d9f5f3f363bd95351718cb439c78c827dd" "/opt/rustwide/cargo-home/bin/cargo" "+1.99.0-beta.8" "test" "--frozen" "--release", kill_on_drop: false }`
[INFO] [stderr]     Finished `release` profile [optimized] target(s) in 0.13s
[INFO] [stderr]      Running unittests src/lib.rs (/opt/rustwide/target/release/deps/crates_io_api_wasm_patch-00b8a1fc080d7032)
[INFO] [stdout] 
[INFO] [stdout] running 15 tests
[INFO] [stdout] test async_client::test::test_crates_filter_by_ids_async ... FAILED
[INFO] [stdout] test async_client::test::test_full_crate_async ... FAILED
[INFO] [stdout] test async_client::test::test_user_get_async ... FAILED
[INFO] [stdout] test async_client::test::test_summary_async ... FAILED
[INFO] [stdout] test async_client::test::test_crates_filter_by_user_async ... FAILED
[INFO] [stdout] test sync_client::test::test_user_get_async ... FAILED
[INFO] [stdout] test sync_client::test::test_crates_filter_by_user_async ... FAILED
[INFO] [stdout] test sync_client::test::test_crate_reverse_dependency_count ... FAILED
[INFO] [stdout] test sync_client::test::test_summary ... FAILED
[INFO] [stdout] test async_client::test::test_get_crate_with_slash ... ok
[INFO] [stdout] test async_client::test::test_crate_reverse_dependency_count_async ... FAILED
[INFO] [stdout] test sync_client::test::sync_client_ensure_send ... ok
[INFO] [stdout] test async_client::test::test_crates_stream_async ... FAILED
[INFO] [stdout] test async_client::test::test_crates_filter_by_category_async ... FAILED
[INFO] [stdout] test sync_client::test::test_full_crate ... FAILED
[INFO] [stdout] 
[INFO] [stdout] failures:
[INFO] [stdout] 
[INFO] [stdout] ---- async_client::test::test_crates_filter_by_ids_async stdout ----
[INFO] [stdout] Error: Http(reqwest::Error { kind: Request, url: "https://crates.io/api/v1/crates?page=1&per_page=10&sort=recent-updates&ids%5B%5D=a&ids%5B%5D=b&ids%5B%5D=c&ids%5B%5D=d&ids%5B%5D=e&ids%5B%5D=f&ids%5B%5D=g&ids%5B%5D=h&ids%5B%5D=i&ids%5B%5D=j", source: hyper_util::client::legacy::Error(Connect, ConnectError("invalid URL, scheme is not http")) })
[INFO] [stdout] 
[INFO] [stdout] ---- async_client::test::test_full_crate_async stdout ----
[INFO] [stdout] Error: Http(reqwest::Error { kind: Request, url: "https://crates.io/api/v1/crates/crates_io_api", source: hyper_util::client::legacy::Error(Connect, ConnectError("invalid URL, scheme is not http")) })
[INFO] [stdout] 
[INFO] [stdout] ---- async_client::test::test_user_get_async stdout ----
[INFO] [stdout] Error: Http(reqwest::Error { kind: Request, url: "https://crates.io/api/v1/users/theduke", source: hyper_util::client::legacy::Error(Connect, ConnectError("invalid URL, scheme is not http")) })
[INFO] [stdout] 
[INFO] [stdout] ---- async_client::test::test_summary_async stdout ----
[INFO] [stdout] Error: Http(reqwest::Error { kind: Request, url: "https://crates.io/api/v1/summary", source: hyper_util::client::legacy::Error(Connect, ConnectError("invalid URL, scheme is not http")) })
[INFO] [stdout] 
[INFO] [stdout] ---- async_client::test::test_crates_filter_by_user_async stdout ----
[INFO] [stdout] Error: Http(reqwest::Error { kind: Request, url: "https://crates.io/api/v1/users/theduke", source: hyper_util::client::legacy::Error(Connect, ConnectError("invalid URL, scheme is not http")) })
[INFO] [stdout] 
[INFO] [stdout] ---- sync_client::test::test_user_get_async stdout ----
[INFO] [stdout] Error: Http(reqwest::Error { kind: Request, url: "https://crates.io/api/v1/users/theduke", source: hyper_util::client::legacy::Error(Connect, ConnectError("invalid URL, scheme is not http")) })
[INFO] [stdout] 
[INFO] [stdout] ---- sync_client::test::test_crates_filter_by_user_async stdout ----
[INFO] [stdout] Error: Http(reqwest::Error { kind: Request, url: "https://crates.io/api/v1/users/theduke", source: hyper_util::client::legacy::Error(Connect, ConnectError("invalid URL, scheme is not http")) })
[INFO] [stdout] 
[INFO] [stdout] ---- sync_client::test::test_crate_reverse_dependency_count stdout ----
[INFO] [stdout] Error: Http(reqwest::Error { kind: Request, url: "https://crates.io/api/v1/crates/crates_io_api/reverse_dependencies?per_page=100&page=1", source: hyper_util::client::legacy::Error(Connect, ConnectError("invalid URL, scheme is not http")) })
[INFO] [stdout] 
[INFO] [stdout] ---- sync_client::test::test_summary stdout ----
[INFO] [stdout] Error: Http(reqwest::Error { kind: Request, url: "https://crates.io/api/v1/summary", source: hyper_util::client::legacy::Error(Connect, ConnectError("invalid URL, scheme is not http")) })
[INFO] [stdout] 
[INFO] [stdout] ---- async_client::test::test_crate_reverse_dependency_count_async stdout ----
[INFO] [stdout] Error: Http(reqwest::Error { kind: Request, url: "https://crates.io/api/v1/crates/crates_io_api/reverse_dependencies?per_page=100&page=1", source: hyper_util::client::legacy::Error(Connect, ConnectError("invalid URL, scheme is not http")) })
[INFO] [stdout] 
[INFO] [stdout] ---- async_client::test::test_crates_stream_async stdout ----
[INFO] [stdout] 
[INFO] [stdout] thread 'async_client::test::test_crates_stream_async' (1595) panicked at src/async_client.rs:103:9:
[INFO] [stdout] assertion failed: matches!(f.poll_unpin(cx), std::task::Poll::Pending)
[INFO] [stdout] stack backtrace:
[INFO] [stdout]    0:     0x55d422bf9ff1 - <<std[70759c8f55707aa4]::sys::backtrace::BacktraceLock>::print::DisplayBacktrace as core[df12db4294e9bfd3]::fmt::Display>::fmt
[INFO] [stdout]    1:     0x55d422c0feba - core[df12db4294e9bfd3]::fmt::write
[INFO] [stdout]    2:     0x55d422bfeafc - <alloc[2182bb758b4b3781]::vec::Vec<u8> as core[df12db4294e9bfd3]::io::write::Write>::write_fmt
[INFO] [stdout]    3:     0x55d422bd4fa6 - std[70759c8f55707aa4]::panicking::default_hook::{closure#0}
[INFO] [stdout]    4:     0x55d422bf1c79 - std[70759c8f55707aa4]::panicking::default_hook
[INFO] [stdout]    5:     0x55d422ab2ca0 - test[9d35eded1c95d3be]::test_main_inner::<test[9d35eded1c95d3be]::test_main_static::{closure#0}>::{closure#0}
[INFO] [stdout]    6:     0x55d422bf1fa2 - std[70759c8f55707aa4]::panicking::panic_with_hook
[INFO] [stdout]    7:     0x55d422bd5084 - std[70759c8f55707aa4]::panicking::panic_handler::{closure#0}
[INFO] [stdout]    8:     0x55d422bcdcf9 - std[70759c8f55707aa4]::sys::backtrace::__rust_end_short_backtrace::<std[70759c8f55707aa4]::panicking::panic_handler::{closure#0}, !>
[INFO] [stdout]    9:     0x55d422bd5e3d - __rustc[8fa7c3cbc660c2b3]::rust_begin_unwind
[INFO] [stdout]   10:     0x55d422c1061c - core[df12db4294e9bfd3]::panicking::panic_fmt
[INFO] [stdout]   11:     0x55d422c105e2 - core[df12db4294e9bfd3]::panicking::panic
[INFO] [stdout]   12:     0x55d422a7d33b - <crates_io_api_wasm_patch[a5532dfb68404979]::async_client::CrateStream as futures_util[f2a6716386ee0cfd]::stream::stream::StreamExt>::poll_next_unpin
[INFO] [stdout]   13:     0x55d422a5278d - crates_io_api_wasm_patch[a5532dfb68404979]::async_client::test::test_crates_stream_async::{closure#0}
[INFO] [stdout]   14:     0x55d422a83be3 - <tokio[1fa06065c516dd14]::runtime::scheduler::current_thread::Context>::enter::<core[df12db4294e9bfd3]::task::poll::Poll<()>, <tokio[1fa06065c516dd14]::runtime::scheduler::current_thread::CoreGuard>::block_on<core[df12db4294e9bfd3]::pin::Pin<&mut core[df12db4294e9bfd3]::pin::Pin<&mut dyn core[df12db4294e9bfd3]::future::future::Future<Output = ()>>>>::{closure#0}::{closure#0}>
[INFO] [stdout]   15:     0x55d422a99d3c - <tokio[1fa06065c516dd14]::runtime::context::scoped::Scoped<tokio[1fa06065c516dd14]::runtime::scheduler::Context>>::set::<<tokio[1fa06065c516dd14]::runtime::scheduler::current_thread::CoreGuard>::enter<<tokio[1fa06065c516dd14]::runtime::scheduler::current_thread::CoreGuard>::block_on<core[df12db4294e9bfd3]::pin::Pin<&mut core[df12db4294e9bfd3]::pin::Pin<&mut dyn core[df12db4294e9bfd3]::future::future::Future<Output = ()>>>>::{closure#0}, core[df12db4294e9bfd3]::option::Option<()>>::{closure#0}, (alloc[2182bb758b4b3781]::boxed::Box<tokio[1fa06065c516dd14]::runtime::scheduler::current_thread::Core>, core[df12db4294e9bfd3]::option::Option<()>)>
[INFO] [stdout]   16:     0x55d422a83fc5 - <tokio[1fa06065c516dd14]::runtime::scheduler::current_thread::CoreGuard>::block_on::<core[df12db4294e9bfd3]::pin::Pin<&mut core[df12db4294e9bfd3]::pin::Pin<&mut dyn core[df12db4294e9bfd3]::future::future::Future<Output = ()>>>>
[INFO] [stdout]   17:     0x55d422a7e440 - tokio[1fa06065c516dd14]::runtime::context::runtime::enter_runtime::<<tokio[1fa06065c516dd14]::runtime::scheduler::current_thread::CurrentThread>::block_on<core[df12db4294e9bfd3]::pin::Pin<&mut dyn core[df12db4294e9bfd3]::future::future::Future<Output = ()>>>::{closure#0}, ()>
[INFO] [stdout]   18:     0x55d422a7fd0b - <tokio[1fa06065c516dd14]::runtime::runtime::Runtime>::block_on::<core[df12db4294e9bfd3]::pin::Pin<&mut dyn core[df12db4294e9bfd3]::future::future::Future<Output = ()>>>
[INFO] [stdout]   19:     0x55d422a57cec - crates_io_api_wasm_patch[a5532dfb68404979]::async_client::test::test_crates_stream_async
[INFO] [stdout]   20:     0x55d422a938b9 - <crates_io_api_wasm_patch[a5532dfb68404979]::async_client::test::test_crates_stream_async::{closure#0} as core[df12db4294e9bfd3]::ops::function::FnOnce<()>>::call_once
[INFO] [stdout]   21:     0x55d422aa5f8b - test[9d35eded1c95d3be]::__rust_begin_short_backtrace::<core[df12db4294e9bfd3]::result::Result<(), alloc[2182bb758b4b3781]::string::String>, fn() -> core[df12db4294e9bfd3]::result::Result<(), alloc[2182bb758b4b3781]::string::String>>
[INFO] [stdout]   22:     0x55d422ab35f5 - test[9d35eded1c95d3be]::run_test::{closure#0}
[INFO] [stdout]   23:     0x55d422aaceb4 - std[70759c8f55707aa4]::sys::backtrace::__rust_begin_short_backtrace::<test[9d35eded1c95d3be]::run_test::{closure#1}, ()>
[INFO] [stdout]   24:     0x55d422ab6752 - <std[70759c8f55707aa4]::thread::lifecycle::spawn_unchecked<test[9d35eded1c95d3be]::run_test::{closure#1}, ()>::{closure#1} as core[df12db4294e9bfd3]::ops::function::FnOnce<()>>::call_once::{shim:vtable#0}
[INFO] [stdout]   25:     0x55d422bf9519 - <std[70759c8f55707aa4]::sys::thread::unix::Thread>::new::thread_start
[INFO] [stdout]   26:     0x7443023bbdfa - <unknown>
[INFO] [stdout]   27:     0x74430244f3d4 - clone
[INFO] [stdout]   28:                0x0 - <unknown>
[INFO] [stdout] 
[INFO] [stdout] ---- async_client::test::test_crates_filter_by_category_async stdout ----
[INFO] [stdout] Error: Http(reqwest::Error { kind: Request, url: "https://crates.io/api/v1/crates?page=1&per_page=3&sort=recent-updates&category=wasm", source: hyper_util::client::legacy::Error(Connect, ConnectError("invalid URL, scheme is not http")) })
[INFO] [stdout] 
[INFO] [stdout] ---- sync_client::test::test_full_crate stdout ----
[INFO] [stdout] Error: Http(reqwest::Error { kind: Request, url: "https://crates.io/api/v1/crates/crates_io_api", source: hyper_util::client::legacy::Error(Connect, ConnectError("invalid URL, scheme is not http")) })
[INFO] [stdout] 
[INFO] [stdout] 
[INFO] [stdout] failures:
[INFO] [stdout]     async_client::test::test_crate_reverse_dependency_count_async
[INFO] [stdout]     async_client::test::test_crates_filter_by_category_async
[INFO] [stdout]     async_client::test::test_crates_filter_by_ids_async
[INFO] [stdout]     async_client::test::test_crates_filter_by_user_async
[INFO] [stdout]     async_client::test::test_crates_stream_async
[INFO] [stdout]     async_client::test::test_full_crate_async
[INFO] [stdout]     async_client::test::test_summary_async
[INFO] [stdout]     async_client::test::test_user_get_async
[INFO] [stdout]     sync_client::test::test_crate_reverse_dependency_count
[INFO] [stdout]     sync_client::test::test_crates_filter_by_user_async
[INFO] [stdout]     sync_client::test::test_full_crate
[INFO] [stdout]     sync_client::test::test_summary
[INFO] [stdout]     sync_client::test::test_user_get_async
[INFO] [stdout] 
[INFO] [stdout] test result: FAILED. 2 passed; 13 failed; 0 ignored; 0 measured; 0 filtered out; finished in 0.01s
[INFO] [stdout] 
[INFO] [stderr] error: test failed, to rerun pass `--lib`
[INFO] running `Command { std: "docker" "inspect" "935ba3941eeb235bc6460758cdca20d9f5f3f363bd95351718cb439c78c827dd", kill_on_drop: false }`
[INFO] running `Command { std: "docker" "rm" "-f" "935ba3941eeb235bc6460758cdca20d9f5f3f363bd95351718cb439c78c827dd", kill_on_drop: false }`
[INFO] [stdout] 935ba3941eeb235bc6460758cdca20d9f5f3f363bd95351718cb439c78c827dd
