[INFO] fetching crate crankshaft-engine 0.12.0...
[INFO] testing crankshaft-engine-0.12.0 against 1.100.0-beta.1+cargoflags=--release for beta-release-1.100-2
[INFO] extracting crate crankshaft-engine 0.12.0 into /workspace/builds/worker-2-tc2/source
[INFO] started tweaking crates.io crate crankshaft-engine 0.12.0
[INFO] finished tweaking crates.io crate crankshaft-engine 0.12.0
[INFO] tweaked toml for crates.io crate crankshaft-engine 0.12.0 written to /workspace/builds/worker-2-tc2/source/Cargo.toml
[INFO] validating manifest of crates.io crate crankshaft-engine 0.12.0 on toolchain 1.100.0-beta.1
[INFO] running `Command { std: CARGO_HOME="/workspace/cargo-home" RUSTUP_HOME="/workspace/rustup-home" "/workspace/cargo-home/bin/cargo" "+1.100.0-beta.1" "metadata" "--manifest-path" "Cargo.toml" "--no-deps", kill_on_drop: false }`
[INFO] crate crates.io crate crankshaft-engine 0.12.0 already has a lockfile, it will not be regenerated
[INFO] running `Command { std: CARGO_HOME="/workspace/cargo-home" RUSTUP_HOME="/workspace/rustup-home" "/workspace/cargo-home/bin/cargo" "+1.100.0-beta.1" "fetch" "--manifest-path" "Cargo.toml", kill_on_drop: false }`
[INFO] [stderr] warning: Cargo.toml: `lints.rust.rust-2018-idioms` is deprecated in favor of `lints.rust.rust_2018_idioms` and will not work in a future edition
[INFO] [stderr] warning: `package.homepage` is redundant with `package.repository`
[INFO] [stderr]    --> Cargo.toml:132:12
[INFO] [stderr]     |
[INFO] [stderr] 132 | homepage = "https://github.com/stjude-rust-labs/crankshaft"
[INFO] [stderr]     |            ^^^^^^^^^^^^^^^^^^^^^^^^^^^^^^^^^^^^^^^^^^^^^^^^
[INFO] [stderr] ...
[INFO] [stderr] 136 | repository = "https://github.com/stjude-rust-labs/crankshaft"
[INFO] [stderr]     |              ------------------------------------------------
[INFO] [stderr]     |
[INFO] [stderr]     = note: `cargo::redundant_homepage` is set to `warn` by default
[INFO] [stderr] help: consider removing `package.homepage`
[INFO] [stderr] warning: `crankshaft-engine` (manifest) generated 2 warnings
[INFO] [stderr]     Blocking waiting for file lock on package cache
[INFO] [stderr]     Blocking waiting for file lock on package cache
[INFO] running `Command { std: "docker" "create" "-v" "/var/lib/crater-agent-workspace/builds/worker-2-tc2/source:/opt/rustwide/workdir:ro,Z" "-v" "/var/lib/crater-agent-workspace/builds/worker-2-tc2/target:/opt/rustwide/target:rw,Z" "-v" "/var/lib/crater-agent-workspace/cargo-home:/opt/rustwide/cargo-home:ro,Z" "-v" "/var/lib/crater-agent-workspace/rustup-home:/opt/rustwide/rustup-home:ro,Z" "-m" "1610612736" "--network" "none" "ghcr.io/rust-lang/crates-build-env/linux@sha256:77db811e55d90add9212f6832c23229e3de5f1c1f9905e8cb07319ea15df73ac" "sleep" "infinity", kill_on_drop: false }`
[INFO] [stdout] 9c0af53383050fc0b36074681dd345bf1a790b98304d613436fca88812e87edd
[INFO] running `Command { std: "docker" "start" "9c0af53383050fc0b36074681dd345bf1a790b98304d613436fca88812e87edd", kill_on_drop: false }`
[INFO] running `Command { std: "docker" "inspect" "9c0af53383050fc0b36074681dd345bf1a790b98304d613436fca88812e87edd", kill_on_drop: false }`
[INFO] running `Command { std: "docker" "exec" "-e" "SOURCE_DIR=/opt/rustwide/workdir" "-e" "CARGO_HOME=/opt/rustwide/cargo-home" "-e" "RUSTUP_HOME=/opt/rustwide/rustup-home" "-e" "CARGO_TARGET_DIR=/opt/rustwide/target" "-w" "/opt/rustwide/workdir" "--user" "0:0" "9c0af53383050fc0b36074681dd345bf1a790b98304d613436fca88812e87edd" "/opt/rustwide/cargo-home/bin/cargo" "+1.100.0-beta.1" "metadata" "--no-deps" "--format-version=1", kill_on_drop: false }`
[INFO] running `Command { std: "docker" "inspect" "9c0af53383050fc0b36074681dd345bf1a790b98304d613436fca88812e87edd", kill_on_drop: false }`
[INFO] running `Command { std: "docker" "exec" "-e" "SOURCE_DIR=/opt/rustwide/workdir" "-e" "CARGO_HOME=/opt/rustwide/cargo-home" "-e" "RUSTUP_HOME=/opt/rustwide/rustup-home" "-e" "CARGO_TARGET_DIR=/opt/rustwide/target" "-e" "CARGO_INCREMENTAL=0" "-e" "RUST_BACKTRACE=full" "-e" "RUSTFLAGS=--cap-lints=warn" "-e" "RUSTDOCFLAGS=--cap-lints=warn" "-w" "/opt/rustwide/workdir" "--user" "0:0" "9c0af53383050fc0b36074681dd345bf1a790b98304d613436fca88812e87edd" "/opt/rustwide/cargo-home/bin/cargo" "+1.100.0-beta.1" "build" "--frozen" "--message-format=json" "--release", kill_on_drop: false }`
[INFO] [stderr] warning: Cargo.toml: `lints.rust.rust-2018-idioms` is deprecated in favor of `lints.rust.rust_2018_idioms` and will not work in a future edition
[INFO] [stderr] warning: `package.homepage` is redundant with `package.repository`
[INFO] [stderr]    --> Cargo.toml:132:12
[INFO] [stderr]     |
[INFO] [stderr] 132 | homepage = "https://github.com/stjude-rust-labs/crankshaft"
[INFO] [stderr]     |            ^^^^^^^^^^^^^^^^^^^^^^^^^^^^^^^^^^^^^^^^^^^^^^^^
[INFO] [stderr] ...
[INFO] [stderr] 136 | repository = "https://github.com/stjude-rust-labs/crankshaft"
[INFO] [stderr]     |              ------------------------------------------------
[INFO] [stderr]     |
[INFO] [stderr]     = note: `cargo::redundant_homepage` is set to `warn` by default
[INFO] [stderr] help: consider removing `package.homepage`
[INFO] [stderr] warning: `crankshaft-engine` (manifest) generated 2 warnings
[INFO] [stderr]    Compiling libc v0.2.189
[INFO] [stderr]    Compiling smallvec v1.16.1
[INFO] [stderr]    Compiling serde_core v1.0.229
[INFO] [stderr]    Compiling futures-io v0.3.34
[INFO] [stderr]    Compiling syn v3.0.6
[INFO] [stderr]    Compiling syn v2.0.119
[INFO] [stderr]    Compiling cc v1.4.7
[INFO] [stderr]    Compiling encoding_rs v0.8.41
[INFO] [stderr]    Compiling core_detect v1.0.0
[INFO] [stderr]    Compiling zerocopy v0.8.57
[INFO] [stderr]    Compiling rustls v0.23.45
[INFO] [stderr]    Compiling simdutf8 v0.1.5
[INFO] [stderr]    Compiling multiversion_no_op v1.0.0
[INFO] [stderr]    Compiling thiserror v2.0.20
[INFO] [stderr]    Compiling foldhash v0.2.0
[INFO] [stderr]    Compiling prettyplease v0.3.0
[INFO] [stderr]    Compiling winnow v1.0.4
[INFO] [stderr]    Compiling aho-corasick v1.1.5
[INFO] [stderr]    Compiling hashbrown v0.16.1
[INFO] [stderr]    Compiling sync_wrapper v1.0.2
[INFO] [stderr]    Compiling cfg_aliases v0.2.2
[INFO] [stderr]    Compiling arraydeque v0.5.1
[INFO] [stderr]    Compiling nix v0.31.3
[INFO] [stderr]    Compiling anyhow v1.0.104
[INFO] [stderr]    Compiling nonempty v0.12.0
[INFO] [stderr]    Compiling chacha20 v0.10.2
[INFO] [stderr]    Compiling xxhash-rust v0.8.18
[INFO] [stderr]    Compiling shlex v2.0.1
[INFO] [stderr]    Compiling hashlink v0.11.1
[INFO] [stderr]    Compiling cmake v0.1.58
[INFO] [stderr]    Compiling aws-lc-sys v0.45.0
[INFO] [stderr]    Compiling libz-sys v1.1.29
[INFO] [stderr]    Compiling openssl-sys v0.9.117
[INFO] [stderr]    Compiling libssh2-sys v0.3.3
[INFO] [stderr]    Compiling regex-automata v0.4.18
[INFO] [stderr]    Compiling toml_parser v1.1.3+spec-1.1.0
[INFO] [stderr]    Compiling parking_lot_core v0.9.12
[INFO] [stderr]    Compiling parking_lot v0.12.5
[INFO] [stderr]    Compiling errno v0.3.14
[INFO] [stderr]    Compiling mio v1.2.3
[INFO] [stderr]    Compiling signal-hook-registry v1.4.8
[INFO] [stderr]    Compiling socket2 v0.6.5
[INFO] [stderr]    Compiling indexmap v2.14.2
[INFO] [stderr]    Compiling serde_json v1.0.151
[INFO] [stderr]    Compiling getrandom v0.3.4
[INFO] [stderr]    Compiling rand_core v0.9.5
[INFO] [stderr]    Compiling serde_spanned v1.1.1
[INFO] [stderr]    Compiling toml_datetime v1.1.1+spec-1.1.0
[INFO] [stderr]    Compiling dirs-sys v0.5.0
[INFO] [stderr]    Compiling getrandom v0.4.3
[INFO] [stderr]    Compiling dirs v7.0.0
[INFO] [stderr]    Compiling toml v1.1.6+spec-1.1.0
[INFO] [stderr]    Compiling serde_bytes v0.11.19
[INFO] [stderr]    Compiling rand v0.10.3
[INFO] [stderr]    Compiling tempfile v3.27.0
[INFO] [stderr]    Compiling synstructure v0.14.0
[INFO] [stderr]    Compiling darling_core v0.24.1
[INFO] [stderr]    Compiling whoami v2.1.3
[INFO] [stderr]    Compiling tracing-attributes v0.1.31
[INFO] [stderr]    Compiling pin-project-internal v1.1.13
[INFO] [stderr]    Compiling zerofrom-derive v0.1.8
[INFO] [stderr]    Compiling yoke-derive v0.8.3
[INFO] [stderr]    Compiling tokio-macros v2.7.2
[INFO] [stderr]    Compiling zerovec-derive v0.11.6
[INFO] [stderr]    Compiling futures-macro v0.3.34
[INFO] [stderr]    Compiling displaydoc v0.2.7
[INFO] [stderr]    Compiling serde_derive v1.0.229
[INFO] [stderr]    Compiling multiversion-macros v0.9.0
[INFO] [stderr]    Compiling thiserror-impl v2.0.20
[INFO] [stderr]    Compiling ppv-lite86 v0.2.21
[INFO] [stderr]    Compiling futures-util v0.3.34
[INFO] [stderr]    Compiling rand_chacha v0.9.0
[INFO] [stderr]    Compiling tokio v1.53.1
[INFO] [stderr]    Compiling serde_repr v0.1.21
[INFO] [stderr]    Compiling multiversion v0.9.0
[INFO] [stderr]    Compiling pin-project v1.1.13
[INFO] [stderr]    Compiling rand v0.9.5
[INFO] [stderr]    Compiling regex v1.13.1
[INFO] [stderr]    Compiling async-trait v0.1.92
[INFO] [stderr]    Compiling tracing v0.1.44
[INFO] [stderr]    Compiling zerofrom v0.1.8
[INFO] [stderr]    Compiling yoke v0.8.3
[INFO] [stderr]    Compiling zerovec v0.11.8
[INFO] [stderr]    Compiling zerotrie v0.2.5
[INFO] [stderr]    Compiling darling_macro v0.24.1
[INFO] [stderr]    Compiling tinystr v0.8.4
[INFO] [stderr]    Compiling potential_utf v0.1.6
[INFO] [stderr]    Compiling icu_collections v2.3.0
[INFO] [stderr]    Compiling yaml-rust2 v0.11.1
[INFO] [stderr]    Compiling darling v0.24.1
[INFO] [stderr]    Compiling bon-macros v3.10.1
[INFO] [stderr]    Compiling ssh2 v0.9.6
[INFO] [stderr]    Compiling icu_locale_core v2.3.0
[INFO] [stderr]    Compiling config v0.15.26
[INFO] [stderr]    Compiling icu_provider v2.3.1
[INFO] [stderr]    Compiling futures-executor v0.3.34
[INFO] [stderr]    Compiling serde v1.0.229
[INFO] [stderr]    Compiling icu_properties v2.3.0
[INFO] [stderr]    Compiling icu_normalizer v2.3.0
[INFO] [stderr]    Compiling futures v0.3.34
[INFO] [stderr]    Compiling bollard-stubs v1.53.1-rc.29.3.1
[INFO] [stderr]    Compiling serde_urlencoded v0.7.1
[INFO] [stderr]    Compiling chrono v0.4.45
[INFO] [stderr]    Compiling growable-bloom-filter v2.1.1
[INFO] [stderr]    Compiling bon v3.10.1
[INFO] [stderr]    Compiling idna_adapter v1.2.2
[INFO] [stderr]    Compiling idna v1.1.0
[INFO] [stderr]    Compiling tokio-util v0.7.19
[INFO] [stderr]    Compiling url v2.5.8
[INFO] [stderr]    Compiling tower v0.5.3
[INFO] [stderr]    Compiling tokio-stream v0.1.19
[INFO] [stderr]    Compiling h2 v0.4.19
[INFO] [stderr]    Compiling crankshaft-events v0.3.0
[INFO] [stderr]    Compiling tokio-retry2 v0.6.2
[INFO] [stderr]    Compiling tower-http v0.6.11
[INFO] [stderr]    Compiling crankshaft-config v0.8.0
[INFO] [stderr]    Compiling serde_url_params v0.2.1
[INFO] [stderr]    Compiling tokio-retry2 v0.9.1
[INFO] [stderr]    Compiling tokio-metrics v0.5.2
[INFO] [stderr]    Compiling hyper v1.11.1
[INFO] [stderr]    Compiling hyper-util v0.1.20
[INFO] [stderr]    Compiling hyperlocal v0.9.1
[INFO] [stderr]    Compiling bollard v0.21.1
[INFO] [stderr]    Compiling crankshaft-docker v0.7.0
[INFO] [stderr]    Compiling aws-lc-rs v1.18.1
[INFO] [stderr]    Compiling rustls-webpki v0.103.15
[INFO] [stderr]    Compiling tokio-rustls v0.26.5
[INFO] [stderr]    Compiling rustls-platform-verifier v0.7.0
[INFO] [stderr]    Compiling hyper-rustls v0.27.10
[INFO] [stderr]    Compiling reqwest v0.13.5
[INFO] [stderr]    Compiling tes v0.11.0
[INFO] [stderr]    Compiling crankshaft-engine v0.12.0 (/opt/rustwide/workdir)
[INFO] [stderr] warning: unused dependency `tokio-metrics`
[INFO] [stderr]   --> Cargo.toml:76:15
[INFO] [stderr]    |
[INFO] [stderr] 76 | [dependencies.tokio-metrics]
[INFO] [stderr]    |               ^^^^^^^^^^^^^^
[INFO] [stderr]    |
[INFO] [stderr]    = note: `cargo::unused_dependencies` is set to `warn` by default
[INFO] [stderr] help: consider removing the dependency on `tokio-metrics`
[INFO] [stderr] warning: `crankshaft-engine` (manifest) generated 1 warning
[INFO] [stderr]     Finished `release` profile [optimized] target(s) in 3m 28s
[INFO] running `Command { std: "docker" "inspect" "9c0af53383050fc0b36074681dd345bf1a790b98304d613436fca88812e87edd", kill_on_drop: false }`
[INFO] running `Command { std: "docker" "exec" "-e" "SOURCE_DIR=/opt/rustwide/workdir" "-e" "CARGO_HOME=/opt/rustwide/cargo-home" "-e" "RUSTUP_HOME=/opt/rustwide/rustup-home" "-e" "CARGO_TARGET_DIR=/opt/rustwide/target" "-e" "CARGO_INCREMENTAL=0" "-e" "RUST_BACKTRACE=full" "-e" "RUSTFLAGS=--cap-lints=warn" "-e" "RUSTDOCFLAGS=--cap-lints=warn" "-w" "/opt/rustwide/workdir" "--user" "0:0" "9c0af53383050fc0b36074681dd345bf1a790b98304d613436fca88812e87edd" "/opt/rustwide/cargo-home/bin/cargo" "+1.100.0-beta.1" "test" "--frozen" "--no-run" "--message-format=json" "--release", kill_on_drop: false }`
[INFO] [stderr] warning: Cargo.toml: `lints.rust.rust-2018-idioms` is deprecated in favor of `lints.rust.rust_2018_idioms` and will not work in a future edition
[INFO] [stderr] warning: `package.homepage` is redundant with `package.repository`
[INFO] [stderr]    --> Cargo.toml:132:12
[INFO] [stderr]     |
[INFO] [stderr] 132 | homepage = "https://github.com/stjude-rust-labs/crankshaft"
[INFO] [stderr]     |            ^^^^^^^^^^^^^^^^^^^^^^^^^^^^^^^^^^^^^^^^^^^^^^^^
[INFO] [stderr] ...
[INFO] [stderr] 136 | repository = "https://github.com/stjude-rust-labs/crankshaft"
[INFO] [stderr]     |              ------------------------------------------------
[INFO] [stderr]     |
[INFO] [stderr]     = note: `cargo::redundant_homepage` is set to `warn` by default
[INFO] [stderr] help: consider removing `package.homepage`
[INFO] [stderr] warning: `crankshaft-engine` (manifest) generated 2 warnings
[INFO] [stderr]    Compiling tokio v1.53.1
[INFO] [stderr]    Compiling approx v0.5.1
[INFO] [stderr]    Compiling tokio-util v0.7.19
[INFO] [stderr]    Compiling tower v0.5.3
[INFO] [stderr]    Compiling tokio-rustls v0.26.5
[INFO] [stderr]    Compiling tokio-stream v0.1.19
[INFO] [stderr]    Compiling tokio-retry2 v0.9.1
[INFO] [stderr]    Compiling tokio-retry2 v0.6.2
[INFO] [stderr]    Compiling tower-http v0.6.11
[INFO] [stderr]    Compiling tokio-metrics v0.5.2
[INFO] [stderr]    Compiling tokio-test v0.4.5
[INFO] [stderr]    Compiling h2 v0.4.19
[INFO] [stderr]    Compiling crankshaft-events v0.3.0
[INFO] [stderr]    Compiling hyper v1.11.1
[INFO] [stderr]    Compiling hyper-util v0.1.20
[INFO] [stderr]    Compiling hyper-rustls v0.27.10
[INFO] [stderr]    Compiling hyperlocal v0.9.1
[INFO] [stderr]    Compiling bollard v0.21.1
[INFO] [stderr]    Compiling reqwest v0.13.5
[INFO] [stderr]    Compiling crankshaft-docker v0.7.0
[INFO] [stderr]    Compiling tes v0.11.0
[INFO] [stderr]    Compiling crankshaft-engine v0.12.0 (/opt/rustwide/workdir)
[INFO] [stderr] warning: unused dependency `tokio-metrics`
[INFO] [stderr]   --> Cargo.toml:76:15
[INFO] [stderr]    |
[INFO] [stderr] 76 | [dependencies.tokio-metrics]
[INFO] [stderr]    |               ^^^^^^^^^^^^^^
[INFO] [stderr]    |
[INFO] [stderr]    = note: `cargo::unused_dependencies` is set to `warn` by default
[INFO] [stderr] help: consider removing the dependency on `tokio-metrics`
[INFO] [stderr] warning: `crankshaft-engine` (manifest) generated 1 warning
[INFO] [stderr]     Finished `release` profile [optimized] target(s) in 1m 35s
[INFO] running `Command { std: "docker" "inspect" "9c0af53383050fc0b36074681dd345bf1a790b98304d613436fca88812e87edd", kill_on_drop: false }`
[INFO] running `Command { std: "docker" "exec" "-e" "SOURCE_DIR=/opt/rustwide/workdir" "-e" "CARGO_HOME=/opt/rustwide/cargo-home" "-e" "RUSTUP_HOME=/opt/rustwide/rustup-home" "-e" "CARGO_TARGET_DIR=/opt/rustwide/target" "-e" "CARGO_INCREMENTAL=0" "-e" "RUST_BACKTRACE=full" "-e" "RUSTFLAGS=--cap-lints=warn" "-e" "RUSTDOCFLAGS=--cap-lints=warn" "-w" "/opt/rustwide/workdir" "--user" "0:0" "9c0af53383050fc0b36074681dd345bf1a790b98304d613436fca88812e87edd" "/opt/rustwide/cargo-home/bin/cargo" "+1.100.0-beta.1" "test" "--frozen" "--release", kill_on_drop: false }`
[INFO] [stderr] warning: Cargo.toml: `lints.rust.rust-2018-idioms` is deprecated in favor of `lints.rust.rust_2018_idioms` and will not work in a future edition
[INFO] [stderr] warning: `package.homepage` is redundant with `package.repository`
[INFO] [stderr]    --> Cargo.toml:132:12
[INFO] [stderr]     |
[INFO] [stderr] 132 | homepage = "https://github.com/stjude-rust-labs/crankshaft"
[INFO] [stderr]     |            ^^^^^^^^^^^^^^^^^^^^^^^^^^^^^^^^^^^^^^^^^^^^^^^^
[INFO] [stderr] ...
[INFO] [stderr] 136 | repository = "https://github.com/stjude-rust-labs/crankshaft"
[INFO] [stderr]     |              ------------------------------------------------
[INFO] [stderr]     |
[INFO] [stderr]     = note: `cargo::redundant_homepage` is set to `warn` by default
[INFO] [stderr] help: consider removing `package.homepage`
[INFO] [stderr] warning: `crankshaft-engine` (manifest) generated 2 warnings
[INFO] [stderr] warning: unused dependency `tokio-metrics`
[INFO] [stderr]   --> Cargo.toml:76:15
[INFO] [stderr]    |
[INFO] [stderr] 76 | [dependencies.tokio-metrics]
[INFO] [stderr]    |               ^^^^^^^^^^^^^^
[INFO] [stderr]    |
[INFO] [stderr]    = note: `cargo::unused_dependencies` is set to `warn` by default
[INFO] [stderr] help: consider removing the dependency on `tokio-metrics`
[INFO] [stderr] warning: `crankshaft-engine` (manifest) generated 1 warning
[INFO] [stderr]     Finished `release` profile [optimized] target(s) in 0.30s
[INFO] [stderr]      Running unittests src/lib.rs (/opt/rustwide/target/release/build/crankshaft-engine/b9d7d190ae917c58/out/crankshaft_engine-b9d7d190ae917c58)
[INFO] [stdout] 
[INFO] [stdout] running 24 tests
[INFO] [stdout] test service::name::tests::unique_alphanumeric_generator_rehydrates_when_empty ... ok
[INFO] [stdout] test service::runner::backend::tes::monitor::tests::a_single_average_is_returned_exactly ... ok
[INFO] [stdout] test service::runner::backend::tes::monitor::tests::basic_task_responses_require_an_id ... ok
[INFO] [stdout] test service::runner::backend::docker::usage_tests::timestamped_zero_memory_samples_are_retained ... ok
[INFO] [stdout] test service::runner::backend::docker::usage_tests::empty_folds_produce_empty_snapshots ... ok
[INFO] [stdout] test service::runner::backend::tes::monitor::tests::usage_folds_across_task_logs ... ok
[INFO] [stdout] test service::runner::backend::tes::monitor::tests::weighted_averages_are_rounded ... ok
[INFO] [stdout] test task::resources::test::gpu_creates_device_request ... ok
[INFO] [stdout] test service::runner::backend::docker::usage_tests::untimestamped_nonzero_samples_are_retained ... ok
[INFO] [stdout] test service::runner::backend::docker::usage_tests::usage_accumulates_cpu_across_containers ... ok
[INFO] [stdout] test task::resources::test::no_gpu_creates_no_device_request ... ok
[INFO] [stdout] test service::runner::backend::docker::usage_tests::zero_valued_samples_do_not_reset_usage ... ok
[INFO] [stdout] test service::runner::backend::tes::monitor::tests::averages_fall_back_to_unweighted_without_timestamps ... ok
[INFO] [stdout] test service::runner::backend::tes::monitor::tests::unparseable_and_missing_metadata_is_ignored ... ok
[INFO] [stdout] test service::runner::backend::docker::usage_tests::usage_subtracts_inactive_file_cache ... ok
[INFO] [stdout] test service::runner::backend::tes::monitor::tests::metadata_parses_numbers_and_numeric_strings ... ok
[INFO] [stdout] test service::runner::backend::tes::monitor::tests::logs_without_usage_fold_to_none ... ok
[INFO] [stdout] test service::runner::backend::tes::monitor::tests::averages_fall_back_to_unweighted_without_end_time ... ok
[INFO] [stdout] test service::runner::backend::docker::test::backend_supports_fallback_images ... FAILED
[INFO] [stdout] test service::runner::backend::docker::usage_tests::usage_folds_memory_and_cumulative_cpu ... ok
[INFO] [stdout] test service::runner::backend::docker::test::concurrent_task_events ... FAILED
[INFO] [stdout] test service::runner::backend::docker::test::backend_adds_user_egid ... FAILED
[INFO] [stdout] test task::resources::test::tes_resource_conversion ... ok
[INFO] [stdout] test service::name::tests::unique_alphanumeric_generator_is_truly_unique ... ok
[INFO] [stdout] 
[INFO] [stdout] failures:
[INFO] [stdout] 
[INFO] [stdout] ---- service::runner::backend::docker::test::backend_supports_fallback_images stdout ----
[INFO] [stdout] Error: failed to create backend
[INFO] [stdout] 
[INFO] [stdout] Caused by:
[INFO] [stdout]     0: failed to connect to the local Docker daemon
[INFO] [stdout]     1: Socket not found: /var/run/docker.sock
[INFO] [stdout] 
[INFO] [stdout] Stack backtrace:
[INFO] [stdout]    0: <crankshaft_docker::Error as anyhow::context::ext::StdError>::ext_context::<&str>
[INFO] [stdout]    1: crankshaft_engine::service::runner::backend::docker::test::create_backend::{closure#0}
[INFO] [stdout]    2: crankshaft_engine::service::runner::backend::docker::test::backend_supports_fallback_images::{closure#0}
[INFO] [stdout]    3: <tokio::runtime::scheduler::current_thread::Context>::enter::<core::task::poll::Poll<core::result::Result<(), anyhow::Error>>, <tokio::runtime::scheduler::current_thread::CoreGuard>::block_on<core::pin::Pin<&mut core::pin::Pin<&mut dyn core::future::future::Future<Output = core::result::Result<(), anyhow::Error>>>>>::{closure#0}::{closure#0}>
[INFO] [stdout]    4: <std::thread::local::LocalKey<tokio::runtime::context::Context>>::with::<tokio::runtime::context::set_scheduler<(alloc::boxed::Box<tokio::runtime::scheduler::current_thread::Core>, core::option::Option<core::result::Result<(), anyhow::Error>>), <tokio::runtime::scheduler::current_thread::CoreGuard>::enter<<tokio::runtime::scheduler::current_thread::CoreGuard>::block_on<core::pin::Pin<&mut core::pin::Pin<&mut dyn core::future::future::Future<Output = core::result::Result<(), anyhow::Error>>>>>::{closure#0}, core::option::Option<core::result::Result<(), anyhow::Error>>>::{closure#0}>::{closure#0}, (alloc::boxed::Box<tokio::runtime::scheduler::current_thread::Core>, core::option::Option<core::result::Result<(), anyhow::Error>>)>
[INFO] [stdout]    5: <tokio::runtime::scheduler::current_thread::CoreGuard>::block_on::<core::pin::Pin<&mut core::pin::Pin<&mut dyn core::future::future::Future<Output = core::result::Result<(), anyhow::Error>>>>>
[INFO] [stdout]    6: tokio::runtime::context::runtime::enter_runtime::<<tokio::runtime::scheduler::current_thread::CurrentThread>::block_on<core::pin::Pin<&mut dyn core::future::future::Future<Output = core::result::Result<(), anyhow::Error>>>>::{closure#0}, core::result::Result<(), anyhow::Error>>
[INFO] [stdout]    7: <tokio::runtime::runtime::Runtime>::block_on::<core::pin::Pin<&mut dyn core::future::future::Future<Output = core::result::Result<(), anyhow::Error>>>>
[INFO] [stdout]    8: <crankshaft_engine::service::runner::backend::docker::test::backend_supports_fallback_images::{closure#0} as core::ops::function::FnOnce<()>>::call_once
[INFO] [stdout]    9: test::__rust_begin_short_backtrace::<core::result::Result<(), alloc::string::String>, fn() -> core::result::Result<(), alloc::string::String>>
[INFO] [stdout]   10: test::run_test::{closure#0}
[INFO] [stdout]   11: std::sys::backtrace::__rust_begin_short_backtrace::<test::run_test::{closure#1}, ()>
[INFO] [stdout]   12: <std::thread::lifecycle::spawn_unchecked<test::run_test::{closure#1}, ()>::{closure#1} as core::ops::function::FnOnce<()>>::call_once::{shim:vtable#0}
[INFO] [stdout]   13: <std::sys::thread::unix::Thread>::new::thread_start
[INFO] [stdout]   14: <unknown>
[INFO] [stdout]   15: clone
[INFO] [stdout] 
[INFO] [stdout] ---- service::runner::backend::docker::test::concurrent_task_events stdout ----
[INFO] [stdout] Error: failed to create backend
[INFO] [stdout] 
[INFO] [stdout] Caused by:
[INFO] [stdout]     0: failed to connect to the local Docker daemon
[INFO] [stdout]     1: Socket not found: /var/run/docker.sock
[INFO] [stdout] 
[INFO] [stdout] Stack backtrace:
[INFO] [stdout]    0: <crankshaft_docker::Error as anyhow::context::ext::StdError>::ext_context::<&str>
[INFO] [stdout]    1: crankshaft_engine::service::runner::backend::docker::test::create_backend::{closure#0}
[INFO] [stdout]    2: crankshaft_engine::service::runner::backend::docker::test::concurrent_task_events::{closure#0}
[INFO] [stdout]    3: <tokio::runtime::scheduler::current_thread::Context>::enter::<core::task::poll::Poll<core::result::Result<(), anyhow::Error>>, <tokio::runtime::scheduler::current_thread::CoreGuard>::block_on<core::pin::Pin<&mut core::pin::Pin<&mut dyn core::future::future::Future<Output = core::result::Result<(), anyhow::Error>>>>>::{closure#0}::{closure#0}>
[INFO] [stdout]    4: <std::thread::local::LocalKey<tokio::runtime::context::Context>>::with::<tokio::runtime::context::set_scheduler<(alloc::boxed::Box<tokio::runtime::scheduler::current_thread::Core>, core::option::Option<core::result::Result<(), anyhow::Error>>), <tokio::runtime::scheduler::current_thread::CoreGuard>::enter<<tokio::runtime::scheduler::current_thread::CoreGuard>::block_on<core::pin::Pin<&mut core::pin::Pin<&mut dyn core::future::future::Future<Output = core::result::Result<(), anyhow::Error>>>>>::{closure#0}, core::option::Option<core::result::Result<(), anyhow::Error>>>::{closure#0}>::{closure#0}, (alloc::boxed::Box<tokio::runtime::scheduler::current_thread::Core>, core::option::Option<core::result::Result<(), anyhow::Error>>)>
[INFO] [stdout]    5: <tokio::runtime::scheduler::current_thread::CoreGuard>::block_on::<core::pin::Pin<&mut core::pin::Pin<&mut dyn core::future::future::Future<Output = core::result::Result<(), anyhow::Error>>>>>
[INFO] [stdout]    6: tokio::runtime::context::runtime::enter_runtime::<<tokio::runtime::scheduler::current_thread::CurrentThread>::block_on<core::pin::Pin<&mut dyn core::future::future::Future<Output = core::result::Result<(), anyhow::Error>>>>::{closure#0}, core::result::Result<(), anyhow::Error>>
[INFO] [stdout]    7: <tokio::runtime::runtime::Runtime>::block_on::<core::pin::Pin<&mut dyn core::future::future::Future<Output = core::result::Result<(), anyhow::Error>>>>
[INFO] [stdout]    8: <crankshaft_engine::service::runner::backend::docker::test::concurrent_task_events::{closure#0} as core::ops::function::FnOnce<()>>::call_once
[INFO] [stdout]    9: test::__rust_begin_short_backtrace::<core::result::Result<(), alloc::string::String>, fn() -> core::result::Result<(), alloc::string::String>>
[INFO] [stdout]   10: test::run_test::{closure#0}
[INFO] [stdout]   11: std::sys::backtrace::__rust_begin_short_backtrace::<test::run_test::{closure#1}, ()>
[INFO] [stdout]   12: <std::thread::lifecycle::spawn_unchecked<test::run_test::{closure#1}, ()>::{closure#1} as core::ops::function::FnOnce<()>>::call_once::{shim:vtable#0}
[INFO] [stdout]   13: <std::sys::thread::unix::Thread>::new::thread_start
[INFO] [stdout]   14: <unknown>
[INFO] [stdout]   15: clone
[INFO] [stdout] 
[INFO] [stdout] ---- service::runner::backend::docker::test::backend_adds_user_egid stdout ----
[INFO] [stdout] Error: failed to create backend
[INFO] [stdout] 
[INFO] [stdout] Caused by:
[INFO] [stdout]     0: failed to connect to the local Docker daemon
[INFO] [stdout]     1: Socket not found: /var/run/docker.sock
[INFO] [stdout] 
[INFO] [stdout] Stack backtrace:
[INFO] [stdout]    0: <crankshaft_docker::Error as anyhow::context::ext::StdError>::ext_context::<&str>
[INFO] [stdout]    1: crankshaft_engine::service::runner::backend::docker::test::create_backend::{closure#0}
[INFO] [stdout]    2: crankshaft_engine::service::runner::backend::docker::test::backend_adds_user_egid::{closure#0}
[INFO] [stdout]    3: <tokio::runtime::scheduler::current_thread::Context>::enter::<core::task::poll::Poll<core::result::Result<(), anyhow::Error>>, <tokio::runtime::scheduler::current_thread::CoreGuard>::block_on<core::pin::Pin<&mut core::pin::Pin<&mut dyn core::future::future::Future<Output = core::result::Result<(), anyhow::Error>>>>>::{closure#0}::{closure#0}>
[INFO] [stdout]    4: <std::thread::local::LocalKey<tokio::runtime::context::Context>>::with::<tokio::runtime::context::set_scheduler<(alloc::boxed::Box<tokio::runtime::scheduler::current_thread::Core>, core::option::Option<core::result::Result<(), anyhow::Error>>), <tokio::runtime::scheduler::current_thread::CoreGuard>::enter<<tokio::runtime::scheduler::current_thread::CoreGuard>::block_on<core::pin::Pin<&mut core::pin::Pin<&mut dyn core::future::future::Future<Output = core::result::Result<(), anyhow::Error>>>>>::{closure#0}, core::option::Option<core::result::Result<(), anyhow::Error>>>::{closure#0}>::{closure#0}, (alloc::boxed::Box<tokio::runtime::scheduler::current_thread::Core>, core::option::Option<core::result::Result<(), anyhow::Error>>)>
[INFO] [stdout]    5: <tokio::runtime::scheduler::current_thread::CoreGuard>::block_on::<core::pin::Pin<&mut core::pin::Pin<&mut dyn core::future::future::Future<Output = core::result::Result<(), anyhow::Error>>>>>
[INFO] [stdout]    6: tokio::runtime::context::runtime::enter_runtime::<<tokio::runtime::scheduler::current_thread::CurrentThread>::block_on<core::pin::Pin<&mut dyn core::future::future::Future<Output = core::result::Result<(), anyhow::Error>>>>::{closure#0}, core::result::Result<(), anyhow::Error>>
[INFO] [stdout]    7: <tokio::runtime::runtime::Runtime>::block_on::<core::pin::Pin<&mut dyn core::future::future::Future<Output = core::result::Result<(), anyhow::Error>>>>
[INFO] [stdout]    8: <crankshaft_engine::service::runner::backend::docker::test::backend_adds_user_egid::{closure#0} as core::ops::function::FnOnce<()>>::call_once
[INFO] [stdout]    9: test::__rust_begin_short_backtrace::<core::result::Result<(), alloc::string::String>, fn() -> core::result::Result<(), alloc::string::String>>
[INFO] [stdout]   10: test::run_test::{closure#0}
[INFO] [stdout]   11: std::sys::backtrace::__rust_begin_short_backtrace::<test::run_test::{closure#1}, ()>
[INFO] [stdout]   12: <std::thread::lifecycle::spawn_unchecked<test::run_test::{closure#1}, ()>::{closure#1} as core::ops::function::FnOnce<()>>::call_once::{shim:vtable#0}
[INFO] [stdout]   13: <std::sys::thread::unix::Thread>::new::thread_start
[INFO] [stdout]   14: <unknown>
[INFO] [stdout]   15: clone
[INFO] [stdout] 
[INFO] [stdout] 
[INFO] [stdout] failures:
[INFO] [stdout]     service::runner::backend::docker::test::backend_adds_user_egid
[INFO] [stdout]     service::runner::backend::docker::test::backend_supports_fallback_images
[INFO] [stdout]     service::runner::backend::docker::test::concurrent_task_events
[INFO] [stdout] 
[INFO] [stdout] test result: FAILED. 21 passed; 3 failed; 0 ignored; 0 measured; 0 filtered out; finished in 0.06s
[INFO] [stdout] 
[INFO] [stderr] error: test failed, to rerun pass `--lib`
[INFO] running `Command { std: "docker" "inspect" "9c0af53383050fc0b36074681dd345bf1a790b98304d613436fca88812e87edd", kill_on_drop: false }`
[INFO] running `Command { std: "docker" "rm" "-f" "9c0af53383050fc0b36074681dd345bf1a790b98304d613436fca88812e87edd", kill_on_drop: false }`
[INFO] [stdout] 9c0af53383050fc0b36074681dd345bf1a790b98304d613436fca88812e87edd
