[INFO] fetching crate crabwire 0.1.5...
[INFO] testing crabwire-0.1.5 against 1.100.0-beta.1+cargoflags=--release for beta-release-1.100-2
[INFO] extracting crate crabwire 0.1.5 into /workspace/builds/worker-6-tc2/source
[INFO] started tweaking crates.io crate crabwire 0.1.5
[INFO] removed 0 missing tests
[INFO] finished tweaking crates.io crate crabwire 0.1.5
[INFO] tweaked toml for crates.io crate crabwire 0.1.5 written to /workspace/builds/worker-6-tc2/source/Cargo.toml
[INFO] validating manifest of crates.io crate crabwire 0.1.5 on toolchain 1.100.0-beta.1
[INFO] running `Command { std: CARGO_HOME="/workspace/cargo-home" RUSTUP_HOME="/workspace/rustup-home" "/workspace/cargo-home/bin/cargo" "+1.100.0-beta.1" "metadata" "--manifest-path" "Cargo.toml" "--no-deps", kill_on_drop: false }`
[INFO] crate crates.io crate crabwire 0.1.5 already has a lockfile, it will not be regenerated
[INFO] running `Command { std: CARGO_HOME="/workspace/cargo-home" RUSTUP_HOME="/workspace/rustup-home" "/workspace/cargo-home/bin/cargo" "+1.100.0-beta.1" "fetch" "--manifest-path" "Cargo.toml", kill_on_drop: false }`
[INFO] [stderr] warning: `package.homepage` is redundant with `package.repository`
[INFO] [stderr]   --> Cargo.toml:24:12
[INFO] [stderr]    |
[INFO] [stderr] 24 | homepage = "https://github.com/vmenge/crabwire"
[INFO] [stderr]    |            ^^^^^^^^^^^^^^^^^^^^^^^^^^^^^^^^^^^^
[INFO] [stderr] ...
[INFO] [stderr] 28 | repository = "https://github.com/vmenge/crabwire"
[INFO] [stderr]    |              ------------------------------------
[INFO] [stderr]    |
[INFO] [stderr]    = note: `cargo::redundant_homepage` is set to `warn` by default
[INFO] [stderr] help: consider removing `package.homepage`
[INFO] [stderr] warning: `crabwire` (manifest) generated 1 warning
[INFO] running `Command { std: "docker" "create" "-v" "/var/lib/crater-agent-workspace/builds/worker-6-tc2/source:/opt/rustwide/workdir:ro,Z" "-v" "/var/lib/crater-agent-workspace/builds/worker-6-tc2/target:/opt/rustwide/target:rw,Z" "-v" "/var/lib/crater-agent-workspace/cargo-home:/opt/rustwide/cargo-home:ro,Z" "-v" "/var/lib/crater-agent-workspace/rustup-home:/opt/rustwide/rustup-home:ro,Z" "-m" "1610612736" "--network" "none" "ghcr.io/rust-lang/crates-build-env/linux@sha256:77db811e55d90add9212f6832c23229e3de5f1c1f9905e8cb07319ea15df73ac" "sleep" "infinity", kill_on_drop: false }`
[INFO] [stdout] 475e47ed87bff803cd9112d9e3e8636fa22423a5e748eac7947ce29e7c7329ee
[INFO] running `Command { std: "docker" "start" "475e47ed87bff803cd9112d9e3e8636fa22423a5e748eac7947ce29e7c7329ee", kill_on_drop: false }`
[INFO] running `Command { std: "docker" "inspect" "475e47ed87bff803cd9112d9e3e8636fa22423a5e748eac7947ce29e7c7329ee", kill_on_drop: false }`
[INFO] running `Command { std: "docker" "exec" "-e" "SOURCE_DIR=/opt/rustwide/workdir" "-e" "CARGO_HOME=/opt/rustwide/cargo-home" "-e" "RUSTUP_HOME=/opt/rustwide/rustup-home" "-e" "CARGO_TARGET_DIR=/opt/rustwide/target" "-w" "/opt/rustwide/workdir" "--user" "0:0" "475e47ed87bff803cd9112d9e3e8636fa22423a5e748eac7947ce29e7c7329ee" "/opt/rustwide/cargo-home/bin/cargo" "+1.100.0-beta.1" "metadata" "--no-deps" "--format-version=1", kill_on_drop: false }`
[INFO] running `Command { std: "docker" "inspect" "475e47ed87bff803cd9112d9e3e8636fa22423a5e748eac7947ce29e7c7329ee", kill_on_drop: false }`
[INFO] running `Command { std: "docker" "exec" "-e" "SOURCE_DIR=/opt/rustwide/workdir" "-e" "CARGO_HOME=/opt/rustwide/cargo-home" "-e" "RUSTUP_HOME=/opt/rustwide/rustup-home" "-e" "CARGO_TARGET_DIR=/opt/rustwide/target" "-e" "CARGO_INCREMENTAL=0" "-e" "RUST_BACKTRACE=full" "-e" "RUSTFLAGS=--cap-lints=warn" "-e" "RUSTDOCFLAGS=--cap-lints=warn" "-w" "/opt/rustwide/workdir" "--user" "0:0" "475e47ed87bff803cd9112d9e3e8636fa22423a5e748eac7947ce29e7c7329ee" "/opt/rustwide/cargo-home/bin/cargo" "+1.100.0-beta.1" "build" "--frozen" "--message-format=json" "--release", kill_on_drop: false }`
[INFO] [stderr] warning: `package.homepage` is redundant with `package.repository`
[INFO] [stderr]   --> Cargo.toml:24:12
[INFO] [stderr]    |
[INFO] [stderr] 24 | homepage = "https://github.com/vmenge/crabwire"
[INFO] [stderr]    |            ^^^^^^^^^^^^^^^^^^^^^^^^^^^^^^^^^^^^
[INFO] [stderr] ...
[INFO] [stderr] 28 | repository = "https://github.com/vmenge/crabwire"
[INFO] [stderr]    |              ------------------------------------
[INFO] [stderr]    |
[INFO] [stderr]    = note: `cargo::redundant_homepage` is set to `warn` by default
[INFO] [stderr] help: consider removing `package.homepage`
[INFO] [stderr] warning: `crabwire` (manifest) generated 1 warning
[INFO] [stderr]    Compiling hashbrown v0.17.1
[INFO] [stderr]    Compiling foldhash v0.2.0
[INFO] [stderr]    Compiling syn v2.0.118
[INFO] [stderr]    Compiling indexmap v2.14.0
[INFO] [stderr]    Compiling toml_edit v0.25.12+spec-1.1.0
[INFO] [stderr]    Compiling proc-macro-crate v3.5.0
[INFO] [stderr]    Compiling crabwire_macros v0.1.2
[INFO] [stderr]    Compiling crabwire v0.1.5 (/opt/rustwide/workdir)
[INFO] [stderr]     Finished `release` profile [optimized] target(s) in 5.37s
[INFO] running `Command { std: "docker" "inspect" "475e47ed87bff803cd9112d9e3e8636fa22423a5e748eac7947ce29e7c7329ee", kill_on_drop: false }`
[INFO] running `Command { std: "docker" "exec" "-e" "SOURCE_DIR=/opt/rustwide/workdir" "-e" "CARGO_HOME=/opt/rustwide/cargo-home" "-e" "RUSTUP_HOME=/opt/rustwide/rustup-home" "-e" "CARGO_TARGET_DIR=/opt/rustwide/target" "-e" "CARGO_INCREMENTAL=0" "-e" "RUST_BACKTRACE=full" "-e" "RUSTFLAGS=--cap-lints=warn" "-e" "RUSTDOCFLAGS=--cap-lints=warn" "-w" "/opt/rustwide/workdir" "--user" "0:0" "475e47ed87bff803cd9112d9e3e8636fa22423a5e748eac7947ce29e7c7329ee" "/opt/rustwide/cargo-home/bin/cargo" "+1.100.0-beta.1" "test" "--frozen" "--no-run" "--message-format=json" "--release", kill_on_drop: false }`
[INFO] [stderr] warning: `package.homepage` is redundant with `package.repository`
[INFO] [stderr]   --> Cargo.toml:24:12
[INFO] [stderr]    |
[INFO] [stderr] 24 | homepage = "https://github.com/vmenge/crabwire"
[INFO] [stderr]    |            ^^^^^^^^^^^^^^^^^^^^^^^^^^^^^^^^^^^^
[INFO] [stderr] ...
[INFO] [stderr] 28 | repository = "https://github.com/vmenge/crabwire"
[INFO] [stderr]    |              ------------------------------------
[INFO] [stderr]    |
[INFO] [stderr]    = note: `cargo::redundant_homepage` is set to `warn` by default
[INFO] [stderr] help: consider removing `package.homepage`
[INFO] [stderr] warning: `crabwire` (manifest) generated 1 warning
[INFO] [stderr]    Compiling crabwire v0.1.5 (/opt/rustwide/workdir)
[INFO] [stderr]     Finished `release` profile [optimized] target(s) in 1.00s
[INFO] running `Command { std: "docker" "inspect" "475e47ed87bff803cd9112d9e3e8636fa22423a5e748eac7947ce29e7c7329ee", kill_on_drop: false }`
[INFO] running `Command { std: "docker" "exec" "-e" "SOURCE_DIR=/opt/rustwide/workdir" "-e" "CARGO_HOME=/opt/rustwide/cargo-home" "-e" "RUSTUP_HOME=/opt/rustwide/rustup-home" "-e" "CARGO_TARGET_DIR=/opt/rustwide/target" "-e" "CARGO_INCREMENTAL=0" "-e" "RUST_BACKTRACE=full" "-e" "RUSTFLAGS=--cap-lints=warn" "-e" "RUSTDOCFLAGS=--cap-lints=warn" "-w" "/opt/rustwide/workdir" "--user" "0:0" "475e47ed87bff803cd9112d9e3e8636fa22423a5e748eac7947ce29e7c7329ee" "/opt/rustwide/cargo-home/bin/cargo" "+1.100.0-beta.1" "test" "--frozen" "--release", kill_on_drop: false }`
[INFO] [stderr] warning: `package.homepage` is redundant with `package.repository`
[INFO] [stderr]   --> Cargo.toml:24:12
[INFO] [stderr]    |
[INFO] [stderr] 24 | homepage = "https://github.com/vmenge/crabwire"
[INFO] [stderr]    |            ^^^^^^^^^^^^^^^^^^^^^^^^^^^^^^^^^^^^
[INFO] [stderr] ...
[INFO] [stderr] 28 | repository = "https://github.com/vmenge/crabwire"
[INFO] [stderr]    |              ------------------------------------
[INFO] [stderr]    |
[INFO] [stderr]    = note: `cargo::redundant_homepage` is set to `warn` by default
[INFO] [stderr] help: consider removing `package.homepage`
[INFO] [stderr] warning: `crabwire` (manifest) generated 1 warning
[INFO] [stderr]     Finished `release` profile [optimized] target(s) in 0.03s
[INFO] [stderr]      Running unittests src/lib.rs (/opt/rustwide/target/release/build/crabwire/9772d0573bc30c44/out/crabwire-9772d0573bc30c44)
[INFO] [stdout] 
[INFO] [stdout] running 0 tests
[INFO] [stdout] 
[INFO] [stdout] test result: ok. 0 passed; 0 failed; 0 ignored; 0 measured; 0 filtered out; finished in 0.00s
[INFO] [stdout] 
[INFO] [stderr]      Running tests/integration.rs (/opt/rustwide/target/release/build/crabwire/acf7aabb07a004ce/out/integration-acf7aabb07a004ce)
[INFO] [stdout] 
[INFO] [stdout] running 10 tests
[INFO] [stdout] test inject_can_use_trait_object_references ... ok
[INFO] [stdout] test module_can_use_owned_registry_apis ... ok
[INFO] [stdout] test module_registers_dependencies ... ok
[INFO] [stdout] test registry_returns_references_without_requiring_clone ... ok
[INFO] [stdout] test registry_can_store_trait_objects ... ok
[INFO] [stdout] test registry_reports_duplicate_insertions ... ok
[INFO] [stdout] test inject_uses_reference_arguments ... FAILED
[INFO] [stdout] test global_get_returns_static_references ... FAILED
[INFO] [stdout] test registry_merge_overrides_duplicate_types_and_preserves_other_types ... ok
[INFO] [stdout] test try_register_reports_already_installed ... FAILED
[INFO] [stdout] 
[INFO] [stdout] failures:
[INFO] [stdout] 
[INFO] [stdout] ---- inject_uses_reference_arguments stdout ----
[INFO] [stdout] 
[INFO] [stdout] thread 'inject_uses_reference_arguments' (276) panicked at tests/integration.rs:161:5:
[INFO] [stdout] global dependency registry is already installed
[INFO] [stdout] stack backtrace:
[INFO] [stdout]    0:     0x62597a3c2231 - <<std[617be2ca0a6fd877]::sys::backtrace::BacktraceLock>::print::DisplayBacktrace as core[a373ad73a504971]::fmt::Display>::fmt
[INFO] [stdout]    1:     0x62597a3d612a - core[a373ad73a504971]::fmt::write
[INFO] [stdout]    2:     0x62597a3c644c - <alloc[2e1b2a31b91974c5]::vec::Vec<u8> as core[a373ad73a504971]::io::write::Write>::write_fmt
[INFO] [stdout]    3:     0x62597a39e636 - std[617be2ca0a6fd877]::panicking::default_hook::{closure#0}
[INFO] [stdout]    4:     0x62597a3ba8c9 - std[617be2ca0a6fd877]::panicking::default_hook
[INFO] [stdout]    5:     0x62597a355ba0 - test[aada8e7e76ba119b]::test_main_inner::{closure#0}
[INFO] [stdout]    6:     0x62597a3baa82 - std[617be2ca0a6fd877]::panicking::panic_with_hook
[INFO] [stdout]    7:     0x62597a39e6e2 - std[617be2ca0a6fd877]::panicking::panic_handler::{closure#0}
[INFO] [stdout]    8:     0x62597a3973f9 - std[617be2ca0a6fd877]::sys::backtrace::__rust_end_short_backtrace::<std[617be2ca0a6fd877]::panicking::panic_handler::{closure#0}, !>
[INFO] [stdout]    9:     0x62597a39f2ed - __rustc[ea4f61d10b84890b]::rust_begin_unwind
[INFO] [stdout]   10:     0x62597a3d685c - core[a373ad73a504971]::panicking::panic_fmt
[INFO] [stdout]   11:     0x62597a3473e0 - <integration[b306cc91e1096e86]::inject_uses_reference_arguments::{closure#0} as core[a373ad73a504971]::ops::function::FnOnce<()>>::call_once
[INFO] [stdout]   12:     0x62597a348feb - test[aada8e7e76ba119b]::__rust_begin_short_backtrace::<core[a373ad73a504971]::result::Result<(), alloc[2e1b2a31b91974c5]::string::String>, fn() -> core[a373ad73a504971]::result::Result<(), alloc[2e1b2a31b91974c5]::string::String>>
[INFO] [stdout]   13:     0x62597a3561c5 - test[aada8e7e76ba119b]::run_test::{closure#0}
[INFO] [stdout]   14:     0x62597a34fab4 - std[617be2ca0a6fd877]::sys::backtrace::__rust_begin_short_backtrace::<test[aada8e7e76ba119b]::run_test::{closure#1}, ()>
[INFO] [stdout]   15:     0x62597a359252 - <std[617be2ca0a6fd877]::thread::lifecycle::spawn_unchecked<test[aada8e7e76ba119b]::run_test::{closure#1}, ()>::{closure#1} as core[a373ad73a504971]::ops::function::FnOnce<()>>::call_once::{shim:vtable#0}
[INFO] [stdout]   16:     0x62597a3c1a8f - <std[617be2ca0a6fd877]::sys::thread::unix::Thread>::new::thread_start
[INFO] [stdout]   17:     0x7a51abff0dfa - <unknown>
[INFO] [stdout]   18:     0x7a51ac0843d4 - clone
[INFO] [stdout]   19:                0x0 - <unknown>
[INFO] [stdout] 
[INFO] [stdout] ---- global_get_returns_static_references stdout ----
[INFO] [stdout] 
[INFO] [stdout] thread 'global_get_returns_static_references' (274) panicked at tests/integration.rs:128:5:
[INFO] [stdout] global dependency registry is already installed
[INFO] [stdout] stack backtrace:
[INFO] [stdout]    0:     0x62597a3c2231 - <<std[617be2ca0a6fd877]::sys::backtrace::BacktraceLock>::print::DisplayBacktrace as core[a373ad73a504971]::fmt::Display>::fmt
[INFO] [stdout]    1:     0x62597a3d612a - core[a373ad73a504971]::fmt::write
[INFO] [stdout]    2:     0x62597a3c644c - <alloc[2e1b2a31b91974c5]::vec::Vec<u8> as core[a373ad73a504971]::io::write::Write>::write_fmt
[INFO] [stdout]    3:     0x62597a39e636 - std[617be2ca0a6fd877]::panicking::default_hook::{closure#0}
[INFO] [stdout]    4:     0x62597a3ba8c9 - std[617be2ca0a6fd877]::panicking::default_hook
[INFO] [stdout]    5:     0x62597a355ba0 - test[aada8e7e76ba119b]::test_main_inner::{closure#0}
[INFO] [stdout]    6:     0x62597a3baa82 - std[617be2ca0a6fd877]::panicking::panic_with_hook
[INFO] [stdout]    7:     0x62597a39e6e2 - std[617be2ca0a6fd877]::panicking::panic_handler::{closure#0}
[INFO] [stdout]    8:     0x62597a3973f9 - std[617be2ca0a6fd877]::sys::backtrace::__rust_end_short_backtrace::<std[617be2ca0a6fd877]::panicking::panic_handler::{closure#0}, !>
[INFO] [stdout]    9:     0x62597a39f2ed - __rustc[ea4f61d10b84890b]::rust_begin_unwind
[INFO] [stdout]   10:     0x62597a3d685c - core[a373ad73a504971]::panicking::panic_fmt
[INFO] [stdout]   11:     0x62597a347fc0 - <integration[b306cc91e1096e86]::global_get_returns_static_references::{closure#0} as core[a373ad73a504971]::ops::function::FnOnce<()>>::call_once
[INFO] [stdout]   12:     0x62597a348feb - test[aada8e7e76ba119b]::__rust_begin_short_backtrace::<core[a373ad73a504971]::result::Result<(), alloc[2e1b2a31b91974c5]::string::String>, fn() -> core[a373ad73a504971]::result::Result<(), alloc[2e1b2a31b91974c5]::string::String>>
[INFO] [stdout]   13:     0x62597a3561c5 - test[aada8e7e76ba119b]::run_test::{closure#0}
[INFO] [stdout]   14:     0x62597a34fab4 - std[617be2ca0a6fd877]::sys::backtrace::__rust_begin_short_backtrace::<test[aada8e7e76ba119b]::run_test::{closure#1}, ()>
[INFO] [stdout]   15:     0x62597a359252 - <std[617be2ca0a6fd877]::thread::lifecycle::spawn_unchecked<test[aada8e7e76ba119b]::run_test::{closure#1}, ()>::{closure#1} as core[a373ad73a504971]::ops::function::FnOnce<()>>::call_once::{shim:vtable#0}
[INFO] [stdout]   16:     0x62597a3c1a8f - <std[617be2ca0a6fd877]::sys::thread::unix::Thread>::new::thread_start
[INFO] [stdout]   17:     0x7a51abff0dfa - <unknown>
[INFO] [stdout]   18:     0x7a51ac0843d4 - clone
[INFO] [stdout]   19:                0x0 - <unknown>
[INFO] [stdout] 
[INFO] [stdout] ---- try_register_reports_already_installed stdout ----
[INFO] [stdout] 
[INFO] [stdout] thread 'try_register_reports_already_installed' (283) panicked at tests/integration.rs:142:6:
[INFO] [stdout] first global registry install should succeed: AlreadyInstalled
[INFO] [stdout] stack backtrace:
[INFO] [stdout]    0:     0x62597a3c2231 - <<std[617be2ca0a6fd877]::sys::backtrace::BacktraceLock>::print::DisplayBacktrace as core[a373ad73a504971]::fmt::Display>::fmt
[INFO] [stdout]    1:     0x62597a3d612a - core[a373ad73a504971]::fmt::write
[INFO] [stdout]    2:     0x62597a3c644c - <alloc[2e1b2a31b91974c5]::vec::Vec<u8> as core[a373ad73a504971]::io::write::Write>::write_fmt
[INFO] [stdout]    3:     0x62597a39e636 - std[617be2ca0a6fd877]::panicking::default_hook::{closure#0}
[INFO] [stdout]    4:     0x62597a3ba8c9 - std[617be2ca0a6fd877]::panicking::default_hook
[INFO] [stdout]    5:     0x62597a355ba0 - test[aada8e7e76ba119b]::test_main_inner::{closure#0}
[INFO] [stdout]    6:     0x62597a3baa82 - std[617be2ca0a6fd877]::panicking::panic_with_hook
[INFO] [stdout]    7:     0x62597a39e6e2 - std[617be2ca0a6fd877]::panicking::panic_handler::{closure#0}
[INFO] [stdout]    8:     0x62597a3973f9 - std[617be2ca0a6fd877]::sys::backtrace::__rust_end_short_backtrace::<std[617be2ca0a6fd877]::panicking::panic_handler::{closure#0}, !>
[INFO] [stdout]    9:     0x62597a39f2ed - __rustc[ea4f61d10b84890b]::rust_begin_unwind
[INFO] [stdout]   10:     0x62597a3d685c - core[a373ad73a504971]::panicking::panic_fmt
[INFO] [stdout]   11:     0x62597a3d6632 - core[a373ad73a504971]::result::unwrap_failed
[INFO] [stdout]   12:     0x62597a3486cb - <integration[b306cc91e1096e86]::try_register_reports_already_installed::{closure#0} as core[a373ad73a504971]::ops::function::FnOnce<()>>::call_once
[INFO] [stdout]   13:     0x62597a348feb - test[aada8e7e76ba119b]::__rust_begin_short_backtrace::<core[a373ad73a504971]::result::Result<(), alloc[2e1b2a31b91974c5]::string::String>, fn() -> core[a373ad73a504971]::result::Result<(), alloc[2e1b2a31b91974c5]::string::String>>
[INFO] [stdout]   14:     0x62597a3561c5 - test[aada8e7e76ba119b]::run_test::{closure#0}
[INFO] [stdout]   15:     0x62597a34fab4 - std[617be2ca0a6fd877]::sys::backtrace::__rust_begin_short_backtrace::<test[aada8e7e76ba119b]::run_test::{closure#1}, ()>
[INFO] [stdout]   16:     0x62597a359252 - <std[617be2ca0a6fd877]::thread::lifecycle::spawn_unchecked<test[aada8e7e76ba119b]::run_test::{closure#1}, ()>::{closure#1} as core[a373ad73a504971]::ops::function::FnOnce<()>>::call_once::{shim:vtable#0}
[INFO] [stdout]   17:     0x62597a3c1a8f - <std[617be2ca0a6fd877]::sys::thread::unix::Thread>::new::thread_start
[INFO] [stdout]   18:     0x7a51abff0dfa - <unknown>
[INFO] [stdout]   19:     0x7a51ac0843d4 - clone
[INFO] [stdout]   20:                0x0 - <unknown>
[INFO] [stdout] 
[INFO] [stdout] 
[INFO] [stdout] failures:
[INFO] [stdout]     global_get_returns_static_references
[INFO] [stdout]     inject_uses_reference_arguments
[INFO] [stdout]     try_register_reports_already_installed
[INFO] [stdout] 
[INFO] [stdout] test result: FAILED. 7 passed; 3 failed; 0 ignored; 0 measured; 0 filtered out; finished in 0.01s
[INFO] [stdout] 
[INFO] [stderr] error: test failed, to rerun pass `--test integration`
[INFO] running `Command { std: "docker" "inspect" "475e47ed87bff803cd9112d9e3e8636fa22423a5e748eac7947ce29e7c7329ee", kill_on_drop: false }`
[INFO] running `Command { std: "docker" "rm" "-f" "475e47ed87bff803cd9112d9e3e8636fa22423a5e748eac7947ce29e7c7329ee", kill_on_drop: false }`
[INFO] [stdout] 475e47ed87bff803cd9112d9e3e8636fa22423a5e748eac7947ce29e7c7329ee
