[INFO] fetching crate crablisp 0.1.0...
[INFO] testing crablisp-0.1.0 against 1.100.0-beta.1+cargoflags=--release for beta-release-1.100-2
[INFO] extracting crate crablisp 0.1.0 into /workspace/builds/worker-7-tc2/source
[INFO] started tweaking crates.io crate crablisp 0.1.0
[INFO] finished tweaking crates.io crate crablisp 0.1.0
[INFO] tweaked toml for crates.io crate crablisp 0.1.0 written to /workspace/builds/worker-7-tc2/source/Cargo.toml
[INFO] validating manifest of crates.io crate crablisp 0.1.0 on toolchain 1.100.0-beta.1
[INFO] running `Command { std: CARGO_HOME="/workspace/cargo-home" RUSTUP_HOME="/workspace/rustup-home" "/workspace/cargo-home/bin/cargo" "+1.100.0-beta.1" "metadata" "--manifest-path" "Cargo.toml" "--no-deps", kill_on_drop: false }`
[INFO] crate crates.io crate crablisp 0.1.0 already has a lockfile, it will not be regenerated
[INFO] running `Command { std: CARGO_HOME="/workspace/cargo-home" RUSTUP_HOME="/workspace/rustup-home" "/workspace/cargo-home/bin/cargo" "+1.100.0-beta.1" "fetch" "--manifest-path" "Cargo.toml", kill_on_drop: false }`
[INFO] running `Command { std: "docker" "create" "-v" "/var/lib/crater-agent-workspace/builds/worker-7-tc2/source:/opt/rustwide/workdir:ro,Z" "-v" "/var/lib/crater-agent-workspace/builds/worker-7-tc2/target:/opt/rustwide/target:rw,Z" "-v" "/var/lib/crater-agent-workspace/cargo-home:/opt/rustwide/cargo-home:ro,Z" "-v" "/var/lib/crater-agent-workspace/rustup-home:/opt/rustwide/rustup-home:ro,Z" "-m" "1610612736" "--network" "none" "ghcr.io/rust-lang/crates-build-env/linux@sha256:77db811e55d90add9212f6832c23229e3de5f1c1f9905e8cb07319ea15df73ac" "sleep" "infinity", kill_on_drop: false }`
[INFO] [stdout] 88d3be94342e7e6307267cebdee922b4ab74422f3be2e473a8702e4a92e63b4d
[INFO] running `Command { std: "docker" "start" "88d3be94342e7e6307267cebdee922b4ab74422f3be2e473a8702e4a92e63b4d", kill_on_drop: false }`
[INFO] running `Command { std: "docker" "inspect" "88d3be94342e7e6307267cebdee922b4ab74422f3be2e473a8702e4a92e63b4d", kill_on_drop: false }`
[INFO] running `Command { std: "docker" "exec" "-e" "SOURCE_DIR=/opt/rustwide/workdir" "-e" "CARGO_HOME=/opt/rustwide/cargo-home" "-e" "RUSTUP_HOME=/opt/rustwide/rustup-home" "-e" "CARGO_TARGET_DIR=/opt/rustwide/target" "-w" "/opt/rustwide/workdir" "--user" "0:0" "88d3be94342e7e6307267cebdee922b4ab74422f3be2e473a8702e4a92e63b4d" "/opt/rustwide/cargo-home/bin/cargo" "+1.100.0-beta.1" "metadata" "--no-deps" "--format-version=1", kill_on_drop: false }`
[INFO] running `Command { std: "docker" "inspect" "88d3be94342e7e6307267cebdee922b4ab74422f3be2e473a8702e4a92e63b4d", kill_on_drop: false }`
[INFO] running `Command { std: "docker" "exec" "-e" "SOURCE_DIR=/opt/rustwide/workdir" "-e" "CARGO_HOME=/opt/rustwide/cargo-home" "-e" "RUSTUP_HOME=/opt/rustwide/rustup-home" "-e" "CARGO_TARGET_DIR=/opt/rustwide/target" "-e" "CARGO_INCREMENTAL=0" "-e" "RUST_BACKTRACE=full" "-e" "RUSTFLAGS=--cap-lints=warn" "-e" "RUSTDOCFLAGS=--cap-lints=warn" "-w" "/opt/rustwide/workdir" "--user" "0:0" "88d3be94342e7e6307267cebdee922b4ab74422f3be2e473a8702e4a92e63b4d" "/opt/rustwide/cargo-home/bin/cargo" "+1.100.0-beta.1" "build" "--frozen" "--message-format=json" "--release", kill_on_drop: false }`
[INFO] [stderr]    Compiling crablisp v0.1.0 (/opt/rustwide/workdir)
[INFO] [stderr]     Finished `release` profile [optimized] target(s) in 5.67s
[INFO] running `Command { std: "docker" "inspect" "88d3be94342e7e6307267cebdee922b4ab74422f3be2e473a8702e4a92e63b4d", kill_on_drop: false }`
[INFO] running `Command { std: "docker" "exec" "-e" "SOURCE_DIR=/opt/rustwide/workdir" "-e" "CARGO_HOME=/opt/rustwide/cargo-home" "-e" "RUSTUP_HOME=/opt/rustwide/rustup-home" "-e" "CARGO_TARGET_DIR=/opt/rustwide/target" "-e" "CARGO_INCREMENTAL=0" "-e" "RUST_BACKTRACE=full" "-e" "RUSTFLAGS=--cap-lints=warn" "-e" "RUSTDOCFLAGS=--cap-lints=warn" "-w" "/opt/rustwide/workdir" "--user" "0:0" "88d3be94342e7e6307267cebdee922b4ab74422f3be2e473a8702e4a92e63b4d" "/opt/rustwide/cargo-home/bin/cargo" "+1.100.0-beta.1" "test" "--frozen" "--no-run" "--message-format=json" "--release", kill_on_drop: false }`
[INFO] [stderr]    Compiling crablisp v0.1.0 (/opt/rustwide/workdir)
[INFO] [stderr]     Finished `release` profile [optimized] target(s) in 6.89s
[INFO] running `Command { std: "docker" "inspect" "88d3be94342e7e6307267cebdee922b4ab74422f3be2e473a8702e4a92e63b4d", kill_on_drop: false }`
[INFO] running `Command { std: "docker" "exec" "-e" "SOURCE_DIR=/opt/rustwide/workdir" "-e" "CARGO_HOME=/opt/rustwide/cargo-home" "-e" "RUSTUP_HOME=/opt/rustwide/rustup-home" "-e" "CARGO_TARGET_DIR=/opt/rustwide/target" "-e" "CARGO_INCREMENTAL=0" "-e" "RUST_BACKTRACE=full" "-e" "RUSTFLAGS=--cap-lints=warn" "-e" "RUSTDOCFLAGS=--cap-lints=warn" "-w" "/opt/rustwide/workdir" "--user" "0:0" "88d3be94342e7e6307267cebdee922b4ab74422f3be2e473a8702e4a92e63b4d" "/opt/rustwide/cargo-home/bin/cargo" "+1.100.0-beta.1" "test" "--frozen" "--release", kill_on_drop: false }`
[INFO] [stderr]     Finished `release` profile [optimized] target(s) in 0.01s
[INFO] [stderr]      Running unittests src/lib.rs (/opt/rustwide/target/release/build/crablisp/93e8b716b3db15d8/out/crablisp-93e8b716b3db15d8)
[INFO] [stdout] 
[INFO] [stdout] running 132 tests
[INFO] [stdout] test emit::declaration::tests::emits_struct_fields_with_raw_identifiers ... ok
[INFO] [stdout] test desugar::tests::parses_require_alias_and_refer ... ok
[INFO] [stdout] test desugar::tests::rejects_deps_clause_with_multiple_arguments ... ok
[INFO] [stdout] test desugar::tests::rejects_symbol_ns_clause_heads ... ok
[INFO] [stdout] test desugar::tests::duplicate_uses_are_deduplicated_preserving_order ... ok
[INFO] [stdout] test emit_expr::list::controls::control_while::tests::emits_while_expression ... ok
[INFO] [stdout] test desugar::deps::tests::parse_dep_map_requires_map_form ... ok
[INFO] [stdout] test emit_expr::list::ops::tests::emits_comparison_binary_form ... ok
[INFO] [stdout] test emit_expr::list::ops::tests::emits_list_operands_without_nested_parentheses ... ok
[INFO] [stdout] test desugar::deps::tests::parse_dep_map_reads_dependency_entries ... ok
[INFO] [stdout] test emit_expr::list::ops::tests::emits_comparison_chain_as_conjunction ... ok
[INFO] [stdout] test emit_expr::list::tests::emits_leading_dot_method_call ... ok
[INFO] [stdout] test emit_expr::list::tests::emits_mutable_borrow_reference ... ok
[INFO] [stdout] test emit_expr::list::control_if_let::shared::tests::emits_tuple_pattern ... ok
[INFO] [stdout] test desugar::tests::top_level_use_remains_regular_form ... ok
[INFO] [stdout] test emit_expr::list::control_if_let::control_match::tests::emits_match_with_guard ... ok
[INFO] [stdout] test emit_expr::list::control_if_let::shared::tests::emits_pattern_alias ... ok
[INFO] [stdout] test emit_expr::list::control_if_let::shared::tests::emits_slice_pattern ... ok
[INFO] [stdout] test emit_expr::list::control_if_let::control_match::tests::emits_slice_and_alias_patterns_in_match ... ok
[INFO] [stdout] test emit::declaration::tests::emits_reserved_variant_and_field_names_as_raw_identifiers ... ok
[INFO] [stdout] test emit_expr::list::control_if_let::control_if_let::tests::emits_if_let_with_else ... ok
[INFO] [stdout] test emit::function::tests::emits_reserved_words_as_raw_identifiers ... ok
[INFO] [stdout] test desugar::tests::rejects_unknown_ns_clause_keywords ... ok
[INFO] [stdout] test emit::declaration::tests::emits_reserved_declaration_names_as_raw_identifiers ... ok
[INFO] [stdout] test emit_expr::literals::tests::emits_empty_struct_literal ... ok
[INFO] [stdout] test emit_expr::list::tests::emits_reserved_symbol_call_as_raw_identifier ... ok
[INFO] [stdout] test emit_expr::list::tests::emits_rust_namespace_call ... ok
[INFO] [stdout] test emit_expr::list::tests::emits_shared_borrow_reference ... ok
[INFO] [stdout] test emit_expr::list::tests::emits_slash_call_unchanged ... ok
[INFO] [stdout] test emit_expr::list::tests::no_struct_defaults_from_lists ... ok
[INFO] [stdout] test emit_expr::list::tests::odd_struct_like_arg_count_falls_back_to_function_call ... ok
[INFO] [stdout] test emit_expr::list::tests::uppercase_calls_remain_regular_calls ... ok
[INFO] [stdout] test emit_expr::list::tests::uppercase_zero_arity_calls_are_regular_calls ... ok
[INFO] [stdout] test emit_expr::literals::tests::emits_default_constructor_from_ellipsis_only_struct_literal ... ok
[INFO] [stdout] test emit_expr::literals::tests::preserves_byte_string_prefix_in_output ... ok
[INFO] [stdout] test emit_expr::literals::tests::preserves_keyword_map_keys ... ok
[INFO] [stdout] test emit_expr::literals::tests::preserves_plain_string_prefix_in_output ... ok
[INFO] [stdout] test emit_expr::literals::tests::preserves_raw_byte_string_prefix_in_output ... ok
[INFO] [stdout] test emit_expr::literals::tests::preserves_raw_string_prefix_in_output ... ok
[INFO] [stdout] test emit_expr::literals::tests::rejects_legacy_default_marker ... ok
[INFO] [stdout] test emit_expr::literals::tests::rejects_non_symbol_field_keys ... ok
[INFO] [stdout] test emit_expr::literals::tests::rejects_odd_field_pairs ... ok
[INFO] [stdout] test emit_expr::symbol::tests::escapes_reserved_rust_identifiers ... ok
[INFO] [stdout] test emit_expr::list::tests::emits_reserved_method_and_field_access_as_raw_identifiers ... ok
[INFO] [stdout] test emit_expr::literals::tests::emits_reserved_field_names_as_raw_identifiers ... ok
[INFO] [stdout] test emit_expr::literals::tests::emits_reserved_field_symbol_in_singleton_tuple_as_value ... ok
[INFO] [stdout] test emit_expr::literals::tests::emits_struct_with_default_update_ellipsis_symbol ... ok
[INFO] [stdout] test parser::forms::tests::allows_less_equal_comparison_head ... ok
[INFO] [stdout] test emit_expr::literals::tests::emits_reserved_identifier_struct_name_as_raw_identifier ... ok
[INFO] [stdout] test parser::forms::tests::allows_slash_path_calls ... ok
[INFO] [stdout] test emit_expr::literals::tests::emits_struct_with_all_fields_without_default_update ... ok
[INFO] [stdout] test emit_expr::literals::tests::preserves_keyword_as_literal_with_colon ... ok
[INFO] [stdout] test parser::forms::tests::allows_leading_dot_methods ... ok
[INFO] [stdout] test parser::forms::tests::allows_static_path_calls ... ok
[INFO] [stdout] test emit_expr::literals::tests::emits_struct_from_struct_form ... ok
[INFO] [stdout] test parser::forms::tests::allows_less_comparison_head ... ok
[INFO] [stdout] test emit_expr::symbol::tests::keeps_slash_path_unchanged ... ok
[INFO] [stdout] test emit_expr::symbol::tests::keeps_slash_segments_unchanged ... ok
[INFO] [stdout] test parser::forms::tests::parses_set_with_reader_prefix ... ok
[INFO] [stdout] test parser::forms::tests::parses_tuple_with_reader_prefix ... ok
[INFO] [stdout] test parser::forms::tests::keeps_dash_prefixed_non_numeric_name_as_symbol ... ok
[INFO] [stdout] test parser::forms::tests::parses_type_literal_only_when_balanced ... ok
[INFO] [stdout] test parser::forms::tests::parses_named_lifetime_type ... ok
[INFO] [stdout] test parser::forms::tests::parses_negative_float_token_as_number ... ok
[INFO] [stdout] test parser::forms::tests::parses_negative_integer_token_as_number ... ok
[INFO] [stdout] test parser::forms::tests::parses_reference_type_with_lifetime_name ... ok
[INFO] [stdout] test parser::forms::tests::rejects_leading_dot_multi_component_calls ... ok
[INFO] [stdout] test parser::forms::tests::parses_static_lifetime_type ... ok
[INFO] [stdout] test parser::forms::tests::rejects_unknown_sharp_dispatch_without_tuple_or_set ... ok
[INFO] [stdout] test parser::forms::tests::parses_underscore_lifetime_type ... ok
[INFO] [stdout] test parser::forms::tests::rejects_dotted_member_calls ... ok
[INFO] [stdout] test parser::struct_form::tests::odd_elements_with_default_marker_still_struct_form ... ok
[INFO] [stdout] test parser::terms::tests::emits_prefixed_string_literals ... ok
[INFO] [stdout] test parser::forms::tests::rejects_hash_as_token_suffix_boundary ... ok
[INFO] [stdout] test parser::forms::tests::rejects_dot_with_double_colon ... ok
[INFO] [stdout] test emit_expr::symbol::tests::keeps_dotted_symbol_shape_without_type_member_lowering ... ok
[INFO] [stdout] test parser::paths::tests::collect_paths_accepts_crablisp_files_only ... ok
[INFO] [stdout] test parser::paths::tests::resolve_input_path_returns_existing_path ... ok
[INFO] [stdout] test parser::struct_form::tests::default_only_with_trailing_default_marker_is_struct_form ... ok
[INFO] [stdout] test parser::struct_form::tests::even_elements_is_map_form ... ok
[INFO] [stdout] test parser::struct_form::tests::odd_elements_is_struct_form ... ok
[INFO] [stdout] test parser::terms::tests::keeps_char_literal ... ok
[INFO] [stdout] test parser::forms::tests::comparison_angle_form_inside_if_stays_operator ... ok
[INFO] [stdout] test parser::terms::tests::parses_byte_string_literal ... ok
[INFO] [stdout] test parser::terms::tests::parses_named_lifetime_token ... ok
[INFO] [stdout] test parser::terms::tests::parses_underscore_lifetime_token ... ok
[INFO] [stdout] test resolve::collector::tests::normalizes_struct_field_names_and_collides ... ok
[INFO] [stdout] test resolve::collector::tests::parses_declaration_visibility_markers ... ok
[INFO] [stdout] test resolve::collector::tests::rejects_entry_main_missing_variadic_name ... ok
[INFO] [stdout] test resolve::collector::tests::parses_entry_main_with_positional_args ... ok
[INFO] [stdout] test resolve::params::tests::rejects_borrow_markers_in_param_name ... ok
[INFO] [stdout] test resolve::collector::tests::parses_entry_main_with_variadic_args ... ok
[INFO] [stdout] test resolve::params::tests::rejects_empty_main_param_vectors ... ok
[INFO] [stdout] test resolve::params::tests::supports_entry_main_rest_args_with_leading_marker ... ok
[INFO] [stdout] test parser::token::tests::hash_starts_token_boundary ... ok
[INFO] [stderr] error: test failed, to rerun pass `--lib`
[INFO] [stdout] test types::parser::tests::parses_reserved_type_words_as_raw_identifiers ... ok
[INFO] [stdout] test types::parser::tests::rejects_old_reference_marker_forms ... ok
[INFO] [stdout] test types::tests::emits_reserved_type_symbols_as_raw_identifiers ... ok
[INFO] [stdout] test workspace::checks::tests::core::accepts_entry_main_with_positional_args ... ok
[INFO] [stdout] test workspace::checks::tests::core::accepts_entry_main_with_variadic_args ... ok
[INFO] [stdout] test resolve::params::tests::supports_entry_main_args ... ok
[INFO] [stdout] test resolve::params::tests::supports_entry_main_rest_args_with_separate_marker ... ok
[INFO] [stdout] test types::parser::tests::parses_lifetime_names_as_type_tokens ... ok
[INFO] [stdout] test workspace::checks::tests::core::rejects_missing_entry_main ... ok
[INFO] [stdout] test workspace::checks::tests::core::rejects_ambiguous_refer_names ... ok
[INFO] [stdout] test parser::terms::tests::parses_raw_byte_string_literal ... ok
[INFO] [stdout] test workspace::checks::tests::core::rejects_private_entry_main ... ok
[INFO] [stdout] test workspace::checks::tests::core::validates_normalized_refer_names ... ok
[INFO] [stdout] test workspace::checks::tests::privacy::rejects_private_struct_refer_targets ... ok
[INFO] [stdout] test workspace::checks::tests::privacy::rejects_private_const_refer_targets ... ok
[INFO] [stdout] test parser::token::tests::no_hash_in_negative_number_parsing ... ok
[INFO] [stdout] test resolve::collector::tests::normalizes_declaration_names_and_collides ... ok
[INFO] [stdout] test parser::terms::tests::parses_raw_string_literal ... ok
[INFO] [stdout] test workspace::checks::tests::core::rejects_require_cycles ... ok
[INFO] [stdout] test resolve::collector::tests::normalizes_enum_variants_and_struct_fields ... ok
[INFO] [stdout] test parser::token::tests::hash_is_not_accepted_inside_tokens ... ok
[INFO] [stdout] test resolve::params::tests::supports_mutable_binding_marker ... ok
[INFO] [stdout] test types::parser::tests::parses_reference_markers ... ok
[INFO] [stdout] test workspace::checks::tests::privacy::rejects_private_enum_refer_targets ... ok
[INFO] [stdout] test parser::terms::tests::parses_static_lifetime_token ... ok
[INFO] [stdout] test workspace::compile::tests::allows_non_src_namespace_names ... FAILED
[INFO] [stdout] test workspace::compile::tests::keeps_declared_dependency_names ... FAILED
[INFO] [stdout] test workspace::compile::tests::compiles_two_file_project ... FAILED
[INFO] [stdout] test workspace::compile::tests::preserves_string_prefixes_in_generated_source ... FAILED
[INFO] [stdout] test workspace::checks::tests::privacy::rejects_private_refer_targets ... ok
[INFO] [stdout] test workspace::compile::tests::generates_runner_for_entry_main_variadic_args ... FAILED
[INFO] [stdout] test workspace::compile::tests::rejects_namespace_path_mismatch ... FAILED
[INFO] [stdout] test workspace::compile::tests::normalizes_require_references ... FAILED
[INFO] [stdout] test workspace::names::tests::expected_namespace_prefers_segments_after_src ... FAILED
[INFO] [stdout] test workspace::compile::tests::generates_runner_for_entry_main_positional_args ... FAILED
[INFO] [stdout] test workspace::compile::tests::preserves_hyphenated_use_paths ... FAILED
[INFO] [stdout] test workspace::compile::tests::allows_nearly_cased_dependency_names ... FAILED
[INFO] [stdout] 
[INFO] [stdout] failures:
[INFO] [stdout] 
[INFO] [stdout] ---- workspace::compile::tests::allows_non_src_namespace_names stdout ----
[INFO] [stdout] 
[INFO] [stdout] thread 'workspace::compile::tests::allows_non_src_namespace_names' (443) panicked at src/workspace/compile/tests.rs:147:53:
[INFO] [stdout] called `Result::unwrap()` on an `Err` value: Os { code: 30, kind: ReadOnlyFilesystem, message: "Read-only file system" }
[INFO] [stdout] stack backtrace:
[INFO] [stdout]    0:     0x5b65e5fb4641 - <<std[617be2ca0a6fd877]::sys::backtrace::BacktraceLock>::print::DisplayBacktrace as core[a373ad73a504971]::fmt::Display>::fmt
[INFO] [stdout]    1:     0x5b65e5fc946a - core[a373ad73a504971]::fmt::write
[INFO] [stdout]    2:     0x5b65e5fb8b4c - <alloc[2e1b2a31b91974c5]::vec::Vec<u8> as core[a373ad73a504971]::io::write::Write>::write_fmt
[INFO] [stdout]    3:     0x5b65e5f8ea76 - std[617be2ca0a6fd877]::panicking::default_hook::{closure#0}
[INFO] [stdout]    4:     0x5b65e5fabd29 - std[617be2ca0a6fd877]::panicking::default_hook
[INFO] [stdout]    5:     0x5b65e5f46b70 - test[aada8e7e76ba119b]::test_main_inner::{closure#0}
[INFO] [stdout]    6:     0x5b65e5fabee2 - std[617be2ca0a6fd877]::panicking::panic_with_hook
[INFO] [stdout]    7:     0x5b65e5f8eb22 - std[617be2ca0a6fd877]::panicking::panic_handler::{closure#0}
[INFO] [stdout]    8:     0x5b65e5f874e9 - std[617be2ca0a6fd877]::sys::backtrace::__rust_end_short_backtrace::<std[617be2ca0a6fd877]::panicking::panic_handler::{closure#0}, !>
[INFO] [stdout]    9:     0x5b65e5f8f72d - __rustc[ea4f61d10b84890b]::rust_begin_unwind
[INFO] [stdout]   10:     0x5b65e5fc9b9c - core[a373ad73a504971]::panicking::panic_fmt
[INFO] [stdout]   11:     0x5b65e5fc9972 - core[a373ad73a504971]::result::unwrap_failed
[INFO] [stdout]   12:     0x5b65e5f07b63 - crablisp[e77271ecfb3c0d12]::workspace::compile::tests::create_file
[INFO] [stdout]   13:     0x5b65e5f0a35d - <crablisp[e77271ecfb3c0d12]::workspace::compile::tests::allows_non_src_namespace_names::{closure#0} as core[a373ad73a504971]::ops::function::FnOnce<()>>::call_once
[INFO] [stdout]   14:     0x5b65e5f39fbb - test[aada8e7e76ba119b]::__rust_begin_short_backtrace::<core[a373ad73a504971]::result::Result<(), alloc[2e1b2a31b91974c5]::string::String>, fn() -> core[a373ad73a504971]::result::Result<(), alloc[2e1b2a31b91974c5]::string::String>>
[INFO] [stdout]   15:     0x5b65e5f47195 - test[aada8e7e76ba119b]::run_test::{closure#0}
[INFO] [stdout]   16:     0x5b65e5f40a84 - std[617be2ca0a6fd877]::sys::backtrace::__rust_begin_short_backtrace::<test[aada8e7e76ba119b]::run_test::{closure#1}, ()>
[INFO] [stdout]   17:     0x5b65e5f4a222 - <std[617be2ca0a6fd877]::thread::lifecycle::spawn_unchecked<test[aada8e7e76ba119b]::run_test::{closure#1}, ()>::{closure#1} as core[a373ad73a504971]::ops::function::FnOnce<()>>::call_once::{shim:vtable#0}
[INFO] [stdout]   18:     0x5b65e5fb395f - <std[617be2ca0a6fd877]::sys::thread::unix::Thread>::new::thread_start
[INFO] [stdout]   19:     0x72374cd1edfa - <unknown>
[INFO] [stdout]   20:     0x72374cdb23d4 - clone
[INFO] [stdout]   21:                0x0 - <unknown>
[INFO] [stdout] 
[INFO] [stdout] ---- workspace::compile::tests::keeps_declared_dependency_names stdout ----
[INFO] [stdout] 
[INFO] [stdout] thread 'workspace::compile::tests::keeps_declared_dependency_names' (447) panicked at src/workspace/compile/tests.rs:147:53:
[INFO] [stdout] called `Result::unwrap()` on an `Err` value: Os { code: 30, kind: ReadOnlyFilesystem, message: "Read-only file system" }
[INFO] [stdout] stack backtrace:
[INFO] [stdout]    0:     0x5b65e5fb4641 - <<std[617be2ca0a6fd877]::sys::backtrace::BacktraceLock>::print::DisplayBacktrace as core[a373ad73a504971]::fmt::Display>::fmt
[INFO] [stdout]    1:     0x5b65e5fc946a - core[a373ad73a504971]::fmt::write
[INFO] [stdout]    2:     0x5b65e5fb8b4c - <alloc[2e1b2a31b91974c5]::vec::Vec<u8> as core[a373ad73a504971]::io::write::Write>::write_fmt
[INFO] [stdout]    3:     0x5b65e5f8ea76 - std[617be2ca0a6fd877]::panicking::default_hook::{closure#0}
[INFO] [stdout]    4:     0x5b65e5fabd29 - std[617be2ca0a6fd877]::panicking::default_hook
[INFO] [stdout]    5:     0x5b65e5f46b70 - test[aada8e7e76ba119b]::test_main_inner::{closure#0}
[INFO] [stdout]    6:     0x5b65e5fabee2 - std[617be2ca0a6fd877]::panicking::panic_with_hook
[INFO] [stdout]    7:     0x5b65e5f8eb22 - std[617be2ca0a6fd877]::panicking::panic_handler::{closure#0}
[INFO] [stdout]    8:     0x5b65e5f874e9 - std[617be2ca0a6fd877]::sys::backtrace::__rust_end_short_backtrace::<std[617be2ca0a6fd877]::panicking::panic_handler::{closure#0}, !>
[INFO] [stdout]    9:     0x5b65e5f8f72d - __rustc[ea4f61d10b84890b]::rust_begin_unwind
[INFO] [stdout]   10:     0x5b65e5fc9b9c - core[a373ad73a504971]::panicking::panic_fmt
[INFO] [stdout]   11:     0x5b65e5fc9972 - core[a373ad73a504971]::result::unwrap_failed
[INFO] [stdout]   12:     0x5b65e5f07b63 - crablisp[e77271ecfb3c0d12]::workspace::compile::tests::create_file
[INFO] [stdout]   13:     0x5b65e5f0a751 - <crablisp[e77271ecfb3c0d12]::workspace::compile::tests::keeps_declared_dependency_names::{closure#0} as core[a373ad73a504971]::ops::function::FnOnce<()>>::call_once
[INFO] [stdout]   14:     0x5b65e5f39fbb - test[aada8e7e76ba119b]::__rust_begin_short_backtrace::<core[a373ad73a504971]::result::Result<(), alloc[2e1b2a31b91974c5]::string::String>, fn() -> core[a373ad73a504971]::result::Result<(), alloc[2e1b2a31b91974c5]::string::String>>
[INFO] [stdout]   15:     0x5b65e5f47195 - test[aada8e7e76ba119b]::run_test::{closure#0}
[INFO] [stdout]   16:     0x5b65e5f40a84 - std[617be2ca0a6fd877]::sys::backtrace::__rust_begin_short_backtrace::<test[aada8e7e76ba119b]::run_test::{closure#1}, ()>
[INFO] [stdout]   17:     0x5b65e5f4a222 - <std[617be2ca0a6fd877]::thread::lifecycle::spawn_unchecked<test[aada8e7e76ba119b]::run_test::{closure#1}, ()>::{closure#1} as core[a373ad73a504971]::ops::function::FnOnce<()>>::call_once::{shim:vtable#0}
[INFO] [stdout]   18:     0x5b65e5fb395f - <std[617be2ca0a6fd877]::sys::thread::unix::Thread>::new::thread_start
[INFO] [stdout]   19:     0x72374cd1edfa - <unknown>
[INFO] [stdout]   20:     0x72374cdb23d4 - clone
[INFO] [stdout]   21:                0x0 - <unknown>
[INFO] [stdout] 
[INFO] [stdout] ---- workspace::compile::tests::compiles_two_file_project stdout ----
[INFO] [stdout] 
[INFO] [stdout] thread 'workspace::compile::tests::compiles_two_file_project' (444) panicked at src/workspace/compile/tests.rs:28:53:
[INFO] [stdout] called `Result::unwrap()` on an `Err` value: Os { code: 30, kind: ReadOnlyFilesystem, message: "Read-only file system" }
[INFO] [stdout] stack backtrace:
[INFO] [stdout]    0:     0x5b65e5fb4641 - <<std[617be2ca0a6fd877]::sys::backtrace::BacktraceLock>::print::DisplayBacktrace as core[a373ad73a504971]::fmt::Display>::fmt
[INFO] [stdout]    1:     0x5b65e5fc946a - core[a373ad73a504971]::fmt::write
[INFO] [stdout]    2:     0x5b65e5fb8b4c - <alloc[2e1b2a31b91974c5]::vec::Vec<u8> as core[a373ad73a504971]::io::write::Write>::write_fmt
[INFO] [stdout]    3:     0x5b65e5f8ea76 - std[617be2ca0a6fd877]::panicking::default_hook::{closure#0}
[INFO] [stdout]    4:     0x5b65e5fabd29 - std[617be2ca0a6fd877]::panicking::default_hook
[INFO] [stdout]    5:     0x5b65e5f46b70 - test[aada8e7e76ba119b]::test_main_inner::{closure#0}
[INFO] [stdout]    6:     0x5b65e5fabee2 - std[617be2ca0a6fd877]::panicking::panic_with_hook
[INFO] [stdout]    7:     0x5b65e5f8eb22 - std[617be2ca0a6fd877]::panicking::panic_handler::{closure#0}
[INFO] [stdout]    8:     0x5b65e5f874e9 - std[617be2ca0a6fd877]::sys::backtrace::__rust_end_short_backtrace::<std[617be2ca0a6fd877]::panicking::panic_handler::{closure#0}, !>
[INFO] [stdout]    9:     0x5b65e5f8f72d - __rustc[ea4f61d10b84890b]::rust_begin_unwind
[INFO] [stdout]   10:     0x5b65e5fc9b9c - core[a373ad73a504971]::panicking::panic_fmt
[INFO] [stdout]   11:     0x5b65e5fc9972 - core[a373ad73a504971]::result::unwrap_failed
[INFO] [stdout]   12:     0x5b65e5f09d10 - <crablisp[e77271ecfb3c0d12]::workspace::compile::tests::compiles_two_file_project::{closure#0} as core[a373ad73a504971]::ops::function::FnOnce<()>>::call_once
[INFO] [stdout]   13:     0x5b65e5f39fbb - test[aada8e7e76ba119b]::__rust_begin_short_backtrace::<core[a373ad73a504971]::result::Result<(), alloc[2e1b2a31b91974c5]::string::String>, fn() -> core[a373ad73a504971]::result::Result<(), alloc[2e1b2a31b91974c5]::string::String>>
[INFO] [stdout]   14:     0x5b65e5f47195 - test[aada8e7e76ba119b]::run_test::{closure#0}
[INFO] [stdout]   15:     0x5b65e5f40a84 - std[617be2ca0a6fd877]::sys::backtrace::__rust_begin_short_backtrace::<test[aada8e7e76ba119b]::run_test::{closure#1}, ()>
[INFO] [stdout]   16:     0x5b65e5f4a222 - <std[617be2ca0a6fd877]::thread::lifecycle::spawn_unchecked<test[aada8e7e76ba119b]::run_test::{closure#1}, ()>::{closure#1} as core[a373ad73a504971]::ops::function::FnOnce<()>>::call_once::{shim:vtable#0}
[INFO] [stdout]   17:     0x5b65e5fb395f - <std[617be2ca0a6fd877]::sys::thread::unix::Thread>::new::thread_start
[INFO] [stdout]   18:     0x72374cd1edfa - <unknown>
[INFO] [stdout]   19:     0x72374cdb23d4 - clone
[INFO] [stdout]   20:                0x0 - <unknown>
[INFO] [stdout] 
[INFO] [stdout] ---- workspace::compile::tests::preserves_string_prefixes_in_generated_source stdout ----
[INFO] [stdout] 
[INFO] [stdout] thread 'workspace::compile::tests::preserves_string_prefixes_in_generated_source' (450) panicked at src/workspace/compile/tests.rs:49:53:
[INFO] [stdout] called `Result::unwrap()` on an `Err` value: Os { code: 30, kind: ReadOnlyFilesystem, message: "Read-only file system" }
[INFO] [stdout] stack backtrace:
[INFO] [stdout]    0:     0x5b65e5fb4641 - <<std[617be2ca0a6fd877]::sys::backtrace::BacktraceLock>::print::DisplayBacktrace as core[a373ad73a504971]::fmt::Display>::fmt
[INFO] [stdout]    1:     0x5b65e5fc946a - core[a373ad73a504971]::fmt::write
[INFO] [stdout]    2:     0x5b65e5fb8b4c - <alloc[2e1b2a31b91974c5]::vec::Vec<u8> as core[a373ad73a504971]::io::write::Write>::write_fmt
[INFO] [stdout]    3:     0x5b65e5f8ea76 - std[617be2ca0a6fd877]::panicking::default_hook::{closure#0}
[INFO] [stdout]    4:     0x5b65e5fabd29 - std[617be2ca0a6fd877]::panicking::default_hook
[INFO] [stdout]    5:     0x5b65e5f46b70 - test[aada8e7e76ba119b]::test_main_inner::{closure#0}
[INFO] [stdout]    6:     0x5b65e5fabee2 - std[617be2ca0a6fd877]::panicking::panic_with_hook
[INFO] [stdout]    7:     0x5b65e5f8eb22 - std[617be2ca0a6fd877]::panicking::panic_handler::{closure#0}
[INFO] [stdout]    8:     0x5b65e5f874e9 - std[617be2ca0a6fd877]::sys::backtrace::__rust_end_short_backtrace::<std[617be2ca0a6fd877]::panicking::panic_handler::{closure#0}, !>
[INFO] [stdout]    9:     0x5b65e5f8f72d - __rustc[ea4f61d10b84890b]::rust_begin_unwind
[INFO] [stdout]   10:     0x5b65e5fc9b9c - core[a373ad73a504971]::panicking::panic_fmt
[INFO] [stdout]   11:     0x5b65e5fc9972 - core[a373ad73a504971]::result::unwrap_failed
[INFO] [stdout]   12:     0x5b65e5f0b5b6 - <crablisp[e77271ecfb3c0d12]::workspace::compile::tests::preserves_string_prefixes_in_generated_source::{closure#0} as core[a373ad73a504971]::ops::function::FnOnce<()>>::call_once
[INFO] [stdout]   13:     0x5b65e5f39fbb - test[aada8e7e76ba119b]::__rust_begin_short_backtrace::<core[a373ad73a504971]::result::Result<(), alloc[2e1b2a31b91974c5]::string::String>, fn() -> core[a373ad73a504971]::result::Result<(), alloc[2e1b2a31b91974c5]::string::String>>
[INFO] [stdout]   14:     0x5b65e5f47195 - test[aada8e7e76ba119b]::run_test::{closure#0}
[INFO] [stdout]   15:     0x5b65e5f40a84 - std[617be2ca0a6fd877]::sys::backtrace::__rust_begin_short_backtrace::<test[aada8e7e76ba119b]::run_test::{closure#1}, ()>
[INFO] [stdout]   16:     0x5b65e5f4a222 - <std[617be2ca0a6fd877]::thread::lifecycle::spawn_unchecked<test[aada8e7e76ba119b]::run_test::{closure#1}, ()>::{closure#1} as core[a373ad73a504971]::ops::function::FnOnce<()>>::call_once::{shim:vtable#0}
[INFO] [stdout]   17:     0x5b65e5fb395f - <std[617be2ca0a6fd877]::sys::thread::unix::Thread>::new::thread_start
[INFO] [stdout]   18:     0x72374cd1edfa - <unknown>
[INFO] [stdout]   19:     0x72374cdb23d4 - clone
[INFO] [stdout]   20:                0x0 - <unknown>
[INFO] [stdout] 
[INFO] [stdout] ---- workspace::compile::tests::generates_runner_for_entry_main_variadic_args stdout ----
[INFO] [stdout] 
[INFO] [stdout] thread 'workspace::compile::tests::generates_runner_for_entry_main_variadic_args' (446) panicked at src/workspace/compile/tests.rs:147:53:
[INFO] [stdout] called `Result::unwrap()` on an `Err` value: Os { code: 30, kind: ReadOnlyFilesystem, message: "Read-only file system" }
[INFO] [stdout] stack backtrace:
[INFO] [stdout]    0:     0x5b65e5fb4641 - <<std[617be2ca0a6fd877]::sys::backtrace::BacktraceLock>::print::DisplayBacktrace as core[a373ad73a504971]::fmt::Display>::fmt
[INFO] [stdout]    1:     0x5b65e5fc946a - core[a373ad73a504971]::fmt::write
[INFO] [stdout]    2:     0x5b65e5fb8b4c - <alloc[2e1b2a31b91974c5]::vec::Vec<u8> as core[a373ad73a504971]::io::write::Write>::write_fmt
[INFO] [stdout]    3:     0x5b65e5f8ea76 - std[617be2ca0a6fd877]::panicking::default_hook::{closure#0}
[INFO] [stdout]    4:     0x5b65e5fabd29 - std[617be2ca0a6fd877]::panicking::default_hook
[INFO] [stdout]    5:     0x5b65e5f46b70 - test[aada8e7e76ba119b]::test_main_inner::{closure#0}
[INFO] [stdout]    6:     0x5b65e5fabee2 - std[617be2ca0a6fd877]::panicking::panic_with_hook
[INFO] [stdout]    7:     0x5b65e5f8eb22 - std[617be2ca0a6fd877]::panicking::panic_handler::{closure#0}
[INFO] [stdout]    8:     0x5b65e5f874e9 - std[617be2ca0a6fd877]::sys::backtrace::__rust_end_short_backtrace::<std[617be2ca0a6fd877]::panicking::panic_handler::{closure#0}, !>
[INFO] [stdout]    9:     0x5b65e5f8f72d - __rustc[ea4f61d10b84890b]::rust_begin_unwind
[INFO] [stdout]   10:     0x5b65e5fc9b9c - core[a373ad73a504971]::panicking::panic_fmt
[INFO] [stdout]   11:     0x5b65e5fc9972 - core[a373ad73a504971]::result::unwrap_failed
[INFO] [stdout]   12:     0x5b65e5f07b63 - crablisp[e77271ecfb3c0d12]::workspace::compile::tests::create_file
[INFO] [stdout]   13:     0x5b65e5f0ad6a - <crablisp[e77271ecfb3c0d12]::workspace::compile::tests::generates_runner_for_entry_main_variadic_args::{closure#0} as core[a373ad73a504971]::ops::function::FnOnce<()>>::call_once
[INFO] [stdout]   14:     0x5b65e5f39fbb - test[aada8e7e76ba119b]::__rust_begin_short_backtrace::<core[a373ad73a504971]::result::Result<(), alloc[2e1b2a31b91974c5]::string::String>, fn() -> core[a373ad73a504971]::result::Result<(), alloc[2e1b2a31b91974c5]::string::String>>
[INFO] [stdout]   15:     0x5b65e5f47195 - test[aada8e7e76ba119b]::run_test::{closure#0}
[INFO] [stdout]   16:     0x5b65e5f40a84 - std[617be2ca0a6fd877]::sys::backtrace::__rust_begin_short_backtrace::<test[aada8e7e76ba119b]::run_test::{closure#1}, ()>
[INFO] [stdout]   17:     0x5b65e5f4a222 - <std[617be2ca0a6fd877]::thread::lifecycle::spawn_unchecked<test[aada8e7e76ba119b]::run_test::{closure#1}, ()>::{closure#1} as core[a373ad73a504971]::ops::function::FnOnce<()>>::call_once::{shim:vtable#0}
[INFO] [stdout]   18:     0x5b65e5fb395f - <std[617be2ca0a6fd877]::sys::thread::unix::Thread>::new::thread_start
[INFO] [stdout]   19:     0x72374cd1edfa - <unknown>
[INFO] [stdout]   20:     0x72374cdb23d4 - clone
[INFO] [stdout]   21:                0x0 - <unknown>
[INFO] [stdout] 
[INFO] [stdout] ---- workspace::compile::tests::rejects_namespace_path_mismatch stdout ----
[INFO] [stdout] 
[INFO] [stdout] thread 'workspace::compile::tests::rejects_namespace_path_mismatch' (451) panicked at src/workspace/compile/tests.rs:147:53:
[INFO] [stdout] called `Result::unwrap()` on an `Err` value: Os { code: 30, kind: ReadOnlyFilesystem, message: "Read-only file system" }
[INFO] [stdout] stack backtrace:
[INFO] [stdout]    0:     0x5b65e5fb4641 - <<std[617be2ca0a6fd877]::sys::backtrace::BacktraceLock>::print::DisplayBacktrace as core[a373ad73a504971]::fmt::Display>::fmt
[INFO] [stdout]    1:     0x5b65e5fc946a - core[a373ad73a504971]::fmt::write
[INFO] [stdout]    2:     0x5b65e5fb8b4c - <alloc[2e1b2a31b91974c5]::vec::Vec<u8> as core[a373ad73a504971]::io::write::Write>::write_fmt
[INFO] [stdout]    3:     0x5b65e5f8ea76 - std[617be2ca0a6fd877]::panicking::default_hook::{closure#0}
[INFO] [stdout]    4:     0x5b65e5fabd29 - std[617be2ca0a6fd877]::panicking::default_hook
[INFO] [stdout]    5:     0x5b65e5f46b70 - test[aada8e7e76ba119b]::test_main_inner::{closure#0}
[INFO] [stdout]    6:     0x5b65e5fabee2 - std[617be2ca0a6fd877]::panicking::panic_with_hook
[INFO] [stdout]    7:     0x5b65e5f8eb22 - std[617be2ca0a6fd877]::panicking::panic_handler::{closure#0}
[INFO] [stdout]    8:     0x5b65e5f874e9 - std[617be2ca0a6fd877]::sys::backtrace::__rust_end_short_backtrace::<std[617be2ca0a6fd877]::panicking::panic_handler::{closure#0}, !>
[INFO] [stdout]    9:     0x5b65e5f8f72d - __rustc[ea4f61d10b84890b]::rust_begin_unwind
[INFO] [stdout]   10:     0x5b65e5fc9b9c - core[a373ad73a504971]::panicking::panic_fmt
[INFO] [stdout]   11:     0x5b65e5fc9972 - core[a373ad73a504971]::result::unwrap_failed
[INFO] [stdout]   12:     0x5b65e5f07b63 - crablisp[e77271ecfb3c0d12]::workspace::compile::tests::create_file
[INFO] [stdout]   13:     0x5b65e5f0a9e4 - <crablisp[e77271ecfb3c0d12]::workspace::compile::tests::rejects_namespace_path_mismatch::{closure#0} as core[a373ad73a504971]::ops::function::FnOnce<()>>::call_once
[INFO] [stdout]   14:     0x5b65e5f39fbb - test[aada8e7e76ba119b]::__rust_begin_short_backtrace::<core[a373ad73a504971]::result::Result<(), alloc[2e1b2a31b91974c5]::string::String>, fn() -> core[a373ad73a504971]::result::Result<(), alloc[2e1b2a31b91974c5]::string::String>>
[INFO] [stdout]   15:     0x5b65e5f47195 - test[aada8e7e76ba119b]::run_test::{closure#0}
[INFO] [stdout]   16:     0x5b65e5f40a84 - std[617be2ca0a6fd877]::sys::backtrace::__rust_begin_short_backtrace::<test[aada8e7e76ba119b]::run_test::{closure#1}, ()>
[INFO] [stdout]   17:     0x5b65e5f4a222 - <std[617be2ca0a6fd877]::thread::lifecycle::spawn_unchecked<test[aada8e7e76ba119b]::run_test::{closure#1}, ()>::{closure#1} as core[a373ad73a504971]::ops::function::FnOnce<()>>::call_once::{shim:vtable#0}
[INFO] [stdout]   18:     0x5b65e5fb395f - <std[617be2ca0a6fd877]::sys::thread::unix::Thread>::new::thread_start
[INFO] [stdout]   19:     0x72374cd1edfa - <unknown>
[INFO] [stdout]   20:     0x72374cdb23d4 - clone
[INFO] [stdout]   21:                0x0 - <unknown>
[INFO] [stdout] 
[INFO] [stdout] ---- workspace::compile::tests::normalizes_require_references stdout ----
[INFO] [stdout] 
[INFO] [stdout] thread 'workspace::compile::tests::normalizes_require_references' (448) panicked at src/workspace/compile/tests.rs:68:53:
[INFO] [stdout] called `Result::unwrap()` on an `Err` value: Os { code: 30, kind: ReadOnlyFilesystem, message: "Read-only file system" }
[INFO] [stdout] stack backtrace:
[INFO] [stdout]    0:     0x5b65e5fb4641 - <<std[617be2ca0a6fd877]::sys::backtrace::BacktraceLock>::print::DisplayBacktrace as core[a373ad73a504971]::fmt::Display>::fmt
[INFO] [stdout]    1:     0x5b65e5fc946a - core[a373ad73a504971]::fmt::write
[INFO] [stdout]    2:     0x5b65e5fb8b4c - <alloc[2e1b2a31b91974c5]::vec::Vec<u8> as core[a373ad73a504971]::io::write::Write>::write_fmt
[INFO] [stdout]    3:     0x5b65e5f8ea76 - std[617be2ca0a6fd877]::panicking::default_hook::{closure#0}
[INFO] [stdout]    4:     0x5b65e5fabd29 - std[617be2ca0a6fd877]::panicking::default_hook
[INFO] [stdout]    5:     0x5b65e5f46b70 - test[aada8e7e76ba119b]::test_main_inner::{closure#0}
[INFO] [stdout]    6:     0x5b65e5fabee2 - std[617be2ca0a6fd877]::panicking::panic_with_hook
[INFO] [stdout]    7:     0x5b65e5f8eb22 - std[617be2ca0a6fd877]::panicking::panic_handler::{closure#0}
[INFO] [stdout]    8:     0x5b65e5f874e9 - std[617be2ca0a6fd877]::sys::backtrace::__rust_end_short_backtrace::<std[617be2ca0a6fd877]::panicking::panic_handler::{closure#0}, !>
[INFO] [stdout]    9:     0x5b65e5f8f72d - __rustc[ea4f61d10b84890b]::rust_begin_unwind
[INFO] [stdout]   10:     0x5b65e5fc9b9c - core[a373ad73a504971]::panicking::panic_fmt
[INFO] [stdout]   11:     0x5b65e5fc9972 - core[a373ad73a504971]::result::unwrap_failed
[INFO] [stdout]   12:     0x5b65e5f0a150 - <crablisp[e77271ecfb3c0d12]::workspace::compile::tests::normalizes_require_references::{closure#0} as core[a373ad73a504971]::ops::function::FnOnce<()>>::call_once
[INFO] [stdout]   13:     0x5b65e5f39fbb - test[aada8e7e76ba119b]::__rust_begin_short_backtrace::<core[a373ad73a504971]::result::Result<(), alloc[2e1b2a31b91974c5]::string::String>, fn() -> core[a373ad73a504971]::result::Result<(), alloc[2e1b2a31b91974c5]::string::String>>
[INFO] [stdout]   14:     0x5b65e5f47195 - test[aada8e7e76ba119b]::run_test::{closure#0}
[INFO] [stdout]   15:     0x5b65e5f40a84 - std[617be2ca0a6fd877]::sys::backtrace::__rust_begin_short_backtrace::<test[aada8e7e76ba119b]::run_test::{closure#1}, ()>
[INFO] [stdout]   16:     0x5b65e5f4a222 - <std[617be2ca0a6fd877]::thread::lifecycle::spawn_unchecked<test[aada8e7e76ba119b]::run_test::{closure#1}, ()>::{closure#1} as core[a373ad73a504971]::ops::function::FnOnce<()>>::call_once::{shim:vtable#0}
[INFO] [stdout]   17:     0x5b65e5fb395f - <std[617be2ca0a6fd877]::sys::thread::unix::Thread>::new::thread_start
[INFO] [stdout]   18:     0x72374cd1edfa - <unknown>
[INFO] [stdout]   19:     0x72374cdb23d4 - clone
[INFO] [stdout]   20:                0x0 - <unknown>
[INFO] [stdout] 
[INFO] [stdout] ---- workspace::names::tests::expected_namespace_prefers_segments_after_src stdout ----
[INFO] [stdout] 
[INFO] [stdout] thread 'workspace::names::tests::expected_namespace_prefers_segments_after_src' (452) panicked at src/workspace/names.rs:65:57:
[INFO] [stdout] called `Result::unwrap()` on an `Err` value: Os { code: 30, kind: ReadOnlyFilesystem, message: "Read-only file system" }
[INFO] [stdout] stack backtrace:
[INFO] [stdout]    0:     0x5b65e5fb4641 - <<std[617be2ca0a6fd877]::sys::backtrace::BacktraceLock>::print::DisplayBacktrace as core[a373ad73a504971]::fmt::Display>::fmt
[INFO] [stdout]    1:     0x5b65e5fc946a - core[a373ad73a504971]::fmt::write
[INFO] [stdout]    2:     0x5b65e5fb8b4c - <alloc[2e1b2a31b91974c5]::vec::Vec<u8> as core[a373ad73a504971]::io::write::Write>::write_fmt
[INFO] [stdout]    3:     0x5b65e5f8ea76 - std[617be2ca0a6fd877]::panicking::default_hook::{closure#0}
[INFO] [stdout]    4:     0x5b65e5fabd29 - std[617be2ca0a6fd877]::panicking::default_hook
[INFO] [stdout]    5:     0x5b65e5f46b70 - test[aada8e7e76ba119b]::test_main_inner::{closure#0}
[INFO] [stdout]    6:     0x5b65e5fabee2 - std[617be2ca0a6fd877]::panicking::panic_with_hook
[INFO] [stdout]    7:     0x5b65e5f8eb22 - std[617be2ca0a6fd877]::panicking::panic_handler::{closure#0}
[INFO] [stdout]    8:     0x5b65e5f874e9 - std[617be2ca0a6fd877]::sys::backtrace::__rust_end_short_backtrace::<std[617be2ca0a6fd877]::panicking::panic_handler::{closure#0}, !>
[INFO] [stdout]    9:     0x5b65e5f8f72d - __rustc[ea4f61d10b84890b]::rust_begin_unwind
[INFO] [stdout]   10:     0x5b65e5fc9b9c - core[a373ad73a504971]::panicking::panic_fmt
[INFO] [stdout]   11:     0x5b65e5fc9972 - core[a373ad73a504971]::result::unwrap_failed
[INFO] [stdout]   12:     0x5b65e5f0994d - <crablisp[e77271ecfb3c0d12]::workspace::names::tests::expected_namespace_prefers_segments_after_src::{closure#0} as core[a373ad73a504971]::ops::function::FnOnce<()>>::call_once
[INFO] [stdout]   13:     0x5b65e5f39fbb - test[aada8e7e76ba119b]::__rust_begin_short_backtrace::<core[a373ad73a504971]::result::Result<(), alloc[2e1b2a31b91974c5]::string::String>, fn() -> core[a373ad73a504971]::result::Result<(), alloc[2e1b2a31b91974c5]::string::String>>
[INFO] [stdout]   14:     0x5b65e5f47195 - test[aada8e7e76ba119b]::run_test::{closure#0}
[INFO] [stdout]   15:     0x5b65e5f40a84 - std[617be2ca0a6fd877]::sys::backtrace::__rust_begin_short_backtrace::<test[aada8e7e76ba119b]::run_test::{closure#1}, ()>
[INFO] [stdout]   16:     0x5b65e5f4a222 - <std[617be2ca0a6fd877]::thread::lifecycle::spawn_unchecked<test[aada8e7e76ba119b]::run_test::{closure#1}, ()>::{closure#1} as core[a373ad73a504971]::ops::function::FnOnce<()>>::call_once::{shim:vtable#0}
[INFO] [stdout]   17:     0x5b65e5fb395f - <std[617be2ca0a6fd877]::sys::thread::unix::Thread>::new::thread_start
[INFO] [stdout]   18:     0x72374cd1edfa - <unknown>
[INFO] [stdout]   19:     0x72374cdb23d4 - clone
[INFO] [stdout]   20:                0x0 - <unknown>
[INFO] [stdout] 
[INFO] [stdout] ---- workspace::compile::tests::generates_runner_for_entry_main_positional_args stdout ----
[INFO] [stdout] 
[INFO] [stdout] thread 'workspace::compile::tests::generates_runner_for_entry_main_positional_args' (445) panicked at src/workspace/compile/tests.rs:147:53:
[INFO] [stdout] called `Result::unwrap()` on an `Err` value: Os { code: 30, kind: ReadOnlyFilesystem, message: "Read-only file system" }
[INFO] [stdout] stack backtrace:
[INFO] [stdout]    0:     0x5b65e5fb4641 - <<std[617be2ca0a6fd877]::sys::backtrace::BacktraceLock>::print::DisplayBacktrace as core[a373ad73a504971]::fmt::Display>::fmt
[INFO] [stdout]    1:     0x5b65e5fc946a - core[a373ad73a504971]::fmt::write
[INFO] [stdout]    2:     0x5b65e5fb8b4c - <alloc[2e1b2a31b91974c5]::vec::Vec<u8> as core[a373ad73a504971]::io::write::Write>::write_fmt
[INFO] [stdout]    3:     0x5b65e5f8ea76 - std[617be2ca0a6fd877]::panicking::default_hook::{closure#0}
[INFO] [stdout]    4:     0x5b65e5fabd29 - std[617be2ca0a6fd877]::panicking::default_hook
[INFO] [stdout]    5:     0x5b65e5f46b70 - test[aada8e7e76ba119b]::test_main_inner::{closure#0}
[INFO] [stdout]    6:     0x5b65e5fabee2 - std[617be2ca0a6fd877]::panicking::panic_with_hook
[INFO] [stdout]    7:     0x5b65e5f8eb22 - std[617be2ca0a6fd877]::panicking::panic_handler::{closure#0}
[INFO] [stdout]    8:     0x5b65e5f874e9 - std[617be2ca0a6fd877]::sys::backtrace::__rust_end_short_backtrace::<std[617be2ca0a6fd877]::panicking::panic_handler::{closure#0}, !>
[INFO] [stdout]    9:     0x5b65e5f8f72d - __rustc[ea4f61d10b84890b]::rust_begin_unwind
[INFO] [stdout]   10:     0x5b65e5fc9b9c - core[a373ad73a504971]::panicking::panic_fmt
[INFO] [stdout]   11:     0x5b65e5fc9972 - core[a373ad73a504971]::result::unwrap_failed
[INFO] [stdout]   12:     0x5b65e5f07b63 - crablisp[e77271ecfb3c0d12]::workspace::compile::tests::create_file
[INFO] [stdout]   13:     0x5b65e5f0b86a - <crablisp[e77271ecfb3c0d12]::workspace::compile::tests::generates_runner_for_entry_main_positional_args::{closure#0} as core[a373ad73a504971]::ops::function::FnOnce<()>>::call_once
[INFO] [stdout]   14:     0x5b65e5f39fbb - test[aada8e7e76ba119b]::__rust_begin_short_backtrace::<core[a373ad73a504971]::result::Result<(), alloc[2e1b2a31b91974c5]::string::String>, fn() -> core[a373ad73a504971]::result::Result<(), alloc[2e1b2a31b91974c5]::string::String>>
[INFO] [stdout]   15:     0x5b65e5f47195 - test[aada8e7e76ba119b]::run_test::{closure#0}
[INFO] [stdout]   16:     0x5b65e5f40a84 - std[617be2ca0a6fd877]::sys::backtrace::__rust_begin_short_backtrace::<test[aada8e7e76ba119b]::run_test::{closure#1}, ()>
[INFO] [stdout]   17:     0x5b65e5f4a222 - <std[617be2ca0a6fd877]::thread::lifecycle::spawn_unchecked<test[aada8e7e76ba119b]::run_test::{closure#1}, ()>::{closure#1} as core[a373ad73a504971]::ops::function::FnOnce<()>>::call_once::{shim:vtable#0}
[INFO] [stdout]   18:     0x5b65e5fb395f - <std[617be2ca0a6fd877]::sys::thread::unix::Thread>::new::thread_start
[INFO] [stdout]   19:     0x72374cd1edfa - <unknown>
[INFO] [stdout]   20:     0x72374cdb23d4 - clone
[INFO] [stdout]   21:                0x0 - <unknown>
[INFO] [stdout] 
[INFO] [stdout] ---- workspace::compile::tests::preserves_hyphenated_use_paths stdout ----
[INFO] [stdout] 
[INFO] [stdout] thread 'workspace::compile::tests::preserves_hyphenated_use_paths' (449) panicked at src/workspace/compile/tests.rs:147:53:
[INFO] [stdout] called `Result::unwrap()` on an `Err` value: Os { code: 30, kind: ReadOnlyFilesystem, message: "Read-only file system" }
[INFO] [stdout] stack backtrace:
[INFO] [stdout]    0:     0x5b65e5fb4641 - <<std[617be2ca0a6fd877]::sys::backtrace::BacktraceLock>::print::DisplayBacktrace as core[a373ad73a504971]::fmt::Display>::fmt
[INFO] [stdout]    1:     0x5b65e5fc946a - core[a373ad73a504971]::fmt::write
[INFO] [stdout]    2:     0x5b65e5fb8b4c - <alloc[2e1b2a31b91974c5]::vec::Vec<u8> as core[a373ad73a504971]::io::write::Write>::write_fmt
[INFO] [stdout]    3:     0x5b65e5f8ea76 - std[617be2ca0a6fd877]::panicking::default_hook::{closure#0}
[INFO] [stdout]    4:     0x5b65e5fabd29 - std[617be2ca0a6fd877]::panicking::default_hook
[INFO] [stdout]    5:     0x5b65e5f46b70 - test[aada8e7e76ba119b]::test_main_inner::{closure#0}
[INFO] [stdout]    6:     0x5b65e5fabee2 - std[617be2ca0a6fd877]::panicking::panic_with_hook
[INFO] [stdout]    7:     0x5b65e5f8eb22 - std[617be2ca0a6fd877]::panicking::panic_handler::{closure#0}
[INFO] [stdout]    8:     0x5b65e5f874e9 - std[617be2ca0a6fd877]::sys::backtrace::__rust_end_short_backtrace::<std[617be2ca0a6fd877]::panicking::panic_handler::{closure#0}, !>
[INFO] [stdout]    9:     0x5b65e5f8f72d - __rustc[ea4f61d10b84890b]::rust_begin_unwind
[INFO] [stdout]   10:     0x5b65e5fc9b9c - core[a373ad73a504971]::panicking::panic_fmt
[INFO] [stdout]   11:     0x5b65e5fc9972 - core[a373ad73a504971]::result::unwrap_failed
[INFO] [stdout]   12:     0x5b65e5f07b63 - crablisp[e77271ecfb3c0d12]::workspace::compile::tests::create_file
[INFO] [stdout]   13:     0x5b65e5f0a4c1 - <crablisp[e77271ecfb3c0d12]::workspace::compile::tests::preserves_hyphenated_use_paths::{closure#0} as core[a373ad73a504971]::ops::function::FnOnce<()>>::call_once
[INFO] [stdout]   14:     0x5b65e5f39fbb - test[aada8e7e76ba119b]::__rust_begin_short_backtrace::<core[a373ad73a504971]::result::Result<(), alloc[2e1b2a31b91974c5]::string::String>, fn() -> core[a373ad73a504971]::result::Result<(), alloc[2e1b2a31b91974c5]::string::String>>
[INFO] [stdout]   15:     0x5b65e5f47195 - test[aada8e7e76ba119b]::run_test::{closure#0}
[INFO] [stdout]   16:     0x5b65e5f40a84 - std[617be2ca0a6fd877]::sys::backtrace::__rust_begin_short_backtrace::<test[aada8e7e76ba119b]::run_test::{closure#1}, ()>
[INFO] [stdout]   17:     0x5b65e5f4a222 - <std[617be2ca0a6fd877]::thread::lifecycle::spawn_unchecked<test[aada8e7e76ba119b]::run_test::{closure#1}, ()>::{closure#1} as core[a373ad73a504971]::ops::function::FnOnce<()>>::call_once::{shim:vtable#0}
[INFO] [stdout]   18:     0x5b65e5fb395f - <std[617be2ca0a6fd877]::sys::thread::unix::Thread>::new::thread_start
[INFO] [stdout]   19:     0x72374cd1edfa - <unknown>
[INFO] [stdout]   20:     0x72374cdb23d4 - clone
[INFO] [stdout]   21:                0x0 - <unknown>
[INFO] [stdout] 
[INFO] [stdout] ---- workspace::compile::tests::allows_nearly_cased_dependency_names stdout ----
[INFO] [stdout] 
[INFO] [stdout] thread 'workspace::compile::tests::allows_nearly_cased_dependency_names' (442) panicked at src/workspace/compile/tests.rs:147:53:
[INFO] [stdout] called `Result::unwrap()` on an `Err` value: Os { code: 30, kind: ReadOnlyFilesystem, message: "Read-only file system" }
[INFO] [stdout] stack backtrace:
[INFO] [stdout]    0:     0x5b65e5fb4641 - <<std[617be2ca0a6fd877]::sys::backtrace::BacktraceLock>::print::DisplayBacktrace as core[a373ad73a504971]::fmt::Display>::fmt
[INFO] [stdout]    1:     0x5b65e5fc946a - core[a373ad73a504971]::fmt::write
[INFO] [stdout]    2:     0x5b65e5fb8b4c - <alloc[2e1b2a31b91974c5]::vec::Vec<u8> as core[a373ad73a504971]::io::write::Write>::write_fmt
[INFO] [stdout]    3:     0x5b65e5f8ea76 - std[617be2ca0a6fd877]::panicking::default_hook::{closure#0}
[INFO] [stdout]    4:     0x5b65e5fabd29 - std[617be2ca0a6fd877]::panicking::default_hook
[INFO] [stdout]    5:     0x5b65e5f46b70 - test[aada8e7e76ba119b]::test_main_inner::{closure#0}
[INFO] [stdout]    6:     0x5b65e5fabee2 - std[617be2ca0a6fd877]::panicking::panic_with_hook
[INFO] [stdout]    7:     0x5b65e5f8eb22 - std[617be2ca0a6fd877]::panicking::panic_handler::{closure#0}
[INFO] [stdout]    8:     0x5b65e5f874e9 - std[617be2ca0a6fd877]::sys::backtrace::__rust_end_short_backtrace::<std[617be2ca0a6fd877]::panicking::panic_handler::{closure#0}, !>
[INFO] [stdout]    9:     0x5b65e5f8f72d - __rustc[ea4f61d10b84890b]::rust_begin_unwind
[INFO] [stdout]   10:     0x5b65e5fc9b9c - core[a373ad73a504971]::panicking::panic_fmt
[INFO] [stdout]   11:     0x5b65e5fc9972 - core[a373ad73a504971]::result::unwrap_failed
[INFO] [stdout]   12:     0x5b65e5f07b63 - crablisp[e77271ecfb3c0d12]::workspace::compile::tests::create_file
[INFO] [stdout]   13:     0x5b65e5f0ab5d - <crablisp[e77271ecfb3c0d12]::workspace::compile::tests::allows_nearly_cased_dependency_names::{closure#0} as core[a373ad73a504971]::ops::function::FnOnce<()>>::call_once
[INFO] [stdout]   14:     0x5b65e5f39fbb - test[aada8e7e76ba119b]::__rust_begin_short_backtrace::<core[a373ad73a504971]::result::Result<(), alloc[2e1b2a31b91974c5]::string::String>, fn() -> core[a373ad73a504971]::result::Result<(), alloc[2e1b2a31b91974c5]::string::String>>
[INFO] [stdout]   15:     0x5b65e5f47195 - test[aada8e7e76ba119b]::run_test::{closure#0}
[INFO] [stdout]   16:     0x5b65e5f40a84 - std[617be2ca0a6fd877]::sys::backtrace::__rust_begin_short_backtrace::<test[aada8e7e76ba119b]::run_test::{closure#1}, ()>
[INFO] [stdout]   17:     0x5b65e5f4a222 - <std[617be2ca0a6fd877]::thread::lifecycle::spawn_unchecked<test[aada8e7e76ba119b]::run_test::{closure#1}, ()>::{closure#1} as core[a373ad73a504971]::ops::function::FnOnce<()>>::call_once::{shim:vtable#0}
[INFO] [stdout]   18:     0x5b65e5fb395f - <std[617be2ca0a6fd877]::sys::thread::unix::Thread>::new::thread_start
[INFO] [stdout]   19:     0x72374cd1edfa - <unknown>
[INFO] [stdout]   20:     0x72374cdb23d4 - clone
[INFO] [stdout]   21:                0x0 - <unknown>
[INFO] [stdout] 
[INFO] [stdout] 
[INFO] [stdout] failures:
[INFO] [stdout]     workspace::compile::tests::allows_nearly_cased_dependency_names
[INFO] [stdout]     workspace::compile::tests::allows_non_src_namespace_names
[INFO] [stdout]     workspace::compile::tests::compiles_two_file_project
[INFO] [stdout]     workspace::compile::tests::generates_runner_for_entry_main_positional_args
[INFO] [stdout]     workspace::compile::tests::generates_runner_for_entry_main_variadic_args
[INFO] [stdout]     workspace::compile::tests::keeps_declared_dependency_names
[INFO] [stdout]     workspace::compile::tests::normalizes_require_references
[INFO] [stdout]     workspace::compile::tests::preserves_hyphenated_use_paths
[INFO] [stdout]     workspace::compile::tests::preserves_string_prefixes_in_generated_source
[INFO] [stdout]     workspace::compile::tests::rejects_namespace_path_mismatch
[INFO] [stdout]     workspace::names::tests::expected_namespace_prefers_segments_after_src
[INFO] [stdout] 
[INFO] [stdout] test result: FAILED. 121 passed; 11 failed; 0 ignored; 0 measured; 0 filtered out; finished in 0.02s
[INFO] [stdout] 
[INFO] running `Command { std: "docker" "inspect" "88d3be94342e7e6307267cebdee922b4ab74422f3be2e473a8702e4a92e63b4d", kill_on_drop: false }`
[INFO] running `Command { std: "docker" "rm" "-f" "88d3be94342e7e6307267cebdee922b4ab74422f3be2e473a8702e4a92e63b4d", kill_on_drop: false }`
[INFO] [stdout] 88d3be94342e7e6307267cebdee922b4ab74422f3be2e473a8702e4a92e63b4d
