[INFO] fetching crate crabchess 0.1.15...
[INFO] testing crabchess-0.1.15 against 1.100.0-beta.1+cargoflags=--release for beta-release-1.100-2
[INFO] extracting crate crabchess 0.1.15 into /workspace/builds/worker-1-tc2/source
[INFO] started tweaking crates.io crate crabchess 0.1.15
[INFO] finished tweaking crates.io crate crabchess 0.1.15
[INFO] tweaked toml for crates.io crate crabchess 0.1.15 written to /workspace/builds/worker-1-tc2/source/Cargo.toml
[INFO] validating manifest of crates.io crate crabchess 0.1.15 on toolchain 1.100.0-beta.1
[INFO] running `Command { std: CARGO_HOME="/workspace/cargo-home" RUSTUP_HOME="/workspace/rustup-home" "/workspace/cargo-home/bin/cargo" "+1.100.0-beta.1" "metadata" "--manifest-path" "Cargo.toml" "--no-deps", kill_on_drop: false }`
[INFO] running `Command { std: CARGO_HOME="/workspace/cargo-home" RUSTUP_HOME="/workspace/rustup-home" "/workspace/cargo-home/bin/cargo" "+1.100.0-beta.1" "generate-lockfile" "--manifest-path" "Cargo.toml", kill_on_drop: false }`
[INFO] [stderr]     Updating crates.io index
[INFO] [stderr]      Locking 54 packages to highest compatible versions
[INFO] [stderr]       Adding compact_str v0.7.1 (available: v0.10.0)
[INFO] [stderr]       Adding nom v7.1.3 (available: v8.0.0)
[INFO] [stderr]       Adding thiserror v1.0.69 (available: v2.0.21)
[INFO] running `Command { std: CARGO_HOME="/workspace/cargo-home" RUSTUP_HOME="/workspace/rustup-home" "/workspace/cargo-home/bin/cargo" "+1.100.0-beta.1" "fetch" "--manifest-path" "Cargo.toml", kill_on_drop: false }`
[INFO] running `Command { std: "docker" "create" "-v" "/var/lib/crater-agent-workspace/builds/worker-1-tc2/source:/opt/rustwide/workdir:ro,Z" "-v" "/var/lib/crater-agent-workspace/builds/worker-1-tc2/target:/opt/rustwide/target:rw,Z" "-v" "/var/lib/crater-agent-workspace/cargo-home:/opt/rustwide/cargo-home:ro,Z" "-v" "/var/lib/crater-agent-workspace/rustup-home:/opt/rustwide/rustup-home:ro,Z" "-m" "1610612736" "--network" "none" "ghcr.io/rust-lang/crates-build-env/linux@sha256:77db811e55d90add9212f6832c23229e3de5f1c1f9905e8cb07319ea15df73ac" "sleep" "infinity", kill_on_drop: false }`
[INFO] [stdout] 7a21f1774da3a63935717cbbfedc5314daf6b2beaba737d2c1f543428d266dd0
[INFO] running `Command { std: "docker" "start" "7a21f1774da3a63935717cbbfedc5314daf6b2beaba737d2c1f543428d266dd0", kill_on_drop: false }`
[INFO] running `Command { std: "docker" "inspect" "7a21f1774da3a63935717cbbfedc5314daf6b2beaba737d2c1f543428d266dd0", kill_on_drop: false }`
[INFO] running `Command { std: "docker" "exec" "-e" "SOURCE_DIR=/opt/rustwide/workdir" "-e" "CARGO_HOME=/opt/rustwide/cargo-home" "-e" "RUSTUP_HOME=/opt/rustwide/rustup-home" "-e" "CARGO_TARGET_DIR=/opt/rustwide/target" "-w" "/opt/rustwide/workdir" "--user" "0:0" "7a21f1774da3a63935717cbbfedc5314daf6b2beaba737d2c1f543428d266dd0" "/opt/rustwide/cargo-home/bin/cargo" "+1.100.0-beta.1" "metadata" "--no-deps" "--format-version=1", kill_on_drop: false }`
[INFO] running `Command { std: "docker" "inspect" "7a21f1774da3a63935717cbbfedc5314daf6b2beaba737d2c1f543428d266dd0", kill_on_drop: false }`
[INFO] running `Command { std: "docker" "exec" "-e" "SOURCE_DIR=/opt/rustwide/workdir" "-e" "CARGO_HOME=/opt/rustwide/cargo-home" "-e" "RUSTUP_HOME=/opt/rustwide/rustup-home" "-e" "CARGO_TARGET_DIR=/opt/rustwide/target" "-e" "CARGO_INCREMENTAL=0" "-e" "RUST_BACKTRACE=full" "-e" "RUSTFLAGS=--cap-lints=warn" "-e" "RUSTDOCFLAGS=--cap-lints=warn" "-w" "/opt/rustwide/workdir" "--user" "0:0" "7a21f1774da3a63935717cbbfedc5314daf6b2beaba737d2c1f543428d266dd0" "/opt/rustwide/cargo-home/bin/cargo" "+1.100.0-beta.1" "build" "--frozen" "--message-format=json" "--release", kill_on_drop: false }`
[INFO] [stderr]    Compiling proc-macro2 v1.0.107
[INFO] [stderr]    Compiling quote v1.0.47
[INFO] [stderr]    Compiling unicode-ident v1.0.27
[INFO] [stderr]    Compiling crossbeam-utils v0.8.23
[INFO] [stderr]    Compiling crossbeam-epoch v0.9.21
[INFO] [stderr]    Compiling shlex v2.0.1
[INFO] [stderr]    Compiling find-msvc-tools v0.1.14
[INFO] [stderr]    Compiling rustversion v1.0.23
[INFO] [stderr]    Compiling syn v1.0.109
[INFO] [stderr]    Compiling crossbeam-deque v0.8.8
[INFO] [stderr]    Compiling cc v1.8.0
[INFO] [stderr]    Compiling rayon-core v1.13.0
[INFO] [stderr]    Compiling anyhow v1.0.104
[INFO] [stderr]    Compiling thiserror v1.0.69
[INFO] [stderr]    Compiling minimal-lexical v0.2.1
[INFO] [stderr]    Compiling ufmt-write v0.1.0
[INFO] [stderr]    Compiling cfg-if v1.0.5
[INFO] [stderr]    Compiling ryu v1.0.23
[INFO] [stderr]    Compiling byteorder v1.5.0
[INFO] [stderr]    Compiling itoa v1.0.18
[INFO] [stderr]    Compiling either v1.19.0
[INFO] [stderr]    Compiling static_assertions v1.1.0
[INFO] [stderr]    Compiling memchr v2.8.3
[INFO] [stderr]    Compiling fxhash v0.2.1
[INFO] [stderr]    Compiling termcolor v1.4.1
[INFO] [stderr]    Compiling castaway v0.2.4
[INFO] [stderr]    Compiling compact_str v0.7.1
[INFO] [stderr]    Compiling syn v2.0.119
[INFO] [stderr]    Compiling textwrap v0.16.4
[INFO] [stderr]    Compiling smallvec v1.16.3
[INFO] [stderr]    Compiling nom v7.1.3
[INFO] [stderr]    Compiling fastrand v2.5.0
[INFO] [stderr]    Compiling libmimalloc-sys v0.1.49
[INFO] [stderr]    Compiling rayon v1.12.0
[INFO] [stderr]    Compiling thiserror-impl v1.0.69
[INFO] [stderr]    Compiling ufmt-macros v0.3.0
[INFO] [stderr]    Compiling ufmt v0.2.0
[INFO] [stderr]    Compiling mimalloc v0.1.52
[INFO] [stderr]    Compiling crabchess v0.1.15 (/opt/rustwide/workdir)
[INFO] [stdout] warning: hiding a lifetime that's elided elsewhere is confusing
[INFO] [stdout]   --> src/pgn.rs:43:26
[INFO] [stdout]    |
[INFO] [stdout] 43 | fn movetext_token(input: &str) -> Result<(&str, MovetextToken)> {
[INFO] [stdout]    |                          ^^^^             ^^^^  ^^^^^^^^^^^^^ the same lifetime is hidden here
[INFO] [stdout]    |                          |                |
[INFO] [stdout]    |                          |                the same lifetime is elided here
[INFO] [stdout]    |                          the lifetime is elided here
[INFO] [stdout]    |
[INFO] [stdout]    = help: the same lifetime is referred to in inconsistent ways, making the signature confusing
[INFO] [stdout]    = note: `#[warn(mismatched_lifetime_syntaxes)]` on by default
[INFO] [stdout] help: use `'_` for type paths
[INFO] [stdout]    |
[INFO] [stdout] 43 | fn movetext_token(input: &str) -> Result<(&str, MovetextToken<'_>)> {
[INFO] [stdout]    |                                                              ++++
[INFO] [stdout] 
[INFO] [stdout] 
[INFO] [stderr]     Finished `release` profile [optimized] target(s) in 35.22s
[INFO] running `Command { std: "docker" "inspect" "7a21f1774da3a63935717cbbfedc5314daf6b2beaba737d2c1f543428d266dd0", kill_on_drop: false }`
[INFO] running `Command { std: "docker" "exec" "-e" "SOURCE_DIR=/opt/rustwide/workdir" "-e" "CARGO_HOME=/opt/rustwide/cargo-home" "-e" "RUSTUP_HOME=/opt/rustwide/rustup-home" "-e" "CARGO_TARGET_DIR=/opt/rustwide/target" "-e" "CARGO_INCREMENTAL=0" "-e" "RUST_BACKTRACE=full" "-e" "RUSTFLAGS=--cap-lints=warn" "-e" "RUSTDOCFLAGS=--cap-lints=warn" "-w" "/opt/rustwide/workdir" "--user" "0:0" "7a21f1774da3a63935717cbbfedc5314daf6b2beaba737d2c1f543428d266dd0" "/opt/rustwide/cargo-home/bin/cargo" "+1.100.0-beta.1" "test" "--frozen" "--no-run" "--message-format=json" "--release", kill_on_drop: false }`
[INFO] [stderr]    Compiling serde_core v1.0.229
[INFO] [stderr]    Compiling libc v0.2.191
[INFO] [stderr]    Compiling parking_lot_core v0.9.12
[INFO] [stderr]    Compiling zmij v1.0.23
[INFO] [stderr]    Compiling syn v3.0.9
[INFO] [stderr]    Compiling scopeguard v1.2.0
[INFO] [stderr]    Compiling serde_json v1.0.154
[INFO] [stderr]    Compiling serde v1.0.229
[INFO] [stderr]    Compiling lock_api v0.4.14
[INFO] [stdout] warning: hiding a lifetime that's elided elsewhere is confusing
[INFO] [stdout]   --> src/pgn.rs:43:26
[INFO] [stdout]    |
[INFO] [stdout] 43 | fn movetext_token(input: &str) -> Result<(&str, MovetextToken)> {
[INFO] [stdout]    |                          ^^^^             ^^^^  ^^^^^^^^^^^^^ the same lifetime is hidden here
[INFO] [stdout]    |                          |                |
[INFO] [stdout]    |                          |                the same lifetime is elided here
[INFO] [stdout]    |                          the lifetime is elided here
[INFO] [stdout]    |
[INFO] [stdout]    = help: the same lifetime is referred to in inconsistent ways, making the signature confusing
[INFO] [stdout]    = note: `#[warn(mismatched_lifetime_syntaxes)]` on by default
[INFO] [stdout] help: use `'_` for type paths
[INFO] [stdout]    |
[INFO] [stdout] 43 | fn movetext_token(input: &str) -> Result<(&str, MovetextToken<'_>)> {
[INFO] [stdout]    |                                                              ++++
[INFO] [stdout] 
[INFO] [stdout] 
[INFO] [stderr]    Compiling serde_derive v1.0.229
[INFO] [stderr]    Compiling parking_lot v0.12.5
[INFO] [stderr]    Compiling crabchess v0.1.15 (/opt/rustwide/workdir)
[INFO] [stdout] warning: hiding a lifetime that's elided elsewhere is confusing
[INFO] [stdout]   --> src/pgn.rs:43:26
[INFO] [stdout]    |
[INFO] [stdout] 43 | fn movetext_token(input: &str) -> Result<(&str, MovetextToken)> {
[INFO] [stdout]    |                          ^^^^             ^^^^  ^^^^^^^^^^^^^ the same lifetime is hidden here
[INFO] [stdout]    |                          |                |
[INFO] [stdout]    |                          |                the same lifetime is elided here
[INFO] [stdout]    |                          the lifetime is elided here
[INFO] [stdout]    |
[INFO] [stdout]    = help: the same lifetime is referred to in inconsistent ways, making the signature confusing
[INFO] [stdout]    = note: `#[warn(mismatched_lifetime_syntaxes)]` on by default
[INFO] [stdout] help: use `'_` for type paths
[INFO] [stdout]    |
[INFO] [stdout] 43 | fn movetext_token(input: &str) -> Result<(&str, MovetextToken<'_>)> {
[INFO] [stdout]    |                                                              ++++
[INFO] [stdout] 
[INFO] [stdout] 
[INFO] [stderr]     Finished `release` profile [optimized] target(s) in 38.58s
[INFO] running `Command { std: "docker" "inspect" "7a21f1774da3a63935717cbbfedc5314daf6b2beaba737d2c1f543428d266dd0", kill_on_drop: false }`
[INFO] running `Command { std: "docker" "exec" "-e" "SOURCE_DIR=/opt/rustwide/workdir" "-e" "CARGO_HOME=/opt/rustwide/cargo-home" "-e" "RUSTUP_HOME=/opt/rustwide/rustup-home" "-e" "CARGO_TARGET_DIR=/opt/rustwide/target" "-e" "CARGO_INCREMENTAL=0" "-e" "RUST_BACKTRACE=full" "-e" "RUSTFLAGS=--cap-lints=warn" "-e" "RUSTDOCFLAGS=--cap-lints=warn" "-w" "/opt/rustwide/workdir" "--user" "0:0" "7a21f1774da3a63935717cbbfedc5314daf6b2beaba737d2c1f543428d266dd0" "/opt/rustwide/cargo-home/bin/cargo" "+1.100.0-beta.1" "test" "--frozen" "--release", kill_on_drop: false }`
[INFO] [stderr] warning: hiding a lifetime that's elided elsewhere is confusing
[INFO] [stderr]   --> src/pgn.rs:43:26
[INFO] [stderr]    |
[INFO] [stderr] 43 | fn movetext_token(input: &str) -> Result<(&str, MovetextToken)> {
[INFO] [stderr]    |                          ^^^^             ^^^^  ^^^^^^^^^^^^^ the same lifetime is hidden here
[INFO] [stderr]    |                          |                |
[INFO] [stderr]    |                          |                the same lifetime is elided here
[INFO] [stderr]    |                          the lifetime is elided here
[INFO] [stderr]    |
[INFO] [stderr]    = help: the same lifetime is referred to in inconsistent ways, making the signature confusing
[INFO] [stderr]    = note: `#[warn(mismatched_lifetime_syntaxes)]` on by default
[INFO] [stderr] help: use `'_` for type paths
[INFO] [stderr]    |
[INFO] [stderr] 43 | fn movetext_token(input: &str) -> Result<(&str, MovetextToken<'_>)> {
[INFO] [stderr]    |                                                              ++++
[INFO] [stderr] 
[INFO] [stderr] warning: `crabchess` (lib) generated 1 warning (run `cargo fix --lib -p crabchess` to apply 1 suggestion)
[INFO] [stderr] warning: `crabchess` (lib test) generated 1 warning (1 duplicate)
[INFO] [stderr]     Finished `release` profile [optimized] target(s) in 0.11s
[INFO] [stderr]      Running unittests src/lib.rs (/opt/rustwide/target/release/build/crabchess/4fe2c2d3b7669216/out/crabchess-4fe2c2d3b7669216)
[INFO] [stdout] 
[INFO] [stdout] running 74 tests
[INFO] [stdout] test counter::tests::test_counter ... ok
[INFO] [stdout] test board::tests::import_fen ... ok
[INFO] [stdout] test board::tests::set_and_get_piece ... ok
[INFO] [stdout] test board::tests::test_between ... ok
[INFO] [stdout] test openings::tests::test_default_book ... ok
[INFO] [stdout] test board::tests::fen_piece_placement ... ok
[INFO] [stdout] test pgn::tests::assert_san_eq ... ignored
[INFO] [stdout] test pgn::tests::pgn_import_perf ... ignored
[INFO] [stdout] test pgn::tests::test_pgn_from_position ... ok
[INFO] [stdout] test pgn::tests::test_verify ... ignored
[INFO] [stdout] test pieces::tests::partial_eq ... ok
[INFO] [stdout] test pieces::tests::test_from_san ... ok
[INFO] [stdout] test positions::castling_rights::tests::test_castling_rights ... ok
[INFO] [stdout] test positions::moves::tests::test_all_export_san ... ignored
[INFO] [stdout] test positions::moves::tests::test_apply_fen_match ... ignored
[INFO] [stdout] test pieces::tests::piece_to_char ... ok
[INFO] [stdout] test positions::moves::tests::test_can_dodge ... ok
[INFO] [stdout] test positions::moves::tests::test_castle_dodge ... ok
[INFO] [stdout] test positions::moves::tests::test_castle_is_legal ... ok
[INFO] [stdout] test positions::moves::tests::test_castling_squares ... ok
[INFO] [stdout] test positions::moves::tests::test_chess_960_castle_into_check_edge_case ... ok
[INFO] [stdout] test positions::moves::tests::test_dodges ... ok
[INFO] [stdout] test positions::moves::tests::test_en_passant_blocks ... ok
[INFO] [stdout] test positions::moves::tests::test_en_passant_dodge ... ok
[INFO] [stdout] test positions::moves::tests::test_escapes ... ok
[INFO] [stdout] test positions::moves::tests::test_export_san ... ok
[INFO] [stdout] test positions::moves::tests::test_infer_en_passant_square ... ok
[INFO] [stdout] test positions::moves::tests::test_is_and_to_promotion ... ok
[INFO] [stdout] test positions::moves::tests::test_read_promotion ... ok
[INFO] [stdout] test positions::moves::tests::test_read_san ... ok
[INFO] [stdout] test positions::moves::tests::test_targets_king ... ok
[INFO] [stdout] test positions::moves::tests::test_write_san ... ok
[INFO] [stdout] test positions::ply_clock::tests::test_halfmove ... ok
[INFO] [stdout] test positions::pseudolegal::tests::king_pseudolegal_test ... ok
[INFO] [stdout] test positions::pseudolegal::tests::bishop_pseudolegal_test ... ok
[INFO] [stdout] test positions::pseudolegal::tests::knight_pseudolegal_test ... ok
[INFO] [stdout] test positions::navigable::tests::test_navigable ... ok
[INFO] [stdout] test positions::pseudolegal::tests::pawn_pseudolegal_test ... ok
[INFO] [stdout] test positions::pseudolegal::tests::queen_pseudolegal_test ... ok
[INFO] [stdout] test positions::pseudolegal::tests::rook_pseudolegal_test ... ok
[INFO] [stdout] test positions::pseudolegal::tests::test_pseudolegal_blocks ... ok
[INFO] [stdout] test positions::pseudolegal::tests::test_pseudolegal_en_passant ... ok
[INFO] [stdout] test positions::pseudolegal::tests::test_pseudolegal_is_legal ... ok
[INFO] [stdout] test positions::tests::test_all_apply_legal_move ... ignored
[INFO] [stdout] test positions::tests::test_all_pseudolegal_is_legal ... ignored
[INFO] [stdout] test positions::tests::test_apply_move ... ignored
[INFO] [stdout] test positions::pseudolegal::tests::test_pseudolegal_standard_dodges ... ok
[INFO] [stdout] test positions::tests::test_all_checkmates ... FAILED
[INFO] [stdout] test positions::tests::test_apply_en_passant ... ok
[INFO] [stdout] test positions::tests::test_checkmate ... ok
[INFO] [stdout] test positions::tests::test_apply_legal_move ... ok
[INFO] [stdout] test positions::tests::test_checks ... ok
[INFO] [stdout] test positions::tests::test_builder ... ok
[INFO] [stdout] test positions::tests::test_en_passant_threat_detection ... ok
[INFO] [stdout] [0m8 [0m[38;5;232m[48;5;230m♜ [0m[38;5;232m[0m[38;5;232m[48;5;2m♝ [0m[38;5;232m[0m[38;5;232m[48;5;230m♝ [0m[38;5;232m[0m[38;5;232m[48;5;2m♞ [0m[38;5;232m[0m[38;5;232m[48;5;230m♛ [0m[38;5;232m[0m[38;5;232m[48;5;2m♞ [0m[38;5;232m[0m[38;5;232m[48;5;230m♚ [0m[38;5;232m[0m[38;5;232m[48;5;2m♜ [0m[38;5;232m
[INFO] [stdout] [0m7 [0m[38;5;232m[48;5;2m♟ [0m[38;5;232m[0m[38;5;232m[48;5;230m♟ [0m[38;5;232m[0m[38;5;232m[48;5;2m♟ [0m[38;5;232m[0m[38;5;232m[48;5;230m♟ [0m[38;5;232m[0m[38;5;232m[48;5;2m♟ [0m[38;5;232m[0m[38;5;232m[48;5;230m♟ [0m[38;5;232m[0m[38;5;232m[48;5;2m♟ [0m[38;5;232m[0m[38;5;232m[48;5;230m♟ [0m[38;5;232m
[INFO] [stdout] [0m6 [0m[38;5;232m[48;5;230m  [0m[38;5;232m[0m[38;5;232m[48;5;2m  [0m[38;5;232m[0m[38;5;232m[48;5;230m  [0m[38;5;232m[0m[38;5;232m[48;5;2m  [0m[38;5;232m[0m[38;5;232m[48;5;230m  [0m[38;5;232m[0m[38;5;232m[48;5;2m  [0m[38;5;232m[0m[38;5;232m[48;5;230m  [0m[38;5;232m[0m[38;5;232m[48;5;2m  [0m[38;5;232m
[INFO] [stdout] [0m5 [0m[38;5;232m[48;5;2m  [0m[38;5;232m[0m[38;5;232m[48;5;230m  [0m[38;5;232m[0m[38;5;232m[48;5;2m  [0m[38;5;232m[0m[38;5;232m[48;5;230m  [0m[38;5;232m[0m[38;5;232m[48;5;2m  [0m[38;5;232m[0m[38;5;232m[48;5;230m  [0m[38;5;232m[0m[38;5;232m[48;5;2m  [0m[38;5;232m[0m[38;5;232m[48;5;230m  [0m[38;5;232m
[INFO] [stdout] [0m4 [0m[38;5;232m[48;5;230m  [0m[38;5;232m[0m[38;5;232m[48;5;2m  [0m[38;5;232m[0m[38;5;232m[48;5;230m  [0m[38;5;232m[0m[38;5;232m[48;5;2m  [0m[38;5;232m[0m[38;5;232m[48;5;230m  [0m[38;5;232m[0m[38;5;232m[48;5;2m  [0m[38;5;232m[0m[38;5;232m[48;5;230m  [0m[38;5;232m[0m[38;5;232m[48;5;2m  [0m[38;5;232m
[INFO] [stdout] [0m3 [0m[38;5;232m[48;5;2m  [0m[38;5;232m[0m[38;5;232m[48;5;230m  [0m[38;5;232m[0m[38;5;232m[48;5;2m  [0m[38;5;232m[0m[38;5;232m[48;5;230m  [0m[38;5;232m[0m[38;5;232m[48;5;2m  [0m[38;5;232m[0m[38;5;232m[48;5;230m  [0m[38;5;232m[0m[38;5;232m[48;5;2m  [0m[38;5;232m[0m[38;5;232m[48;5;230m  [0m[38;5;232m
[INFO] [stdout] [0m2 [0m[38;5;232m[48;5;230m♙ [0m[38;5;232m[0m[38;5;232m[48;5;2m♙ [0m[38;5;232m[0m[38;5;232m[48;5;230m♙ [0m[38;5;232m[0m[38;5;232m[48;5;2m♙ [0m[38;5;232m[0m[38;5;232m[48;5;230m♙ [0m[38;5;232m[0m[38;5;232m[48;5;2m♙ [0m[38;5;232m[0m[38;5;232m[48;5;230m♙ [0m[38;5;232m[0m[38;5;232m[48;5;2m♙ [0m[38;5;232m
[INFO] [stdout] [0m1 [0m[38;5;232m[48;5;2m♖ [0m[38;5;232m[0m[38;5;232m[48;5;230m♗ [0m[38;5;232m[0m[38;5;232m[48;5;2m♗ [0m[38;5;232m[0m[38;5;232m[48;5;230m♘ [0m[38;5;232m[0m[38;5;232m[48;5;2m♕ [0m[38;5;232m[0m[38;5;232m[48;5;230m♘ [0m[38;5;232m[0m[38;5;232m[48;5;2m♔ [0m[38;5;232m[0m[38;5;232m[48;5;230m♖ [0m[38;5;232m
[INFO] [stdout] [0m  a b c d e f g h 
[INFO] [stdout] test positions::tests::test_fischer ... ok
[INFO] [stdout] test positions::tests::test_king_in_check ... ok
[INFO] [stdout] test positions::tests::test_king_tracking ... ok
[INFO] [stdout] test positions::tests::test_repetitions ... ignored
[INFO] [stdout] test positions::tests::test_stalemate_recognition ... ignored
[INFO] [stdout] test positions::tests::test_from_fen ... ok
[INFO] [stdout] test positions::tests::test_illegal_needs_promotion ... ok
[INFO] [stdout] test positions::tests::test_promotion ... ok
[INFO] [stdout] test positions::tests::test_total_fen_import ... FAILED
[INFO] [stdout] test positions::tests::test_fifty_move_recognition ... FAILED
[INFO] [stdout] test positions::timer::tests::make_annotation ... ok
[INFO] [stdout] test openings::tests::test_default_tree ... ok
[INFO] [stdout] test positions::tests::test_threats ... ok
[INFO] [stdout] test openings::tests::test_tree_perf ... FAILED
[INFO] [stdout] test positions::timer::tests::test_write_annotation ... ok
[INFO] [stdout] test positions::timer::tests::test_read_annotation ... ok
[INFO] [stdout] test squares::tests::direction_between ... ok
[INFO] [stdout] test squares::tests::file_index ... ok
[INFO] [stdout] test positions::timer::tests::update_timer ... ok
[INFO] [stdout] test positions::turn::tests::alt_turn ... ok
[INFO] [stdout] 
[INFO] [stdout] failures:
[INFO] [stdout] 
[INFO] [stdout] ---- positions::tests::test_all_checkmates stdout ----
[INFO] [stdout] 
[INFO] [stdout] thread 'positions::tests::test_all_checkmates' (1038) panicked at src/positions.rs:1531:78:
[INFO] [stdout] called `Result::unwrap()` on an `Err` value: Os { code: 2, kind: NotFound, message: "No such file or directory" }
[INFO] [stdout] stack backtrace:
[INFO] [stdout]    0:     0x5da924d01865 - <<std[617be2ca0a6fd877]::sys::backtrace::BacktraceLock>::print::DisplayBacktrace as core[a373ad73a504971]::fmt::Display>::fmt
[INFO] [stdout]    1:     0x5da924cda60a - core[a373ad73a504971]::fmt::write
[INFO] [stdout]    2:     0x5da924d00fab - <alloc[2e1b2a31b91974c5]::vec::Vec<u8> as core[a373ad73a504971]::io::write::Write>::write_fmt
[INFO] [stdout]    3:     0x5da924d00a8f - std[617be2ca0a6fd877]::panicking::default_hook::{closure#0}
[INFO] [stdout]    4:     0x5da924d006ba - std[617be2ca0a6fd877]::panicking::default_hook
[INFO] [stdout]    5:     0x5da924d001f5 - std[617be2ca0a6fd877]::panicking::panic_with_hook
[INFO] [stdout]    6:     0x5da924d27041 - std[617be2ca0a6fd877]::panicking::panic_handler::{closure#0}
[INFO] [stdout]    7:     0x5da924d26ff9 - std[617be2ca0a6fd877]::sys::backtrace::__rust_end_short_backtrace::<std[617be2ca0a6fd877]::panicking::panic_handler::{closure#0}, !>
[INFO] [stdout]    8:     0x5da924d2750c - __rustc[ea4f61d10b84890b]::rust_begin_unwind
[INFO] [stdout]    9:     0x5da924cda49b - core[a373ad73a504971]::panicking::panic_fmt
[INFO] [stdout]   10:     0x5da924cde591 - core[a373ad73a504971]::result::unwrap_failed
[INFO] [stdout]   11:     0x5da924cc8d38 - <crabchess[7e9e86a35523dc0e]::positions::tests::test_all_checkmates::{closure#0} as core[a373ad73a504971]::ops::function::FnOnce<()>>::call_once
[INFO] [stdout]   12:     0x5da924d436bb - test[aada8e7e76ba119b]::__rust_begin_short_backtrace::<core[a373ad73a504971]::result::Result<(), alloc[2e1b2a31b91974c5]::string::String>, fn() -> core[a373ad73a504971]::result::Result<(), alloc[2e1b2a31b91974c5]::string::String>>
[INFO] [stdout]   13:     0x5da924d3eb14 - test[aada8e7e76ba119b]::run_test::{closure#0}
[INFO] [stdout]   14:     0x5da924d3e58c - std[617be2ca0a6fd877]::sys::backtrace::__rust_begin_short_backtrace::<test[aada8e7e76ba119b]::run_test::{closure#1}, ()>
[INFO] [stdout]   15:     0x5da924d5ca2c - <std[617be2ca0a6fd877]::thread::lifecycle::spawn_unchecked<test[aada8e7e76ba119b]::run_test::{closure#1}, ()>::{closure#1} as core[a373ad73a504971]::ops::function::FnOnce<()>>::call_once::{shim:vtable#0}
[INFO] [stdout]   16:     0x5da924d28d74 - <std[617be2ca0a6fd877]::sys::thread::unix::Thread>::new::thread_start
[INFO] [stdout]   17:     0x7364b18bbdfa - <unknown>
[INFO] [stdout]   18:     0x7364b194f3d4 - clone
[INFO] [stdout]   19:                0x0 - <unknown>
[INFO] [stdout] 
[INFO] [stdout] ---- positions::tests::test_total_fen_import stdout ----
[INFO] [stdout] 
[INFO] [stdout] thread 'positions::tests::test_total_fen_import' (1053) panicked at src/positions.rs:1562:14:
[INFO] [stdout] called `Result::unwrap()` on an `Err` value: Os { code: 2, kind: NotFound, message: "No such file or directory" }
[INFO] [stdout] stack backtrace:
[INFO] [stdout]    0:     0x5da924d01865 - <<std[617be2ca0a6fd877]::sys::backtrace::BacktraceLock>::print::DisplayBacktrace as core[a373ad73a504971]::fmt::Display>::fmt
[INFO] [stdout]    1:     0x5da924cda60a - core[a373ad73a504971]::fmt::write
[INFO] [stdout]    2:     0x5da924d00fab - <alloc[2e1b2a31b91974c5]::vec::Vec<u8> as core[a373ad73a504971]::io::write::Write>::write_fmt
[INFO] [stdout]    3:     0x5da924d00a8f - std[617be2ca0a6fd877]::panicking::default_hook::{closure#0}
[INFO] [stdout]    4:     0x5da924d006ba - std[617be2ca0a6fd877]::panicking::default_hook
[INFO] [stdout]    5:     0x5da924d001f5 - std[617be2ca0a6fd877]::panicking::panic_with_hook
[INFO] [stdout]    6:     0x5da924d27041 - std[617be2ca0a6fd877]::panicking::panic_handler::{closure#0}
[INFO] [stdout]    7:     0x5da924d26ff9 - std[617be2ca0a6fd877]::sys::backtrace::__rust_end_short_backtrace::<std[617be2ca0a6fd877]::panicking::panic_handler::{closure#0}, !>
[INFO] [stdout]    8:     0x5da924d2750c - __rustc[ea4f61d10b84890b]::rust_begin_unwind
[INFO] [stdout]    9:     0x5da924cda49b - core[a373ad73a504971]::panicking::panic_fmt
[INFO] [stdout]   10:     0x5da924cde591 - core[a373ad73a504971]::result::unwrap_failed
[INFO] [stdout]   11:     0x5da924cc96cf - <crabchess[7e9e86a35523dc0e]::positions::tests::test_total_fen_import::{closure#0} as core[a373ad73a504971]::ops::function::FnOnce<()>>::call_once
[INFO] [stdout]   12:     0x5da924d436bb - test[aada8e7e76ba119b]::__rust_begin_short_backtrace::<core[a373ad73a504971]::result::Result<(), alloc[2e1b2a31b91974c5]::string::String>, fn() -> core[a373ad73a504971]::result::Result<(), alloc[2e1b2a31b91974c5]::string::String>>
[INFO] [stdout]   13:     0x5da924d3eb14 - test[aada8e7e76ba119b]::run_test::{closure#0}
[INFO] [stdout]   14:     0x5da924d3e58c - std[617be2ca0a6fd877]::sys::backtrace::__rust_begin_short_backtrace::<test[aada8e7e76ba119b]::run_test::{closure#1}, ()>
[INFO] [stdout]   15:     0x5da924d5ca2c - <std[617be2ca0a6fd877]::thread::lifecycle::spawn_unchecked<test[aada8e7e76ba119b]::run_test::{closure#1}, ()>::{closure#1} as core[a373ad73a504971]::ops::function::FnOnce<()>>::call_once::{shim:vtable#0}
[INFO] [stdout]   16:     0x5da924d28d74 - <std[617be2ca0a6fd877]::sys::thread::unix::Thread>::new::thread_start
[INFO] [stdout]   17:     0x7364b18bbdfa - <unknown>
[INFO] [stdout]   18:     0x7364b194f3d4 - clone
[INFO] [stdout]   19:                0x0 - <unknown>
[INFO] [stdout] 
[INFO] [stdout] ---- positions::tests::test_fifty_move_recognition stdout ----
[INFO] [stdout] 
[INFO] [stdout] thread 'positions::tests::test_fifty_move_recognition' (1045) panicked at src/positions.rs:1188:70:
[INFO] [stdout] called `Result::unwrap()` on an `Err` value: Os { code: 2, kind: NotFound, message: "No such file or directory" }
[INFO] [stdout] stack backtrace:
[INFO] [stdout]    0:     0x5da924d01865 - <<std[617be2ca0a6fd877]::sys::backtrace::BacktraceLock>::print::DisplayBacktrace as core[a373ad73a504971]::fmt::Display>::fmt
[INFO] [stdout]    1:     0x5da924cda60a - core[a373ad73a504971]::fmt::write
[INFO] [stdout]    2:     0x5da924d00fab - <alloc[2e1b2a31b91974c5]::vec::Vec<u8> as core[a373ad73a504971]::io::write::Write>::write_fmt
[INFO] [stdout]    3:     0x5da924d00a8f - std[617be2ca0a6fd877]::panicking::default_hook::{closure#0}
[INFO] [stdout]    4:     0x5da924d006ba - std[617be2ca0a6fd877]::panicking::default_hook
[INFO] [stdout]    5:     0x5da924d001f5 - std[617be2ca0a6fd877]::panicking::panic_with_hook
[INFO] [stdout]    6:     0x5da924d27041 - std[617be2ca0a6fd877]::panicking::panic_handler::{closure#0}
[INFO] [stdout]    7:     0x5da924d26ff9 - std[617be2ca0a6fd877]::sys::backtrace::__rust_end_short_backtrace::<std[617be2ca0a6fd877]::panicking::panic_handler::{closure#0}, !>
[INFO] [stdout]    8:     0x5da924d2750c - __rustc[ea4f61d10b84890b]::rust_begin_unwind
[INFO] [stdout]    9:     0x5da924cda49b - core[a373ad73a504971]::panicking::panic_fmt
[INFO] [stdout]   10:     0x5da924cde591 - core[a373ad73a504971]::result::unwrap_failed
[INFO] [stdout]   11:     0x5da924cca919 - <crabchess[7e9e86a35523dc0e]::positions::tests::test_fifty_move_recognition::{closure#0} as core[a373ad73a504971]::ops::function::FnOnce<()>>::call_once
[INFO] [stdout]   12:     0x5da924d436bb - test[aada8e7e76ba119b]::__rust_begin_short_backtrace::<core[a373ad73a504971]::result::Result<(), alloc[2e1b2a31b91974c5]::string::String>, fn() -> core[a373ad73a504971]::result::Result<(), alloc[2e1b2a31b91974c5]::string::String>>
[INFO] [stdout]   13:     0x5da924d3eb14 - test[aada8e7e76ba119b]::run_test::{closure#0}
[INFO] [stdout]   14:     0x5da924d3e58c - std[617be2ca0a6fd877]::sys::backtrace::__rust_begin_short_backtrace::<test[aada8e7e76ba119b]::run_test::{closure#1}, ()>
[INFO] [stdout]   15:     0x5da924d5ca2c - <std[617be2ca0a6fd877]::thread::lifecycle::spawn_unchecked<test[aada8e7e76ba119b]::run_test::{closure#1}, ()>::{closure#1} as core[a373ad73a504971]::ops::function::FnOnce<()>>::call_once::{shim:vtable#0}
[INFO] [stdout]   16:     0x5da924d28d74 - <std[617be2ca0a6fd877]::sys::thread::unix::Thread>::new::thread_start
[INFO] [stdout]   17:     0x7364b18bbdfa - <unknown>
[INFO] [stdout]   18:     0x7364b194f3d4 - clone
[INFO] [stdout]   19:                0x0 - <unknown>
[INFO] [stdout] 
[INFO] [stdout] ---- openings::tests::test_tree_perf stdout ----
[INFO] [stdout] File -> Tree: 30.889581ms elapsed.
[INFO] [stdout] 
[INFO] [stdout] thread 'openings::tests::test_tree_perf' (1004) panicked at src/openings.rs:163:60:
[INFO] [stdout] called `Result::unwrap()` on an `Err` value: Os { code: 2, kind: NotFound, message: "No such file or directory" }
[INFO] [stdout] stack backtrace:
[INFO] [stdout]    0:     0x5da924d01865 - <<std[617be2ca0a6fd877]::sys::backtrace::BacktraceLock>::print::DisplayBacktrace as core[a373ad73a504971]::fmt::Display>::fmt
[INFO] [stdout]    1:     0x5da924cda60a - core[a373ad73a504971]::fmt::write
[INFO] [stdout]    2:     0x5da924d00fab - <alloc[2e1b2a31b91974c5]::vec::Vec<u8> as core[a373ad73a504971]::io::write::Write>::write_fmt
[INFO] [stdout]    3:     0x5da924d00a8f - std[617be2ca0a6fd877]::panicking::default_hook::{closure#0}
[INFO] [stdout]    4:     0x5da924d006ba - std[617be2ca0a6fd877]::panicking::default_hook
[INFO] [stdout]    5:     0x5da924d001f5 - std[617be2ca0a6fd877]::panicking::panic_with_hook
[INFO] [stdout]    6:     0x5da924d27041 - std[617be2ca0a6fd877]::panicking::panic_handler::{closure#0}
[INFO] [stdout]    7:     0x5da924d26ff9 - std[617be2ca0a6fd877]::sys::backtrace::__rust_end_short_backtrace::<std[617be2ca0a6fd877]::panicking::panic_handler::{closure#0}, !>
[INFO] [stdout]    8:     0x5da924d2750c - __rustc[ea4f61d10b84890b]::rust_begin_unwind
[INFO] [stdout]    9:     0x5da924cda49b - core[a373ad73a504971]::panicking::panic_fmt
[INFO] [stdout]   10:     0x5da924cde591 - core[a373ad73a504971]::result::unwrap_failed
[INFO] [stdout]   11:     0x5da924cc4e1f - <crabchess[7e9e86a35523dc0e]::openings::tests::test_tree_perf::{closure#0} as core[a373ad73a504971]::ops::function::FnOnce<()>>::call_once
[INFO] [stdout]   12:     0x5da924d436bb - test[aada8e7e76ba119b]::__rust_begin_short_backtrace::<core[a373ad73a504971]::result::Result<(), alloc[2e1b2a31b91974c5]::string::String>, fn() -> core[a373ad73a504971]::result::Result<(), alloc[2e1b2a31b91974c5]::string::String>>
[INFO] [stdout]   13:     0x5da924d3eb14 - test[aada8e7e76ba119b]::run_test::{closure#0}
[INFO] [stdout]   14:     0x5da924d3e58c - std[617be2ca0a6fd877]::sys::backtrace::__rust_begin_short_backtrace::<test[aada8e7e76ba119b]::run_test::{closure#1}, ()>
[INFO] [stdout]   15:     0x5da924d5ca2c - <std[617be2ca0a6fd877]::thread::lifecycle::spawn_unchecked<test[aada8e7e76ba119b]::run_test::{closure#1}, ()>::{closure#1} as core[a373ad73a504971]::ops::function::FnOnce<()>>::call_once::{shim:vtable#0}
[INFO] [stdout]   16:     0x5da924d28d74 - <std[617be2ca0a6fd877]::sys::thread::unix::Thread>::new::thread_start
[INFO] [stdout]   17:     0x7364b18bbdfa - <unknown>
[INFO] [stdout]   18:     0x7364b194f3d4 - clone
[INFO] [stdout]   19:                0x0 - <unknown>
[INFO] [stdout] 
[INFO] [stdout] 
[INFO] [stdout] failures:
[INFO] [stdout]     openings::tests::test_tree_perf
[INFO] [stdout]     positions::tests::test_all_checkmates
[INFO] [stdout]     positions::tests::test_fifty_move_recognition
[INFO] [stdout]     positions::tests::test_total_fen_import
[INFO] [stdout] 
[INFO] [stdout] test result: FAILED. 60 passed; 4 failed; 10 ignored; 0 measured; 0 filtered out; finished in 0.04s
[INFO] [stdout] 
[INFO] [stderr] error: test failed, to rerun pass `--lib`
[INFO] running `Command { std: "docker" "inspect" "7a21f1774da3a63935717cbbfedc5314daf6b2beaba737d2c1f543428d266dd0", kill_on_drop: false }`
[INFO] running `Command { std: "docker" "rm" "-f" "7a21f1774da3a63935717cbbfedc5314daf6b2beaba737d2c1f543428d266dd0", kill_on_drop: false }`
[INFO] [stdout] 7a21f1774da3a63935717cbbfedc5314daf6b2beaba737d2c1f543428d266dd0
