[INFO] fetching crate crab-vault-engine 0.2.13...
[INFO] testing crab-vault-engine-0.2.13 against 1.99.0-beta.8+cargoflags=--release for beta-release-1.100-2
[INFO] extracting crate crab-vault-engine 0.2.13 into /workspace/builds/worker-6-tc1/source
[INFO] started tweaking crates.io crate crab-vault-engine 0.2.13
[INFO] removed 0 missing tests
[INFO] finished tweaking crates.io crate crab-vault-engine 0.2.13
[INFO] tweaked toml for crates.io crate crab-vault-engine 0.2.13 written to /workspace/builds/worker-6-tc1/source/Cargo.toml
[INFO] validating manifest of crates.io crate crab-vault-engine 0.2.13 on toolchain 1.99.0-beta.8
[INFO] running `Command { std: CARGO_HOME="/workspace/cargo-home" RUSTUP_HOME="/workspace/rustup-home" "/workspace/cargo-home/bin/cargo" "+1.99.0-beta.8" "metadata" "--manifest-path" "Cargo.toml" "--no-deps", kill_on_drop: false }`
[INFO] crate crates.io crate crab-vault-engine 0.2.13 already has a lockfile, it will not be regenerated
[INFO] running `Command { std: CARGO_HOME="/workspace/cargo-home" RUSTUP_HOME="/workspace/rustup-home" "/workspace/cargo-home/bin/cargo" "+1.99.0-beta.8" "fetch" "--manifest-path" "Cargo.toml", kill_on_drop: false }`
[INFO] [stderr]     Blocking waiting for file lock on package cache
[INFO] [stderr]     Updating crates.io index
[INFO] [stderr]  Downloading crates ...
[INFO] [stderr]   Downloaded tokio-macros v2.6.0
[INFO] [stderr]   Downloaded unicode-ident v1.0.22
[INFO] [stderr]   Downloaded quote v1.0.42
[INFO] [stderr]   Downloaded wasm-bindgen-shared v0.2.106
[INFO] [stderr]   Downloaded wasm-bindgen-macro v0.2.106
[INFO] [stderr]   Downloaded axum-core v0.5.5
[INFO] [stderr]   Downloaded windows-targets v0.53.5
[INFO] [stderr]   Downloaded signal-hook-registry v1.4.7
[INFO] [stderr]   Downloaded serde_path_to_error v0.1.20
[INFO] [stderr]   Downloaded find-msvc-tools v0.1.5
[INFO] [stderr]   Downloaded wasm-bindgen v0.2.106
[INFO] [stderr]   Downloaded axum-macros v0.5.0
[INFO] [stderr]   Downloaded wasm-bindgen-macro-support v0.2.106
[INFO] [stderr]   Downloaded log v0.4.29
[INFO] [stderr]   Downloaded tracing-core v0.1.35
[INFO] [stderr]   Downloaded matchit v0.8.4
[INFO] [stderr]   Downloaded socket2 v0.6.1
[INFO] [stderr]   Downloaded js-sys v0.3.83
[INFO] [stderr]   Downloaded proc-macro2 v1.0.103
[INFO] [stderr]   Downloaded bitflags v2.10.0
[INFO] [stderr]   Downloaded bytes v1.11.0
[INFO] [stderr]   Downloaded cc v1.2.48
[INFO] [stderr]   Downloaded tracing v0.1.43
[INFO] [stderr]   Downloaded mio v1.1.1
[INFO] [stderr]   Downloaded http v1.4.0
[INFO] [stderr]   Downloaded hyper-util v0.1.19
[INFO] [stderr]   Downloaded hyper v1.8.1
[INFO] [stderr]   Downloaded axum v0.8.7
[INFO] [stderr]   Downloaded syn v2.0.111
[INFO] [stderr]   Downloaded windows_x86_64_gnullvm v0.53.1
[INFO] [stderr]   Downloaded libc v0.2.178
[INFO] [stderr]   Downloaded windows_aarch64_gnullvm v0.53.1
[INFO] [stderr]   Downloaded tokio v1.48.0
[INFO] [stderr]   Downloaded windows_aarch64_msvc v0.53.1
[INFO] [stderr]   Downloaded windows_i686_gnullvm v0.53.1
[INFO] [stderr]   Downloaded windows_x86_64_msvc v0.53.1
[INFO] [stderr]   Downloaded windows_i686_msvc v0.53.1
[INFO] [stderr]   Downloaded windows_i686_gnu v0.53.1
[INFO] [stderr]   Downloaded windows_x86_64_gnu v0.53.1
[INFO] running `Command { std: "docker" "create" "-v" "/var/lib/crater-agent-workspace/builds/worker-6-tc1/source:/opt/rustwide/workdir:ro,Z" "-v" "/var/lib/crater-agent-workspace/builds/worker-6-tc1/target:/opt/rustwide/target:rw,Z" "-v" "/var/lib/crater-agent-workspace/cargo-home:/opt/rustwide/cargo-home:ro,Z" "-v" "/var/lib/crater-agent-workspace/rustup-home:/opt/rustwide/rustup-home:ro,Z" "-m" "1610612736" "--network" "none" "ghcr.io/rust-lang/crates-build-env/linux@sha256:77db811e55d90add9212f6832c23229e3de5f1c1f9905e8cb07319ea15df73ac" "sleep" "infinity", kill_on_drop: false }`
[INFO] [stdout] b913f78f201966c679753d57b06b7905428f0f8bfecbb46a908dc7b4dbeb1562
[INFO] running `Command { std: "docker" "start" "b913f78f201966c679753d57b06b7905428f0f8bfecbb46a908dc7b4dbeb1562", kill_on_drop: false }`
[INFO] running `Command { std: "docker" "inspect" "b913f78f201966c679753d57b06b7905428f0f8bfecbb46a908dc7b4dbeb1562", kill_on_drop: false }`
[INFO] running `Command { std: "docker" "exec" "-e" "SOURCE_DIR=/opt/rustwide/workdir" "-e" "CARGO_HOME=/opt/rustwide/cargo-home" "-e" "RUSTUP_HOME=/opt/rustwide/rustup-home" "-e" "CARGO_TARGET_DIR=/opt/rustwide/target" "-w" "/opt/rustwide/workdir" "--user" "0:0" "b913f78f201966c679753d57b06b7905428f0f8bfecbb46a908dc7b4dbeb1562" "/opt/rustwide/cargo-home/bin/cargo" "+1.99.0-beta.8" "metadata" "--no-deps" "--format-version=1", kill_on_drop: false }`
[INFO] running `Command { std: "docker" "inspect" "b913f78f201966c679753d57b06b7905428f0f8bfecbb46a908dc7b4dbeb1562", kill_on_drop: false }`
[INFO] running `Command { std: "docker" "exec" "-e" "SOURCE_DIR=/opt/rustwide/workdir" "-e" "CARGO_HOME=/opt/rustwide/cargo-home" "-e" "RUSTUP_HOME=/opt/rustwide/rustup-home" "-e" "CARGO_TARGET_DIR=/opt/rustwide/target" "-e" "CARGO_INCREMENTAL=0" "-e" "RUST_BACKTRACE=full" "-e" "RUSTFLAGS=--cap-lints=warn" "-e" "RUSTDOCFLAGS=--cap-lints=warn" "-w" "/opt/rustwide/workdir" "--user" "0:0" "b913f78f201966c679753d57b06b7905428f0f8bfecbb46a908dc7b4dbeb1562" "/opt/rustwide/cargo-home/bin/cargo" "+1.99.0-beta.8" "build" "--frozen" "--message-format=json" "--release", kill_on_drop: false }`
[INFO] [stderr]    Compiling proc-macro2 v1.0.103
[INFO] [stderr]    Compiling unicode-ident v1.0.22
[INFO] [stderr]    Compiling quote v1.0.42
[INFO] [stderr]    Compiling libc v0.2.178
[INFO] [stderr]    Compiling itoa v1.0.15
[INFO] [stderr]    Compiling bytes v1.11.0
[INFO] [stderr]    Compiling serde_core v1.0.228
[INFO] [stderr]    Compiling parking_lot_core v0.9.12
[INFO] [stderr]    Compiling futures-core v0.3.31
[INFO] [stderr]    Compiling cfg-if v1.0.4
[INFO] [stderr]    Compiling smallvec v1.15.1
[INFO] [stderr]    Compiling scopeguard v1.2.0
[INFO] [stderr]    Compiling httparse v1.10.1
[INFO] [stderr]    Compiling serde v1.0.228
[INFO] [stderr]    Compiling tracing-core v0.1.35
[INFO] [stderr]    Compiling tower-service v0.3.3
[INFO] [stderr]    Compiling lock_api v0.4.14
[INFO] [stderr]    Compiling log v0.4.29
[INFO] [stderr]    Compiling futures-task v0.3.31
[INFO] [stderr]    Compiling futures-channel v0.3.31
[INFO] [stderr]    Compiling percent-encoding v2.3.2
[INFO] [stderr]    Compiling httpdate v1.0.3
[INFO] [stderr]    Compiling serde_json v1.0.145
[INFO] [stderr]    Compiling tower-layer v0.3.3
[INFO] [stderr]    Compiling sync_wrapper v1.0.2
[INFO] [stderr]    Compiling ryu v1.0.20
[INFO] [stderr]    Compiling atomic-waker v1.1.2
[INFO] [stderr]    Compiling futures-util v0.3.31
[INFO] [stderr]    Compiling form_urlencoded v1.2.2
[INFO] [stderr]    Compiling thiserror v2.0.17
[INFO] [stderr]    Compiling mime v0.3.17
[INFO] [stderr]    Compiling memchr v2.7.6
[INFO] [stderr]    Compiling iana-time-zone v0.1.64
[INFO] [stderr]    Compiling matchit v0.8.4
[INFO] [stderr]    Compiling tracing v0.1.43
[INFO] [stderr]    Compiling syn v2.0.111
[INFO] [stderr]    Compiling http v1.4.0
[INFO] [stderr]    Compiling socket2 v0.6.1
[INFO] [stderr]    Compiling signal-hook-registry v1.4.7
[INFO] [stderr]    Compiling mio v1.1.1
[INFO] [stderr]    Compiling serde_path_to_error v0.1.20
[INFO] [stderr]    Compiling parking_lot v0.12.5
[INFO] [stderr]    Compiling http-body v1.0.1
[INFO] [stderr]    Compiling http-body-util v0.1.3
[INFO] [stderr]    Compiling axum-core v0.5.5
[INFO] [stderr]    Compiling tokio-macros v2.6.0
[INFO] [stderr]    Compiling serde_derive v1.0.228
[INFO] [stderr]    Compiling axum-macros v0.5.0
[INFO] [stderr]    Compiling thiserror-impl v2.0.17
[INFO] [stderr]    Compiling tokio v1.48.0
[INFO] [stderr]    Compiling serde_urlencoded v0.7.1
[INFO] [stderr]    Compiling chrono v0.4.42
[INFO] [stderr]    Compiling hyper v1.8.1
[INFO] [stderr]    Compiling tower v0.5.2
[INFO] [stderr]    Compiling hyper-util v0.1.19
[INFO] [stderr]    Compiling axum v0.8.7
[INFO] [stderr]    Compiling crab-vault-engine v0.2.13 (/opt/rustwide/workdir)
[INFO] [stderr]     Finished `release` profile [optimized] target(s) in 35.30s
[INFO] running `Command { std: "docker" "inspect" "b913f78f201966c679753d57b06b7905428f0f8bfecbb46a908dc7b4dbeb1562", kill_on_drop: false }`
[INFO] running `Command { std: "docker" "exec" "-e" "SOURCE_DIR=/opt/rustwide/workdir" "-e" "CARGO_HOME=/opt/rustwide/cargo-home" "-e" "RUSTUP_HOME=/opt/rustwide/rustup-home" "-e" "CARGO_TARGET_DIR=/opt/rustwide/target" "-e" "CARGO_INCREMENTAL=0" "-e" "RUST_BACKTRACE=full" "-e" "RUSTFLAGS=--cap-lints=warn" "-e" "RUSTDOCFLAGS=--cap-lints=warn" "-w" "/opt/rustwide/workdir" "--user" "0:0" "b913f78f201966c679753d57b06b7905428f0f8bfecbb46a908dc7b4dbeb1562" "/opt/rustwide/cargo-home/bin/cargo" "+1.99.0-beta.8" "test" "--frozen" "--no-run" "--message-format=json" "--release", kill_on_drop: false }`
[INFO] [stderr]    Compiling crab-vault-engine v0.2.13 (/opt/rustwide/workdir)
[INFO] [stderr]     Finished `release` profile [optimized] target(s) in 3.63s
[INFO] running `Command { std: "docker" "inspect" "b913f78f201966c679753d57b06b7905428f0f8bfecbb46a908dc7b4dbeb1562", kill_on_drop: false }`
[INFO] running `Command { std: "docker" "exec" "-e" "SOURCE_DIR=/opt/rustwide/workdir" "-e" "CARGO_HOME=/opt/rustwide/cargo-home" "-e" "RUSTUP_HOME=/opt/rustwide/rustup-home" "-e" "CARGO_TARGET_DIR=/opt/rustwide/target" "-e" "CARGO_INCREMENTAL=0" "-e" "RUST_BACKTRACE=full" "-e" "RUSTFLAGS=--cap-lints=warn" "-e" "RUSTDOCFLAGS=--cap-lints=warn" "-w" "/opt/rustwide/workdir" "--user" "0:0" "b913f78f201966c679753d57b06b7905428f0f8bfecbb46a908dc7b4dbeb1562" "/opt/rustwide/cargo-home/bin/cargo" "+1.99.0-beta.8" "test" "--frozen" "--release", kill_on_drop: false }`
[INFO] [stderr]     Finished `release` profile [optimized] target(s) in 0.11s
[INFO] [stderr]      Running unittests src/lib.rs (/opt/rustwide/target/release/deps/crab_vault_engine-3e86ef614e73c10c)
[INFO] [stdout] 
[INFO] [stdout] running 0 tests
[INFO] [stderr]      Running tests/fs_data.rs (/opt/rustwide/target/release/deps/fs_data-96b841b1824da452)
[INFO] [stdout] 
[INFO] [stdout] test result: ok. 0 passed; 0 failed; 0 ignored; 0 measured; 0 filtered out; finished in 0.00s
[INFO] [stdout] 
[INFO] [stdout] 
[INFO] [stdout] running 8 tests
[INFO] [stdout] test test_delete_non_empty_bucket_fails ... FAILED
[INFO] [stdout] test test_create_bucket_success ... FAILED
[INFO] [stdout] test test_new_creates_base_directory ... FAILED
[INFO] [stdout] test test_full_lifecycle ... FAILED
[INFO] [stdout] test test_overwrite_object ... FAILED
[INFO] [stdout] test test_delete_nonexistent_object_is_ok ... FAILED
[INFO] [stdout] test test_create_object_in_nonexistent_bucket_fails ... FAILED
[INFO] [stdout] test test_read_nonexistent_object_fails ... FAILED
[INFO] [stdout] 
[INFO] [stdout] failures:
[INFO] [stdout] 
[INFO] [stdout] ---- test_delete_non_empty_bucket_fails stdout ----
[INFO] [stdout] 
[INFO] [stdout] thread 'test_delete_non_empty_bucket_fails' (1275) panicked at tests/fs_data.rs:14:48:
[INFO] [stdout] 无法创建根文件夹: Io { error: Os { code: 30, kind: ReadOnlyFilesystem, message: "Read-only file system" }, path: "./data_test/delete_non_empty_bucket" }
[INFO] [stdout] stack backtrace:
[INFO] [stdout]    0:     0x582d02817821 - <<std[70759c8f55707aa4]::sys::backtrace::BacktraceLock>::print::DisplayBacktrace as core[df12db4294e9bfd3]::fmt::Display>::fmt
[INFO] [stdout]    1:     0x582d0282c0fa - core[df12db4294e9bfd3]::fmt::write
[INFO] [stdout]    2:     0x582d0281c0ec - <alloc[2182bb758b4b3781]::vec::Vec<u8> as core[df12db4294e9bfd3]::io::write::Write>::write_fmt
[INFO] [stdout]    3:     0x582d027f2556 - std[70759c8f55707aa4]::panicking::default_hook::{closure#0}
[INFO] [stdout]    4:     0x582d0280f5f9 - std[70759c8f55707aa4]::panicking::default_hook
[INFO] [stdout]    5:     0x582d02784280 - test[9d35eded1c95d3be]::test_main_inner::<test[9d35eded1c95d3be]::test_main_static::{closure#0}>::{closure#0}
[INFO] [stdout]    6:     0x582d0280f7b2 - std[70759c8f55707aa4]::panicking::panic_with_hook
[INFO] [stdout]    7:     0x582d027f2602 - std[70759c8f55707aa4]::panicking::panic_handler::{closure#0}
[INFO] [stdout]    8:     0x582d027eb269 - std[70759c8f55707aa4]::sys::backtrace::__rust_end_short_backtrace::<std[70759c8f55707aa4]::panicking::panic_handler::{closure#0}, !>
[INFO] [stdout]    9:     0x582d027f31fd - __rustc[8fa7c3cbc660c2b3]::rust_begin_unwind
[INFO] [stdout]   10:     0x582d0282c85c - core[df12db4294e9bfd3]::panicking::panic_fmt
[INFO] [stdout]   11:     0x582d0282c632 - core[df12db4294e9bfd3]::result::unwrap_failed
[INFO] [stdout]   12:     0x582d0276c8d0 - fs_data[328f77922728d512]::setup::{closure#0}
[INFO] [stdout]   13:     0x582d0276e347 - fs_data[328f77922728d512]::test_delete_non_empty_bucket_fails::{closure#0}
[INFO] [stdout]   14:     0x582d027765e3 - <tokio[a8bed60e5367364e]::runtime::scheduler::current_thread::Context>::enter::<core[df12db4294e9bfd3]::task::poll::Poll<()>, <tokio[a8bed60e5367364e]::runtime::scheduler::current_thread::CoreGuard>::block_on<core[df12db4294e9bfd3]::pin::Pin<&mut core[df12db4294e9bfd3]::pin::Pin<&mut dyn core[df12db4294e9bfd3]::future::future::Future<Output = ()>>>>::{closure#0}::{closure#0}>
[INFO] [stdout]   15:     0x582d02775629 - <std[70759c8f55707aa4]::thread::local::LocalKey<tokio[a8bed60e5367364e]::runtime::context::Context>>::with::<tokio[a8bed60e5367364e]::runtime::context::set_scheduler<(alloc[2182bb758b4b3781]::boxed::Box<tokio[a8bed60e5367364e]::runtime::scheduler::current_thread::Core>, core[df12db4294e9bfd3]::option::Option<()>), <tokio[a8bed60e5367364e]::runtime::scheduler::current_thread::CoreGuard>::enter<<tokio[a8bed60e5367364e]::runtime::scheduler::current_thread::CoreGuard>::block_on<core[df12db4294e9bfd3]::pin::Pin<&mut core[df12db4294e9bfd3]::pin::Pin<&mut dyn core[df12db4294e9bfd3]::future::future::Future<Output = ()>>>>::{closure#0}, core[df12db4294e9bfd3]::option::Option<()>>::{closure#0}>::{closure#0}, (alloc[2182bb758b4b3781]::boxed::Box<tokio[a8bed60e5367364e]::runtime::scheduler::current_thread::Core>, core[df12db4294e9bfd3]::option::Option<()>)>
[INFO] [stdout]   16:     0x582d02776917 - <tokio[a8bed60e5367364e]::runtime::scheduler::current_thread::CoreGuard>::block_on::<core[df12db4294e9bfd3]::pin::Pin<&mut core[df12db4294e9bfd3]::pin::Pin<&mut dyn core[df12db4294e9bfd3]::future::future::Future<Output = ()>>>>
[INFO] [stdout]   17:     0x582d02774a4d - tokio[a8bed60e5367364e]::runtime::context::runtime::enter_runtime::<<tokio[a8bed60e5367364e]::runtime::scheduler::current_thread::CurrentThread>::block_on<core[df12db4294e9bfd3]::pin::Pin<&mut dyn core[df12db4294e9bfd3]::future::future::Future<Output = ()>>>::{closure#0}, ()>
[INFO] [stdout]   18:     0x582d027764c5 - <tokio[a8bed60e5367364e]::runtime::runtime::Runtime>::block_on::<core[df12db4294e9bfd3]::pin::Pin<&mut dyn core[df12db4294e9bfd3]::future::future::Future<Output = ()>>>
[INFO] [stdout]   19:     0x582d027719be - <fs_data[328f77922728d512]::test_delete_non_empty_bucket_fails::{closure#0} as core[df12db4294e9bfd3]::ops::function::FnOnce<()>>::call_once
[INFO] [stdout]   20:     0x582d0277756b - test[9d35eded1c95d3be]::__rust_begin_short_backtrace::<core[df12db4294e9bfd3]::result::Result<(), alloc[2182bb758b4b3781]::string::String>, fn() -> core[df12db4294e9bfd3]::result::Result<(), alloc[2182bb758b4b3781]::string::String>>
[INFO] [stdout]   21:     0x582d02784bd5 - test[9d35eded1c95d3be]::run_test::{closure#0}
[INFO] [stdout]   22:     0x582d0277e494 - std[70759c8f55707aa4]::sys::backtrace::__rust_begin_short_backtrace::<test[9d35eded1c95d3be]::run_test::{closure#1}, ()>
[INFO] [stdout]   23:     0x582d02787d32 - <std[70759c8f55707aa4]::thread::lifecycle::spawn_unchecked<test[9d35eded1c95d3be]::run_test::{closure#1}, ()>::{closure#1} as core[df12db4294e9bfd3]::ops::function::FnOnce<()>>::call_once::{shim:vtable#0}
[INFO] [stdout]   24:     0x582d028170f9 - <std[70759c8f55707aa4]::sys::thread::unix::Thread>::new::thread_start
[INFO] [stdout]   25:     0x7732ffc2edfa - <unknown>
[INFO] [stdout]   26:     0x7732ffcc23d4 - clone
[INFO] [stdout]   27:                0x0 - <unknown>
[INFO] [stdout] 
[INFO] [stdout] ---- test_create_bucket_success stdout ----
[INFO] [stdout] 
[INFO] [stdout] thread 'test_create_bucket_success' (1273) panicked at tests/fs_data.rs:14:48:
[INFO] [stdout] 无法创建根文件夹: Io { error: Os { code: 30, kind: ReadOnlyFilesystem, message: "Read-only file system" }, path: "./data_test/create_bucket_success" }
[INFO] [stdout] stack backtrace:
[INFO] [stdout]    0:     0x582d02817821 - <<std[70759c8f55707aa4]::sys::backtrace::BacktraceLock>::print::DisplayBacktrace as core[df12db4294e9bfd3]::fmt::Display>::fmt
[INFO] [stdout]    1:     0x582d0282c0fa - core[df12db4294e9bfd3]::fmt::write
[INFO] [stdout]    2:     0x582d0281c0ec - <alloc[2182bb758b4b3781]::vec::Vec<u8> as core[df12db4294e9bfd3]::io::write::Write>::write_fmt
[INFO] [stdout]    3:     0x582d027f2556 - std[70759c8f55707aa4]::panicking::default_hook::{closure#0}
[INFO] [stdout]    4:     0x582d0280f5f9 - std[70759c8f55707aa4]::panicking::default_hook
[INFO] [stdout]    5:     0x582d02784280 - test[9d35eded1c95d3be]::test_main_inner::<test[9d35eded1c95d3be]::test_main_static::{closure#0}>::{closure#0}
[INFO] [stdout]    6:     0x582d0280f7b2 - std[70759c8f55707aa4]::panicking::panic_with_hook
[INFO] [stdout]    7:     0x582d027f2602 - std[70759c8f55707aa4]::panicking::panic_handler::{closure#0}
[INFO] [stdout]    8:     0x582d027eb269 - std[70759c8f55707aa4]::sys::backtrace::__rust_end_short_backtrace::<std[70759c8f55707aa4]::panicking::panic_handler::{closure#0}, !>
[INFO] [stdout]    9:     0x582d027f31fd - __rustc[8fa7c3cbc660c2b3]::rust_begin_unwind
[INFO] [stdout]   10:     0x582d0282c85c - core[df12db4294e9bfd3]::panicking::panic_fmt
[INFO] [stdout]   11:     0x582d0282c632 - core[df12db4294e9bfd3]::result::unwrap_failed
[INFO] [stdout]   12:     0x582d0276c8d0 - fs_data[328f77922728d512]::setup::{closure#0}
[INFO] [stdout]   13:     0x582d0276db06 - fs_data[328f77922728d512]::test_create_bucket_success::{closure#0}
[INFO] [stdout]   14:     0x582d027765e3 - <tokio[a8bed60e5367364e]::runtime::scheduler::current_thread::Context>::enter::<core[df12db4294e9bfd3]::task::poll::Poll<()>, <tokio[a8bed60e5367364e]::runtime::scheduler::current_thread::CoreGuard>::block_on<core[df12db4294e9bfd3]::pin::Pin<&mut core[df12db4294e9bfd3]::pin::Pin<&mut dyn core[df12db4294e9bfd3]::future::future::Future<Output = ()>>>>::{closure#0}::{closure#0}>
[INFO] [stdout]   15:     0x582d02775629 - <std[70759c8f55707aa4]::thread::local::LocalKey<tokio[a8bed60e5367364e]::runtime::context::Context>>::with::<tokio[a8bed60e5367364e]::runtime::context::set_scheduler<(alloc[2182bb758b4b3781]::boxed::Box<tokio[a8bed60e5367364e]::runtime::scheduler::current_thread::Core>, core[df12db4294e9bfd3]::option::Option<()>), <tokio[a8bed60e5367364e]::runtime::scheduler::current_thread::CoreGuard>::enter<<tokio[a8bed60e5367364e]::runtime::scheduler::current_thread::CoreGuard>::block_on<core[df12db4294e9bfd3]::pin::Pin<&mut core[df12db4294e9bfd3]::pin::Pin<&mut dyn core[df12db4294e9bfd3]::future::future::Future<Output = ()>>>>::{closure#0}, core[df12db4294e9bfd3]::option::Option<()>>::{closure#0}>::{closure#0}, (alloc[2182bb758b4b3781]::boxed::Box<tokio[a8bed60e5367364e]::runtime::scheduler::current_thread::Core>, core[df12db4294e9bfd3]::option::Option<()>)>
[INFO] [stdout]   16:     0x582d02776917 - <tokio[a8bed60e5367364e]::runtime::scheduler::current_thread::CoreGuard>::block_on::<core[df12db4294e9bfd3]::pin::Pin<&mut core[df12db4294e9bfd3]::pin::Pin<&mut dyn core[df12db4294e9bfd3]::future::future::Future<Output = ()>>>>
[INFO] [stdout]   17:     0x582d02774a4d - tokio[a8bed60e5367364e]::runtime::context::runtime::enter_runtime::<<tokio[a8bed60e5367364e]::runtime::scheduler::current_thread::CurrentThread>::block_on<core[df12db4294e9bfd3]::pin::Pin<&mut dyn core[df12db4294e9bfd3]::future::future::Future<Output = ()>>>::{closure#0}, ()>
[INFO] [stdout]   18:     0x582d027764c5 - <tokio[a8bed60e5367364e]::runtime::runtime::Runtime>::block_on::<core[df12db4294e9bfd3]::pin::Pin<&mut dyn core[df12db4294e9bfd3]::future::future::Future<Output = ()>>>
[INFO] [stdout]   19:     0x582d027716fe - <fs_data[328f77922728d512]::test_create_bucket_success::{closure#0} as core[df12db4294e9bfd3]::ops::function::FnOnce<()>>::call_once
[INFO] [stdout]   20:     0x582d0277756b - test[9d35eded1c95d3be]::__rust_begin_short_backtrace::<core[df12db4294e9bfd3]::result::Result<(), alloc[2182bb758b4b3781]::string::String>, fn() -> core[df12db4294e9bfd3]::result::Result<(), alloc[2182bb758b4b3781]::string::String>>
[INFO] [stdout]   21:     0x582d02784bd5 - test[9d35eded1c95d3be]::run_test::{closure#0}
[INFO] [stdout]   22:     0x582d0277e494 - std[70759c8f55707aa4]::sys::backtrace::__rust_begin_short_backtrace::<test[9d35eded1c95d3be]::run_test::{closure#1}, ()>
[INFO] [stdout]   23:     0x582d02787d32 - <std[70759c8f55707aa4]::thread::lifecycle::spawn_unchecked<test[9d35eded1c95d3be]::run_test::{closure#1}, ()>::{closure#1} as core[df12db4294e9bfd3]::ops::function::FnOnce<()>>::call_once::{shim:vtable#0}
[INFO] [stdout]   24:     0x582d028170f9 - <std[70759c8f55707aa4]::sys::thread::unix::Thread>::new::thread_start
[INFO] [stdout]   25:     0x7732ffc2edfa - <unknown>
[INFO] [stdout]   26:     0x7732ffcc23d4 - clone
[INFO] [stdout]   27:                0x0 - <unknown>
[INFO] [stdout] 
[INFO] [stdout] ---- test_new_creates_base_directory stdout ----
[INFO] [stdout] 
[INFO] [stdout] thread 'test_new_creates_base_directory' (1278) panicked at tests/fs_data.rs:29:49:
[INFO] [stdout] called `Result::unwrap()` on an `Err` value: Io { error: Os { code: 30, kind: ReadOnlyFilesystem, message: "Read-only file system" }, path: "./data_test/new_creates_dir" }
[INFO] [stdout] stack backtrace:
[INFO] [stdout]    0:     0x582d02817821 - <<std[70759c8f55707aa4]::sys::backtrace::BacktraceLock>::print::DisplayBacktrace as core[df12db4294e9bfd3]::fmt::Display>::fmt
[INFO] [stdout]    1:     0x582d0282c0fa - core[df12db4294e9bfd3]::fmt::write
[INFO] [stdout]    2:     0x582d0281c0ec - <alloc[2182bb758b4b3781]::vec::Vec<u8> as core[df12db4294e9bfd3]::io::write::Write>::write_fmt
[INFO] [stdout]    3:     0x582d027f2556 - std[70759c8f55707aa4]::panicking::default_hook::{closure#0}
[INFO] [stdout]    4:     0x582d0280f5f9 - std[70759c8f55707aa4]::panicking::default_hook
[INFO] [stdout]    5:     0x582d02784280 - test[9d35eded1c95d3be]::test_main_inner::<test[9d35eded1c95d3be]::test_main_static::{closure#0}>::{closure#0}
[INFO] [stdout]    6:     0x582d0280f7b2 - std[70759c8f55707aa4]::panicking::panic_with_hook
[INFO] [stdout]    7:     0x582d027f2602 - std[70759c8f55707aa4]::panicking::panic_handler::{closure#0}
[INFO] [stdout]    8:     0x582d027eb269 - std[70759c8f55707aa4]::sys::backtrace::__rust_end_short_backtrace::<std[70759c8f55707aa4]::panicking::panic_handler::{closure#0}, !>
[INFO] [stdout]    9:     0x582d027f31fd - __rustc[8fa7c3cbc660c2b3]::rust_begin_unwind
[INFO] [stdout]   10:     0x582d0282c85c - core[df12db4294e9bfd3]::panicking::panic_fmt
[INFO] [stdout]   11:     0x582d0282c632 - core[df12db4294e9bfd3]::result::unwrap_failed
[INFO] [stdout]   12:     0x582d0276e12a - fs_data[328f77922728d512]::test_new_creates_base_directory::{closure#0}
[INFO] [stdout]   13:     0x582d027765e3 - <tokio[a8bed60e5367364e]::runtime::scheduler::current_thread::Context>::enter::<core[df12db4294e9bfd3]::task::poll::Poll<()>, <tokio[a8bed60e5367364e]::runtime::scheduler::current_thread::CoreGuard>::block_on<core[df12db4294e9bfd3]::pin::Pin<&mut core[df12db4294e9bfd3]::pin::Pin<&mut dyn core[df12db4294e9bfd3]::future::future::Future<Output = ()>>>>::{closure#0}::{closure#0}>
[INFO] [stdout]   14:     0x582d02775629 - <std[70759c8f55707aa4]::thread::local::LocalKey<tokio[a8bed60e5367364e]::runtime::context::Context>>::with::<tokio[a8bed60e5367364e]::runtime::context::set_scheduler<(alloc[2182bb758b4b3781]::boxed::Box<tokio[a8bed60e5367364e]::runtime::scheduler::current_thread::Core>, core[df12db4294e9bfd3]::option::Option<()>), <tokio[a8bed60e5367364e]::runtime::scheduler::current_thread::CoreGuard>::enter<<tokio[a8bed60e5367364e]::runtime::scheduler::current_thread::CoreGuard>::block_on<core[df12db4294e9bfd3]::pin::Pin<&mut core[df12db4294e9bfd3]::pin::Pin<&mut dyn core[df12db4294e9bfd3]::future::future::Future<Output = ()>>>>::{closure#0}, core[df12db4294e9bfd3]::option::Option<()>>::{closure#0}>::{closure#0}, (alloc[2182bb758b4b3781]::boxed::Box<tokio[a8bed60e5367364e]::runtime::scheduler::current_thread::Core>, core[df12db4294e9bfd3]::option::Option<()>)>
[INFO] [stdout]   15:     0x582d02776917 - <tokio[a8bed60e5367364e]::runtime::scheduler::current_thread::CoreGuard>::block_on::<core[df12db4294e9bfd3]::pin::Pin<&mut core[df12db4294e9bfd3]::pin::Pin<&mut dyn core[df12db4294e9bfd3]::future::future::Future<Output = ()>>>>
[INFO] [stdout]   16:     0x582d02774a4d - tokio[a8bed60e5367364e]::runtime::context::runtime::enter_runtime::<<tokio[a8bed60e5367364e]::runtime::scheduler::current_thread::CurrentThread>::block_on<core[df12db4294e9bfd3]::pin::Pin<&mut dyn core[df12db4294e9bfd3]::future::future::Future<Output = ()>>>::{closure#0}, ()>
[INFO] [stdout]   17:     0x582d027764c5 - <tokio[a8bed60e5367364e]::runtime::runtime::Runtime>::block_on::<core[df12db4294e9bfd3]::pin::Pin<&mut dyn core[df12db4294e9bfd3]::future::future::Future<Output = ()>>>
[INFO] [stdout]   18:     0x582d0277185e - <fs_data[328f77922728d512]::test_new_creates_base_directory::{closure#0} as core[df12db4294e9bfd3]::ops::function::FnOnce<()>>::call_once
[INFO] [stdout]   19:     0x582d0277756b - test[9d35eded1c95d3be]::__rust_begin_short_backtrace::<core[df12db4294e9bfd3]::result::Result<(), alloc[2182bb758b4b3781]::string::String>, fn() -> core[df12db4294e9bfd3]::result::Result<(), alloc[2182bb758b4b3781]::string::String>>
[INFO] [stdout]   20:     0x582d02784bd5 - test[9d35eded1c95d3be]::run_test::{closure#0}
[INFO] [stdout]   21:     0x582d0277e494 - std[70759c8f55707aa4]::sys::backtrace::__rust_begin_short_backtrace::<test[9d35eded1c95d3be]::run_test::{closure#1}, ()>
[INFO] [stdout]   22:     0x582d02787d32 - <std[70759c8f55707aa4]::thread::lifecycle::spawn_unchecked<test[9d35eded1c95d3be]::run_test::{closure#1}, ()>::{closure#1} as core[df12db4294e9bfd3]::ops::function::FnOnce<()>>::call_once::{shim:vtable#0}
[INFO] [stdout]   23:     0x582d028170f9 - <std[70759c8f55707aa4]::sys::thread::unix::Thread>::new::thread_start
[INFO] [stdout]   24:     0x7732ffc2edfa - <unknown>
[INFO] [stdout]   25:     0x7732ffcc23d4 - clone
[INFO] [stdout]   26:                0x0 - <unknown>
[INFO] [stdout] 
[INFO] [stdout] ---- test_full_lifecycle stdout ----
[INFO] [stdout] 
[INFO] [stdout] thread 'test_full_lifecycle' (1277) panicked at tests/fs_data.rs:14:48:
[INFO] [stdout] 无法创建根文件夹: Io { error: Os { code: 30, kind: ReadOnlyFilesystem, message: "Read-only file system" }, path: "./data_test/full_lifecycle" }
[INFO] [stdout] stack backtrace:
[INFO] [stdout]    0:     0x582d02817821 - <<std[70759c8f55707aa4]::sys::backtrace::BacktraceLock>::print::DisplayBacktrace as core[df12db4294e9bfd3]::fmt::Display>::fmt
[INFO] [stdout]    1:     0x582d0282c0fa - core[df12db4294e9bfd3]::fmt::write
[INFO] [stdout]    2:     0x582d0281c0ec - <alloc[2182bb758b4b3781]::vec::Vec<u8> as core[df12db4294e9bfd3]::io::write::Write>::write_fmt
[INFO] [stdout]    3:     0x582d027f2556 - std[70759c8f55707aa4]::panicking::default_hook::{closure#0}
[INFO] [stdout]    4:     0x582d0280f5f9 - std[70759c8f55707aa4]::panicking::default_hook
[INFO] [stdout]    5:     0x582d02784280 - test[9d35eded1c95d3be]::test_main_inner::<test[9d35eded1c95d3be]::test_main_static::{closure#0}>::{closure#0}
[INFO] [stdout]    6:     0x582d0280f7b2 - std[70759c8f55707aa4]::panicking::panic_with_hook
[INFO] [stdout]    7:     0x582d027f2602 - std[70759c8f55707aa4]::panicking::panic_handler::{closure#0}
[INFO] [stdout]    8:     0x582d027eb269 - std[70759c8f55707aa4]::sys::backtrace::__rust_end_short_backtrace::<std[70759c8f55707aa4]::panicking::panic_handler::{closure#0}, !>
[INFO] [stdout]    9:     0x582d027f31fd - __rustc[8fa7c3cbc660c2b3]::rust_begin_unwind
[INFO] [stdout]   10:     0x582d0282c85c - core[df12db4294e9bfd3]::panicking::panic_fmt
[INFO] [stdout]   11:     0x582d0282c632 - core[df12db4294e9bfd3]::result::unwrap_failed
[INFO] [stdout]   12:     0x582d0276c8d0 - fs_data[328f77922728d512]::setup::{closure#0}
[INFO] [stdout]   13:     0x582d0276ca28 - fs_data[328f77922728d512]::test_full_lifecycle::{closure#0}
[INFO] [stdout]   14:     0x582d027765e3 - <tokio[a8bed60e5367364e]::runtime::scheduler::current_thread::Context>::enter::<core[df12db4294e9bfd3]::task::poll::Poll<()>, <tokio[a8bed60e5367364e]::runtime::scheduler::current_thread::CoreGuard>::block_on<core[df12db4294e9bfd3]::pin::Pin<&mut core[df12db4294e9bfd3]::pin::Pin<&mut dyn core[df12db4294e9bfd3]::future::future::Future<Output = ()>>>>::{closure#0}::{closure#0}>
[INFO] [stdout]   15:     0x582d02775629 - <std[70759c8f55707aa4]::thread::local::LocalKey<tokio[a8bed60e5367364e]::runtime::context::Context>>::with::<tokio[a8bed60e5367364e]::runtime::context::set_scheduler<(alloc[2182bb758b4b3781]::boxed::Box<tokio[a8bed60e5367364e]::runtime::scheduler::current_thread::Core>, core[df12db4294e9bfd3]::option::Option<()>), <tokio[a8bed60e5367364e]::runtime::scheduler::current_thread::CoreGuard>::enter<<tokio[a8bed60e5367364e]::runtime::scheduler::current_thread::CoreGuard>::block_on<core[df12db4294e9bfd3]::pin::Pin<&mut core[df12db4294e9bfd3]::pin::Pin<&mut dyn core[df12db4294e9bfd3]::future::future::Future<Output = ()>>>>::{closure#0}, core[df12db4294e9bfd3]::option::Option<()>>::{closure#0}>::{closure#0}, (alloc[2182bb758b4b3781]::boxed::Box<tokio[a8bed60e5367364e]::runtime::scheduler::current_thread::Core>, core[df12db4294e9bfd3]::option::Option<()>)>
[INFO] [stdout]   16:     0x582d02776917 - <tokio[a8bed60e5367364e]::runtime::scheduler::current_thread::CoreGuard>::block_on::<core[df12db4294e9bfd3]::pin::Pin<&mut core[df12db4294e9bfd3]::pin::Pin<&mut dyn core[df12db4294e9bfd3]::future::future::Future<Output = ()>>>>
[INFO] [stdout]   17:     0x582d02774a4d - tokio[a8bed60e5367364e]::runtime::context::runtime::enter_runtime::<<tokio[a8bed60e5367364e]::runtime::scheduler::current_thread::CurrentThread>::block_on<core[df12db4294e9bfd3]::pin::Pin<&mut dyn core[df12db4294e9bfd3]::future::future::Future<Output = ()>>>::{closure#0}, ()>
[INFO] [stdout]   18:     0x582d027764c5 - <tokio[a8bed60e5367364e]::runtime::runtime::Runtime>::block_on::<core[df12db4294e9bfd3]::pin::Pin<&mut dyn core[df12db4294e9bfd3]::future::future::Future<Output = ()>>>
[INFO] [stdout]   19:     0x582d0277143e - <fs_data[328f77922728d512]::test_full_lifecycle::{closure#0} as core[df12db4294e9bfd3]::ops::function::FnOnce<()>>::call_once
[INFO] [stdout]   20:     0x582d0277756b - test[9d35eded1c95d3be]::__rust_begin_short_backtrace::<core[df12db4294e9bfd3]::result::Result<(), alloc[2182bb758b4b3781]::string::String>, fn() -> core[df12db4294e9bfd3]::result::Result<(), alloc[2182bb758b4b3781]::string::String>>
[INFO] [stdout]   21:     0x582d02784bd5 - test[9d35eded1c95d3be]::run_test::{closure#0}
[INFO] [stdout]   22:     0x582d0277e494 - std[70759c8f55707aa4]::sys::backtrace::__rust_begin_short_backtrace::<test[9d35eded1c95d3be]::run_test::{closure#1}, ()>
[INFO] [stdout]   23:     0x582d02787d32 - <std[70759c8f55707aa4]::thread::lifecycle::spawn_unchecked<test[9d35eded1c95d3be]::run_test::{closure#1}, ()>::{closure#1} as core[df12db4294e9bfd3]::ops::function::FnOnce<()>>::call_once::{shim:vtable#0}
[INFO] [stdout]   24:     0x582d028170f9 - <std[70759c8f55707aa4]::sys::thread::unix::Thread>::new::thread_start
[INFO] [stdout]   25:     0x7732ffc2edfa - <unknown>
[INFO] [stdout]   26:     0x7732ffcc23d4 - clone
[INFO] [stdout]   27:                0x0 - <unknown>
[INFO] [stdout] 
[INFO] [stdout] ---- test_overwrite_object stdout ----
[INFO] [stdout] 
[INFO] [stdout] thread 'test_overwrite_object' (1279) panicked at tests/fs_data.rs:14:48:
[INFO] [stdout] 无法创建根文件夹: Io { error: Os { code: 30, kind: ReadOnlyFilesystem, message: "Read-only file system" }, path: "./data_test/overwrite_object" }
[INFO] [stdout] stack backtrace:
[INFO] [stdout]    0:     0x582d02817821 - <<std[70759c8f55707aa4]::sys::backtrace::BacktraceLock>::print::DisplayBacktrace as core[df12db4294e9bfd3]::fmt::Display>::fmt
[INFO] [stdout]    1:     0x582d0282c0fa - core[df12db4294e9bfd3]::fmt::write
[INFO] [stdout]    2:     0x582d0281c0ec - <alloc[2182bb758b4b3781]::vec::Vec<u8> as core[df12db4294e9bfd3]::io::write::Write>::write_fmt
[INFO] [stdout]    3:     0x582d027f2556 - std[70759c8f55707aa4]::panicking::default_hook::{closure#0}
[INFO] [stdout]    4:     0x582d0280f5f9 - std[70759c8f55707aa4]::panicking::default_hook
[INFO] [stdout]    5:     0x582d02784280 - test[9d35eded1c95d3be]::test_main_inner::<test[9d35eded1c95d3be]::test_main_static::{closure#0}>::{closure#0}
[INFO] [stdout]    6:     0x582d0280f7b2 - std[70759c8f55707aa4]::panicking::panic_with_hook
[INFO] [stdout]    7:     0x582d027f2602 - std[70759c8f55707aa4]::panicking::panic_handler::{closure#0}
[INFO] [stdout]    8:     0x582d027eb269 - std[70759c8f55707aa4]::sys::backtrace::__rust_end_short_backtrace::<std[70759c8f55707aa4]::panicking::panic_handler::{closure#0}, !>
[INFO] [stdout]    9:     0x582d027f31fd - __rustc[8fa7c3cbc660c2b3]::rust_begin_unwind
[INFO] [stdout]   10:     0x582d0282c85c - core[df12db4294e9bfd3]::panicking::panic_fmt
[INFO] [stdout]   11:     0x582d0282c632 - core[df12db4294e9bfd3]::result::unwrap_failed
[INFO] [stdout]   12:     0x582d0276c8d0 - fs_data[328f77922728d512]::setup::{closure#0}
[INFO] [stdout]   13:     0x582d0276d250 - fs_data[328f77922728d512]::test_overwrite_object::{closure#0}
[INFO] [stdout]   14:     0x582d027765e3 - <tokio[a8bed60e5367364e]::runtime::scheduler::current_thread::Context>::enter::<core[df12db4294e9bfd3]::task::poll::Poll<()>, <tokio[a8bed60e5367364e]::runtime::scheduler::current_thread::CoreGuard>::block_on<core[df12db4294e9bfd3]::pin::Pin<&mut core[df12db4294e9bfd3]::pin::Pin<&mut dyn core[df12db4294e9bfd3]::future::future::Future<Output = ()>>>>::{closure#0}::{closure#0}>
[INFO] [stdout]   15:     0x582d02775629 - <std[70759c8f55707aa4]::thread::local::LocalKey<tokio[a8bed60e5367364e]::runtime::context::Context>>::with::<tokio[a8bed60e5367364e]::runtime::context::set_scheduler<(alloc[2182bb758b4b3781]::boxed::Box<tokio[a8bed60e5367364e]::runtime::scheduler::current_thread::Core>, core[df12db4294e9bfd3]::option::Option<()>), <tokio[a8bed60e5367364e]::runtime::scheduler::current_thread::CoreGuard>::enter<<tokio[a8bed60e5367364e]::runtime::scheduler::current_thread::CoreGuard>::block_on<core[df12db4294e9bfd3]::pin::Pin<&mut core[df12db4294e9bfd3]::pin::Pin<&mut dyn core[df12db4294e9bfd3]::future::future::Future<Output = ()>>>>::{closure#0}, core[df12db4294e9bfd3]::option::Option<()>>::{closure#0}>::{closure#0}, (alloc[2182bb758b4b3781]::boxed::Box<tokio[a8bed60e5367364e]::runtime::scheduler::current_thread::Core>, core[df12db4294e9bfd3]::option::Option<()>)>
[INFO] [stdout]   16:     0x582d02776917 - <tokio[a8bed60e5367364e]::runtime::scheduler::current_thread::CoreGuard>::block_on::<core[df12db4294e9bfd3]::pin::Pin<&mut core[df12db4294e9bfd3]::pin::Pin<&mut dyn core[df12db4294e9bfd3]::future::future::Future<Output = ()>>>>
[INFO] [stdout]   17:     0x582d02774a4d - tokio[a8bed60e5367364e]::runtime::context::runtime::enter_runtime::<<tokio[a8bed60e5367364e]::runtime::scheduler::current_thread::CurrentThread>::block_on<core[df12db4294e9bfd3]::pin::Pin<&mut dyn core[df12db4294e9bfd3]::future::future::Future<Output = ()>>>::{closure#0}, ()>
[INFO] [stdout]   18:     0x582d027764c5 - <tokio[a8bed60e5367364e]::runtime::runtime::Runtime>::block_on::<core[df12db4294e9bfd3]::pin::Pin<&mut dyn core[df12db4294e9bfd3]::future::future::Future<Output = ()>>>
[INFO] [stdout]   19:     0x582d0277159e - <fs_data[328f77922728d512]::test_overwrite_object::{closure#0} as core[df12db4294e9bfd3]::ops::function::FnOnce<()>>::call_once
[INFO] [stdout]   20:     0x582d0277756b - test[9d35eded1c95d3be]::__rust_begin_short_backtrace::<core[df12db4294e9bfd3]::result::Result<(), alloc[2182bb758b4b3781]::string::String>, fn() -> core[df12db4294e9bfd3]::result::Result<(), alloc[2182bb758b4b3781]::string::String>>
[INFO] [stdout]   21:     0x582d02784bd5 - test[9d35eded1c95d3be]::run_test::{closure#0}
[INFO] [stdout]   22:     0x582d0277e494 - std[70759c8f55707aa4]::sys::backtrace::__rust_begin_short_backtrace::<test[9d35eded1c95d3be]::run_test::{closure#1}, ()>
[INFO] [stdout]   23:     0x582d02787d32 - <std[70759c8f55707aa4]::thread::lifecycle::spawn_unchecked<test[9d35eded1c95d3be]::run_test::{closure#1}, ()>::{closure#1} as core[df12db4294e9bfd3]::ops::function::FnOnce<()>>::call_once::{shim:vtable#0}
[INFO] [stdout]   24:     0x582d028170f9 - <std[70759c8f55707aa4]::sys::thread::unix::Thread>::new::thread_start
[INFO] [stdout]   25:     0x7732ffc2edfa - <unknown>
[INFO] [stdout]   26:     0x7732ffcc23d4 - clone
[INFO] [stdout]   27:                0x0 - <unknown>
[INFO] [stdout] 
[INFO] [stdout] ---- test_delete_nonexistent_object_is_ok stdout ----
[INFO] [stdout] 
[INFO] [stdout] thread 'test_delete_nonexistent_object_is_ok' (1276) panicked at tests/fs_data.rs:14:48:
[INFO] [stdout] 无法创建根文件夹: Io { error: Os { code: 30, kind: ReadOnlyFilesystem, message: "Read-only file system" }, path: "./data_test/delete_nonexistent_object" }
[INFO] [stdout] stack backtrace:
[INFO] [stdout]    0:     0x582d02817821 - <<std[70759c8f55707aa4]::sys::backtrace::BacktraceLock>::print::DisplayBacktrace as core[df12db4294e9bfd3]::fmt::Display>::fmt
[INFO] [stdout]    1:     0x582d0282c0fa - core[df12db4294e9bfd3]::fmt::write
[INFO] [stdout]    2:     0x582d0281c0ec - <alloc[2182bb758b4b3781]::vec::Vec<u8> as core[df12db4294e9bfd3]::io::write::Write>::write_fmt
[INFO] [stdout]    3:     0x582d027f2556 - std[70759c8f55707aa4]::panicking::default_hook::{closure#0}
[INFO] [stdout]    4:     0x582d0280f5f9 - std[70759c8f55707aa4]::panicking::default_hook
[INFO] [stdout]    5:     0x582d02784280 - test[9d35eded1c95d3be]::test_main_inner::<test[9d35eded1c95d3be]::test_main_static::{closure#0}>::{closure#0}
[INFO] [stdout]    6:     0x582d0280f7b2 - std[70759c8f55707aa4]::panicking::panic_with_hook
[INFO] [stdout]    7:     0x582d027f2602 - std[70759c8f55707aa4]::panicking::panic_handler::{closure#0}
[INFO] [stdout]    8:     0x582d027eb269 - std[70759c8f55707aa4]::sys::backtrace::__rust_end_short_backtrace::<std[70759c8f55707aa4]::panicking::panic_handler::{closure#0}, !>
[INFO] [stdout]    9:     0x582d027f31fd - __rustc[8fa7c3cbc660c2b3]::rust_begin_unwind
[INFO] [stdout]   10:     0x582d0282c85c - core[df12db4294e9bfd3]::panicking::panic_fmt
[INFO] [stdout]   11:     0x582d0282c632 - core[df12db4294e9bfd3]::result::unwrap_failed
[INFO] [stdout]   12:     0x582d0276c8d0 - fs_data[328f77922728d512]::setup::{closure#0}
[INFO] [stdout]   13:     0x582d0276ec57 - fs_data[328f77922728d512]::test_delete_nonexistent_object_is_ok::{closure#0}
[INFO] [stdout]   14:     0x582d027765e3 - <tokio[a8bed60e5367364e]::runtime::scheduler::current_thread::Context>::enter::<core[df12db4294e9bfd3]::task::poll::Poll<()>, <tokio[a8bed60e5367364e]::runtime::scheduler::current_thread::CoreGuard>::block_on<core[df12db4294e9bfd3]::pin::Pin<&mut core[df12db4294e9bfd3]::pin::Pin<&mut dyn core[df12db4294e9bfd3]::future::future::Future<Output = ()>>>>::{closure#0}::{closure#0}>
[INFO] [stdout]   15:     0x582d02775629 - <std[70759c8f55707aa4]::thread::local::LocalKey<tokio[a8bed60e5367364e]::runtime::context::Context>>::with::<tokio[a8bed60e5367364e]::runtime::context::set_scheduler<(alloc[2182bb758b4b3781]::boxed::Box<tokio[a8bed60e5367364e]::runtime::scheduler::current_thread::Core>, core[df12db4294e9bfd3]::option::Option<()>), <tokio[a8bed60e5367364e]::runtime::scheduler::current_thread::CoreGuard>::enter<<tokio[a8bed60e5367364e]::runtime::scheduler::current_thread::CoreGuard>::block_on<core[df12db4294e9bfd3]::pin::Pin<&mut core[df12db4294e9bfd3]::pin::Pin<&mut dyn core[df12db4294e9bfd3]::future::future::Future<Output = ()>>>>::{closure#0}, core[df12db4294e9bfd3]::option::Option<()>>::{closure#0}>::{closure#0}, (alloc[2182bb758b4b3781]::boxed::Box<tokio[a8bed60e5367364e]::runtime::scheduler::current_thread::Core>, core[df12db4294e9bfd3]::option::Option<()>)>
[INFO] [stdout]   16:     0x582d02776917 - <tokio[a8bed60e5367364e]::runtime::scheduler::current_thread::CoreGuard>::block_on::<core[df12db4294e9bfd3]::pin::Pin<&mut core[df12db4294e9bfd3]::pin::Pin<&mut dyn core[df12db4294e9bfd3]::future::future::Future<Output = ()>>>>
[INFO] [stdout]   17:     0x582d02774a4d - tokio[a8bed60e5367364e]::runtime::context::runtime::enter_runtime::<<tokio[a8bed60e5367364e]::runtime::scheduler::current_thread::CurrentThread>::block_on<core[df12db4294e9bfd3]::pin::Pin<&mut dyn core[df12db4294e9bfd3]::future::future::Future<Output = ()>>>::{closure#0}, ()>
[INFO] [stdout]   18:     0x582d027764c5 - <tokio[a8bed60e5367364e]::runtime::runtime::Runtime>::block_on::<core[df12db4294e9bfd3]::pin::Pin<&mut dyn core[df12db4294e9bfd3]::future::future::Future<Output = ()>>>
[INFO] [stdout]   19:     0x582d02771c7e - <fs_data[328f77922728d512]::test_delete_nonexistent_object_is_ok::{closure#0} as core[df12db4294e9bfd3]::ops::function::FnOnce<()>>::call_once
[INFO] [stdout]   20:     0x582d0277756b - test[9d35eded1c95d3be]::__rust_begin_short_backtrace::<core[df12db4294e9bfd3]::result::Result<(), alloc[2182bb758b4b3781]::string::String>, fn() -> core[df12db4294e9bfd3]::result::Result<(), alloc[2182bb758b4b3781]::string::String>>
[INFO] [stdout]   21:     0x582d02784bd5 - test[9d35eded1c95d3be]::run_test::{closure#0}
[INFO] [stdout]   22:     0x582d0277e494 - std[70759c8f55707aa4]::sys::backtrace::__rust_begin_short_backtrace::<test[9d35eded1c95d3be]::run_test::{closure#1}, ()>
[INFO] [stdout]   23:     0x582d02787d32 - <std[70759c8f55707aa4]::thread::lifecycle::spawn_unchecked<test[9d35eded1c95d3be]::run_test::{closure#1}, ()>::{closure#1} as core[df12db4294e9bfd3]::ops::function::FnOnce<()>>::call_once::{shim:vtable#0}
[INFO] [stdout]   24:     0x582d028170f9 - <std[70759c8f55707aa4]::sys::thread::unix::Thread>::new::thread_start
[INFO] [stdout]   25:     0x7732ffc2edfa - <unknown>
[INFO] [stdout]   26:     0x7732ffcc23d4 - clone
[INFO] [stdout]   27:                0x0 - <unknown>
[INFO] [stdout] 
[INFO] [stdout] ---- test_create_object_in_nonexistent_bucket_fails stdout ----
[INFO] [stdout] 
[INFO] [stdout] thread 'test_create_object_in_nonexistent_bucket_fails' (1274) panicked at tests/fs_data.rs:14:48:
[INFO] [stdout] 无法创建根文件夹: Io { error: Os { code: 30, kind: ReadOnlyFilesystem, message: "Read-only file system" }, path: "./data_test/create_object_no_bucket" }
[INFO] [stdout] stack backtrace:
[INFO] [stdout]    0:     0x582d02817821 - <<std[70759c8f55707aa4]::sys::backtrace::BacktraceLock>::print::DisplayBacktrace as core[df12db4294e9bfd3]::fmt::Display>::fmt
[INFO] [stdout]    1:     0x582d0282c0fa - core[df12db4294e9bfd3]::fmt::write
[INFO] [stdout]    2:     0x582d0281c0ec - <alloc[2182bb758b4b3781]::vec::Vec<u8> as core[df12db4294e9bfd3]::io::write::Write>::write_fmt
[INFO] [stdout]    3:     0x582d027f2556 - std[70759c8f55707aa4]::panicking::default_hook::{closure#0}
[INFO] [stdout]    4:     0x582d0280f5f9 - std[70759c8f55707aa4]::panicking::default_hook
[INFO] [stdout]    5:     0x582d02784280 - test[9d35eded1c95d3be]::test_main_inner::<test[9d35eded1c95d3be]::test_main_static::{closure#0}>::{closure#0}
[INFO] [stdout]    6:     0x582d0280f7b2 - std[70759c8f55707aa4]::panicking::panic_with_hook
[INFO] [stdout]    7:     0x582d027f2602 - std[70759c8f55707aa4]::panicking::panic_handler::{closure#0}
[INFO] [stdout]    8:     0x582d027eb269 - std[70759c8f55707aa4]::sys::backtrace::__rust_end_short_backtrace::<std[70759c8f55707aa4]::panicking::panic_handler::{closure#0}, !>
[INFO] [stdout]    9:     0x582d027f31fd - __rustc[8fa7c3cbc660c2b3]::rust_begin_unwind
[INFO] [stdout]   10:     0x582d0282c85c - core[df12db4294e9bfd3]::panicking::panic_fmt
[INFO] [stdout]   11:     0x582d0282c632 - core[df12db4294e9bfd3]::result::unwrap_failed
[INFO] [stdout]   12:     0x582d0276c8d0 - fs_data[328f77922728d512]::setup::{closure#0}
[INFO] [stdout]   13:     0x582d0276efa1 - fs_data[328f77922728d512]::test_create_object_in_nonexistent_bucket_fails::{closure#0}
[INFO] [stdout]   14:     0x582d027765e3 - <tokio[a8bed60e5367364e]::runtime::scheduler::current_thread::Context>::enter::<core[df12db4294e9bfd3]::task::poll::Poll<()>, <tokio[a8bed60e5367364e]::runtime::scheduler::current_thread::CoreGuard>::block_on<core[df12db4294e9bfd3]::pin::Pin<&mut core[df12db4294e9bfd3]::pin::Pin<&mut dyn core[df12db4294e9bfd3]::future::future::Future<Output = ()>>>>::{closure#0}::{closure#0}>
[INFO] [stdout]   15:     0x582d02775629 - <std[70759c8f55707aa4]::thread::local::LocalKey<tokio[a8bed60e5367364e]::runtime::context::Context>>::with::<tokio[a8bed60e5367364e]::runtime::context::set_scheduler<(alloc[2182bb758b4b3781]::boxed::Box<tokio[a8bed60e5367364e]::runtime::scheduler::current_thread::Core>, core[df12db4294e9bfd3]::option::Option<()>), <tokio[a8bed60e5367364e]::runtime::scheduler::current_thread::CoreGuard>::enter<<tokio[a8bed60e5367364e]::runtime::scheduler::current_thread::CoreGuard>::block_on<core[df12db4294e9bfd3]::pin::Pin<&mut core[df12db4294e9bfd3]::pin::Pin<&mut dyn core[df12db4294e9bfd3]::future::future::Future<Output = ()>>>>::{closure#0}, core[df12db4294e9bfd3]::option::Option<()>>::{closure#0}>::{closure#0}, (alloc[2182bb758b4b3781]::boxed::Box<tokio[a8bed60e5367364e]::runtime::scheduler::current_thread::Core>, core[df12db4294e9bfd3]::option::Option<()>)>
[INFO] [stdout]   16:     0x582d02776917 - <tokio[a8bed60e5367364e]::runtime::scheduler::current_thread::CoreGuard>::block_on::<core[df12db4294e9bfd3]::pin::Pin<&mut core[df12db4294e9bfd3]::pin::Pin<&mut dyn core[df12db4294e9bfd3]::future::future::Future<Output = ()>>>>
[INFO] [stdout]   17:     0x582d02774a4d - tokio[a8bed60e5367364e]::runtime::context::runtime::enter_runtime::<<tokio[a8bed60e5367364e]::runtime::scheduler::current_thread::CurrentThread>::block_on<core[df12db4294e9bfd3]::pin::Pin<&mut dyn core[df12db4294e9bfd3]::future::future::Future<Output = ()>>>::{closure#0}, ()>
[INFO] [stdout]   18:     0x582d027764c5 - <tokio[a8bed60e5367364e]::runtime::runtime::Runtime>::block_on::<core[df12db4294e9bfd3]::pin::Pin<&mut dyn core[df12db4294e9bfd3]::future::future::Future<Output = ()>>>
[INFO] [stdout]   19:     0x582d02771dde - <fs_data[328f77922728d512]::test_create_object_in_nonexistent_bucket_fails::{closure#0} as core[df12db4294e9bfd3]::ops::function::FnOnce<()>>::call_once
[INFO] [stdout]   20:     0x582d0277756b - test[9d35eded1c95d3be]::__rust_begin_short_backtrace::<core[df12db4294e9bfd3]::result::Result<(), alloc[2182bb758b4b3781]::string::String>, fn() -> core[df12db4294e9bfd3]::result::Result<(), alloc[2182bb758b4b3781]::string::String>>
[INFO] [stdout]   21:     0x582d02784bd5 - test[9d35eded1c95d3be]::run_test::{closure#0}
[INFO] [stdout]   22:     0x582d0277e494 - std[70759c8f55707aa4]::sys::backtrace::__rust_begin_short_backtrace::<test[9d35eded1c95d3be]::run_test::{closure#1}, ()>
[INFO] [stdout]   23:     0x582d02787d32 - <std[70759c8f55707aa4]::thread::lifecycle::spawn_unchecked<test[9d35eded1c95d3be]::run_test::{closure#1}, ()>::{closure#1} as core[df12db4294e9bfd3]::ops::function::FnOnce<()>>::call_once::{shim:vtable#0}
[INFO] [stdout]   24:     0x582d028170f9 - <std[70759c8f55707aa4]::sys::thread::unix::Thread>::new::thread_start
[INFO] [stdout]   25:     0x7732ffc2edfa - <unknown>
[INFO] [stdout]   26:     0x7732ffcc23d4 - clone
[INFO] [stdout]   27:                0x0 - <unknown>
[INFO] [stdout] 
[INFO] [stdout] ---- test_read_nonexistent_object_fails stdout ----
[INFO] [stdout] 
[INFO] [stdout] thread 'test_read_nonexistent_object_fails' (1280) panicked at tests/fs_data.rs:14:48:
[INFO] [stdout] 无法创建根文件夹: Io { error: Os { code: 30, kind: ReadOnlyFilesystem, message: "Read-only file system" }, path: "./data_test/read_nonexistent_object" }
[INFO] [stdout] stack backtrace:
[INFO] [stdout]    0:     0x582d02817821 - <<std[70759c8f55707aa4]::sys::backtrace::BacktraceLock>::print::DisplayBacktrace as core[df12db4294e9bfd3]::fmt::Display>::fmt
[INFO] [stdout]    1:     0x582d0282c0fa - core[df12db4294e9bfd3]::fmt::write
[INFO] [stdout]    2:     0x582d0281c0ec - <alloc[2182bb758b4b3781]::vec::Vec<u8> as core[df12db4294e9bfd3]::io::write::Write>::write_fmt
[INFO] [stdout]    3:     0x582d027f2556 - std[70759c8f55707aa4]::panicking::default_hook::{closure#0}
[INFO] [stdout]    4:     0x582d0280f5f9 - std[70759c8f55707aa4]::panicking::default_hook
[INFO] [stdout]    5:     0x582d02784280 - test[9d35eded1c95d3be]::test_main_inner::<test[9d35eded1c95d3be]::test_main_static::{closure#0}>::{closure#0}
[INFO] [stdout]    6:     0x582d0280f7b2 - std[70759c8f55707aa4]::panicking::panic_with_hook
[INFO] [stdout]    7:     0x582d027f2602 - std[70759c8f55707aa4]::panicking::panic_handler::{closure#0}
[INFO] [stdout]    8:     0x582d027eb269 - std[70759c8f55707aa4]::sys::backtrace::__rust_end_short_backtrace::<std[70759c8f55707aa4]::panicking::panic_handler::{closure#0}, !>
[INFO] [stdout]    9:     0x582d027f31fd - __rustc[8fa7c3cbc660c2b3]::rust_begin_unwind
[INFO] [stdout]   10:     0x582d0282c85c - core[df12db4294e9bfd3]::panicking::panic_fmt
[INFO] [stdout]   11:     0x582d0282c632 - core[df12db4294e9bfd3]::result::unwrap_failed
[INFO] [stdout]   12:     0x582d0276c8d0 - fs_data[328f77922728d512]::setup::{closure#0}
[INFO] [stdout]   13:     0x582d0276e8d7 - fs_data[328f77922728d512]::test_read_nonexistent_object_fails::{closure#0}
[INFO] [stdout]   14:     0x582d027765e3 - <tokio[a8bed60e5367364e]::runtime::scheduler::current_thread::Context>::enter::<core[df12db4294e9bfd3]::task::poll::Poll<()>, <tokio[a8bed60e5367364e]::runtime::scheduler::current_thread::CoreGuard>::block_on<core[df12db4294e9bfd3]::pin::Pin<&mut core[df12db4294e9bfd3]::pin::Pin<&mut dyn core[df12db4294e9bfd3]::future::future::Future<Output = ()>>>>::{closure#0}::{closure#0}>
[INFO] [stdout]   15:     0x582d02775629 - <std[70759c8f55707aa4]::thread::local::LocalKey<tokio[a8bed60e5367364e]::runtime::context::Context>>::with::<tokio[a8bed60e5367364e]::runtime::context::set_scheduler<(alloc[2182bb758b4b3781]::boxed::Box<tokio[a8bed60e5367364e]::runtime::scheduler::current_thread::Core>, core[df12db4294e9bfd3]::option::Option<()>), <tokio[a8bed60e5367364e]::runtime::scheduler::current_thread::CoreGuard>::enter<<tokio[a8bed60e5367364e]::runtime::scheduler::current_thread::CoreGuard>::block_on<core[df12db4294e9bfd3]::pin::Pin<&mut core[df12db4294e9bfd3]::pin::Pin<&mut dyn core[df12db4294e9bfd3]::future::future::Future<Output = ()>>>>::{closure#0}, core[df12db4294e9bfd3]::option::Option<()>>::{closure#0}>::{closure#0}, (alloc[2182bb758b4b3781]::boxed::Box<tokio[a8bed60e5367364e]::runtime::scheduler::current_thread::Core>, core[df12db4294e9bfd3]::option::Option<()>)>
[INFO] [stdout]   16:     0x582d02776917 - <tokio[a8bed60e5367364e]::runtime::scheduler::current_thread::CoreGuard>::block_on::<core[df12db4294e9bfd3]::pin::Pin<&mut core[df12db4294e9bfd3]::pin::Pin<&mut dyn core[df12db4294e9bfd3]::future::future::Future<Output = ()>>>>
[INFO] [stdout]   17:     0x582d02774a4d - tokio[a8bed60e5367364e]::runtime::context::runtime::enter_runtime::<<tokio[a8bed60e5367364e]::runtime::scheduler::current_thread::CurrentThread>::block_on<core[df12db4294e9bfd3]::pin::Pin<&mut dyn core[df12db4294e9bfd3]::future::future::Future<Output = ()>>>::{closure#0}, ()>
[INFO] [stdout]   18:     0x582d027764c5 - <tokio[a8bed60e5367364e]::runtime::runtime::Runtime>::block_on::<core[df12db4294e9bfd3]::pin::Pin<&mut dyn core[df12db4294e9bfd3]::future::future::Future<Output = ()>>>
[INFO] [stdout]   19:     0x582d02771b1e - <fs_data[328f77922728d512]::test_read_nonexistent_object_fails::{closure#0} as core[df12db4294e9bfd3]::ops::function::FnOnce<()>>::call_once
[INFO] [stdout]   20:     0x582d0277756b - test[9d35eded1c95d3be]::__rust_begin_short_backtrace::<core[df12db4294e9bfd3]::result::Result<(), alloc[2182bb758b4b3781]::string::String>, fn() -> core[df12db4294e9bfd3]::result::Result<(), alloc[2182bb758b4b3781]::string::String>>
[INFO] [stdout]   21:     0x582d02784bd5 - test[9d35eded1c95d3be]::run_test::{closure#0}
[INFO] [stdout]   22:     0x582d0277e494 - std[70759c8f55707aa4]::sys::backtrace::__rust_begin_short_backtrace::<test[9d35eded1c95d3be]::run_test::{closure#1}, ()>
[INFO] [stdout]   23:     0x582d02787d32 - <std[70759c8f55707aa4]::thread::lifecycle::spawn_unchecked<test[9d35eded1c95d3be]::run_test::{closure#1}, ()>::{closure#1} as core[df12db4294e9bfd3]::ops::function::FnOnce<()>>::call_once::{shim:vtable#0}
[INFO] [stdout]   24:     0x582d028170f9 - <std[70759c8f55707aa4]::sys::thread::unix::Thread>::new::thread_start
[INFO] [stdout]   25:     0x7732ffc2edfa - <unknown>
[INFO] [stdout]   26:     0x7732ffcc23d4 - clone
[INFO] [stdout]   27:                0x0 - <unknown>
[INFO] [stdout] 
[INFO] [stdout] 
[INFO] [stdout] failures:
[INFO] [stdout]     test_create_bucket_success
[INFO] [stdout]     test_create_object_in_nonexistent_bucket_fails
[INFO] [stdout]     test_delete_non_empty_bucket_fails
[INFO] [stdout]     test_delete_nonexistent_object_is_ok
[INFO] [stdout]     test_full_lifecycle
[INFO] [stdout]     test_new_creates_base_directory
[INFO] [stdout]     test_overwrite_object
[INFO] [stdout]     test_read_nonexistent_object_fails
[INFO] [stdout] 
[INFO] [stdout] test result: FAILED. 0 passed; 8 failed; 0 ignored; 0 measured; 0 filtered out; finished in 0.02s
[INFO] [stdout] 
[INFO] [stderr] error: test failed, to rerun pass `--test fs_data`
[INFO] running `Command { std: "docker" "inspect" "b913f78f201966c679753d57b06b7905428f0f8bfecbb46a908dc7b4dbeb1562", kill_on_drop: false }`
[INFO] running `Command { std: "docker" "rm" "-f" "b913f78f201966c679753d57b06b7905428f0f8bfecbb46a908dc7b4dbeb1562", kill_on_drop: false }`
[INFO] [stdout] b913f78f201966c679753d57b06b7905428f0f8bfecbb46a908dc7b4dbeb1562
