[INFO] fetching crate cquill 0.0.9...
[INFO] testing cquill-0.0.9 against 1.100.0-beta.1+cargoflags=--release for beta-release-1.100-2
[INFO] extracting crate cquill 0.0.9 into /workspace/builds/worker-3-tc2/source
[INFO] started tweaking crates.io crate cquill 0.0.9
[INFO] finished tweaking crates.io crate cquill 0.0.9
[INFO] tweaked toml for crates.io crate cquill 0.0.9 written to /workspace/builds/worker-3-tc2/source/Cargo.toml
[INFO] validating manifest of crates.io crate cquill 0.0.9 on toolchain 1.100.0-beta.1
[INFO] running `Command { std: CARGO_HOME="/workspace/cargo-home" RUSTUP_HOME="/workspace/rustup-home" "/workspace/cargo-home/bin/cargo" "+1.100.0-beta.1" "metadata" "--manifest-path" "Cargo.toml" "--no-deps", kill_on_drop: false }`
[INFO] crate crates.io crate cquill 0.0.9 already has a lockfile, it will not be regenerated
[INFO] running `Command { std: CARGO_HOME="/workspace/cargo-home" RUSTUP_HOME="/workspace/rustup-home" "/workspace/cargo-home/bin/cargo" "+1.100.0-beta.1" "fetch" "--manifest-path" "Cargo.toml", kill_on_drop: false }`
[INFO] [stderr] warning: `package.homepage` is redundant with `package.repository`
[INFO] [stderr]   --> Cargo.toml:49:12
[INFO] [stderr]    |
[INFO] [stderr] 49 | homepage = "https://github.com/eighty4/cquill"
[INFO] [stderr]    |            ^^^^^^^^^^^^^^^^^^^^^^^^^^^^^^^^^^^
[INFO] [stderr] ...
[INFO] [stderr] 54 | repository = "https://github.com/eighty4/cquill"
[INFO] [stderr]    |              -----------------------------------
[INFO] [stderr]    |
[INFO] [stderr]    = note: `cargo::redundant_homepage` is set to `warn` by default
[INFO] [stderr] help: consider removing `package.homepage`
[INFO] [stderr] warning: `cquill` (manifest) generated 1 warning
[INFO] running `Command { std: "docker" "create" "-v" "/var/lib/crater-agent-workspace/builds/worker-3-tc2/source:/opt/rustwide/workdir:ro,Z" "-v" "/var/lib/crater-agent-workspace/builds/worker-3-tc2/target:/opt/rustwide/target:rw,Z" "-v" "/var/lib/crater-agent-workspace/cargo-home:/opt/rustwide/cargo-home:ro,Z" "-v" "/var/lib/crater-agent-workspace/rustup-home:/opt/rustwide/rustup-home:ro,Z" "-m" "1610612736" "--network" "none" "ghcr.io/rust-lang/crates-build-env/linux@sha256:77db811e55d90add9212f6832c23229e3de5f1c1f9905e8cb07319ea15df73ac" "sleep" "infinity", kill_on_drop: false }`
[INFO] [stdout] c902097fe02d38ad01dd9ef9fe6216e9bd780959e65b807c9a5e02b78f771338
[INFO] running `Command { std: "docker" "start" "c902097fe02d38ad01dd9ef9fe6216e9bd780959e65b807c9a5e02b78f771338", kill_on_drop: false }`
[INFO] running `Command { std: "docker" "inspect" "c902097fe02d38ad01dd9ef9fe6216e9bd780959e65b807c9a5e02b78f771338", kill_on_drop: false }`
[INFO] running `Command { std: "docker" "exec" "-e" "SOURCE_DIR=/opt/rustwide/workdir" "-e" "CARGO_HOME=/opt/rustwide/cargo-home" "-e" "RUSTUP_HOME=/opt/rustwide/rustup-home" "-e" "CARGO_TARGET_DIR=/opt/rustwide/target" "-w" "/opt/rustwide/workdir" "--user" "0:0" "c902097fe02d38ad01dd9ef9fe6216e9bd780959e65b807c9a5e02b78f771338" "/opt/rustwide/cargo-home/bin/cargo" "+1.100.0-beta.1" "metadata" "--no-deps" "--format-version=1", kill_on_drop: false }`
[INFO] running `Command { std: "docker" "inspect" "c902097fe02d38ad01dd9ef9fe6216e9bd780959e65b807c9a5e02b78f771338", kill_on_drop: false }`
[INFO] running `Command { std: "docker" "exec" "-e" "SOURCE_DIR=/opt/rustwide/workdir" "-e" "CARGO_HOME=/opt/rustwide/cargo-home" "-e" "RUSTUP_HOME=/opt/rustwide/rustup-home" "-e" "CARGO_TARGET_DIR=/opt/rustwide/target" "-e" "CARGO_INCREMENTAL=0" "-e" "RUST_BACKTRACE=full" "-e" "RUSTFLAGS=--cap-lints=warn" "-e" "RUSTDOCFLAGS=--cap-lints=warn" "-w" "/opt/rustwide/workdir" "--user" "0:0" "c902097fe02d38ad01dd9ef9fe6216e9bd780959e65b807c9a5e02b78f771338" "/opt/rustwide/cargo-home/bin/cargo" "+1.100.0-beta.1" "build" "--frozen" "--message-format=json" "--release", kill_on_drop: false }`
[INFO] [stderr] warning: `package.homepage` is redundant with `package.repository`
[INFO] [stderr]   --> Cargo.toml:49:12
[INFO] [stderr]    |
[INFO] [stderr] 49 | homepage = "https://github.com/eighty4/cquill"
[INFO] [stderr]    |            ^^^^^^^^^^^^^^^^^^^^^^^^^^^^^^^^^^^
[INFO] [stderr] ...
[INFO] [stderr] 54 | repository = "https://github.com/eighty4/cquill"
[INFO] [stderr]    |              -----------------------------------
[INFO] [stderr]    |
[INFO] [stderr]    = note: `cargo::redundant_homepage` is set to `warn` by default
[INFO] [stderr] help: consider removing `package.homepage`
[INFO] [stderr] warning: `cquill` (manifest) generated 1 warning
[INFO] [stderr]    Compiling proc-macro2 v1.0.79
[INFO] [stderr]    Compiling unicode-ident v1.0.12
[INFO] [stderr]    Compiling autocfg v1.1.0
[INFO] [stderr]    Compiling libc v0.2.153
[INFO] [stderr]    Compiling cfg-if v1.0.0
[INFO] [stderr]    Compiling hashbrown v0.14.3
[INFO] [stderr]    Compiling equivalent v1.0.1
[INFO] [stderr]    Compiling memchr v2.7.1
[INFO] [stderr]    Compiling parking_lot_core v0.9.9
[INFO] [stderr]    Compiling pin-project-lite v0.2.13
[INFO] [stderr]    Compiling strsim v0.10.0
[INFO] [stderr]    Compiling ident_case v1.0.1
[INFO] [stderr]    Compiling fnv v1.0.7
[INFO] [stderr]    Compiling toml_datetime v0.6.5
[INFO] [stderr]    Compiling smallvec v1.13.1
[INFO] [stderr]    Compiling scopeguard v1.2.0
[INFO] [stderr]    Compiling winnow v0.5.40
[INFO] [stderr]    Compiling lock_api v0.4.11
[INFO] [stderr]    Compiling slab v0.4.9
[INFO] [stderr]    Compiling futures-core v0.3.30
[INFO] [stderr]    Compiling once_cell v1.19.0
[INFO] [stderr]    Compiling futures-sink v0.3.30
[INFO] [stderr]    Compiling futures-channel v0.3.30
[INFO] [stderr]    Compiling quote v1.0.35
[INFO] [stderr]    Compiling indexmap v2.2.5
[INFO] [stderr]    Compiling syn v2.0.52
[INFO] [stderr]    Compiling getrandom v0.2.12
[INFO] [stderr]    Compiling num-traits v0.2.18
[INFO] [stderr]    Compiling pin-utils v0.1.0
[INFO] [stderr]    Compiling rand_core v0.6.4
[INFO] [stderr]    Compiling async-trait v0.1.77
[INFO] [stderr]    Compiling rustversion v1.0.14
[INFO] [stderr]    Compiling thiserror v1.0.58
[INFO] [stderr]    Compiling syn v1.0.109
[INFO] [stderr]    Compiling snap v1.1.1
[INFO] [stderr]    Compiling futures-task v0.3.30
[INFO] [stderr]    Compiling utf8parse v0.2.1
[INFO] [stderr]    Compiling futures-io v0.3.30
[INFO] [stderr]    Compiling static_assertions v1.1.0
[INFO] [stderr]    Compiling twox-hash v1.6.3
[INFO] [stderr]    Compiling anstyle-parse v0.2.3
[INFO] [stderr]    Compiling parking_lot v0.12.1
[INFO] [stderr]    Compiling socket2 v0.5.6
[INFO] [stderr]    Compiling num_cpus v1.16.0
[INFO] [stderr]    Compiling signal-hook-registry v1.4.1
[INFO] [stderr]    Compiling mio v0.8.11
[INFO] [stderr]    Compiling bytes v1.5.0
[INFO] [stderr]    Compiling anstyle v1.0.6
[INFO] [stderr]    Compiling colorchoice v1.0.0
[INFO] [stderr]    Compiling anstyle-query v1.0.2
[INFO] [stderr]    Compiling unicode-segmentation v1.11.0
[INFO] [stderr]    Compiling ppv-lite86 v0.2.17
[INFO] [stderr]    Compiling anstream v0.6.13
[INFO] [stderr]    Compiling lz4_flex v0.11.2
[INFO] [stderr]    Compiling heck v0.3.3
[INFO] [stderr]    Compiling toml_edit v0.19.15
[INFO] [stderr]    Compiling rand_chacha v0.3.1
[INFO] [stderr]    Compiling tracing-core v0.1.32
[INFO] [stderr]    Compiling uuid v1.7.0
[INFO] [stderr]    Compiling aho-corasick v1.1.2
[INFO] [stderr]    Compiling anyhow v1.0.81
[INFO] [stderr]    Compiling regex-syntax v0.8.2
[INFO] [stderr]    Compiling either v1.10.0
[INFO] [stderr]    Compiling iana-time-zone v0.1.60
[INFO] [stderr]    Compiling clap_lex v0.7.0
[INFO] [stderr]    Compiling byteorder v1.5.0
[INFO] [stderr]    Compiling strsim v0.11.0
[INFO] [stderr]    Compiling heck v0.5.0
[INFO] [stderr]    Compiling clap_builder v4.5.2
[INFO] [stderr]    Compiling itertools v0.11.0
[INFO] [stderr]    Compiling proc-macro-crate v1.3.1
[INFO] [stderr]    Compiling dashmap v5.5.3
[INFO] [stderr]    Compiling darling_core v0.20.8
[INFO] [stderr]    Compiling regex-automata v0.4.6
[INFO] [stderr]    Compiling strum_macros v0.23.1
[INFO] [stderr]    Compiling chrono v0.4.35
[INFO] [stderr]    Compiling futures-macro v0.3.30
[INFO] [stderr]    Compiling num_enum_derive v0.6.1
[INFO] [stderr]    Compiling tokio-macros v2.2.0
[INFO] [stderr]    Compiling futures-util v0.3.30
[INFO] [stderr]    Compiling thiserror-impl v1.0.58
[INFO] [stderr]    Compiling tokio v1.36.0
[INFO] [stderr]    Compiling num_enum v0.6.1
[INFO] [stderr]    Compiling darling_macro v0.20.8
[INFO] [stderr]    Compiling tracing-attributes v0.1.27
[INFO] [stderr]    Compiling darling v0.20.8
[INFO] [stderr]    Compiling scylla-macros v0.4.0
[INFO] [stderr]    Compiling clap_derive v4.5.3
[INFO] [stderr]    Compiling rand v0.8.5
[INFO] [stderr]    Compiling rand_pcg v0.3.1
[INFO] [stderr]    Compiling histogram v0.6.9
[INFO] [stderr]    Compiling strum v0.23.0
[INFO] [stderr]    Compiling tracing v0.1.40
[INFO] [stderr]    Compiling arc-swap v1.7.0
[INFO] [stderr]    Compiling regex v1.10.3
[INFO] [stderr]    Compiling lazy_static v1.4.0
[INFO] [stderr]    Compiling md5 v0.7.0
[INFO] [stderr]    Compiling clap v4.5.3
[INFO] [stderr]    Compiling futures-executor v0.3.30
[INFO] [stderr]    Compiling futures v0.3.30
[INFO] [stderr]    Compiling scylla-cql v0.1.0
[INFO] [stderr]    Compiling scylla v0.12.0
[INFO] [stderr]    Compiling cquill v0.0.9 (/opt/rustwide/workdir)
[INFO] [stderr]     Finished `release` profile [optimized] target(s) in 2m 54s
[INFO] running `Command { std: "docker" "inspect" "c902097fe02d38ad01dd9ef9fe6216e9bd780959e65b807c9a5e02b78f771338", kill_on_drop: false }`
[INFO] running `Command { std: "docker" "exec" "-e" "SOURCE_DIR=/opt/rustwide/workdir" "-e" "CARGO_HOME=/opt/rustwide/cargo-home" "-e" "RUSTUP_HOME=/opt/rustwide/rustup-home" "-e" "CARGO_TARGET_DIR=/opt/rustwide/target" "-e" "CARGO_INCREMENTAL=0" "-e" "RUST_BACKTRACE=full" "-e" "RUSTFLAGS=--cap-lints=warn" "-e" "RUSTDOCFLAGS=--cap-lints=warn" "-w" "/opt/rustwide/workdir" "--user" "0:0" "c902097fe02d38ad01dd9ef9fe6216e9bd780959e65b807c9a5e02b78f771338" "/opt/rustwide/cargo-home/bin/cargo" "+1.100.0-beta.1" "test" "--frozen" "--no-run" "--message-format=json" "--release", kill_on_drop: false }`
[INFO] [stderr] warning: `package.homepage` is redundant with `package.repository`
[INFO] [stderr]   --> Cargo.toml:49:12
[INFO] [stderr]    |
[INFO] [stderr] 49 | homepage = "https://github.com/eighty4/cquill"
[INFO] [stderr]    |            ^^^^^^^^^^^^^^^^^^^^^^^^^^^^^^^^^^^
[INFO] [stderr] ...
[INFO] [stderr] 54 | repository = "https://github.com/eighty4/cquill"
[INFO] [stderr]    |              -----------------------------------
[INFO] [stderr]    |
[INFO] [stderr]    = note: `cargo::redundant_homepage` is set to `warn` by default
[INFO] [stderr] help: consider removing `package.homepage`
[INFO] [stderr] warning: `cquill` (manifest) generated 1 warning
[INFO] [stderr]    Compiling temp-dir v0.1.12
[INFO] [stderr]    Compiling cquill v0.0.9 (/opt/rustwide/workdir)
[INFO] [stderr]     Finished `release` profile [optimized] target(s) in 1m 59s
[INFO] running `Command { std: "docker" "inspect" "c902097fe02d38ad01dd9ef9fe6216e9bd780959e65b807c9a5e02b78f771338", kill_on_drop: false }`
[INFO] running `Command { std: "docker" "exec" "-e" "SOURCE_DIR=/opt/rustwide/workdir" "-e" "CARGO_HOME=/opt/rustwide/cargo-home" "-e" "RUSTUP_HOME=/opt/rustwide/rustup-home" "-e" "CARGO_TARGET_DIR=/opt/rustwide/target" "-e" "CARGO_INCREMENTAL=0" "-e" "RUST_BACKTRACE=full" "-e" "RUSTFLAGS=--cap-lints=warn" "-e" "RUSTDOCFLAGS=--cap-lints=warn" "-w" "/opt/rustwide/workdir" "--user" "0:0" "c902097fe02d38ad01dd9ef9fe6216e9bd780959e65b807c9a5e02b78f771338" "/opt/rustwide/cargo-home/bin/cargo" "+1.100.0-beta.1" "test" "--frozen" "--release", kill_on_drop: false }`
[INFO] [stderr] warning: `package.homepage` is redundant with `package.repository`
[INFO] [stderr]   --> Cargo.toml:49:12
[INFO] [stderr]    |
[INFO] [stderr] 49 | homepage = "https://github.com/eighty4/cquill"
[INFO] [stderr]    |            ^^^^^^^^^^^^^^^^^^^^^^^^^^^^^^^^^^^
[INFO] [stderr] ...
[INFO] [stderr] 54 | repository = "https://github.com/eighty4/cquill"
[INFO] [stderr]    |              -----------------------------------
[INFO] [stderr]    |
[INFO] [stderr]    = note: `cargo::redundant_homepage` is set to `warn` by default
[INFO] [stderr] help: consider removing `package.homepage`
[INFO] [stderr] warning: `cquill` (manifest) generated 1 warning
[INFO] [stderr]     Finished `release` profile [optimized] target(s) in 0.22s
[INFO] [stdout] 
[INFO] [stdout] running 232 tests
[INFO] [stderr]      Running unittests src/lib.rs (/opt/rustwide/target/release/build/cquill/0a820103b5e82fa8/out/cquill-0a820103b5e82fa8)
[INFO] [stdout] test cql::lex_test::comments::test_dash_line_comment ... ok
[INFO] [stdout] test cql::lex_test::comments::test_dash_line_comment_butts_up_against_identifier ... ok
[INFO] [stdout] test cql::lex_test::comments::test_empty_multiline_comment ... ok
[INFO] [stdout] test cql::lex_test::data_definition::alter_table::test_alter_table_add_column_if_not_exists ... ok
[INFO] [stdout] test cql::lex_test::data_definition::alter_table::test_alter_table_add_multiple_columns ... ok
[INFO] [stdout] test cql::lex_test::data_definition::alter_table::test_alter_table_drop_column ... ok
[INFO] [stdout] test cql::lex_test::data_definition::alter_table::test_alter_table_drop_column_if_not_exists ... ok
[INFO] [stdout] test cql::lex_test::data_definition::alter_keyspace::test_alter_keyspace_with_replication ... ok
[INFO] [stdout] test cql::lex_test::comments::test_multiline_comment ... ok
[INFO] [stdout] test cql::lex_test::comments::test_slash_line_comment ... ok
[INFO] [stdout] test cql::lex_test::data_definition::alter_table::test_alter_table_rename_column_if_not_exists ... ok
[INFO] [stdout] test cql::lex_test::data_definition::alter_keyspace::test_alter_keyspace_if_exists ... ok
[INFO] [stdout] test cql::lex_test::data_definition::alter_table::test_alter_table_drop_multiple_columns ... ok
[INFO] [stdout] test cql::lex_test::data_definition::alter_table::test_alter_table_if_exists ... ok
[INFO] [stdout] test cql::lex_test::data_definition::alter_table::test_alter_table_add_column ... ok
[INFO] [stdout] test cql::lex_test::data_definition::alter_table::test_alter_table_rename_column ... ok
[INFO] [stdout] test cql::lex_test::data_definition::alter_table::test_alter_table_rename_multiple_columns ... ok
[INFO] [stdout] test cql::lex_test::data_definition::alter_table::test_alter_table_with_comment ... ok
[INFO] [stdout] test cql::lex_test::data_definition::create_keyspace::test_create_keyspace_if_not_exists_statement ... ok
[INFO] [stdout] test cql::lex_test::data_definition::create_keyspace::test_create_keyspace_with_durable_writes_option_statement ... ok
[INFO] [stdout] test cql::lex_test::data_definition::create_table::test_create_table_if_not_exists ... ok
[INFO] [stdout] test cql::lex_test::data_definition::create_table::test_create_table_statement ... ok
[INFO] [stdout] test cql::lex_test::data_definition::create_table::test_create_table_with_clustering_order_desc_statement ... ok
[INFO] [stdout] test cql::lex_test::data_definition::create_table::test_create_table_with_comment ... ok
[INFO] [stdout] test cql::lex_test::data_definition::create_table::test_create_table_with_clustering_order_asc_statement ... ok
[INFO] [stdout] test cql::lex_test::data_definition::create_table::test_create_table_with_composite_primary_key ... ok
[INFO] [stdout] test cql::lex_test::data_definition::create_table::test_create_table_with_compact_storage ... ok
[INFO] [stdout] test cql::lex_test::data_definition::create_table::test_create_table_with_explicit_keyspace ... ok
[INFO] [stdout] test cql::lex_test::data_definition::create_table::test_create_table_with_implicit_clustering_order_desc_statement ... ok
[INFO] [stdout] test cql::lex_test::data_definition::drop_keyspace::test_drop_keyspace ... ok
[INFO] [stdout] test cql::lex_test::data_definition::drop_keyspace::test_drop_keyspace_if_exists ... ok
[INFO] [stdout] test cql::lex_test::data_definition::create_table::test_create_table_with_compaction ... ok
[INFO] [stdout] test cql::lex_test::data_definition::drop_table::test_drop_table ... ok
[INFO] [stdout] test cql::lex_test::data_definition::drop_table::test_drop_table_if_exists ... ok
[INFO] [stdout] test cql::lex_test::data_definition::truncate::test_truncate ... ok
[INFO] [stdout] test cql::lex_test::data_definition::truncate::test_truncate_table ... ok
[INFO] [stdout] test cql::lex_test::data_definition::use_keyspace::test_tokenize_use_keyspace_statement ... ok
[INFO] [stdout] test cql::lex_test::data_definition::alter_keyspace::test_alter_keyspace_with_durable_writes ... ok
[INFO] [stdout] test cql::lex_test::data_manipulation::batch::test_batch ... ok
[INFO] [stdout] test cql::lex_test::data_manipulation::batch::test_batch_counter ... ok
[INFO] [stdout] test cql::lex_test::data_manipulation::delete::test_delete_multiple_columns ... ok
[INFO] [stdout] test cql::lex_test::data_manipulation::delete::test_delete_using_timestamp ... ok
[INFO] [stdout] test cql::lex_test::data_manipulation::batch::test_batch_using_timestamp ... ok
[INFO] [stdout] test cql::lex_test::data_manipulation::insert::test_insert_if_not_exists ... ok
[INFO] [stdout] test cql::lex_test::data_manipulation::delete::test_delete_if_condition ... ok
[INFO] [stdout] test cql::lex_test::data_manipulation::insert::test_insert_json ... ok
[INFO] [stdout] test cql::lex_test::data_manipulation::delete::test_delete_if_exists ... ok
[INFO] [stdout] test cql::lex_test::data_manipulation::delete::test_delete_single_column ... ok
[INFO] [stdout] test cql::lex_test::data_manipulation::batch::test_batch_unlogged ... ok
[INFO] [stdout] test cql::lex_test::data_manipulation::insert::test_insert_json_default_null ... ok
[INFO] [stdout] test cql::lex_test::data_manipulation::insert::test_insert_json_default_unset ... ok
[INFO] [stdout] test cql::lex_test::data_manipulation::insert::test_insert_multiple_values ... ok
[INFO] [stdout] test cql::lex_test::data_manipulation::insert::test_insert_single_value ... ok
[INFO] [stdout] test cql::lex_test::data_manipulation::insert::test_insert_using_timestamp ... ok
[INFO] [stdout] test cql::lex_test::data_manipulation::select::test_select_column_as ... ok
[INFO] [stdout] test cql::lex_test::data_manipulation::select::test_select_allow_filtering ... ok
[INFO] [stdout] test cql::lex_test::data_manipulation::select::test_select_column_cast ... ok
[INFO] [stdout] test cql::lex_test::data_manipulation::select::test_select_count ... ok
[INFO] [stdout] test cql::lex_test::data_manipulation::select::test_select_distinct ... ok
[INFO] [stdout] test cql::lex_test::data_manipulation::select::test_select_explicit_columns ... ok
[INFO] [stdout] test cql::lex_test::data_manipulation::select::test_select_group_by_column ... ok
[INFO] [stdout] test cql::lex_test::data_manipulation::select::test_select_group_by_multiple_columns ... ok
[INFO] [stdout] test cql::lex_test::data_manipulation::select::test_select_json ... ok
[INFO] [stdout] test cql::lex_test::data_manipulation::insert::test_insert_using_ttl ... ok
[INFO] [stdout] test cql::lex_test::data_manipulation::select::test_select_multiple_where_clauses ... ok
[INFO] [stdout] test cql::lex_test::data_manipulation::select::test_select_where_contains_key ... ok
[INFO] [stdout] test cql::lex_test::data_manipulation::select::test_select_order_by_column ... ok
[INFO] [stdout] test cql::lex_test::data_manipulation::select::test_select_per_partition_limit ... ok
[INFO] [stdout] test cql::lex_test::data_manipulation::select::test_select_where_greater_than ... ok
[INFO] [stdout] test cql::lex_test::data_manipulation::select::test_select_where_greater_than_equal ... ok
[INFO] [stdout] test cql::lex_test::data_manipulation::select::test_select_where_in ... ok
[INFO] [stdout] test cql::lex_test::data_manipulation::select::test_select_where_less_than_or_equal ... ok
[INFO] [stdout] test cql::lex_test::data_manipulation::select::test_select_where_not_equal ... ok
[INFO] [stdout] test cql::lex_test::data_manipulation::select::test_select_where_equal ... ok
[INFO] [stdout] test cql::lex_test::data_manipulation::select::test_select_where_in_tuple ... ok
[INFO] [stdout] test cql::lex_test::data_manipulation::select::test_select_where_less_than ... ok
[INFO] [stdout] test cql::lex_test::data_manipulation::select::test_select_limit ... ok
[INFO] [stdout] test cql::lex_test::data_manipulation::select::test_select_order_by_multiple_columns ... ok
[INFO] [stdout] test cql::lex_test::data_manipulation::update::test_update_using_ttl ... ok
[INFO] [stdout] test cql::lex_test::data_manipulation::update::test_update_single_value ... ok
[INFO] [stdout] test cql::lex_test::data_manipulation::update::test_update_using_timestamp ... ok
[INFO] [stdout] test cql::lex_test::data_manipulation::select::test_select_where_contains ... ok
[INFO] [stdout] test cql::lex_test::data_types::test_digit ... ok
[INFO] [stdout] test cql::lex_test::data_manipulation::update::test_update_if_condition ... ok
[INFO] [stdout] test cql::lex_test::data_types::test_invalid_digits_decimal_and_identifier ... ok
[INFO] [stdout] test cql::lex_test::data_manipulation::update::test_update_if_exists ... ok
[INFO] [stdout] test cql::lex_test::data_manipulation::update::test_update_multiple_columns ... ok
[INFO] [stdout] test cql::lex_test::data_types::test_blob_literal ... ok
[INFO] [stdout] test cql::lex_test::materialized_views::alter_materialized_view::test_alter_materialized_view ... ok
[INFO] [stdout] test cql::lex_test::materialized_views::alter_materialized_view::test_alter_materialized_view_if_exists ... ok
[INFO] [stdout] test cql::lex_test::materialized_views::create_materialized_view::test_create_materialized_view_if_not_exists ... ok
[INFO] [stdout] test cql::lex_test::data_types::test_decimal_does_not_misread_keyspace_qualified_table_name ... ok
[INFO] [stdout] test cql::lex_test::materialized_views::create_materialized_view::test_create_materialized_view_with_options ... ok
[INFO] [stdout] test cql::lex_test::materialized_views::drop_materialized_view::test_drop_materialized_view ... ok
[INFO] [stdout] test cql::lex_test::secondary_indexes::create_index::test_create_custom_index_with_options ... ok
[INFO] [stdout] test cql::lex_test::secondary_indexes::create_index::test_create_index ... ok
[INFO] [stdout] test cql::lex_test::secondary_indexes::create_index::test_create_index_if_not_exists ... ok
[INFO] [stdout] test cql::lex_test::materialized_views::drop_materialized_view::test_drop_materialized_view_if_exists ... ok
[INFO] [stdout] test cql::lex_test::data_types::test_single_quote_string_literal_escaping_single_quotes_with_successive_single_quotes ... ok
[INFO] [stdout] test cql::lex_test::data_types::test_triple_quote_string ... ok
[INFO] [stdout] test cql::lex_test::secondary_indexes::create_index::test_create_custom_index ... ok
[INFO] [stdout] test cql::lex_test::secondary_indexes::create_index::test_create_index_on_full ... ok
[INFO] [stdout] test cql::lex_test::data_types::test_uuid_literal ... ok
[INFO] [stdout] test cql::lex_test::secondary_indexes::create_index::test_create_index_on_entries ... ok
[INFO] [stdout] test cql::lex_test::materialized_views::create_materialized_view::test_create_materialized_view ... ok
[INFO] [stdout] test cql::lex_test::security::alter_user::test_alter_user ... ok
[INFO] [stdout] test cql::lex_test::secondary_indexes::drop_index::test_drop_index_if_exists ... ok
[INFO] [stdout] test cql::lex_test::security::create_user::test_create_user ... ok
[INFO] [stdout] test cql::lex_test::security::create_role::test_create_role ... ok
[INFO] [stdout] test cql::lex_test::security::drop_role::test_drop_role ... ok
[INFO] [stdout] test cql::lex_test::security::alter_role::test_alter_role ... ok
[INFO] [stdout] test cql::lex_test::security::drop_user::test_drop_user ... ok
[INFO] [stdout] test cql::lex_test::secondary_indexes::create_index::test_create_index_on_keys ... ok
[INFO] [stdout] test cql::lex_test::secondary_indexes::create_index::test_create_index_on_values ... ok
[INFO] [stdout] test cql::lex_test::secondary_indexes::drop_index::test_drop_index ... ok
[INFO] [stdout] test cql::lex_test::security::drop_user::test_drop_user_if_exists ... ok
[INFO] [stdout] test cql::lex_test::security::list_permissions::test_list_permissions_on_roles ... ok
[INFO] [stdout] test cql::lex_test::security::drop_role::test_drop_role_if_exists ... ok
[INFO] [stdout] test cql::lex_test::security::revoke_permission::test_revoke_permissions ... ok
[INFO] [stdout] test cql::lex_test::security::grant_permission::test_grant_permissions ... ok
[INFO] [stdout] test cql::lex_test::security::grant_permission::test_grant_permissions_on_roles ... ok
[INFO] [stdout] test cql::lex_test::security::grant_role::test_grant_role ... ok
[INFO] [stdout] test cql::lex_test::security::list_permissions::test_list_permissions ... ok
[INFO] [stdout] test cql::lex_test::security::list_users::test_list_users ... ok
[INFO] [stdout] test cql::lex_test::security::revoke_role::test_revoke_role ... ok
[INFO] [stdout] test cql::lex_test::triggers::drop_trigger::test_drop_trigger_if_not_exists ... ok
[INFO] [stdout] test cql::lex_test::user_defined_aggregates::create_aggregate::test_create_aggregate_if_not_exists ... ok
[INFO] [stdout] test cql::lex_test::user_defined_aggregates::create_aggregate::test_create_aggregate_with_finalfunc ... ok
[INFO] [stdout] test cql::lex_test::user_defined_aggregates::create_aggregate::test_create_aggregate_with_initcond ... ok
[INFO] [stdout] test cql::lex_test::user_defined_aggregates::create_aggregate::test_create_aggregate_with_multiple_args ... ok
[INFO] [stdout] test cql::lex_test::security::list_roles::test_list_roles ... ok
[INFO] [stdout] test cql::lex_test::security::revoke_permission::test_revoke_permissions_on_roles ... ok
[INFO] [stdout] test cql::lex_test::user_defined_aggregates::create_aggregate::test_create_aggregate_with_single_arg ... ok
[INFO] [stdout] test cql::lex_test::user_defined_aggregates::create_aggregate::test_create_aggregate_with_udt_stype ... ok
[INFO] [stdout] test cql::lex_test::security::list_roles::test_list_roles_of_role ... ok
[INFO] [stdout] test cql::lex_test::user_defined_aggregates::create_aggregate::test_create_or_replace_aggregate ... ok
[INFO] [stdout] test cql::lex_test::user_defined_aggregates::drop_aggregate::test_drop_aggregate ... ok
[INFO] [stdout] test cql::lex_test::user_defined_aggregates::drop_aggregate::test_drop_aggregate_and_the_kitchen_sink ... ok
[INFO] [stdout] test cql::lex_test::user_defined_aggregates::drop_aggregate::test_drop_aggregate_if_exists ... ok
[INFO] [stdout] test cql::lex_test::user_defined_aggregates::drop_aggregate::test_drop_aggregate_with_explicit_keyspace ... ok
[INFO] [stdout] test cql::lex_test::user_defined_aggregates::drop_aggregate::test_drop_aggregate_with_multiple_args ... ok
[INFO] [stdout] test cql::lex_test::user_defined_aggregates::drop_aggregate::test_drop_aggregate_with_single_arg ... ok
[INFO] [stdout] test cql::lex_test::user_defined_functions::create_function::test_create_function_called_on_null_input ... ok
[INFO] [stdout] test cql::lex_test::user_defined_functions::create_function::test_create_function_if_not_exists ... ok
[INFO] [stdout] test cql::lex_test::user_defined_functions::create_function::test_create_function_returns_null_on_null_input ... ok
[INFO] [stdout] test cql::lex_test::user_defined_functions::create_function::test_create_function_returns_user_defined_type ... ok
[INFO] [stdout] test cql::lex_test::user_defined_functions::create_function::test_create_function_with_frozen_arg ... ok
[INFO] [stdout] test cql::lex_test::user_defined_functions::create_function::test_create_function_with_string_literal ... ok
[INFO] [stdout] test cql::lex_test::user_defined_functions::drop_function::test_drop_function_if_exists ... ok
[INFO] [stdout] test cql::lex_test::user_defined_functions::create_function::test_create_or_replace_function ... ok
[INFO] [stdout] test cql::lex_test::user_defined_functions::drop_function::test_drop_function_and_the_kitchen_sink ... ok
[INFO] [stdout] test cql::lex_test::user_defined_functions::drop_function::test_drop_function_with_explicit_keyspace ... ok
[INFO] [stdout] test cql::lex_test::triggers::create_trigger::test_create_trigger ... ok
[INFO] [stdout] test cql::lex_test::user_defined_functions::create_function::test_create_function_with_multiple_args ... ok
[INFO] [stdout] test cql::lex_test::user_defined_functions::drop_function::test_drop_function_with_multiple_args ... ok
[INFO] [stdout] test cql::lex_test::triggers::create_trigger::test_create_trigger_if_not_exists ... ok
[INFO] [stdout] test cql::lex_test::triggers::drop_trigger::test_drop_trigger ... ok
[INFO] [stdout] test cql::lex_test::user_defined_aggregates::create_aggregate::test_create_aggregate_with_finalfunc_and_initcond ... ok
[INFO] [stdout] test cql::lex_test::user_defined_functions::drop_function::test_drop_function_without_args ... ok
[INFO] [stdout] test cql::lex_test::user_defined_types::alter_type::test_alter_type_add_field_if_not_exists ... ok
[INFO] [stdout] test cql::lex_test::user_defined_types::alter_type::test_alter_type_rename_field ... ok
[INFO] [stdout] test cql::lex_test::user_defined_types::create_type::test_create_type_with_multiple_attributes ... ok
[INFO] [stdout] test cql::lex_test::user_defined_functions::drop_function::test_drop_function_with_single_arg ... ok
[INFO] [stdout] test cql::lex_test::user_defined_types::alter_type::test_alter_type_if_exists ... ok
[INFO] [stdout] test cql::lex_test::user_defined_types::alter_type::test_alter_type_rename_field_if_exists ... ok
[INFO] [stdout] test cql::lex_test::user_defined_types::drop_type::test_drop_type_if_exists ... ok
[INFO] [stdout] test cql::lex_test::user_defined_types::create_type::test_create_type_if_not_exists ... ok
[INFO] [stdout] test cql::lex_test::user_defined_types::alter_type::test_alter_type_add_field ... ok
[INFO] [stdout] test cql::lex_test::user_defined_types::alter_type::test_alter_type_rename_multiple_fields ... ok
[INFO] [stdout] test cql_file::tests::test_cql_file ... ok
[INFO] [stdout] test cql_file::tests::test_cql_file_read_statements_block_comment_between_statements ... ok
[INFO] [stdout] test cql::lex_test::user_defined_types::create_type::test_create_type ... ok
[INFO] [stdout] test cql_file::tests::test_cql_file_read_statements_block_comment_in_statement ... ok
[INFO] [stdout] test cql::lex_test::user_defined_types::drop_type::test_drop_type ... ok
[INFO] [stdout] test cql_file::tests::test_cql_file_read_statements_incomplete_line ... ok
[INFO] [stdout] test cql_file::tests::test_cql_file_read_statements_block_comment_only ... ok
[INFO] [stdout] test cql_file::tests::test_cql_file_read_statements_multiline_statement_with_line_comments ... ok
[INFO] [stdout] test cql_file::tests::test_cql_file_read_statements_two_lines ... ok
[INFO] [stdout] test cql_file::tests::test_cql_file_read_statements_complete_line ... ok
[INFO] [stdout] test cql_file::tests::test_files_from_dir_allows_non_migrating_cql ... ok
[INFO] [stdout] test cql_file::tests::test_files_from_dir_errors_with_cql_name ... ok
[INFO] [stdout] test cql_file::tests::test_files_from_dir_errors_with_out_of_order_versions ... ok
[INFO] [stdout] test cql_file::tests::test_cql_file_read_statements_line_comment_between_statements ... ok
[INFO] [stdout] test keyspace::tests::test_replication_factory_from_str_error_duplicates_key_value_pair ... ok
[INFO] [stdout] test cql_file::tests::test_files_from_dir_errors_with_repeating_versions ... ok
[INFO] [stdout] test cql_file::tests::test_cql_file_read_statements_line_comment_only ... ok
[INFO] [stdout] test cql_file::tests::test_cql_file_read_statements_line_comment_out_statement_ending ... ok
[INFO] [stdout] test cql_file::tests::test_cql_filename_regex ... ok
[INFO] [stdout] test cql_file::tests::test_cql_file_read_statements_partial_line_comment_between_statements ... ok
[INFO] [stdout] test keyspace::tests::test_replication_factory_from_str_error_no_replication_class ... ok
[INFO] [stdout] test keyspace::tests::test_replication_factory_from_str_error_no_key_value_pairs_in_object ... ok
[INFO] [stdout] test keyspace::tests::test_replication_factory_from_str_error_simple_factor_not_a_number ... ok
[INFO] [stdout] test keyspace::tests::test_replication_factory_from_str_error_not_key_value_object ... ok
[INFO] [stdout] test cql_file::tests::test_files_from_dir ... ok
[INFO] [stdout] test keyspace::tests::test_replication_factory_from_str_error_unsupported_replication_class ... ok
[INFO] [stdout] test keyspace::tests::test_replication_factory_from_str_simple_custom ... ok
[INFO] [stdout] test keyspace::tests::test_replication_factory_from_str_simple_default ... ok
[INFO] [stdout] test keyspace::tests::test_replication_factory_from_str_error_network_factor_bad_dc_name ... ok
[INFO] [stdout] test keyspace::tests::test_replication_factory_from_str_error_network_without_factor ... ok
[INFO] [stdout] test keyspace::tests::test_replication_factory_from_str_error_simple_without_factor ... ok
[INFO] [stdout] test keyspace::tests::test_replication_factory_from_str_network ... ok
[INFO] [stdout] test keyspace::tests::test_table_names ... FAILED
[INFO] [stdout] test keyspace::tests::test_table_names_from_session_metadata_empty_vec_when_no_tables ... FAILED
[INFO] [stdout] test keyspace::tests::test_table_names_from_session_metadata_errors_when_keyspace_does_not_exist ... FAILED
[INFO] [stdout] test keyspace::tests::test_table_names_from_session_metadata_updated_after_drop_keyspace ... FAILED
[INFO] [stdout] test migrate::tests::test_migrate_errors_when_executed_cql_content_changed ... FAILED
[INFO] [stdout] test queries::keyspace::tests::test_create_keyspace_cql_errors_with_empty_keyspace_name ... ok
[INFO] [stdout] test keyspace::tests::test_table_names_from_session_metadata_normalizes_uppercase_keyspace_name ... FAILED
[INFO] [stdout] test keyspace::tests::test_table_names_from_session_metadata_updated_after_drop_table ... FAILED
[INFO] [stdout] test queries::keyspace::tests::test_create_keyspace_cql_errors_with_zero_replication_factor ... ok
[INFO] [stdout] test queries::keyspace::tests::test_create_keyspace_cql_errors_without_datacenter_factors ... ok
[INFO] [stdout] test queries::keyspace::tests::test_create_keyspace_cql_with_multiple_network_topology_replication_factors ... ok
[INFO] [stdout] test queries::keyspace::tests::test_create_keyspace_cql_with_simple_strategy_replication ... ok
[INFO] [stdout] test queries::keyspace::tests::test_create_keyspace_cql_with_single_network_topology_replication_factor ... ok
[INFO] [stdout] test migrate::tests::test_partial_migration_error_state ... FAILED
[INFO] [stdout] test migrate::tests::test_migrate_skip_migrated ... FAILED
[INFO] [stdout] test queries::keyspace::tests::test_create_keyspace_cql_errors_without_datacenter_name ... ok
[INFO] [stdout] test queries::keyspace::tests::test_create_keyspace_cql_with_default_replication ... ok
[INFO] [stdout] test queries::keyspace::tests::test_create_keyspace ... FAILED
[INFO] [stdout] test queries::keyspace::tests::test_create_keyspace_errors_keyspace_already_exists ... FAILED
[INFO] [stdout] test queries::keyspace::tests::test_drop_keyspace ... FAILED
[INFO] [stdout] test queries::migrated::table::tests::test_create_table ... FAILED
[INFO] [stdout] test queries::migrated::files::tests::test_select_all_when_empty ... FAILED
[INFO] [stdout] test queries::migrated::table::tests::test_create_table_errors_table_already_exists ... FAILED
[INFO] [stdout] test tests::test_cassandra_opts_provides_node_address ... ok
[INFO] [stdout] test queries::migrated::files::tests::test_insert ... FAILED
[INFO] [stdout] test queries::migrated::files::tests::test_select_all_returns_ordered ... FAILED
[INFO] [stdout] test migrate::tests::test_migrate_fresh_state ... FAILED
[INFO] [stdout] test tests::test_prepare_cquill_keyspace_when_keyspace_and_table_exist ... FAILED
[INFO] [stdout] test tests::test_prepare_cquill_keyspace_when_table_does_not_exist ... FAILED
[INFO] [stdout] test queries::migrated::table::tests::test_drop_table ... FAILED
[INFO] [stderr] error: test failed, to rerun pass `--lib`
[INFO] [stdout] test tests::test_prepare_cquill_keyspace_when_keyspace_does_not_exist ... FAILED
[INFO] [stdout] 
[INFO] [stdout] failures:
[INFO] [stdout] 
[INFO] [stdout] ---- keyspace::tests::test_table_names stdout ----
[INFO] [stdout] 
[INFO] [stdout] thread 'keyspace::tests::test_table_names' (1900) panicked at src/test_utils.rs:37:10:
[INFO] [stdout] cql session: IoError(Custom { kind: Other, error: "No connections in the pool; last connection failed with: IO Error: Connection refused (os error 111)" })
[INFO] [stdout] stack backtrace:
[INFO] [stdout]    0:     0x6261fb4a3e35 - <unknown>
[INFO] [stdout]    1:     0x6261fb25aaba - <unknown>
[INFO] [stdout]    2:     0x6261fb4a34cb - <unknown>
[INFO] [stdout]    3:     0x6261fb4a2faf - <unknown>
[INFO] [stdout]    4:     0x6261fb4a2bda - <unknown>
[INFO] [stdout]    5:     0x6261fb4a2715 - <unknown>
[INFO] [stdout]    6:     0x6261fb4c9811 - <unknown>
[INFO] [stdout]    7:     0x6261fb4c97c9 - <unknown>
[INFO] [stdout]    8:     0x6261fb4c9ccc - <unknown>
[INFO] [stdout]    9:     0x6261fb25a94b - <unknown>
[INFO] [stdout]   10:     0x6261fb25f451 - <unknown>
[INFO] [stdout]   11:     0x6261fb32663c - <unknown>
[INFO] [stdout]   12:     0x6261fb31deb0 - <unknown>
[INFO] [stdout]   13:     0x6261fb31d9ba - <unknown>
[INFO] [stdout]   14:     0x6261fb26cc40 - <unknown>
[INFO] [stdout]   15:     0x6261fb31d786 - <unknown>
[INFO] [stdout]   16:     0x6261fb4e5c4b - <unknown>
[INFO] [stdout]   17:     0x6261fb4e1692 - <unknown>
[INFO] [stdout]   18:     0x6261fb4e10fc - <unknown>
[INFO] [stdout]   19:     0x6261fb50087c - <unknown>
[INFO] [stdout]   20:     0x6261fb4cb7b4 - <unknown>
[INFO] [stdout]   21:     0x70735e136dfa - <unknown>
[INFO] [stdout]   22:     0x70735e1ca3d4 - clone
[INFO] [stdout]   23:                0x0 - <unknown>
[INFO] [stdout] 
[INFO] [stdout] ---- keyspace::tests::test_table_names_from_session_metadata_empty_vec_when_no_tables stdout ----
[INFO] [stdout] 
[INFO] [stdout] thread 'keyspace::tests::test_table_names_from_session_metadata_empty_vec_when_no_tables' (1901) panicked at src/test_utils.rs:37:10:
[INFO] [stdout] cql session: IoError(Custom { kind: Other, error: "No connections in the pool; last connection failed with: IO Error: Connection refused (os error 111)" })
[INFO] [stdout] stack backtrace:
[INFO] [stdout]    0:     0x6261fb4a3e35 - <unknown>
[INFO] [stdout]    1:     0x6261fb25aaba - <unknown>
[INFO] [stdout]    2:     0x6261fb4a34cb - <unknown>
[INFO] [stdout]    3:     0x6261fb4a2faf - <unknown>
[INFO] [stdout]    4:     0x6261fb4a2bda - <unknown>
[INFO] [stdout]    5:     0x6261fb4a2715 - <unknown>
[INFO] [stdout]    6:     0x6261fb4c9811 - <unknown>
[INFO] [stdout]    7:     0x6261fb4c97c9 - <unknown>
[INFO] [stdout]    8:     0x6261fb4c9ccc - <unknown>
[INFO] [stdout]    9:     0x6261fb25a94b - <unknown>
[INFO] [stdout]   10:     0x6261fb25f451 - <unknown>
[INFO] [stdout]   11:     0x6261fb32663c - <unknown>
[INFO] [stdout]   12:     0x6261fb33076e - <unknown>
[INFO] [stdout]   13:     0x6261fb26cc40 - <unknown>
[INFO] [stdout]   14:     0x6261fb330526 - <unknown>
[INFO] [stdout]   15:     0x6261fb4e5c4b - <unknown>
[INFO] [stdout]   16:     0x6261fb4e1692 - <unknown>
[INFO] [stdout]   17:     0x6261fb4e10fc - <unknown>
[INFO] [stdout]   18:     0x6261fb50087c - <unknown>
[INFO] [stdout]   19:     0x6261fb4cb7b4 - <unknown>
[INFO] [stdout]   20:     0x70735e136dfa - <unknown>
[INFO] [stdout]   21:     0x70735e1ca3d4 - clone
[INFO] [stdout]   22:                0x0 - <unknown>
[INFO] [stdout] 
[INFO] [stdout] ---- keyspace::tests::test_table_names_from_session_metadata_errors_when_keyspace_does_not_exist stdout ----
[INFO] [stdout] 
[INFO] [stdout] thread 'keyspace::tests::test_table_names_from_session_metadata_errors_when_keyspace_does_not_exist' (1902) panicked at src/test_utils.rs:37:10:
[INFO] [stdout] cql session: IoError(Custom { kind: Other, error: "No connections in the pool; last connection failed with: IO Error: Connection refused (os error 111)" })
[INFO] [stdout] stack backtrace:
[INFO] [stdout]    0:     0x6261fb4a3e35 - <unknown>
[INFO] [stdout]    1:     0x6261fb25aaba - <unknown>
[INFO] [stdout]    2:     0x6261fb4a34cb - <unknown>
[INFO] [stdout]    3:     0x6261fb4a2faf - <unknown>
[INFO] [stdout]    4:     0x6261fb4a2bda - <unknown>
[INFO] [stdout]    5:     0x6261fb4a2715 - <unknown>
[INFO] [stdout]    6:     0x6261fb4c9811 - <unknown>
[INFO] [stdout]    7:     0x6261fb4c97c9 - <unknown>
[INFO] [stdout]    8:     0x6261fb4c9ccc - <unknown>
[INFO] [stdout]    9:     0x6261fb25a94b - <unknown>
[INFO] [stdout]   10:     0x6261fb25f451 - <unknown>
[INFO] [stdout]   11:     0x6261fb32663c - <unknown>
[INFO] [stdout]   12:     0x6261fb332f5c - <unknown>
[INFO] [stdout]   13:     0x6261fb26cc40 - <unknown>
[INFO] [stdout]   14:     0x6261fb332d83 - <unknown>
[INFO] [stdout]   15:     0x6261fb4e5c4b - <unknown>
[INFO] [stdout]   16:     0x6261fb4e1692 - <unknown>
[INFO] [stdout]   17:     0x6261fb4e10fc - <unknown>
[INFO] [stdout]   18:     0x6261fb50087c - <unknown>
[INFO] [stdout]   19:     0x6261fb4cb7b4 - <unknown>
[INFO] [stdout]   20:     0x70735e136dfa - <unknown>
[INFO] [stdout]   21:     0x70735e1ca3d4 - clone
[INFO] [stdout]   22:                0x0 - <unknown>
[INFO] [stdout] 
[INFO] [stdout] ---- keyspace::tests::test_table_names_from_session_metadata_updated_after_drop_keyspace stdout ----
[INFO] [stdout] 
[INFO] [stdout] thread 'keyspace::tests::test_table_names_from_session_metadata_updated_after_drop_keyspace' (1904) panicked at src/test_utils.rs:37:10:
[INFO] [stdout] cql session: IoError(Custom { kind: Other, error: "No connections in the pool; last connection failed with: IO Error: Connection refused (os error 111)" })
[INFO] [stdout] stack backtrace:
[INFO] [stdout]    0:     0x6261fb4a3e35 - <unknown>
[INFO] [stdout]    1:     0x6261fb25aaba - <unknown>
[INFO] [stdout]    2:     0x6261fb4a34cb - <unknown>
[INFO] [stdout]    3:     0x6261fb4a2faf - <unknown>
[INFO] [stdout]    4:     0x6261fb4a2bda - <unknown>
[INFO] [stdout]    5:     0x6261fb4a2715 - <unknown>
[INFO] [stdout]    6:     0x6261fb4c9811 - <unknown>
[INFO] [stdout]    7:     0x6261fb4c97c9 - <unknown>
[INFO] [stdout]    8:     0x6261fb4c9ccc - <unknown>
[INFO] [stdout]    9:     0x6261fb25a94b - <unknown>
[INFO] [stdout]   10:     0x6261fb25f451 - <unknown>
[INFO] [stdout]   11:     0x6261fb32663c - <unknown>
[INFO] [stdout]   12:     0x6261fb31deb0 - <unknown>
[INFO] [stdout]   13:     0x6261fb3321da - <unknown>
[INFO] [stdout]   14:     0x6261fb26cc40 - <unknown>
[INFO] [stdout]   15:     0x6261fb331fb6 - <unknown>
[INFO] [stdout]   16:     0x6261fb4e5c4b - <unknown>
[INFO] [stdout]   17:     0x6261fb4e1692 - <unknown>
[INFO] [stdout]   18:     0x6261fb4e10fc - <unknown>
[INFO] [stdout]   19:     0x6261fb50087c - <unknown>
[INFO] [stdout]   20:     0x6261fb4cb7b4 - <unknown>
[INFO] [stdout]   21:     0x70735e136dfa - <unknown>
[INFO] [stdout]   22:     0x70735e1ca3d4 - clone
[INFO] [stdout]   23:                0x0 - <unknown>
[INFO] [stdout] 
[INFO] [stdout] ---- migrate::tests::test_migrate_errors_when_executed_cql_content_changed stdout ----
[INFO] [stdout] 
[INFO] [stdout] thread 'migrate::tests::test_migrate_errors_when_executed_cql_content_changed' (1906) panicked at src/test_utils.rs:37:10:
[INFO] [stdout] cql session: IoError(Custom { kind: Other, error: "No connections in the pool; last connection failed with: IO Error: Connection refused (os error 111)" })
[INFO] [stdout] stack backtrace:
[INFO] [stdout]    0:     0x6261fb4a3e35 - <unknown>
[INFO] [stdout]    1:     0x6261fb25aaba - <unknown>
[INFO] [stdout]    2:     0x6261fb4a34cb - <unknown>
[INFO] [stdout]    3:     0x6261fb4a2faf - <unknown>
[INFO] [stdout]    4:     0x6261fb4a2bda - <unknown>
[INFO] [stdout]    5:     0x6261fb4a2715 - <unknown>
[INFO] [stdout]    6:     0x6261fb4c9811 - <unknown>
[INFO] [stdout]    7:     0x6261fb4c97c9 - <unknown>
[INFO] [stdout]    8:     0x6261fb4c9ccc - <unknown>
[INFO] [stdout]    9:     0x6261fb25a94b - <unknown>
[INFO] [stdout]   10:     0x6261fb25f451 - <unknown>
[INFO] [stdout]   11:     0x6261fb2b1262 - <unknown>
[INFO] [stdout]   12:     0x6261fb2cb148 - <unknown>
[INFO] [stdout]   13:     0x6261fb26cc40 - <unknown>
[INFO] [stdout]   14:     0x6261fb2cacf6 - <unknown>
[INFO] [stdout]   15:     0x6261fb4e5c4b - <unknown>
[INFO] [stdout]   16:     0x6261fb4e1692 - <unknown>
[INFO] [stdout]   17:     0x6261fb4e10fc - <unknown>
[INFO] [stdout]   18:     0x6261fb50087c - <unknown>
[INFO] [stdout]   19:     0x6261fb4cb7b4 - <unknown>
[INFO] [stdout]   20:     0x70735e136dfa - <unknown>
[INFO] [stdout]   21:     0x70735e1ca3d4 - clone
[INFO] [stdout]   22:                0x0 - <unknown>
[INFO] [stdout] 
[INFO] [stdout] ---- keyspace::tests::test_table_names_from_session_metadata_normalizes_uppercase_keyspace_name stdout ----
[INFO] [stdout] 
[INFO] [stdout] thread 'keyspace::tests::test_table_names_from_session_metadata_normalizes_uppercase_keyspace_name' (1903) panicked at src/test_utils.rs:37:10:
[INFO] [stdout] cql session: IoError(Custom { kind: Other, error: "No connections in the pool; last connection failed with: IO Error: Connection refused (os error 111)" })
[INFO] [stdout] stack backtrace:
[INFO] [stdout]    0:     0x6261fb4a3e35 - <unknown>
[INFO] [stdout]    1:     0x6261fb25aaba - <unknown>
[INFO] [stdout]    2:     0x6261fb4a34cb - <unknown>
[INFO] [stdout]    3:     0x6261fb4a2faf - <unknown>
[INFO] [stdout]    4:     0x6261fb4a2bda - <unknown>
[INFO] [stdout]    5:     0x6261fb4a2715 - <unknown>
[INFO] [stdout]    6:     0x6261fb4c9811 - <unknown>
[INFO] [stdout]    7:     0x6261fb4c97c9 - <unknown>
[INFO] [stdout]    8:     0x6261fb4c9ccc - <unknown>
[INFO] [stdout]    9:     0x6261fb25a94b - <unknown>
[INFO] [stdout]   10:     0x6261fb25f451 - <unknown>
[INFO] [stdout]   11:     0x6261fb32663c - <unknown>
[INFO] [stdout]   12:     0x6261fb31deb0 - <unknown>
[INFO] [stdout]   13:     0x6261fb332815 - <unknown>
[INFO] [stdout]   14:     0x6261fb26cc40 - <unknown>
[INFO] [stdout]   15:     0x6261fb332696 - <unknown>
[INFO] [stdout]   16:     0x6261fb4e5c4b - <unknown>
[INFO] [stdout]   17:     0x6261fb4e1692 - <unknown>
[INFO] [stdout]   18:     0x6261fb4e10fc - <unknown>
[INFO] [stdout]   19:     0x6261fb50087c - <unknown>
[INFO] [stdout]   20:     0x6261fb4cb7b4 - <unknown>
[INFO] [stdout]   21:     0x70735e136dfa - <unknown>
[INFO] [stdout]   22:     0x70735e1ca3d4 - clone
[INFO] [stdout]   23:                0x0 - <unknown>
[INFO] [stdout] 
[INFO] [stdout] ---- keyspace::tests::test_table_names_from_session_metadata_updated_after_drop_table stdout ----
[INFO] [stdout] 
[INFO] [stdout] thread 'keyspace::tests::test_table_names_from_session_metadata_updated_after_drop_table' (1905) panicked at src/test_utils.rs:37:10:
[INFO] [stdout] cql session: IoError(Custom { kind: Other, error: "No connections in the pool; last connection failed with: IO Error: Connection refused (os error 111)" })
[INFO] [stdout] stack backtrace:
[INFO] [stdout]    0:     0x6261fb4a3e35 - <unknown>
[INFO] [stdout]    1:     0x6261fb25aaba - <unknown>
[INFO] [stdout]    2:     0x6261fb4a34cb - <unknown>
[INFO] [stdout]    3:     0x6261fb4a2faf - <unknown>
[INFO] [stdout]    4:     0x6261fb4a2bda - <unknown>
[INFO] [stdout]    5:     0x6261fb4a2715 - <unknown>
[INFO] [stdout]    6:     0x6261fb4c9811 - <unknown>
[INFO] [stdout]    7:     0x6261fb4c97c9 - <unknown>
[INFO] [stdout]    8:     0x6261fb4c9ccc - <unknown>
[INFO] [stdout]    9:     0x6261fb25a94b - <unknown>
[INFO] [stdout]   10:     0x6261fb25f451 - <unknown>
[INFO] [stdout]   11:     0x6261fb32663c - <unknown>
[INFO] [stdout]   12:     0x6261fb31deb0 - <unknown>
[INFO] [stdout]   13:     0x6261fb331140 - <unknown>
[INFO] [stdout]   14:     0x6261fb26cc40 - <unknown>
[INFO] [stdout]   15:     0x6261fb330eb6 - <unknown>
[INFO] [stdout]   16:     0x6261fb4e5c4b - <unknown>
[INFO] [stdout]   17:     0x6261fb4e1692 - <unknown>
[INFO] [stdout]   18:     0x6261fb4e10fc - <unknown>
[INFO] [stdout]   19:     0x6261fb50087c - <unknown>
[INFO] [stdout]   20:     0x6261fb4cb7b4 - <unknown>
[INFO] [stdout]   21:     0x70735e136dfa - <unknown>
[INFO] [stdout]   22:     0x70735e1ca3d4 - clone
[INFO] [stdout]   23:                0x0 - <unknown>
[INFO] [stdout] 
[INFO] [stdout] ---- migrate::tests::test_partial_migration_error_state stdout ----
[INFO] [stdout] 
[INFO] [stdout] thread 'migrate::tests::test_partial_migration_error_state' (1909) panicked at src/test_utils.rs:37:10:
[INFO] [stdout] cql session: IoError(Custom { kind: Other, error: "No connections in the pool; last connection failed with: IO Error: Connection refused (os error 111)" })
[INFO] [stdout] stack backtrace:
[INFO] [stdout]    0:     0x6261fb4a3e35 - <unknown>
[INFO] [stdout]    1:     0x6261fb25aaba - <unknown>
[INFO] [stdout]    2:     0x6261fb4a34cb - <unknown>
[INFO] [stdout]    3:     0x6261fb4a2faf - <unknown>
[INFO] [stdout]    4:     0x6261fb4a2bda - <unknown>
[INFO] [stdout]    5:     0x6261fb4a2715 - <unknown>
[INFO] [stdout]    6:     0x6261fb4c9811 - <unknown>
[INFO] [stdout]    7:     0x6261fb4c97c9 - <unknown>
[INFO] [stdout]    8:     0x6261fb4c9ccc - <unknown>
[INFO] [stdout]    9:     0x6261fb25a94b - <unknown>
[INFO] [stdout]   10:     0x6261fb25f451 - <unknown>
[INFO] [stdout]   11:     0x6261fb2b1262 - <unknown>
[INFO] [stdout]   12:     0x6261fb2ca2fa - <unknown>
[INFO] [stdout]   13:     0x6261fb26cc40 - <unknown>
[INFO] [stdout]   14:     0x6261fb2c9e16 - <unknown>
[INFO] [stdout]   15:     0x6261fb4e5c4b - <unknown>
[INFO] [stdout]   16:     0x6261fb4e1692 - <unknown>
[INFO] [stdout]   17:     0x6261fb4e10fc - <unknown>
[INFO] [stdout]   18:     0x6261fb50087c - <unknown>
[INFO] [stdout]   19:     0x6261fb4cb7b4 - <unknown>
[INFO] [stdout]   20:     0x70735e136dfa - <unknown>
[INFO] [stdout]   21:     0x70735e1ca3d4 - clone
[INFO] [stdout]   22:                0x0 - <unknown>
[INFO] [stdout] 
[INFO] [stdout] ---- migrate::tests::test_migrate_skip_migrated stdout ----
[INFO] [stdout] 
[INFO] [stdout] thread 'migrate::tests::test_migrate_skip_migrated' (1908) panicked at src/test_utils.rs:37:10:
[INFO] [stdout] cql session: IoError(Custom { kind: Other, error: "No connections in the pool; last connection failed with: IO Error: Connection refused (os error 111)" })
[INFO] [stdout] stack backtrace:
[INFO] [stdout]    0:     0x6261fb4a3e35 - <unknown>
[INFO] [stdout]    1:     0x6261fb25aaba - <unknown>
[INFO] [stdout]    2:     0x6261fb4a34cb - <unknown>
[INFO] [stdout]    3:     0x6261fb4a2faf - <unknown>
[INFO] [stdout]    4:     0x6261fb4a2bda - <unknown>
[INFO] [stdout]    5:     0x6261fb4a2715 - <unknown>
[INFO] [stdout]    6:     0x6261fb4c9811 - <unknown>
[INFO] [stdout]    7:     0x6261fb4c97c9 - <unknown>
[INFO] [stdout]    8:     0x6261fb4c9ccc - <unknown>
[INFO] [stdout]    9:     0x6261fb25a94b - <unknown>
[INFO] [stdout]   10:     0x6261fb25f451 - <unknown>
[INFO] [stdout]   11:     0x6261fb2b1262 - <unknown>
[INFO] [stdout]   12:     0x6261fb2c93ae - <unknown>
[INFO] [stdout]   13:     0x6261fb26cc40 - <unknown>
[INFO] [stdout]   14:     0x6261fb2c9006 - <unknown>
[INFO] [stdout]   15:     0x6261fb4e5c4b - <unknown>
[INFO] [stdout]   16:     0x6261fb4e1692 - <unknown>
[INFO] [stdout]   17:     0x6261fb4e10fc - <unknown>
[INFO] [stdout]   18:     0x6261fb50087c - <unknown>
[INFO] [stdout]   19:     0x6261fb4cb7b4 - <unknown>
[INFO] [stdout]   20:     0x70735e136dfa - <unknown>
[INFO] [stdout]   21:     0x70735e1ca3d4 - clone
[INFO] [stdout]   22:                0x0 - <unknown>
[INFO] [stdout] 
[INFO] [stdout] ---- queries::keyspace::tests::test_create_keyspace stdout ----
[INFO] [stdout] 
[INFO] [stdout] thread 'queries::keyspace::tests::test_create_keyspace' (1910) panicked at src/test_utils.rs:37:10:
[INFO] [stdout] cql session: IoError(Custom { kind: Other, error: "No connections in the pool; last connection failed with: IO Error: Connection refused (os error 111)" })
[INFO] [stdout] stack backtrace:
[INFO] [stdout]    0:     0x6261fb4a3e35 - <unknown>
[INFO] [stdout]    1:     0x6261fb25aaba - <unknown>
[INFO] [stdout]    2:     0x6261fb4a34cb - <unknown>
[INFO] [stdout]    3:     0x6261fb4a2faf - <unknown>
[INFO] [stdout]    4:     0x6261fb4a2bda - <unknown>
[INFO] [stdout]    5:     0x6261fb4a2715 - <unknown>
[INFO] [stdout]    6:     0x6261fb4c9811 - <unknown>
[INFO] [stdout]    7:     0x6261fb4c97c9 - <unknown>
[INFO] [stdout]    8:     0x6261fb4c9ccc - <unknown>
[INFO] [stdout]    9:     0x6261fb25a94b - <unknown>
[INFO] [stdout]   10:     0x6261fb25f451 - <unknown>
[INFO] [stdout]   11:     0x6261fb36f58c - <unknown>
[INFO] [stdout]   12:     0x6261fb37b07e - <unknown>
[INFO] [stdout]   13:     0x6261fb26cc40 - <unknown>
[INFO] [stdout]   14:     0x6261fb37ad86 - <unknown>
[INFO] [stdout]   15:     0x6261fb4e5c4b - <unknown>
[INFO] [stdout]   16:     0x6261fb4e1692 - <unknown>
[INFO] [stdout]   17:     0x6261fb4e10fc - <unknown>
[INFO] [stdout]   18:     0x6261fb50087c - <unknown>
[INFO] [stdout]   19:     0x6261fb4cb7b4 - <unknown>
[INFO] [stdout]   20:     0x70735e136dfa - <unknown>
[INFO] [stdout]   21:     0x70735e1ca3d4 - clone
[INFO] [stdout]   22:                0x0 - <unknown>
[INFO] [stdout] 
[INFO] [stdout] ---- queries::keyspace::tests::test_create_keyspace_errors_keyspace_already_exists stdout ----
[INFO] [stdout] 
[INFO] [stdout] thread 'queries::keyspace::tests::test_create_keyspace_errors_keyspace_already_exists' (1919) panicked at src/test_utils.rs:37:10:
[INFO] [stdout] cql session: IoError(Custom { kind: Other, error: "No connections in the pool; last connection failed with: IO Error: Connection refused (os error 111)" })
[INFO] [stdout] stack backtrace:
[INFO] [stdout]    0:     0x6261fb4a3e35 - <unknown>
[INFO] [stdout]    1:     0x6261fb25aaba - <unknown>
[INFO] [stdout]    2:     0x6261fb4a34cb - <unknown>
[INFO] [stdout]    3:     0x6261fb4a2faf - <unknown>
[INFO] [stdout]    4:     0x6261fb4a2bda - <unknown>
[INFO] [stdout]    5:     0x6261fb4a2715 - <unknown>
[INFO] [stdout]    6:     0x6261fb4c9811 - <unknown>
[INFO] [stdout]    7:     0x6261fb4c97c9 - <unknown>
[INFO] [stdout]    8:     0x6261fb4c9ccc - <unknown>
[INFO] [stdout]    9:     0x6261fb25a94b - <unknown>
[INFO] [stdout]   10:     0x6261fb25f451 - <unknown>
[INFO] [stdout]   11:     0x6261fb36f58c - <unknown>
[INFO] [stdout]   12:     0x6261fb37bcea - <unknown>
[INFO] [stdout]   13:     0x6261fb26cc40 - <unknown>
[INFO] [stdout]   14:     0x6261fb37ba56 - <unknown>
[INFO] [stdout]   15:     0x6261fb4e5c4b - <unknown>
[INFO] [stdout]   16:     0x6261fb4e1692 - <unknown>
[INFO] [stdout]   17:     0x6261fb4e10fc - <unknown>
[INFO] [stdout]   18:     0x6261fb50087c - <unknown>
[INFO] [stdout]   19:     0x6261fb4cb7b4 - <unknown>
[INFO] [stdout]   20:     0x70735e136dfa - <unknown>
[INFO] [stdout]   21:     0x70735e1ca3d4 - clone
[INFO] [stdout]   22:                0x0 - <unknown>
[INFO] [stdout] 
[INFO] [stdout] ---- queries::keyspace::tests::test_drop_keyspace stdout ----
[INFO] [stdout] 
[INFO] [stdout] thread 'queries::keyspace::tests::test_drop_keyspace' (1920) panicked at src/test_utils.rs:37:10:
[INFO] [stdout] cql session: IoError(Custom { kind: Other, error: "No connections in the pool; last connection failed with: IO Error: Connection refused (os error 111)" })
[INFO] [stdout] stack backtrace:
[INFO] [stdout]    0:     0x6261fb4a3e35 - <unknown>
[INFO] [stdout]    1:     0x6261fb25aaba - <unknown>
[INFO] [stdout]    2:     0x6261fb4a34cb - <unknown>
[INFO] [stdout]    3:     0x6261fb4a2faf - <unknown>
[INFO] [stdout]    4:     0x6261fb4a2bda - <unknown>
[INFO] [stdout]    5:     0x6261fb4a2715 - <unknown>
[INFO] [stdout]    6:     0x6261fb4c9811 - <unknown>
[INFO] [stdout]    7:     0x6261fb4c97c9 - <unknown>
[INFO] [stdout]    8:     0x6261fb4c9ccc - <unknown>
[INFO] [stdout]    9:     0x6261fb25a94b - <unknown>
[INFO] [stdout]   10:     0x6261fb25f451 - <unknown>
[INFO] [stdout]   11:     0x6261fb36f58c - <unknown>
[INFO] [stdout]   12:     0x6261fb36df6a - <unknown>
[INFO] [stdout]   13:     0x6261fb26cc40 - <unknown>
[INFO] [stdout]   14:     0x6261fb36dcf6 - <unknown>
[INFO] [stdout]   15:     0x6261fb4e5c4b - <unknown>
[INFO] [stdout]   16:     0x6261fb4e1692 - <unknown>
[INFO] [stdout]   17:     0x6261fb4e10fc - <unknown>
[INFO] [stdout]   18:     0x6261fb50087c - <unknown>
[INFO] [stdout]   19:     0x6261fb4cb7b4 - <unknown>
[INFO] [stdout]   20:     0x70735e136dfa - <unknown>
[INFO] [stdout]   21:     0x70735e1ca3d4 - clone
[INFO] [stdout]   22:                0x0 - <unknown>
[INFO] [stdout] 
[INFO] [stdout] ---- queries::migrated::table::tests::test_create_table stdout ----
[INFO] [stdout] 
[INFO] [stdout] thread 'queries::migrated::table::tests::test_create_table' (1924) panicked at src/test_utils.rs:37:10:
[INFO] [stdout] cql session: IoError(Custom { kind: Other, error: "No connections in the pool; last connection failed with: IO Error: Connection refused (os error 111)" })
[INFO] [stdout] stack backtrace:
[INFO] [stdout]    0:     0x6261fb4a3e35 - <unknown>
[INFO] [stdout]    1:     0x6261fb25aaba - <unknown>
[INFO] [stdout]    2:     0x6261fb4a34cb - <unknown>
[INFO] [stdout]    3:     0x6261fb4a2faf - <unknown>
[INFO] [stdout]    4:     0x6261fb4a2bda - <unknown>
[INFO] [stdout]    5:     0x6261fb4a2715 - <unknown>
[INFO] [stdout]    6:     0x6261fb4c9811 - <unknown>
[INFO] [stdout]    7:     0x6261fb4c97c9 - <unknown>
[INFO] [stdout]    8:     0x6261fb4c9ccc - <unknown>
[INFO] [stdout]    9:     0x6261fb25a94b - <unknown>
[INFO] [stdout]   10:     0x6261fb25f451 - <unknown>
[INFO] [stdout]   11:     0x6261fb2fd76c - <unknown>
[INFO] [stdout]   12:     0x6261fb3094ac - <unknown>
[INFO] [stdout]   13:     0x6261fb26cc40 - <unknown>
[INFO] [stdout]   14:     0x6261fb3091f6 - <unknown>
[INFO] [stdout]   15:     0x6261fb4e5c4b - <unknown>
[INFO] [stdout]   16:     0x6261fb4e1692 - <unknown>
[INFO] [stdout]   17:     0x6261fb4e10fc - <unknown>
[INFO] [stdout]   18:     0x6261fb50087c - <unknown>
[INFO] [stdout]   19:     0x6261fb4cb7b4 - <unknown>
[INFO] [stdout]   20:     0x70735e136dfa - <unknown>
[INFO] [stdout]   21:     0x70735e1ca3d4 - clone
[INFO] [stdout]   22:                0x0 - <unknown>
[INFO] [stdout] 
[INFO] [stdout] ---- queries::migrated::files::tests::test_select_all_when_empty stdout ----
[INFO] [stdout] 
[INFO] [stdout] thread 'queries::migrated::files::tests::test_select_all_when_empty' (1923) panicked at src/test_utils.rs:37:10:
[INFO] [stdout] cql session: IoError(Custom { kind: Other, error: "No connections in the pool; last connection failed with: IO Error: Connection refused (os error 111)" })
[INFO] [stdout] stack backtrace:
[INFO] [stdout]    0:     0x6261fb4a3e35 - <unknown>
[INFO] [stdout]    1:     0x6261fb25aaba - <unknown>
[INFO] [stdout]    2:     0x6261fb4a34cb - <unknown>
[INFO] [stdout]    3:     0x6261fb4a2faf - <unknown>
[INFO] [stdout]    4:     0x6261fb4a2bda - <unknown>
[INFO] [stdout]    5:     0x6261fb4a2715 - <unknown>
[INFO] [stdout]    6:     0x6261fb4c9811 - <unknown>
[INFO] [stdout]    7:     0x6261fb4c97c9 - <unknown>
[INFO] [stdout]    8:     0x6261fb4c9ccc - <unknown>
[INFO] [stdout]    9:     0x6261fb25a94b - <unknown>
[INFO] [stdout]   10:     0x6261fb25f451 - <unknown>
[INFO] [stdout]   11:     0x6261fb2cf632 - <unknown>
[INFO] [stdout]   12:     0x6261fb2dc67a - <unknown>
[INFO] [stdout]   13:     0x6261fb26cc40 - <unknown>
[INFO] [stdout]   14:     0x6261fb2dc346 - <unknown>
[INFO] [stdout]   15:     0x6261fb4e5c4b - <unknown>
[INFO] [stdout]   16:     0x6261fb4e1692 - <unknown>
[INFO] [stdout]   17:     0x6261fb4e10fc - <unknown>
[INFO] [stdout]   18:     0x6261fb50087c - <unknown>
[INFO] [stdout]   19:     0x6261fb4cb7b4 - <unknown>
[INFO] [stdout]   20:     0x70735e136dfa - <unknown>
[INFO] [stdout]   21:     0x70735e1ca3d4 - clone
[INFO] [stdout]   22:                0x0 - <unknown>
[INFO] [stdout] 
[INFO] [stdout] ---- queries::migrated::table::tests::test_create_table_errors_table_already_exists stdout ----
[INFO] [stdout] 
[INFO] [stdout] thread 'queries::migrated::table::tests::test_create_table_errors_table_already_exists' (1925) panicked at src/test_utils.rs:37:10:
[INFO] [stdout] cql session: IoError(Custom { kind: Other, error: "No connections in the pool; last connection failed with: IO Error: Connection refused (os error 111)" })
[INFO] [stdout] stack backtrace:
[INFO] [stdout]    0:     0x6261fb4a3e35 - <unknown>
[INFO] [stdout]    1:     0x6261fb25aaba - <unknown>
[INFO] [stdout]    2:     0x6261fb4a34cb - <unknown>
[INFO] [stdout]    3:     0x6261fb4a2faf - <unknown>
[INFO] [stdout]    4:     0x6261fb4a2bda - <unknown>
[INFO] [stdout]    5:     0x6261fb4a2715 - <unknown>
[INFO] [stdout]    6:     0x6261fb4c9811 - <unknown>
[INFO] [stdout]    7:     0x6261fb4c97c9 - <unknown>
[INFO] [stdout]    8:     0x6261fb4c9ccc - <unknown>
[INFO] [stdout]    9:     0x6261fb25a94b - <unknown>
[INFO] [stdout]   10:     0x6261fb25f451 - <unknown>
[INFO] [stdout]   11:     0x6261fb2fd76c - <unknown>
[INFO] [stdout]   12:     0x6261fb30a10a - <unknown>
[INFO] [stdout]   13:     0x6261fb26cc40 - <unknown>
[INFO] [stdout]   14:     0x6261fb309e26 - <unknown>
[INFO] [stdout]   15:     0x6261fb4e5c4b - <unknown>
[INFO] [stdout]   16:     0x6261fb4e1692 - <unknown>
[INFO] [stdout]   17:     0x6261fb4e10fc - <unknown>
[INFO] [stdout]   18:     0x6261fb50087c - <unknown>
[INFO] [stdout]   19:     0x6261fb4cb7b4 - <unknown>
[INFO] [stdout]   20:     0x70735e136dfa - <unknown>
[INFO] [stdout]   21:     0x70735e1ca3d4 - clone
[INFO] [stdout]   22:                0x0 - <unknown>
[INFO] [stdout] 
[INFO] [stdout] ---- queries::migrated::files::tests::test_insert stdout ----
[INFO] [stdout] 
[INFO] [stdout] thread 'queries::migrated::files::tests::test_insert' (1921) panicked at src/test_utils.rs:37:10:
[INFO] [stdout] cql session: IoError(Custom { kind: Other, error: "No connections in the pool; last connection failed with: IO Error: Connection refused (os error 111)" })
[INFO] [stdout] stack backtrace:
[INFO] [stdout]    0:     0x6261fb4a3e35 - <unknown>
[INFO] [stdout]    1:     0x6261fb25aaba - <unknown>
[INFO] [stdout]    2:     0x6261fb4a34cb - <unknown>
[INFO] [stdout]    3:     0x6261fb4a2faf - <unknown>
[INFO] [stdout]    4:     0x6261fb4a2bda - <unknown>
[INFO] [stdout]    5:     0x6261fb4a2715 - <unknown>
[INFO] [stdout]    6:     0x6261fb4c9811 - <unknown>
[INFO] [stdout]    7:     0x6261fb4c97c9 - <unknown>
[INFO] [stdout]    8:     0x6261fb4c9ccc - <unknown>
[INFO] [stdout]    9:     0x6261fb25a94b - <unknown>
[INFO] [stdout]   10:     0x6261fb25f451 - <unknown>
[INFO] [stdout]   11:     0x6261fb2cf632 - <unknown>
[INFO] [stdout]   12:     0x6261fb2cbfa3 - <unknown>
[INFO] [stdout]   13:     0x6261fb26cc40 - <unknown>
[INFO] [stdout]   14:     0x6261fb2cbc86 - <unknown>
[INFO] [stdout]   15:     0x6261fb4e5c4b - <unknown>
[INFO] [stdout]   16:     0x6261fb4e1692 - <unknown>
[INFO] [stdout]   17:     0x6261fb4e10fc - <unknown>
[INFO] [stdout]   18:     0x6261fb50087c - <unknown>
[INFO] [stdout]   19:     0x6261fb4cb7b4 - <unknown>
[INFO] [stdout]   20:     0x70735e136dfa - <unknown>
[INFO] [stdout]   21:     0x70735e1ca3d4 - clone
[INFO] [stdout]   22:                0x0 - <unknown>
[INFO] [stdout] 
[INFO] [stdout] ---- queries::migrated::files::tests::test_select_all_returns_ordered stdout ----
[INFO] [stdout] 
[INFO] [stdout] thread 'queries::migrated::files::tests::test_select_all_returns_ordered' (1922) panicked at src/test_utils.rs:37:10:
[INFO] [stdout] cql session: IoError(Custom { kind: Other, error: "No connections in the pool; last connection failed with: IO Error: Connection refused (os error 111)" })
[INFO] [stdout] stack backtrace:
[INFO] [stdout]    0:     0x6261fb4a3e35 - <unknown>
[INFO] [stdout]    1:     0x6261fb25aaba - <unknown>
[INFO] [stdout]    2:     0x6261fb4a34cb - <unknown>
[INFO] [stdout]    3:     0x6261fb4a2faf - <unknown>
[INFO] [stdout]    4:     0x6261fb4a2bda - <unknown>
[INFO] [stdout]    5:     0x6261fb4a2715 - <unknown>
[INFO] [stdout]    6:     0x6261fb4c9811 - <unknown>
[INFO] [stdout]    7:     0x6261fb4c97c9 - <unknown>
[INFO] [stdout]    8:     0x6261fb4c9ccc - <unknown>
[INFO] [stdout]    9:     0x6261fb25a94b - <unknown>
[INFO] [stdout]   10:     0x6261fb25f451 - <unknown>
[INFO] [stdout]   11:     0x6261fb2cf632 - <unknown>
[INFO] [stdout]   12:     0x6261fb2ddaf7 - <unknown>
[INFO] [stdout]   13:     0x6261fb26cc40 - <unknown>
[INFO] [stdout]   14:     0x6261fb2dd6e6 - <unknown>
[INFO] [stdout]   15:     0x6261fb4e5c4b - <unknown>
[INFO] [stdout]   16:     0x6261fb4e1692 - <unknown>
[INFO] [stdout]   17:     0x6261fb4e10fc - <unknown>
[INFO] [stdout]   18:     0x6261fb50087c - <unknown>
[INFO] [stdout]   19:     0x6261fb4cb7b4 - <unknown>
[INFO] [stdout]   20:     0x70735e136dfa - <unknown>
[INFO] [stdout]   21:     0x70735e1ca3d4 - clone
[INFO] [stdout]   22:                0x0 - <unknown>
[INFO] [stdout] 
[INFO] [stdout] ---- migrate::tests::test_migrate_fresh_state stdout ----
[INFO] [stdout] 
[INFO] [stdout] thread 'migrate::tests::test_migrate_fresh_state' (1907) panicked at src/test_utils.rs:37:10:
[INFO] [stdout] cql session: IoError(Custom { kind: Other, error: "No connections in the pool; last connection failed with: IO Error: Connection refused (os error 111)" })
[INFO] [stdout] stack backtrace:
[INFO] [stdout]    0:     0x6261fb4a3e35 - <unknown>
[INFO] [stdout]    1:     0x6261fb25aaba - <unknown>
[INFO] [stdout]    2:     0x6261fb4a34cb - <unknown>
[INFO] [stdout]    3:     0x6261fb4a2faf - <unknown>
[INFO] [stdout]    4:     0x6261fb4a2bda - <unknown>
[INFO] [stdout]    5:     0x6261fb4a2715 - <unknown>
[INFO] [stdout]    6:     0x6261fb4c9811 - <unknown>
[INFO] [stdout]    7:     0x6261fb4c97c9 - <unknown>
[INFO] [stdout]    8:     0x6261fb4c9ccc - <unknown>
[INFO] [stdout]    9:     0x6261fb25a94b - <unknown>
[INFO] [stdout]   10:     0x6261fb25f451 - <unknown>
[INFO] [stdout]   11:     0x6261fb2b1262 - <unknown>
[INFO] [stdout]   12:     0x6261fb2aed8a - <unknown>
[INFO] [stdout]   13:     0x6261fb26cc40 - <unknown>
[INFO] [stdout]   14:     0x6261fb2ae906 - <unknown>
[INFO] [stdout]   15:     0x6261fb4e5c4b - <unknown>
[INFO] [stdout]   16:     0x6261fb4e1692 - <unknown>
[INFO] [stdout]   17:     0x6261fb4e10fc - <unknown>
[INFO] [stdout]   18:     0x6261fb50087c - <unknown>
[INFO] [stdout]   19:     0x6261fb4cb7b4 - <unknown>
[INFO] [stdout]   20:     0x70735e136dfa - <unknown>
[INFO] [stdout]   21:     0x70735e1ca3d4 - clone
[INFO] [stdout]   22:                0x0 - <unknown>
[INFO] [stdout] 
[INFO] [stdout] ---- tests::test_prepare_cquill_keyspace_when_keyspace_and_table_exist stdout ----
[INFO] [stdout] 
[INFO] [stdout] thread 'tests::test_prepare_cquill_keyspace_when_keyspace_and_table_exist' (1928) panicked at src/test_utils.rs:37:10:
[INFO] [stdout] cql session: IoError(Custom { kind: Other, error: "No connections in the pool; last connection failed with: IO Error: Connection refused (os error 111)" })
[INFO] [stdout] stack backtrace:
[INFO] [stdout]    0:     0x6261fb4a3e35 - <unknown>
[INFO] [stdout]    1:     0x6261fb25aaba - <unknown>
[INFO] [stdout]    2:     0x6261fb4a34cb - <unknown>
[INFO] [stdout]    3:     0x6261fb4a2faf - <unknown>
[INFO] [stdout]    4:     0x6261fb4a2bda - <unknown>
[INFO] [stdout]    5:     0x6261fb4a2715 - <unknown>
[INFO] [stdout]    6:     0x6261fb4c9811 - <unknown>
[INFO] [stdout]    7:     0x6261fb4c97c9 - <unknown>
[INFO] [stdout]    8:     0x6261fb4c9ccc - <unknown>
[INFO] [stdout]    9:     0x6261fb25a94b - <unknown>
[INFO] [stdout]   10:     0x6261fb25f451 - <unknown>
[INFO] [stdout]   11:     0x6261fb3352cc - <unknown>
[INFO] [stdout]   12:     0x6261fb342258 - <unknown>
[INFO] [stdout]   13:     0x6261fb26cc40 - <unknown>
[INFO] [stdout]   14:     0x6261fb341c36 - <unknown>
[INFO] [stdout]   15:     0x6261fb4e5c4b - <unknown>
[INFO] [stdout]   16:     0x6261fb4e1692 - <unknown>
[INFO] [stdout]   17:     0x6261fb4e10fc - <unknown>
[INFO] [stdout]   18:     0x6261fb50087c - <unknown>
[INFO] [stdout]   19:     0x6261fb4cb7b4 - <unknown>
[INFO] [stdout]   20:     0x70735e136dfa - <unknown>
[INFO] [stdout]   21:     0x70735e1ca3d4 - clone
[INFO] [stdout]   22:                0x0 - <unknown>
[INFO] [stdout] 
[INFO] [stdout] ---- tests::test_prepare_cquill_keyspace_when_table_does_not_exist stdout ----
[INFO] [stdout] 
[INFO] [stdout] thread 'tests::test_prepare_cquill_keyspace_when_table_does_not_exist' (1930) panicked at src/test_utils.rs:37:10:
[INFO] [stdout] cql session: IoError(Custom { kind: Other, error: "No connections in the pool; last connection failed with: IO Error: Connection refused (os error 111)" })
[INFO] [stdout] stack backtrace:
[INFO] [stdout]    0:     0x6261fb4a3e35 - <unknown>
[INFO] [stdout]    1:     0x6261fb25aaba - <unknown>
[INFO] [stdout]    2:     0x6261fb4a34cb - <unknown>
[INFO] [stdout]    3:     0x6261fb4a2faf - <unknown>
[INFO] [stdout]    4:     0x6261fb4a2bda - <unknown>
[INFO] [stdout]    5:     0x6261fb4a2715 - <unknown>
[INFO] [stdout]    6:     0x6261fb4c9811 - <unknown>
[INFO] [stdout]    7:     0x6261fb4c97c9 - <unknown>
[INFO] [stdout]    8:     0x6261fb4c9ccc - <unknown>
[INFO] [stdout]    9:     0x6261fb25a94b - <unknown>
[INFO] [stdout]   10:     0x6261fb25f451 - <unknown>
[INFO] [stdout]   11:     0x6261fb3352cc - <unknown>
[INFO] [stdout]   12:     0x6261fb333910 - <unknown>
[INFO] [stdout]   13:     0x6261fb26cc40 - <unknown>
[INFO] [stdout]   14:     0x6261fb333686 - <unknown>
[INFO] [stdout]   15:     0x6261fb4e5c4b - <unknown>
[INFO] [stdout]   16:     0x6261fb4e1692 - <unknown>
[INFO] [stdout]   17:     0x6261fb4e10fc - <unknown>
[INFO] [stdout]   18:     0x6261fb50087c - <unknown>
[INFO] [stdout]   19:     0x6261fb4cb7b4 - <unknown>
[INFO] [stdout]   20:     0x70735e136dfa - <unknown>
[INFO] [stdout]   21:     0x70735e1ca3d4 - clone
[INFO] [stdout]   22:                0x0 - <unknown>
[INFO] [stdout] 
[INFO] [stdout] ---- queries::migrated::table::tests::test_drop_table stdout ----
[INFO] [stdout] 
[INFO] [stdout] thread 'queries::migrated::table::tests::test_drop_table' (1926) panicked at src/test_utils.rs:37:10:
[INFO] [stdout] cql session: IoError(Custom { kind: Other, error: "No connections in the pool; last connection failed with: IO Error: Connection refused (os error 111)" })
[INFO] [stdout] stack backtrace:
[INFO] [stdout]    0:     0x6261fb4a3e35 - <unknown>
[INFO] [stdout]    1:     0x6261fb25aaba - <unknown>
[INFO] [stdout]    2:     0x6261fb4a34cb - <unknown>
[INFO] [stdout]    3:     0x6261fb4a2faf - <unknown>
[INFO] [stdout]    4:     0x6261fb4a2bda - <unknown>
[INFO] [stdout]    5:     0x6261fb4a2715 - <unknown>
[INFO] [stdout]    6:     0x6261fb4c9811 - <unknown>
[INFO] [stdout]    7:     0x6261fb4c97c9 - <unknown>
[INFO] [stdout]    8:     0x6261fb4c9ccc - <unknown>
[INFO] [stdout]    9:     0x6261fb25a94b - <unknown>
[INFO] [stdout]   10:     0x6261fb25f451 - <unknown>
[INFO] [stdout]   11:     0x6261fb2fd76c - <unknown>
[INFO] [stdout]   12:     0x6261fb2fb351 - <unknown>
[INFO] [stdout]   13:     0x6261fb26cc40 - <unknown>
[INFO] [stdout]   14:     0x6261fb2facd6 - <unknown>
[INFO] [stdout]   15:     0x6261fb4e5c4b - <unknown>
[INFO] [stdout]   16:     0x6261fb4e1692 - <unknown>
[INFO] [stdout]   17:     0x6261fb4e10fc - <unknown>
[INFO] [stdout]   18:     0x6261fb50087c - <unknown>
[INFO] [stdout]   19:     0x6261fb4cb7b4 - <unknown>
[INFO] [stdout]   20:     0x70735e136dfa - <unknown>
[INFO] [stdout]   21:     0x70735e1ca3d4 - clone
[INFO] [stdout]   22:                0x0 - <unknown>
[INFO] [stdout] 
[INFO] [stdout] ---- tests::test_prepare_cquill_keyspace_when_keyspace_does_not_exist stdout ----
[INFO] [stdout] 
[INFO] [stdout] thread 'tests::test_prepare_cquill_keyspace_when_keyspace_does_not_exist' (1929) panicked at src/test_utils.rs:37:10:
[INFO] [stdout] cql session: IoError(Custom { kind: Other, error: "No connections in the pool; last connection failed with: IO Error: Connection refused (os error 111)" })
[INFO] [stdout] stack backtrace:
[INFO] [stdout]    0:     0x6261fb4a3e35 - <unknown>
[INFO] [stdout]    1:     0x6261fb25aaba - <unknown>
[INFO] [stdout]    2:     0x6261fb4a34cb - <unknown>
[INFO] [stdout]    3:     0x6261fb4a2faf - <unknown>
[INFO] [stdout]    4:     0x6261fb4a2bda - <unknown>
[INFO] [stdout]    5:     0x6261fb4a2715 - <unknown>
[INFO] [stdout]    6:     0x6261fb4c9811 - <unknown>
[INFO] [stdout]    7:     0x6261fb4c97c9 - <unknown>
[INFO] [stdout]    8:     0x6261fb4c9ccc - <unknown>
[INFO] [stdout]    9:     0x6261fb25a94b - <unknown>
[INFO] [stdout]   10:     0x6261fb25f451 - <unknown>
[INFO] [stdout]   11:     0x6261fb3352cc - <unknown>
[INFO] [stdout]   12:     0x6261fb34149f - <unknown>
[INFO] [stdout]   13:     0x6261fb26cc40 - <unknown>
[INFO] [stdout]   14:     0x6261fb341226 - <unknown>
[INFO] [stdout]   15:     0x6261fb4e5c4b - <unknown>
[INFO] [stdout]   16:     0x6261fb4e1692 - <unknown>
[INFO] [stdout]   17:     0x6261fb4e10fc - <unknown>
[INFO] [stdout]   18:     0x6261fb50087c - <unknown>
[INFO] [stdout]   19:     0x6261fb4cb7b4 - <unknown>
[INFO] [stdout]   20:     0x70735e136dfa - <unknown>
[INFO] [stdout]   21:     0x70735e1ca3d4 - clone
[INFO] [stdout]   22:                0x0 - <unknown>
[INFO] [stdout] 
[INFO] [stdout] 
[INFO] [stdout] failures:
[INFO] [stdout]     keyspace::tests::test_table_names
[INFO] [stdout]     keyspace::tests::test_table_names_from_session_metadata_empty_vec_when_no_tables
[INFO] [stdout]     keyspace::tests::test_table_names_from_session_metadata_errors_when_keyspace_does_not_exist
[INFO] [stdout]     keyspace::tests::test_table_names_from_session_metadata_normalizes_uppercase_keyspace_name
[INFO] [stdout]     keyspace::tests::test_table_names_from_session_metadata_updated_after_drop_keyspace
[INFO] [stdout]     keyspace::tests::test_table_names_from_session_metadata_updated_after_drop_table
[INFO] [stdout]     migrate::tests::test_migrate_errors_when_executed_cql_content_changed
[INFO] [stdout]     migrate::tests::test_migrate_fresh_state
[INFO] [stdout]     migrate::tests::test_migrate_skip_migrated
[INFO] [stdout]     migrate::tests::test_partial_migration_error_state
[INFO] [stdout]     queries::keyspace::tests::test_create_keyspace
[INFO] [stdout]     queries::keyspace::tests::test_create_keyspace_errors_keyspace_already_exists
[INFO] [stdout]     queries::keyspace::tests::test_drop_keyspace
[INFO] [stdout]     queries::migrated::files::tests::test_insert
[INFO] [stdout]     queries::migrated::files::tests::test_select_all_returns_ordered
[INFO] [stdout]     queries::migrated::files::tests::test_select_all_when_empty
[INFO] [stdout]     queries::migrated::table::tests::test_create_table
[INFO] [stdout]     queries::migrated::table::tests::test_create_table_errors_table_already_exists
[INFO] [stdout]     queries::migrated::table::tests::test_drop_table
[INFO] [stdout]     tests::test_prepare_cquill_keyspace_when_keyspace_and_table_exist
[INFO] [stdout]     tests::test_prepare_cquill_keyspace_when_keyspace_does_not_exist
[INFO] [stdout]     tests::test_prepare_cquill_keyspace_when_table_does_not_exist
[INFO] [stdout] 
[INFO] [stdout] test result: FAILED. 210 passed; 22 failed; 0 ignored; 0 measured; 0 filtered out; finished in 0.07s
[INFO] [stdout] 
[INFO] running `Command { std: "docker" "inspect" "c902097fe02d38ad01dd9ef9fe6216e9bd780959e65b807c9a5e02b78f771338", kill_on_drop: false }`
[INFO] running `Command { std: "docker" "rm" "-f" "c902097fe02d38ad01dd9ef9fe6216e9bd780959e65b807c9a5e02b78f771338", kill_on_drop: false }`
[INFO] [stdout] c902097fe02d38ad01dd9ef9fe6216e9bd780959e65b807c9a5e02b78f771338
