[INFO] fetching crate cqrs-eventsourcing 0.1.1...
[INFO] testing cqrs-eventsourcing-0.1.1 against 1.99.0-beta.8+cargoflags=--release for beta-release-1.100-2
[INFO] extracting crate cqrs-eventsourcing 0.1.1 into /workspace/builds/worker-5-tc1/source
[INFO] started tweaking crates.io crate cqrs-eventsourcing 0.1.1
[INFO] finished tweaking crates.io crate cqrs-eventsourcing 0.1.1
[INFO] tweaked toml for crates.io crate cqrs-eventsourcing 0.1.1 written to /workspace/builds/worker-5-tc1/source/Cargo.toml
[INFO] validating manifest of crates.io crate cqrs-eventsourcing 0.1.1 on toolchain 1.99.0-beta.8
[INFO] running `Command { std: CARGO_HOME="/workspace/cargo-home" RUSTUP_HOME="/workspace/rustup-home" "/workspace/cargo-home/bin/cargo" "+1.99.0-beta.8" "metadata" "--manifest-path" "Cargo.toml" "--no-deps", kill_on_drop: false }`
[INFO] running `Command { std: CARGO_HOME="/workspace/cargo-home" RUSTUP_HOME="/workspace/rustup-home" "/workspace/cargo-home/bin/cargo" "+1.99.0-beta.8" "generate-lockfile" "--manifest-path" "Cargo.toml", kill_on_drop: false }`
[INFO] [stderr]     Updating crates.io index
[INFO] [stderr]      Locking 84 packages to highest compatible versions
[INFO] [stderr]       Adding tokio v0.2.25 (available: v1.53.3)
[INFO] [stderr]       Adding uuid v0.8.2 (available: v1.28.0)
[INFO] running `Command { std: CARGO_HOME="/workspace/cargo-home" RUSTUP_HOME="/workspace/rustup-home" "/workspace/cargo-home/bin/cargo" "+1.99.0-beta.8" "fetch" "--manifest-path" "Cargo.toml", kill_on_drop: false }`
[INFO] [stderr]  Downloading crates ...
[INFO] [stderr]   Downloaded mio-named-pipes v0.1.7
[INFO] [stderr]   Downloaded mio-uds v0.6.8
[INFO] [stderr]   Downloaded tokio-macros v0.2.6
[INFO] [stderr]   Downloaded pin-project-lite v0.1.12
[INFO] [stderr]   Downloaded miow v0.3.7
[INFO] [stderr]   Downloaded bytes v0.5.6
[INFO] [stderr]   Downloaded tokio v0.2.25
[INFO] running `Command { std: "docker" "create" "-v" "/var/lib/crater-agent-workspace/builds/worker-5-tc1/source:/opt/rustwide/workdir:ro,Z" "-v" "/var/lib/crater-agent-workspace/builds/worker-5-tc1/target:/opt/rustwide/target:rw,Z" "-v" "/var/lib/crater-agent-workspace/cargo-home:/opt/rustwide/cargo-home:ro,Z" "-v" "/var/lib/crater-agent-workspace/rustup-home:/opt/rustwide/rustup-home:ro,Z" "-m" "1610612736" "--network" "none" "ghcr.io/rust-lang/crates-build-env/linux@sha256:77db811e55d90add9212f6832c23229e3de5f1c1f9905e8cb07319ea15df73ac" "sleep" "infinity", kill_on_drop: false }`
[INFO] [stdout] ac2deffb86cd34dbc3fc33efbd23cff37fed67fe6d7543d2077005da9c44932f
[INFO] running `Command { std: "docker" "start" "ac2deffb86cd34dbc3fc33efbd23cff37fed67fe6d7543d2077005da9c44932f", kill_on_drop: false }`
[INFO] running `Command { std: "docker" "inspect" "ac2deffb86cd34dbc3fc33efbd23cff37fed67fe6d7543d2077005da9c44932f", kill_on_drop: false }`
[INFO] running `Command { std: "docker" "exec" "-e" "SOURCE_DIR=/opt/rustwide/workdir" "-e" "CARGO_HOME=/opt/rustwide/cargo-home" "-e" "RUSTUP_HOME=/opt/rustwide/rustup-home" "-e" "CARGO_TARGET_DIR=/opt/rustwide/target" "-w" "/opt/rustwide/workdir" "--user" "0:0" "ac2deffb86cd34dbc3fc33efbd23cff37fed67fe6d7543d2077005da9c44932f" "/opt/rustwide/cargo-home/bin/cargo" "+1.99.0-beta.8" "metadata" "--no-deps" "--format-version=1", kill_on_drop: false }`
[INFO] running `Command { std: "docker" "inspect" "ac2deffb86cd34dbc3fc33efbd23cff37fed67fe6d7543d2077005da9c44932f", kill_on_drop: false }`
[INFO] running `Command { std: "docker" "exec" "-e" "SOURCE_DIR=/opt/rustwide/workdir" "-e" "CARGO_HOME=/opt/rustwide/cargo-home" "-e" "RUSTUP_HOME=/opt/rustwide/rustup-home" "-e" "CARGO_TARGET_DIR=/opt/rustwide/target" "-e" "CARGO_INCREMENTAL=0" "-e" "RUST_BACKTRACE=full" "-e" "RUSTFLAGS=--cap-lints=warn" "-e" "RUSTDOCFLAGS=--cap-lints=warn" "-w" "/opt/rustwide/workdir" "--user" "0:0" "ac2deffb86cd34dbc3fc33efbd23cff37fed67fe6d7543d2077005da9c44932f" "/opt/rustwide/cargo-home/bin/cargo" "+1.99.0-beta.8" "build" "--frozen" "--message-format=json" "--release", kill_on_drop: false }`
[INFO] [stderr]    Compiling syn v3.0.9
[INFO] [stderr]    Compiling futures-sink v0.3.34
[INFO] [stderr]    Compiling cfg-if v0.1.10
[INFO] [stderr]    Compiling iovec v0.1.4
[INFO] [stderr]    Compiling futures-task v0.3.34
[INFO] [stderr]    Compiling futures-io v0.3.34
[INFO] [stderr]    Compiling syn v1.0.109
[INFO] [stderr]    Compiling getrandom v0.2.17
[INFO] [stderr]    Compiling net2 v0.2.39
[INFO] [stderr]    Compiling futures-channel v0.3.34
[INFO] [stderr]    Compiling num_cpus v1.17.0
[INFO] [stderr]    Compiling bytes v0.5.6
[INFO] [stderr]    Compiling pin-project-lite v0.1.12
[INFO] [stderr]    Compiling lazy_static v1.5.1
[INFO] [stderr]    Compiling serde_json v1.0.154
[INFO] [stderr]    Compiling mio v0.6.23
[INFO] [stderr]    Compiling mio-uds v0.6.8
[INFO] [stderr]    Compiling tokio-macros v0.2.6
[INFO] [stderr]    Compiling tokio v0.2.25
[INFO] [stderr]    Compiling futures-macro v0.3.34
[INFO] [stderr]    Compiling serde_derive v1.0.229
[INFO] [stderr]    Compiling async-trait v0.1.92
[INFO] [stderr]    Compiling futures-util v0.3.34
[INFO] [stderr]    Compiling serde v1.0.229
[INFO] [stderr]    Compiling uuid v0.8.2
[INFO] [stderr]    Compiling futures-executor v0.3.34
[INFO] [stderr]    Compiling futures v0.3.34
[INFO] [stderr]    Compiling cqrs-eventsourcing v0.1.1 (/opt/rustwide/workdir)
[INFO] [stderr]     Finished `release` profile [optimized] target(s) in 37.29s
[INFO] running `Command { std: "docker" "inspect" "ac2deffb86cd34dbc3fc33efbd23cff37fed67fe6d7543d2077005da9c44932f", kill_on_drop: false }`
[INFO] running `Command { std: "docker" "exec" "-e" "SOURCE_DIR=/opt/rustwide/workdir" "-e" "CARGO_HOME=/opt/rustwide/cargo-home" "-e" "RUSTUP_HOME=/opt/rustwide/rustup-home" "-e" "CARGO_TARGET_DIR=/opt/rustwide/target" "-e" "CARGO_INCREMENTAL=0" "-e" "RUST_BACKTRACE=full" "-e" "RUSTFLAGS=--cap-lints=warn" "-e" "RUSTDOCFLAGS=--cap-lints=warn" "-w" "/opt/rustwide/workdir" "--user" "0:0" "ac2deffb86cd34dbc3fc33efbd23cff37fed67fe6d7543d2077005da9c44932f" "/opt/rustwide/cargo-home/bin/cargo" "+1.99.0-beta.8" "test" "--frozen" "--no-run" "--message-format=json" "--release", kill_on_drop: false }`
[INFO] [stderr]    Compiling cqrs-eventsourcing v0.1.1 (/opt/rustwide/workdir)
[INFO] [stdout] warning: unused variable: `expected`
[INFO] [stdout]    --> tests/lib.rs:261:13
[INFO] [stdout]     |
[INFO] [stdout] 261 |         let expected = vec![DispatchEvent::Accepted(Accepted {
[INFO] [stdout]     |             ^^^^^^^^ help: if this is intentional, prefix it with an underscore: `_expected`
[INFO] [stdout]     |
[INFO] [stdout]     = note: `#[warn(unused_variables)]` (part of `#[warn(unused)]`) on by default
[INFO] [stdout] 
[INFO] [stdout] 
[INFO] [stdout] warning: field `id` is never read
[INFO] [stdout]    --> tests/lib.rs:172:5
[INFO] [stdout]     |
[INFO] [stdout] 171 | struct Accept {
[INFO] [stdout]     |        ------ field in this struct
[INFO] [stdout] 172 |     id: String,
[INFO] [stdout]     |     ^^
[INFO] [stdout]     |
[INFO] [stdout]     = note: `Accept` has a derived impl for the trait `Clone`, but this is intentionally ignored during dead code analysis
[INFO] [stdout]     = note: `#[warn(dead_code)]` (part of `#[warn(unused)]`) on by default
[INFO] [stdout] 
[INFO] [stdout] 
[INFO] [stderr]     Finished `release` profile [optimized] target(s) in 5.04s
[INFO] running `Command { std: "docker" "inspect" "ac2deffb86cd34dbc3fc33efbd23cff37fed67fe6d7543d2077005da9c44932f", kill_on_drop: false }`
[INFO] running `Command { std: "docker" "exec" "-e" "SOURCE_DIR=/opt/rustwide/workdir" "-e" "CARGO_HOME=/opt/rustwide/cargo-home" "-e" "RUSTUP_HOME=/opt/rustwide/rustup-home" "-e" "CARGO_TARGET_DIR=/opt/rustwide/target" "-e" "CARGO_INCREMENTAL=0" "-e" "RUST_BACKTRACE=full" "-e" "RUSTFLAGS=--cap-lints=warn" "-e" "RUSTDOCFLAGS=--cap-lints=warn" "-w" "/opt/rustwide/workdir" "--user" "0:0" "ac2deffb86cd34dbc3fc33efbd23cff37fed67fe6d7543d2077005da9c44932f" "/opt/rustwide/cargo-home/bin/cargo" "+1.99.0-beta.8" "test" "--frozen" "--release", kill_on_drop: false }`
[INFO] [stderr] warning: unused variable: `expected`
[INFO] [stderr]    --> tests/lib.rs:261:13
[INFO] [stderr]     |
[INFO] [stderr] 261 |         let expected = vec![DispatchEvent::Accepted(Accepted {
[INFO] [stderr]     |             ^^^^^^^^ help: if this is intentional, prefix it with an underscore: `_expected`
[INFO] [stderr]     |
[INFO] [stderr]     = note: `#[warn(unused_variables)]` (part of `#[warn(unused)]`) on by default
[INFO] [stderr] 
[INFO] [stderr] warning: field `id` is never read
[INFO] [stderr]    --> tests/lib.rs:172:5
[INFO] [stderr]     |
[INFO] [stderr] 171 | struct Accept {
[INFO] [stderr]     |        ------ field in this struct
[INFO] [stderr] 172 |     id: String,
[INFO] [stderr]     |     ^^
[INFO] [stderr]     |
[INFO] [stderr]     = note: `Accept` has a derived impl for the trait `Clone`, but this is intentionally ignored during dead code analysis
[INFO] [stderr]     = note: `#[warn(dead_code)]` (part of `#[warn(unused)]`) on by default
[INFO] [stderr] 
[INFO] [stderr] warning: `cqrs-eventsourcing` (test "lib") generated 2 warnings (run `cargo fix --test "lib" -p cqrs-eventsourcing` to apply 1 suggestion)
[INFO] [stderr]     Finished `release` profile [optimized] target(s) in 0.11s
[INFO] [stderr]      Running unittests src/lib.rs (/opt/rustwide/target/release/deps/cqrs_eventsourcing-ab450a037bb57c6a)
[INFO] [stderr]      Running tests/lib.rs (/opt/rustwide/target/release/deps/lib-1b7e6f5446992ed1)
[INFO] [stdout] 
[INFO] [stdout] running 0 tests
[INFO] [stdout] 
[INFO] [stdout] test result: ok. 0 passed; 0 failed; 0 ignored; 0 measured; 0 filtered out; finished in 0.00s
[INFO] [stdout] 
[INFO] [stdout] 
[INFO] [stdout] running 4 tests
[INFO] [stdout] test given_then_dispatch_test::test_accept ... ok
[INFO] [stdout] test with_store_dispatch_test::test_accept ... FAILED
[INFO] [stdout] test with_store_dispatch_test::test_request ... FAILED
[INFO] [stdout] test given_then_dispatch_test::test_request ... ok
[INFO] [stdout] 
[INFO] [stdout] failures:
[INFO] [stdout] 
[INFO] [stdout] ---- with_store_dispatch_test::test_accept stdout ----
[INFO] [stdout] 
[INFO] [stdout] thread 'with_store_dispatch_test::test_accept' (585) panicked at src/file_eventstore.rs:47:25:
[INFO] [stdout] Oops! Error create store
[INFO] [stdout] stack backtrace:
[INFO] [stdout]    0:     0x56de4272f1b1 - <<std[70759c8f55707aa4]::sys::backtrace::BacktraceLock>::print::DisplayBacktrace as core[df12db4294e9bfd3]::fmt::Display>::fmt
[INFO] [stdout]    1:     0x56de4274409a - core[df12db4294e9bfd3]::fmt::write
[INFO] [stdout]    2:     0x56de4273378c - <alloc[2182bb758b4b3781]::vec::Vec<u8> as core[df12db4294e9bfd3]::io::write::Write>::write_fmt
[INFO] [stdout]    3:     0x56de4270b226 - std[70759c8f55707aa4]::panicking::default_hook::{closure#0}
[INFO] [stdout]    4:     0x56de427277e9 - std[70759c8f55707aa4]::panicking::default_hook
[INFO] [stdout]    5:     0x56de426a4000 - test[9d35eded1c95d3be]::test_main_inner::<test[9d35eded1c95d3be]::test_main_static::{closure#0}>::{closure#0}
[INFO] [stdout]    6:     0x56de427279a2 - std[70759c8f55707aa4]::panicking::panic_with_hook
[INFO] [stdout]    7:     0x56de4270a88c - std[70759c8f55707aa4]::panicking::begin_panic::<&str>::{closure#0}
[INFO] [stdout]    8:     0x56de42704009 - std[70759c8f55707aa4]::sys::backtrace::__rust_end_short_backtrace::<std[70759c8f55707aa4]::panicking::begin_panic<&str>::{closure#0}, !>
[INFO] [stdout]    9:     0x56de42700e9b - std[70759c8f55707aa4]::panicking::begin_panic::<&str>
[INFO] [stdout]   10:     0x56de426948fa - <cqrs_eventsourcing[739e35cf316d710f]::file_eventstore::FileEventStore<lib[78e8ebbb6150e504]::Dispatch, lib[78e8ebbb6150e504]::DispatchEvent>>::get_file
[INFO] [stdout]   11:     0x56de42692e54 - <cqrs_eventsourcing[739e35cf316d710f]::file_eventstore::FileEventStore<lib[78e8ebbb6150e504]::Dispatch, lib[78e8ebbb6150e504]::DispatchEvent>>::read_file::{closure#0}
[INFO] [stdout]   12:     0x56de426939df - <cqrs_eventsourcing[739e35cf316d710f]::file_eventstore::FileEventStore<lib[78e8ebbb6150e504]::Dispatch, lib[78e8ebbb6150e504]::DispatchEvent> as cqrs_eventsourcing[739e35cf316d710f]::store::Store<lib[78e8ebbb6150e504]::Dispatch, lib[78e8ebbb6150e504]::DispatchEvent>>::retrieve_for_query::{closure#0}
[INFO] [stdout]   13:     0x56de42690ddc - <lib[78e8ebbb6150e504]::Accept as cqrs_eventsourcing[739e35cf316d710f]::command::Command<lib[78e8ebbb6150e504]::Dispatch, lib[78e8ebbb6150e504]::DispatchEvent>>::before::<cqrs_eventsourcing[739e35cf316d710f]::file_eventstore::FileEventStore<lib[78e8ebbb6150e504]::Dispatch, lib[78e8ebbb6150e504]::DispatchEvent>>::{closure#0}
[INFO] [stdout]   14:     0x56de4267a8a5 - lib[78e8ebbb6150e504]::with_store_dispatch_test::test_accept::{closure#0}
[INFO] [stdout]   15:     0x56de4268d6bb - <tokio[11ba2fb0656c8f82]::macros::scoped_tls::ScopedKey<tokio[11ba2fb0656c8f82]::runtime::basic_scheduler::Context>>::set::<tokio[11ba2fb0656c8f82]::runtime::basic_scheduler::enter<<tokio[11ba2fb0656c8f82]::runtime::basic_scheduler::BasicScheduler<tokio[11ba2fb0656c8f82]::park::either::Either<tokio[11ba2fb0656c8f82]::time::driver::Driver<tokio[11ba2fb0656c8f82]::park::either::Either<tokio[11ba2fb0656c8f82]::io::driver::Driver, tokio[11ba2fb0656c8f82]::park::thread::ParkThread>>, tokio[11ba2fb0656c8f82]::park::either::Either<tokio[11ba2fb0656c8f82]::io::driver::Driver, tokio[11ba2fb0656c8f82]::park::thread::ParkThread>>>>::block_on<lib[78e8ebbb6150e504]::with_store_dispatch_test::test_accept::{closure#0}>::{closure#0}, core[df12db4294e9bfd3]::result::Result<(), cqrs_eventsourcing[739e35cf316d710f]::error::Error>, tokio[11ba2fb0656c8f82]::park::either::Either<tokio[11ba2fb0656c8f82]::time::driver::Driver<tokio[11ba2fb0656c8f82]::park::either::Either<tokio[11ba2fb0656c8f82]::io::driver::Driver, tokio[11ba2fb0656c8f82]::park::thread::ParkThread>>, tokio[11ba2fb0656c8f82]::park::either::Either<tokio[11ba2fb0656c8f82]::io::driver::Driver, tokio[11ba2fb0656c8f82]::park::thread::ParkThread>>>::{closure#0}, core[df12db4294e9bfd3]::result::Result<(), cqrs_eventsourcing[739e35cf316d710f]::error::Error>>
[INFO] [stdout]   16:     0x56de4268b9a0 - tokio[11ba2fb0656c8f82]::runtime::context::enter::<<tokio[11ba2fb0656c8f82]::runtime::Runtime>::block_on<lib[78e8ebbb6150e504]::with_store_dispatch_test::test_accept::{closure#0}>::{closure#0}, core[df12db4294e9bfd3]::result::Result<(), cqrs_eventsourcing[739e35cf316d710f]::error::Error>>
[INFO] [stdout]   17:     0x56de42688bd7 - lib[78e8ebbb6150e504]::with_store_dispatch_test::test_accept
[INFO] [stdout]   18:     0x56de42692697 - <lib[78e8ebbb6150e504]::with_store_dispatch_test::test_accept::{closure#0} as core[df12db4294e9bfd3]::ops::function::FnOnce<()>>::call_once
[INFO] [stdout]   19:     0x56de426972eb - test[9d35eded1c95d3be]::__rust_begin_short_backtrace::<core[df12db4294e9bfd3]::result::Result<(), alloc[2182bb758b4b3781]::string::String>, fn() -> core[df12db4294e9bfd3]::result::Result<(), alloc[2182bb758b4b3781]::string::String>>
[INFO] [stdout]   20:     0x56de426a4955 - test[9d35eded1c95d3be]::run_test::{closure#0}
[INFO] [stdout]   21:     0x56de4269e214 - std[70759c8f55707aa4]::sys::backtrace::__rust_begin_short_backtrace::<test[9d35eded1c95d3be]::run_test::{closure#1}, ()>
[INFO] [stdout]   22:     0x56de426a7ab2 - <std[70759c8f55707aa4]::thread::lifecycle::spawn_unchecked<test[9d35eded1c95d3be]::run_test::{closure#1}, ()>::{closure#1} as core[df12db4294e9bfd3]::ops::function::FnOnce<()>>::call_once::{shim:vtable#0}
[INFO] [stdout]   23:     0x56de4272ea89 - <std[70759c8f55707aa4]::sys::thread::unix::Thread>::new::thread_start
[INFO] [stdout]   24:     0x77bde37fbdfa - <unknown>
[INFO] [stdout]   25:     0x77bde388f3d4 - clone
[INFO] [stdout]   26:                0x0 - <unknown>
[INFO] [stdout] 
[INFO] [stdout] ---- with_store_dispatch_test::test_request stdout ----
[INFO] [stdout] 
[INFO] [stdout] thread 'with_store_dispatch_test::test_request' (586) panicked at src/file_eventstore.rs:47:25:
[INFO] [stdout] Oops! Error create store
[INFO] [stdout] stack backtrace:
[INFO] [stdout]    0:     0x56de4272f1b1 - <<std[70759c8f55707aa4]::sys::backtrace::BacktraceLock>::print::DisplayBacktrace as core[df12db4294e9bfd3]::fmt::Display>::fmt
[INFO] [stdout]    1:     0x56de4274409a - core[df12db4294e9bfd3]::fmt::write
[INFO] [stdout]    2:     0x56de4273378c - <alloc[2182bb758b4b3781]::vec::Vec<u8> as core[df12db4294e9bfd3]::io::write::Write>::write_fmt
[INFO] [stdout]    3:     0x56de4270b226 - std[70759c8f55707aa4]::panicking::default_hook::{closure#0}
[INFO] [stdout]    4:     0x56de427277e9 - std[70759c8f55707aa4]::panicking::default_hook
[INFO] [stdout]    5:     0x56de426a4000 - test[9d35eded1c95d3be]::test_main_inner::<test[9d35eded1c95d3be]::test_main_static::{closure#0}>::{closure#0}
[INFO] [stdout]    6:     0x56de427279a2 - std[70759c8f55707aa4]::panicking::panic_with_hook
[INFO] [stdout]    7:     0x56de4270a88c - std[70759c8f55707aa4]::panicking::begin_panic::<&str>::{closure#0}
[INFO] [stdout]    8:     0x56de42704009 - std[70759c8f55707aa4]::sys::backtrace::__rust_end_short_backtrace::<std[70759c8f55707aa4]::panicking::begin_panic<&str>::{closure#0}, !>
[INFO] [stdout]    9:     0x56de42700e9b - std[70759c8f55707aa4]::panicking::begin_panic::<&str>
[INFO] [stdout]   10:     0x56de426948fa - <cqrs_eventsourcing[739e35cf316d710f]::file_eventstore::FileEventStore<lib[78e8ebbb6150e504]::Dispatch, lib[78e8ebbb6150e504]::DispatchEvent>>::get_file
[INFO] [stdout]   11:     0x56de42694001 - <cqrs_eventsourcing[739e35cf316d710f]::file_eventstore::FileEventStore<lib[78e8ebbb6150e504]::Dispatch, lib[78e8ebbb6150e504]::DispatchEvent> as cqrs_eventsourcing[739e35cf316d710f]::store::Store<lib[78e8ebbb6150e504]::Dispatch, lib[78e8ebbb6150e504]::DispatchEvent>>::append::{closure#0}
[INFO] [stdout]   12:     0x56de4267c327 - lib[78e8ebbb6150e504]::with_store_dispatch_test::test_request::{closure#0}
[INFO] [stdout]   13:     0x56de4268dceb - <tokio[11ba2fb0656c8f82]::macros::scoped_tls::ScopedKey<tokio[11ba2fb0656c8f82]::runtime::basic_scheduler::Context>>::set::<tokio[11ba2fb0656c8f82]::runtime::basic_scheduler::enter<<tokio[11ba2fb0656c8f82]::runtime::basic_scheduler::BasicScheduler<tokio[11ba2fb0656c8f82]::park::either::Either<tokio[11ba2fb0656c8f82]::time::driver::Driver<tokio[11ba2fb0656c8f82]::park::either::Either<tokio[11ba2fb0656c8f82]::io::driver::Driver, tokio[11ba2fb0656c8f82]::park::thread::ParkThread>>, tokio[11ba2fb0656c8f82]::park::either::Either<tokio[11ba2fb0656c8f82]::io::driver::Driver, tokio[11ba2fb0656c8f82]::park::thread::ParkThread>>>>::block_on<lib[78e8ebbb6150e504]::with_store_dispatch_test::test_request::{closure#0}>::{closure#0}, core[df12db4294e9bfd3]::result::Result<(), cqrs_eventsourcing[739e35cf316d710f]::error::Error>, tokio[11ba2fb0656c8f82]::park::either::Either<tokio[11ba2fb0656c8f82]::time::driver::Driver<tokio[11ba2fb0656c8f82]::park::either::Either<tokio[11ba2fb0656c8f82]::io::driver::Driver, tokio[11ba2fb0656c8f82]::park::thread::ParkThread>>, tokio[11ba2fb0656c8f82]::park::either::Either<tokio[11ba2fb0656c8f82]::io::driver::Driver, tokio[11ba2fb0656c8f82]::park::thread::ParkThread>>>::{closure#0}, core[df12db4294e9bfd3]::result::Result<(), cqrs_eventsourcing[739e35cf316d710f]::error::Error>>
[INFO] [stdout]   14:     0x56de4268bc00 - tokio[11ba2fb0656c8f82]::runtime::context::enter::<<tokio[11ba2fb0656c8f82]::runtime::Runtime>::block_on<lib[78e8ebbb6150e504]::with_store_dispatch_test::test_request::{closure#0}>::{closure#0}, core[df12db4294e9bfd3]::result::Result<(), cqrs_eventsourcing[739e35cf316d710f]::error::Error>>
[INFO] [stdout]   15:     0x56de42688db7 - lib[78e8ebbb6150e504]::with_store_dispatch_test::test_request
[INFO] [stdout]   16:     0x56de426926c7 - <lib[78e8ebbb6150e504]::with_store_dispatch_test::test_request::{closure#0} as core[df12db4294e9bfd3]::ops::function::FnOnce<()>>::call_once
[INFO] [stdout]   17:     0x56de426972eb - test[9d35eded1c95d3be]::__rust_begin_short_backtrace::<core[df12db4294e9bfd3]::result::Result<(), alloc[2182bb758b4b3781]::string::String>, fn() -> core[df12db4294e9bfd3]::result::Result<(), alloc[2182bb758b4b3781]::string::String>>
[INFO] [stdout]   18:     0x56de426a4955 - test[9d35eded1c95d3be]::run_test::{closure#0}
[INFO] [stdout]   19:     0x56de4269e214 - std[70759c8f55707aa4]::sys::backtrace::__rust_begin_short_backtrace::<test[9d35eded1c95d3be]::run_test::{closure#1}, ()>
[INFO] [stdout]   20:     0x56de426a7ab2 - <std[70759c8f55707aa4]::thread::lifecycle::spawn_unchecked<test[9d35eded1c95d3be]::run_test::{closure#1}, ()>::{closure#1} as core[df12db4294e9bfd3]::ops::function::FnOnce<()>>::call_once::{shim:vtable#0}
[INFO] [stdout]   21:     0x56de4272ea89 - <std[70759c8f55707aa4]::sys::thread::unix::Thread>::new::thread_start
[INFO] [stdout]   22:     0x77bde37fbdfa - <unknown>
[INFO] [stdout]   23:     0x77bde388f3d4 - clone
[INFO] [stdout]   24:                0x0 - <unknown>
[INFO] [stdout] 
[INFO] [stdout] 
[INFO] [stdout] failures:
[INFO] [stdout]     with_store_dispatch_test::test_accept
[INFO] [stdout]     with_store_dispatch_test::test_request
[INFO] [stdout] 
[INFO] [stdout] test result: FAILED. 2 passed; 2 failed; 0 ignored; 0 measured; 0 filtered out; finished in 0.01s
[INFO] [stdout] 
[INFO] [stderr] error: test failed, to rerun pass `--test lib`
[INFO] running `Command { std: "docker" "inspect" "ac2deffb86cd34dbc3fc33efbd23cff37fed67fe6d7543d2077005da9c44932f", kill_on_drop: false }`
[INFO] running `Command { std: "docker" "rm" "-f" "ac2deffb86cd34dbc3fc33efbd23cff37fed67fe6d7543d2077005da9c44932f", kill_on_drop: false }`
[INFO] [stdout] ac2deffb86cd34dbc3fc33efbd23cff37fed67fe6d7543d2077005da9c44932f
