[INFO] fetching crate cqrs-es2-sql 0.1.0...
[INFO] testing cqrs-es2-sql-0.1.0 against 1.100.0-beta.1+cargoflags=--release for beta-release-1.100-2
[INFO] extracting crate cqrs-es2-sql 0.1.0 into /workspace/builds/worker-5-tc2/source
[INFO] started tweaking crates.io crate cqrs-es2-sql 0.1.0
[INFO] finished tweaking crates.io crate cqrs-es2-sql 0.1.0
[INFO] tweaked toml for crates.io crate cqrs-es2-sql 0.1.0 written to /workspace/builds/worker-5-tc2/source/Cargo.toml
[INFO] validating manifest of crates.io crate cqrs-es2-sql 0.1.0 on toolchain 1.100.0-beta.1
[INFO] running `Command { std: CARGO_HOME="/workspace/cargo-home" RUSTUP_HOME="/workspace/rustup-home" "/workspace/cargo-home/bin/cargo" "+1.100.0-beta.1" "metadata" "--manifest-path" "Cargo.toml" "--no-deps", kill_on_drop: false }`
[INFO] running `Command { std: CARGO_HOME="/workspace/cargo-home" RUSTUP_HOME="/workspace/rustup-home" "/workspace/cargo-home/bin/cargo" "+1.100.0-beta.1" "generate-lockfile" "--manifest-path" "Cargo.toml", kill_on_drop: false }`
[INFO] [stderr]     Updating crates.io index
[INFO] [stderr]      Locking 91 packages to highest compatible versions
[INFO] [stderr]       Adding cqrs-es2 v0.4.0 (available: v0.10.0)
[INFO] [stderr]       Adding uuid v0.8.2 (available: v1.28.0)
[INFO] running `Command { std: CARGO_HOME="/workspace/cargo-home" RUSTUP_HOME="/workspace/rustup-home" "/workspace/cargo-home/bin/cargo" "+1.100.0-beta.1" "fetch" "--manifest-path" "Cargo.toml", kill_on_drop: false }`
[INFO] running `Command { std: "docker" "create" "-v" "/var/lib/crater-agent-workspace/builds/worker-5-tc2/source:/opt/rustwide/workdir:ro,Z" "-v" "/var/lib/crater-agent-workspace/builds/worker-5-tc2/target:/opt/rustwide/target:rw,Z" "-v" "/var/lib/crater-agent-workspace/cargo-home:/opt/rustwide/cargo-home:ro,Z" "-v" "/var/lib/crater-agent-workspace/rustup-home:/opt/rustwide/rustup-home:ro,Z" "-m" "1610612736" "--network" "none" "ghcr.io/rust-lang/crates-build-env/linux@sha256:77db811e55d90add9212f6832c23229e3de5f1c1f9905e8cb07319ea15df73ac" "sleep" "infinity", kill_on_drop: false }`
[INFO] [stdout] 773bd8af230d81f64cd742bac9e87c846aa499b2d437339f32687760bd67bc1e
[INFO] running `Command { std: "docker" "start" "773bd8af230d81f64cd742bac9e87c846aa499b2d437339f32687760bd67bc1e", kill_on_drop: false }`
[INFO] running `Command { std: "docker" "inspect" "773bd8af230d81f64cd742bac9e87c846aa499b2d437339f32687760bd67bc1e", kill_on_drop: false }`
[INFO] running `Command { std: "docker" "exec" "-e" "SOURCE_DIR=/opt/rustwide/workdir" "-e" "CARGO_HOME=/opt/rustwide/cargo-home" "-e" "RUSTUP_HOME=/opt/rustwide/rustup-home" "-e" "CARGO_TARGET_DIR=/opt/rustwide/target" "-w" "/opt/rustwide/workdir" "--user" "0:0" "773bd8af230d81f64cd742bac9e87c846aa499b2d437339f32687760bd67bc1e" "/opt/rustwide/cargo-home/bin/cargo" "+1.100.0-beta.1" "metadata" "--no-deps" "--format-version=1", kill_on_drop: false }`
[INFO] running `Command { std: "docker" "inspect" "773bd8af230d81f64cd742bac9e87c846aa499b2d437339f32687760bd67bc1e", kill_on_drop: false }`
[INFO] running `Command { std: "docker" "exec" "-e" "SOURCE_DIR=/opt/rustwide/workdir" "-e" "CARGO_HOME=/opt/rustwide/cargo-home" "-e" "RUSTUP_HOME=/opt/rustwide/rustup-home" "-e" "CARGO_TARGET_DIR=/opt/rustwide/target" "-e" "CARGO_INCREMENTAL=0" "-e" "RUST_BACKTRACE=full" "-e" "RUSTFLAGS=--cap-lints=warn" "-e" "RUSTDOCFLAGS=--cap-lints=warn" "-w" "/opt/rustwide/workdir" "--user" "0:0" "773bd8af230d81f64cd742bac9e87c846aa499b2d437339f32687760bd67bc1e" "/opt/rustwide/cargo-home/bin/cargo" "+1.100.0-beta.1" "build" "--frozen" "--message-format=json" "--release", kill_on_drop: false }`
[INFO] [stderr]    Compiling cfg-if v1.0.5
[INFO] [stderr]    Compiling proc-macro2 v1.0.107
[INFO] [stderr]    Compiling cmov v0.5.4
[INFO] [stderr]    Compiling serde_core v1.0.229
[INFO] [stderr]    Compiling cpufeatures v0.3.1
[INFO] [stderr]    Compiling bytes v1.12.1
[INFO] [stderr]    Compiling tinyvec v1.13.3
[INFO] [stderr]    Compiling hybrid-array v0.4.15
[INFO] [stderr]    Compiling serde_json v1.0.154
[INFO] [stderr]    Compiling futures-sink v0.3.34
[INFO] [stderr]    Compiling futures-core v0.3.34
[INFO] [stderr]    Compiling unicode-properties v0.1.4
[INFO] [stderr]    Compiling unicode-bidi v0.3.18
[INFO] [stderr]    Compiling mio v1.2.4
[INFO] [stderr]    Compiling getrandom v0.4.3
[INFO] [stderr]    Compiling socket2 v0.6.5
[INFO] [stderr]    Compiling siphasher v1.0.4
[INFO] [stderr]    Compiling chacha20 v0.10.2
[INFO] [stderr]    Compiling smallvec v1.16.3
[INFO] [stderr]    Compiling fallible-iterator v0.2.0
[INFO] [stderr]    Compiling phf_shared v0.13.1
[INFO] [stderr]    Compiling serde v1.0.229
[INFO] [stderr]    Compiling rand v0.10.3
[INFO] [stderr]    Compiling parking_lot_core v0.9.12
[INFO] [stderr]    Compiling slab v0.4.12
[INFO] [stderr]    Compiling futures-task v0.3.34
[INFO] [stderr]    Compiling futures-channel v0.3.34
[INFO] [stderr]    Compiling ctutils v0.4.3
[INFO] [stderr]    Compiling whoami v2.1.3
[INFO] [stderr]    Compiling log v0.4.34
[INFO] [stderr]    Compiling parking_lot v0.12.5
[INFO] [stderr]    Compiling futures-util v0.3.34
[INFO] [stderr]    Compiling phf v0.13.1
[INFO] [stderr]    Compiling tokio v1.53.3
[INFO] [stderr]    Compiling quote v1.0.47
[INFO] [stderr]    Compiling unicode-normalization v0.1.26
[INFO] [stderr]    Compiling syn v3.0.9
[INFO] [stderr]    Compiling block-buffer v0.12.1
[INFO] [stderr]    Compiling crypto-common v0.2.2
[INFO] [stderr]    Compiling stringprep v0.1.5
[INFO] [stderr]    Compiling digest v0.11.3
[INFO] [stderr]    Compiling md-5 v0.11.0
[INFO] [stderr]    Compiling sha2 v0.11.1
[INFO] [stderr]    Compiling hmac v0.13.0
[INFO] [stderr]    Compiling postgres-protocol v0.6.12
[INFO] [stderr]    Compiling postgres-types v0.2.14
[INFO] [stderr]    Compiling tokio-util v0.7.20
[INFO] [stderr]    Compiling serde_derive v1.0.229
[INFO] [stderr]    Compiling async-trait v0.1.92
[INFO] [stderr]    Compiling tokio-postgres v0.7.18
[INFO] [stderr]    Compiling postgres v0.19.14
[INFO] [stderr]    Compiling cqrs-es2 v0.4.0
[INFO] [stderr]    Compiling cqrs-es2-sql v0.1.0 (/opt/rustwide/workdir)
[INFO] [stderr]     Finished `release` profile [optimized] target(s) in 34.65s
[INFO] running `Command { std: "docker" "inspect" "773bd8af230d81f64cd742bac9e87c846aa499b2d437339f32687760bd67bc1e", kill_on_drop: false }`
[INFO] running `Command { std: "docker" "exec" "-e" "SOURCE_DIR=/opt/rustwide/workdir" "-e" "CARGO_HOME=/opt/rustwide/cargo-home" "-e" "RUSTUP_HOME=/opt/rustwide/rustup-home" "-e" "CARGO_TARGET_DIR=/opt/rustwide/target" "-e" "CARGO_INCREMENTAL=0" "-e" "RUST_BACKTRACE=full" "-e" "RUSTFLAGS=--cap-lints=warn" "-e" "RUSTDOCFLAGS=--cap-lints=warn" "-w" "/opt/rustwide/workdir" "--user" "0:0" "773bd8af230d81f64cd742bac9e87c846aa499b2d437339f32687760bd67bc1e" "/opt/rustwide/cargo-home/bin/cargo" "+1.100.0-beta.1" "test" "--frozen" "--no-run" "--message-format=json" "--release", kill_on_drop: false }`
[INFO] [stderr]    Compiling getrandom v0.2.17
[INFO] [stderr]    Compiling uuid v0.8.2
[INFO] [stderr]    Compiling cqrs-es2-sql v0.1.0 (/opt/rustwide/workdir)
[INFO] [stdout] warning: unused import: `get_snapshot_cqrs`
[INFO] [stdout]   --> tests/integration/test_snapshot_cqrs.rs:11:5
[INFO] [stdout]    |
[INFO] [stdout] 11 |     get_snapshot_cqrs,
[INFO] [stdout]    |     ^^^^^^^^^^^^^^^^^
[INFO] [stdout]    |
[INFO] [stdout]    = note: `#[warn(unused_imports)]` (part of `#[warn(unused)]`) on by default
[INFO] [stdout] 
[INFO] [stdout] 
[INFO] [stdout] warning: variants `CreateTest`, `ConfirmTest`, and `DoSomethingElse` are never constructed
[INFO] [stdout]    --> tests/integration/common_one.rs:160:5
[INFO] [stdout]     |
[INFO] [stdout] 159 | pub enum TestCommand {
[INFO] [stdout]     |          ----------- variants in this enum
[INFO] [stdout] 160 |     CreateTest(CreateTest),
[INFO] [stdout]     |     ^^^^^^^^^^
[INFO] [stdout] 161 |     ConfirmTest(ConfirmTest),
[INFO] [stdout]     |     ^^^^^^^^^^^
[INFO] [stdout] 162 |     DoSomethingElse(DoSomethingElse),
[INFO] [stdout]     |     ^^^^^^^^^^^^^^^
[INFO] [stdout]     |
[INFO] [stdout]     = note: `TestCommand` has a derived impl for the trait `Debug`, but this is intentionally ignored during dead code analysis
[INFO] [stdout]     = note: `#[warn(dead_code)]` (part of `#[warn(unused)]`) on by default
[INFO] [stdout] 
[INFO] [stdout] 
[INFO] [stderr]     Finished `release` profile [optimized] target(s) in 5.09s
[INFO] running `Command { std: "docker" "inspect" "773bd8af230d81f64cd742bac9e87c846aa499b2d437339f32687760bd67bc1e", kill_on_drop: false }`
[INFO] running `Command { std: "docker" "exec" "-e" "SOURCE_DIR=/opt/rustwide/workdir" "-e" "CARGO_HOME=/opt/rustwide/cargo-home" "-e" "RUSTUP_HOME=/opt/rustwide/rustup-home" "-e" "CARGO_TARGET_DIR=/opt/rustwide/target" "-e" "CARGO_INCREMENTAL=0" "-e" "RUST_BACKTRACE=full" "-e" "RUSTFLAGS=--cap-lints=warn" "-e" "RUSTDOCFLAGS=--cap-lints=warn" "-w" "/opt/rustwide/workdir" "--user" "0:0" "773bd8af230d81f64cd742bac9e87c846aa499b2d437339f32687760bd67bc1e" "/opt/rustwide/cargo-home/bin/cargo" "+1.100.0-beta.1" "test" "--frozen" "--release", kill_on_drop: false }`
[INFO] [stderr] warning: unused import: `get_snapshot_cqrs`
[INFO] [stderr]   --> tests/integration/test_snapshot_cqrs.rs:11:5
[INFO] [stderr]    |
[INFO] [stderr] 11 |     get_snapshot_cqrs,
[INFO] [stderr]    |     ^^^^^^^^^^^^^^^^^
[INFO] [stderr]    |
[INFO] [stderr]    = note: `#[warn(unused_imports)]` (part of `#[warn(unused)]`) on by default
[INFO] [stderr] 
[INFO] [stderr] warning: variants `CreateTest`, `ConfirmTest`, and `DoSomethingElse` are never constructed
[INFO] [stderr]    --> tests/integration/common_one.rs:160:5
[INFO] [stderr]     |
[INFO] [stderr] 159 | pub enum TestCommand {
[INFO] [stderr]     |          ----------- variants in this enum
[INFO] [stderr] 160 |     CreateTest(CreateTest),
[INFO] [stderr]     |     ^^^^^^^^^^
[INFO] [stderr] 161 |     ConfirmTest(ConfirmTest),
[INFO] [stderr]     |     ^^^^^^^^^^^
[INFO] [stderr] 162 |     DoSomethingElse(DoSomethingElse),
[INFO] [stderr]     |     ^^^^^^^^^^^^^^^
[INFO] [stderr]     |
[INFO] [stderr]     = note: `TestCommand` has a derived impl for the trait `Debug`, but this is intentionally ignored during dead code analysis
[INFO] [stderr]     = note: `#[warn(dead_code)]` (part of `#[warn(unused)]`) on by default
[INFO] [stderr] 
[INFO] [stderr] warning: `cqrs-es2-sql` (test "lib") generated 2 warnings (run `cargo fix --test "lib" -p cqrs-es2-sql` to apply 1 suggestion)
[INFO] [stderr]     Finished `release` profile [optimized] target(s) in 0.08s
[INFO] [stderr]      Running unittests src/lib.rs (/opt/rustwide/target/release/build/cqrs-es2-sql/839f102f84dfc06f/out/cqrs_es2_sql-839f102f84dfc06f)
[INFO] [stdout] 
[INFO] [stdout] running 0 tests
[INFO] [stdout] 
[INFO] [stdout] test result: ok. 0 passed; 0 failed; 0 ignored; 0 measured; 0 filtered out; finished in 0.00s
[INFO] [stdout] 
[INFO] [stderr]      Running tests/lib.rs (/opt/rustwide/target/release/build/cqrs-es2-sql/0289e3ef1d3e2ddf/out/lib-0289e3ef1d3e2ddf)
[INFO] [stdout] 
[INFO] [stdout] running 5 tests
[INFO] [stdout] test integration::test_cqrs::test_event_breakout_type ... ok
[INFO] [stdout] test integration::test_cqrs::thread_safe_test ... ok
[INFO] [stderr] error: test failed, to rerun pass `--test lib`
[INFO] [stdout] test integration::test_cqrs::test_valid_cqrs_framework ... FAILED
[INFO] [stdout] test integration::test_snapshot_cqrs::commit_and_load_events_snapshot_store ... FAILED
[INFO] [stdout] test integration::test_cqrs::commit_and_load_events ... FAILED
[INFO] [stdout] 
[INFO] [stdout] failures:
[INFO] [stdout] 
[INFO] [stdout] ---- integration::test_cqrs::test_valid_cqrs_framework stdout ----
[INFO] [stdout] 
[INFO] [stdout] thread 'integration::test_cqrs::test_valid_cqrs_framework' (1042) panicked at tests/integration/test_cqrs.rs:44:58:
[INFO] [stdout] called `Result::unwrap()` on an `Err` value: Error { kind: Connect, cause: Some(Os { code: 111, kind: ConnectionRefused, message: "Connection refused" }) }
[INFO] [stdout] stack backtrace:
[INFO] [stdout]    0:     0x56ec5664d921 - <<std[617be2ca0a6fd877]::sys::backtrace::BacktraceLock>::print::DisplayBacktrace as core[a373ad73a504971]::fmt::Display>::fmt
[INFO] [stdout]    1:     0x56ec566632ba - core[a373ad73a504971]::fmt::write
[INFO] [stdout]    2:     0x56ec5665202c - <alloc[2e1b2a31b91974c5]::vec::Vec<u8> as core[a373ad73a504971]::io::write::Write>::write_fmt
[INFO] [stdout]    3:     0x56ec56628cd6 - std[617be2ca0a6fd877]::panicking::default_hook::{closure#0}
[INFO] [stdout]    4:     0x56ec56645969 - std[617be2ca0a6fd877]::panicking::default_hook
[INFO] [stdout]    5:     0x56ec56582520 - test[aada8e7e76ba119b]::test_main_inner::{closure#0}
[INFO] [stdout]    6:     0x56ec56645c92 - std[617be2ca0a6fd877]::panicking::panic_with_hook
[INFO] [stdout]    7:     0x56ec56628d82 - std[617be2ca0a6fd877]::panicking::panic_handler::{closure#0}
[INFO] [stdout]    8:     0x56ec566219e9 - std[617be2ca0a6fd877]::sys::backtrace::__rust_end_short_backtrace::<std[617be2ca0a6fd877]::panicking::panic_handler::{closure#0}, !>
[INFO] [stdout]    9:     0x56ec56629b7d - __rustc[ea4f61d10b84890b]::rust_begin_unwind
[INFO] [stdout]   10:     0x56ec56663a1c - core[a373ad73a504971]::panicking::panic_fmt
[INFO] [stdout]   11:     0x56ec566637f2 - core[a373ad73a504971]::result::unwrap_failed
[INFO] [stdout]   12:     0x56ec56550551 - <lib[61e178c76143ae76]::integration::test_cqrs::test_valid_cqrs_framework::{closure#0} as core[a373ad73a504971]::ops::function::FnOnce<()>>::call_once
[INFO] [stdout]   13:     0x56ec5657596b - test[aada8e7e76ba119b]::__rust_begin_short_backtrace::<core[a373ad73a504971]::result::Result<(), alloc[2e1b2a31b91974c5]::string::String>, fn() -> core[a373ad73a504971]::result::Result<(), alloc[2e1b2a31b91974c5]::string::String>>
[INFO] [stdout]   14:     0x56ec56582b45 - test[aada8e7e76ba119b]::run_test::{closure#0}
[INFO] [stdout]   15:     0x56ec5657c434 - std[617be2ca0a6fd877]::sys::backtrace::__rust_begin_short_backtrace::<test[aada8e7e76ba119b]::run_test::{closure#1}, ()>
[INFO] [stdout]   16:     0x56ec56585bd2 - <std[617be2ca0a6fd877]::thread::lifecycle::spawn_unchecked<test[aada8e7e76ba119b]::run_test::{closure#1}, ()>::{closure#1} as core[a373ad73a504971]::ops::function::FnOnce<()>>::call_once::{shim:vtable#0}
[INFO] [stdout]   17:     0x56ec5664cdff - <std[617be2ca0a6fd877]::sys::thread::unix::Thread>::new::thread_start
[INFO] [stdout]   18:     0x7106eccaedfa - <unknown>
[INFO] [stdout]   19:     0x7106ecd423d4 - clone
[INFO] [stdout]   20:                0x0 - <unknown>
[INFO] [stdout] 
[INFO] [stdout] ---- integration::test_snapshot_cqrs::commit_and_load_events_snapshot_store stdout ----
[INFO] [stdout] 
[INFO] [stdout] thread 'integration::test_snapshot_cqrs::commit_and_load_events_snapshot_store' (1044) panicked at tests/integration/test_snapshot_cqrs.rs:22:58:
[INFO] [stdout] called `Result::unwrap()` on an `Err` value: Error { kind: Connect, cause: Some(Os { code: 111, kind: ConnectionRefused, message: "Connection refused" }) }
[INFO] [stdout] stack backtrace:
[INFO] [stdout]    0:     0x56ec5664d921 - <<std[617be2ca0a6fd877]::sys::backtrace::BacktraceLock>::print::DisplayBacktrace as core[a373ad73a504971]::fmt::Display>::fmt
[INFO] [stdout]    1:     0x56ec566632ba - core[a373ad73a504971]::fmt::write
[INFO] [stdout]    2:     0x56ec5665202c - <alloc[2e1b2a31b91974c5]::vec::Vec<u8> as core[a373ad73a504971]::io::write::Write>::write_fmt
[INFO] [stdout]    3:     0x56ec56628cd6 - std[617be2ca0a6fd877]::panicking::default_hook::{closure#0}
[INFO] [stdout]    4:     0x56ec56645969 - std[617be2ca0a6fd877]::panicking::default_hook
[INFO] [stdout]    5:     0x56ec56582520 - test[aada8e7e76ba119b]::test_main_inner::{closure#0}
[INFO] [stdout]    6:     0x56ec56645c92 - std[617be2ca0a6fd877]::panicking::panic_with_hook
[INFO] [stdout]    7:     0x56ec56628d82 - std[617be2ca0a6fd877]::panicking::panic_handler::{closure#0}
[INFO] [stdout]    8:     0x56ec566219e9 - std[617be2ca0a6fd877]::sys::backtrace::__rust_end_short_backtrace::<std[617be2ca0a6fd877]::panicking::panic_handler::{closure#0}, !>
[INFO] [stdout]    9:     0x56ec56629b7d - __rustc[ea4f61d10b84890b]::rust_begin_unwind
[INFO] [stdout]   10:     0x56ec56663a1c - core[a373ad73a504971]::panicking::panic_fmt
[INFO] [stdout]   11:     0x56ec566637f2 - core[a373ad73a504971]::result::unwrap_failed
[INFO] [stdout]   12:     0x56ec5655e070 - <lib[61e178c76143ae76]::integration::test_snapshot_cqrs::commit_and_load_events_snapshot_store::{closure#0} as core[a373ad73a504971]::ops::function::FnOnce<()>>::call_once
[INFO] [stdout]   13:     0x56ec5657596b - test[aada8e7e76ba119b]::__rust_begin_short_backtrace::<core[a373ad73a504971]::result::Result<(), alloc[2e1b2a31b91974c5]::string::String>, fn() -> core[a373ad73a504971]::result::Result<(), alloc[2e1b2a31b91974c5]::string::String>>
[INFO] [stdout]   14:     0x56ec56582b45 - test[aada8e7e76ba119b]::run_test::{closure#0}
[INFO] [stdout]   15:     0x56ec5657c434 - std[617be2ca0a6fd877]::sys::backtrace::__rust_begin_short_backtrace::<test[aada8e7e76ba119b]::run_test::{closure#1}, ()>
[INFO] [stdout]   16:     0x56ec56585bd2 - <std[617be2ca0a6fd877]::thread::lifecycle::spawn_unchecked<test[aada8e7e76ba119b]::run_test::{closure#1}, ()>::{closure#1} as core[a373ad73a504971]::ops::function::FnOnce<()>>::call_once::{shim:vtable#0}
[INFO] [stdout]   17:     0x56ec5664cdff - <std[617be2ca0a6fd877]::sys::thread::unix::Thread>::new::thread_start
[INFO] [stdout]   18:     0x7106eccaedfa - <unknown>
[INFO] [stdout]   19:     0x7106ecd423d4 - clone
[INFO] [stdout]   20:                0x0 - <unknown>
[INFO] [stdout] 
[INFO] [stdout] ---- integration::test_cqrs::commit_and_load_events stdout ----
[INFO] [stdout] 
[INFO] [stdout] thread 'integration::test_cqrs::commit_and_load_events' (1040) panicked at tests/integration/test_cqrs.rs:35:58:
[INFO] [stdout] called `Result::unwrap()` on an `Err` value: Error { kind: Connect, cause: Some(Os { code: 111, kind: ConnectionRefused, message: "Connection refused" }) }
[INFO] [stdout] stack backtrace:
[INFO] [stdout]    0:     0x56ec5664d921 - <<std[617be2ca0a6fd877]::sys::backtrace::BacktraceLock>::print::DisplayBacktrace as core[a373ad73a504971]::fmt::Display>::fmt
[INFO] [stdout]    1:     0x56ec566632ba - core[a373ad73a504971]::fmt::write
[INFO] [stdout]    2:     0x56ec5665202c - <alloc[2e1b2a31b91974c5]::vec::Vec<u8> as core[a373ad73a504971]::io::write::Write>::write_fmt
[INFO] [stdout]    3:     0x56ec56628cd6 - std[617be2ca0a6fd877]::panicking::default_hook::{closure#0}
[INFO] [stdout]    4:     0x56ec56645969 - std[617be2ca0a6fd877]::panicking::default_hook
[INFO] [stdout]    5:     0x56ec56582520 - test[aada8e7e76ba119b]::test_main_inner::{closure#0}
[INFO] [stdout]    6:     0x56ec56645c92 - std[617be2ca0a6fd877]::panicking::panic_with_hook
[INFO] [stdout]    7:     0x56ec56628d82 - std[617be2ca0a6fd877]::panicking::panic_handler::{closure#0}
[INFO] [stdout]    8:     0x56ec566219e9 - std[617be2ca0a6fd877]::sys::backtrace::__rust_end_short_backtrace::<std[617be2ca0a6fd877]::panicking::panic_handler::{closure#0}, !>
[INFO] [stdout]    9:     0x56ec56629b7d - __rustc[ea4f61d10b84890b]::rust_begin_unwind
[INFO] [stdout]   10:     0x56ec56663a1c - core[a373ad73a504971]::panicking::panic_fmt
[INFO] [stdout]   11:     0x56ec566637f2 - core[a373ad73a504971]::result::unwrap_failed
[INFO] [stdout]   12:     0x56ec5654f7d0 - <lib[61e178c76143ae76]::integration::test_cqrs::commit_and_load_events::{closure#0} as core[a373ad73a504971]::ops::function::FnOnce<()>>::call_once
[INFO] [stdout]   13:     0x56ec5657596b - test[aada8e7e76ba119b]::__rust_begin_short_backtrace::<core[a373ad73a504971]::result::Result<(), alloc[2e1b2a31b91974c5]::string::String>, fn() -> core[a373ad73a504971]::result::Result<(), alloc[2e1b2a31b91974c5]::string::String>>
[INFO] [stdout]   14:     0x56ec56582b45 - test[aada8e7e76ba119b]::run_test::{closure#0}
[INFO] [stdout]   15:     0x56ec5657c434 - std[617be2ca0a6fd877]::sys::backtrace::__rust_begin_short_backtrace::<test[aada8e7e76ba119b]::run_test::{closure#1}, ()>
[INFO] [stdout]   16:     0x56ec56585bd2 - <std[617be2ca0a6fd877]::thread::lifecycle::spawn_unchecked<test[aada8e7e76ba119b]::run_test::{closure#1}, ()>::{closure#1} as core[a373ad73a504971]::ops::function::FnOnce<()>>::call_once::{shim:vtable#0}
[INFO] [stdout]   17:     0x56ec5664cdff - <std[617be2ca0a6fd877]::sys::thread::unix::Thread>::new::thread_start
[INFO] [stdout]   18:     0x7106eccaedfa - <unknown>
[INFO] [stdout]   19:     0x7106ecd423d4 - clone
[INFO] [stdout]   20:                0x0 - <unknown>
[INFO] [stdout] 
[INFO] [stdout] 
[INFO] [stdout] failures:
[INFO] [stdout]     integration::test_cqrs::commit_and_load_events
[INFO] [stdout]     integration::test_cqrs::test_valid_cqrs_framework
[INFO] [stdout]     integration::test_snapshot_cqrs::commit_and_load_events_snapshot_store
[INFO] [stdout] 
[INFO] [stdout] test result: FAILED. 2 passed; 3 failed; 0 ignored; 0 measured; 0 filtered out; finished in 0.01s
[INFO] [stdout] 
[INFO] running `Command { std: "docker" "inspect" "773bd8af230d81f64cd742bac9e87c846aa499b2d437339f32687760bd67bc1e", kill_on_drop: false }`
[INFO] running `Command { std: "docker" "rm" "-f" "773bd8af230d81f64cd742bac9e87c846aa499b2d437339f32687760bd67bc1e", kill_on_drop: false }`
[INFO] [stdout] 773bd8af230d81f64cd742bac9e87c846aa499b2d437339f32687760bd67bc1e
