[INFO] fetching crate cql_nullable_f64 0.2.2...
[INFO] testing cql_nullable_f64-0.2.2 against 1.100.0-beta.1+cargoflags=--release for beta-release-1.100-2
[INFO] extracting crate cql_nullable_f64 0.2.2 into /workspace/builds/worker-7-tc2/source
[INFO] started tweaking crates.io crate cql_nullable_f64 0.2.2
[INFO] finished tweaking crates.io crate cql_nullable_f64 0.2.2
[INFO] tweaked toml for crates.io crate cql_nullable_f64 0.2.2 written to /workspace/builds/worker-7-tc2/source/Cargo.toml
[INFO] validating manifest of crates.io crate cql_nullable_f64 0.2.2 on toolchain 1.100.0-beta.1
[INFO] running `Command { std: CARGO_HOME="/workspace/cargo-home" RUSTUP_HOME="/workspace/rustup-home" "/workspace/cargo-home/bin/cargo" "+1.100.0-beta.1" "metadata" "--manifest-path" "Cargo.toml" "--no-deps", kill_on_drop: false }`
[INFO] running `Command { std: CARGO_HOME="/workspace/cargo-home" RUSTUP_HOME="/workspace/rustup-home" "/workspace/cargo-home/bin/cargo" "+1.100.0-beta.1" "generate-lockfile" "--manifest-path" "Cargo.toml", kill_on_drop: false }`
[INFO] [stderr]     Updating crates.io index
[INFO] [stderr]      Locking 28 packages to highest compatible versions
[INFO] [stderr]       Adding serial_test v0.3.2 (available: v4.0.1)
[INFO] running `Command { std: CARGO_HOME="/workspace/cargo-home" RUSTUP_HOME="/workspace/rustup-home" "/workspace/cargo-home/bin/cargo" "+1.100.0-beta.1" "fetch" "--manifest-path" "Cargo.toml", kill_on_drop: false }`
[INFO] running `Command { std: "docker" "create" "-v" "/var/lib/crater-agent-workspace/builds/worker-7-tc2/source:/opt/rustwide/workdir:ro,Z" "-v" "/var/lib/crater-agent-workspace/builds/worker-7-tc2/target:/opt/rustwide/target:rw,Z" "-v" "/var/lib/crater-agent-workspace/cargo-home:/opt/rustwide/cargo-home:ro,Z" "-v" "/var/lib/crater-agent-workspace/rustup-home:/opt/rustwide/rustup-home:ro,Z" "-m" "1610612736" "--network" "none" "ghcr.io/rust-lang/crates-build-env/linux@sha256:77db811e55d90add9212f6832c23229e3de5f1c1f9905e8cb07319ea15df73ac" "sleep" "infinity", kill_on_drop: false }`
[INFO] [stdout] 7a576e2875fc4a010dbd0f68f918ad4ad0915b3e9472b32db90cfc8b72ee2e6e
[INFO] running `Command { std: "docker" "start" "7a576e2875fc4a010dbd0f68f918ad4ad0915b3e9472b32db90cfc8b72ee2e6e", kill_on_drop: false }`
[INFO] running `Command { std: "docker" "inspect" "7a576e2875fc4a010dbd0f68f918ad4ad0915b3e9472b32db90cfc8b72ee2e6e", kill_on_drop: false }`
[INFO] running `Command { std: "docker" "exec" "-e" "SOURCE_DIR=/opt/rustwide/workdir" "-e" "CARGO_HOME=/opt/rustwide/cargo-home" "-e" "RUSTUP_HOME=/opt/rustwide/rustup-home" "-e" "CARGO_TARGET_DIR=/opt/rustwide/target" "-w" "/opt/rustwide/workdir" "--user" "0:0" "7a576e2875fc4a010dbd0f68f918ad4ad0915b3e9472b32db90cfc8b72ee2e6e" "/opt/rustwide/cargo-home/bin/cargo" "+1.100.0-beta.1" "metadata" "--no-deps" "--format-version=1", kill_on_drop: false }`
[INFO] running `Command { std: "docker" "inspect" "7a576e2875fc4a010dbd0f68f918ad4ad0915b3e9472b32db90cfc8b72ee2e6e", kill_on_drop: false }`
[INFO] running `Command { std: "docker" "exec" "-e" "SOURCE_DIR=/opt/rustwide/workdir" "-e" "CARGO_HOME=/opt/rustwide/cargo-home" "-e" "RUSTUP_HOME=/opt/rustwide/rustup-home" "-e" "CARGO_TARGET_DIR=/opt/rustwide/target" "-e" "CARGO_INCREMENTAL=0" "-e" "RUST_BACKTRACE=full" "-e" "RUSTFLAGS=--cap-lints=warn" "-e" "RUSTDOCFLAGS=--cap-lints=warn" "-w" "/opt/rustwide/workdir" "--user" "0:0" "7a576e2875fc4a010dbd0f68f918ad4ad0915b3e9472b32db90cfc8b72ee2e6e" "/opt/rustwide/cargo-home/bin/cargo" "+1.100.0-beta.1" "build" "--frozen" "--message-format=json" "--release", kill_on_drop: false }`
[INFO] [stderr]    Compiling cql_model v0.2.0
[INFO] [stderr]    Compiling cql_nullable_f64 v0.2.2 (/opt/rustwide/workdir)
[INFO] [stderr]     Finished `release` profile [optimized] target(s) in 0.39s
[INFO] running `Command { std: "docker" "inspect" "7a576e2875fc4a010dbd0f68f918ad4ad0915b3e9472b32db90cfc8b72ee2e6e", kill_on_drop: false }`
[INFO] running `Command { std: "docker" "exec" "-e" "SOURCE_DIR=/opt/rustwide/workdir" "-e" "CARGO_HOME=/opt/rustwide/cargo-home" "-e" "RUSTUP_HOME=/opt/rustwide/rustup-home" "-e" "CARGO_TARGET_DIR=/opt/rustwide/target" "-e" "CARGO_INCREMENTAL=0" "-e" "RUST_BACKTRACE=full" "-e" "RUSTFLAGS=--cap-lints=warn" "-e" "RUSTDOCFLAGS=--cap-lints=warn" "-w" "/opt/rustwide/workdir" "--user" "0:0" "7a576e2875fc4a010dbd0f68f918ad4ad0915b3e9472b32db90cfc8b72ee2e6e" "/opt/rustwide/cargo-home/bin/cargo" "+1.100.0-beta.1" "test" "--frozen" "--no-run" "--message-format=json" "--release", kill_on_drop: false }`
[INFO] [stderr]    Compiling semver-parser v0.7.0
[INFO] [stderr]    Compiling syn v1.0.109
[INFO] [stderr]    Compiling lock_api v0.3.4
[INFO] [stderr]    Compiling smallvec v0.6.14
[INFO] [stderr]    Compiling cql_u64 v0.2.3
[INFO] [stderr]    Compiling cql_db v0.2.4
[INFO] [stderr]    Compiling semver v0.9.0
[INFO] [stderr]    Compiling rustc_version v0.2.3
[INFO] [stderr]    Compiling parking_lot_core v0.6.3
[INFO] [stderr]    Compiling parking_lot v0.9.0
[INFO] [stderr]    Compiling serial_test_derive v0.3.2
[INFO] [stderr]    Compiling serial_test v0.3.2
[INFO] [stderr]    Compiling cql_nullable_f64 v0.2.2 (/opt/rustwide/workdir)
[INFO] [stderr]     Finished `release` profile [optimized] target(s) in 8.23s
[INFO] running `Command { std: "docker" "inspect" "7a576e2875fc4a010dbd0f68f918ad4ad0915b3e9472b32db90cfc8b72ee2e6e", kill_on_drop: false }`
[INFO] running `Command { std: "docker" "exec" "-e" "SOURCE_DIR=/opt/rustwide/workdir" "-e" "CARGO_HOME=/opt/rustwide/cargo-home" "-e" "RUSTUP_HOME=/opt/rustwide/rustup-home" "-e" "CARGO_TARGET_DIR=/opt/rustwide/target" "-e" "CARGO_INCREMENTAL=0" "-e" "RUST_BACKTRACE=full" "-e" "RUSTFLAGS=--cap-lints=warn" "-e" "RUSTDOCFLAGS=--cap-lints=warn" "-w" "/opt/rustwide/workdir" "--user" "0:0" "7a576e2875fc4a010dbd0f68f918ad4ad0915b3e9472b32db90cfc8b72ee2e6e" "/opt/rustwide/cargo-home/bin/cargo" "+1.100.0-beta.1" "test" "--frozen" "--release", kill_on_drop: false }`
[INFO] [stderr]     Finished `release` profile [optimized] target(s) in 0.07s
[INFO] [stderr]      Running unittests src/nullable_f64.rs (/opt/rustwide/target/release/build/cql_nullable_f64/36748332c3a0bce5/out/cql_nullable_f64-36748332c3a0bce5)
[INFO] [stdout] 
[INFO] [stdout] running 0 tests
[INFO] [stdout] 
[INFO] [stdout] test result: ok. 0 passed; 0 failed; 0 ignored; 0 measured; 0 filtered out; finished in 0.00s
[INFO] [stdout] 
[INFO] [stderr]      Running tests/constants.rs (/opt/rustwide/target/release/build/cql_nullable_f64/a9437f727bd87945/out/constants-a9437f727bd87945)
[INFO] [stdout] 
[INFO] [stdout] running 0 tests
[INFO] [stdout] 
[INFO] [stdout] test result: ok. 0 passed; 0 failed; 0 ignored; 0 measured; 0 filtered out; finished in 0.00s
[INFO] [stdout] 
[INFO] [stderr]      Running tests/nullable_f64.rs (/opt/rustwide/target/release/build/cql_nullable_f64/795642de5e86a2e3/out/nullable_f64-795642de5e86a2e3)
[INFO] [stdout] 
[INFO] [stdout] running 5 tests
[INFO] [stdout] test _4d_f64_nullable_database_allows_for_single_point_read_writes ... FAILED
[INFO] [stdout] test _1d_f64_nullable_database_allows_for_stream_reads ... FAILED
[INFO] [stdout] test _4d_f64_nullable_database_allows_for_stream_reads ... FAILED
[INFO] [stdout] test _4d_f64_nullable_database_allows_for_single_point_read_writes_given_multiple_values_and_overwrites ... FAILED
[INFO] [stdout] test _1d_f64_nullable_database_allows_for_single_point_read_writes ... FAILED
[INFO] [stdout] 
[INFO] [stdout] failures:
[INFO] [stdout] 
[INFO] [stdout] ---- _4d_f64_nullable_database_allows_for_single_point_read_writes stdout ----
[INFO] [stdout] 
[INFO] [stdout] thread '_4d_f64_nullable_database_allows_for_single_point_read_writes' (388) panicked at tests/nullable_f64.rs:42:7:
[INFO] [stdout] called `Result::unwrap()` on an `Err` value: Os { code: 2, kind: NotFound, message: "No such file or directory" }
[INFO] [stdout] stack backtrace:
[INFO] [stdout]    0:     0x55ffd462eed1 - <<std[617be2ca0a6fd877]::sys::backtrace::BacktraceLock>::print::DisplayBacktrace as core[a373ad73a504971]::fmt::Display>::fmt
[INFO] [stdout]    1:     0x55ffd46432ba - core[a373ad73a504971]::fmt::write
[INFO] [stdout]    2:     0x55ffd46331dc - <alloc[2e1b2a31b91974c5]::vec::Vec<u8> as core[a373ad73a504971]::io::write::Write>::write_fmt
[INFO] [stdout]    3:     0x55ffd460b106 - std[617be2ca0a6fd877]::panicking::default_hook::{closure#0}
[INFO] [stdout]    4:     0x55ffd4627569 - std[617be2ca0a6fd877]::panicking::default_hook
[INFO] [stdout]    5:     0x55ffd45bfdc0 - test[aada8e7e76ba119b]::test_main_inner::{closure#0}
[INFO] [stdout]    6:     0x55ffd4627722 - std[617be2ca0a6fd877]::panicking::panic_with_hook
[INFO] [stdout]    7:     0x55ffd460b1b2 - std[617be2ca0a6fd877]::panicking::panic_handler::{closure#0}
[INFO] [stdout]    8:     0x55ffd4603ec9 - std[617be2ca0a6fd877]::sys::backtrace::__rust_end_short_backtrace::<std[617be2ca0a6fd877]::panicking::panic_handler::{closure#0}, !>
[INFO] [stdout]    9:     0x55ffd460bdbd - __rustc[ea4f61d10b84890b]::rust_begin_unwind
[INFO] [stdout]   10:     0x55ffd46439ec - core[a373ad73a504971]::panicking::panic_fmt
[INFO] [stdout]   11:     0x55ffd46437c2 - core[a373ad73a504971]::result::unwrap_failed
[INFO] [stdout]   12:     0x55ffd45b1821 - <nullable_f64[10489ec6d1e786]::_4d_f64_nullable_database_allows_for_single_point_read_writes::{closure#0} as core[a373ad73a504971]::ops::function::FnOnce<()>>::call_once
[INFO] [stdout]   13:     0x55ffd45f4ca8 - serial_test[cfe8776daf3af248]::serial_core
[INFO] [stdout]   14:     0x55ffd45b09f8 - <nullable_f64[10489ec6d1e786]::_4d_f64_nullable_database_allows_for_single_point_read_writes::{closure#0} as core[a373ad73a504971]::ops::function::FnOnce<()>>::call_once
[INFO] [stdout]   15:     0x55ffd45b320b - test[aada8e7e76ba119b]::__rust_begin_short_backtrace::<core[a373ad73a504971]::result::Result<(), alloc[2e1b2a31b91974c5]::string::String>, fn() -> core[a373ad73a504971]::result::Result<(), alloc[2e1b2a31b91974c5]::string::String>>
[INFO] [stdout]   16:     0x55ffd45c03e5 - test[aada8e7e76ba119b]::run_test::{closure#0}
[INFO] [stdout]   17:     0x55ffd45b9cd4 - std[617be2ca0a6fd877]::sys::backtrace::__rust_begin_short_backtrace::<test[aada8e7e76ba119b]::run_test::{closure#1}, ()>
[INFO] [stdout]   18:     0x55ffd45c3472 - <std[617be2ca0a6fd877]::thread::lifecycle::spawn_unchecked<test[aada8e7e76ba119b]::run_test::{closure#1}, ()>::{closure#1} as core[a373ad73a504971]::ops::function::FnOnce<()>>::call_once::{shim:vtable#0}
[INFO] [stdout]   19:     0x55ffd462e72f - <std[617be2ca0a6fd877]::sys::thread::unix::Thread>::new::thread_start
[INFO] [stdout]   20:     0x787dbc0a1dfa - <unknown>
[INFO] [stdout]   21:     0x787dbc1353d4 - clone
[INFO] [stdout]   22:                0x0 - <unknown>
[INFO] [stdout] 
[INFO] [stdout] ---- _1d_f64_nullable_database_allows_for_stream_reads stdout ----
[INFO] [stdout] 
[INFO] [stdout] thread '_1d_f64_nullable_database_allows_for_stream_reads' (387) panicked at tests/nullable_f64.rs:164:7:
[INFO] [stdout] called `Result::unwrap()` on an `Err` value: Os { code: 2, kind: NotFound, message: "No such file or directory" }
[INFO] [stdout] stack backtrace:
[INFO] [stdout]    0:     0x55ffd462eed1 - <<std[617be2ca0a6fd877]::sys::backtrace::BacktraceLock>::print::DisplayBacktrace as core[a373ad73a504971]::fmt::Display>::fmt
[INFO] [stdout]    1:     0x55ffd46432ba - core[a373ad73a504971]::fmt::write
[INFO] [stdout]    2:     0x55ffd46331dc - <alloc[2e1b2a31b91974c5]::vec::Vec<u8> as core[a373ad73a504971]::io::write::Write>::write_fmt
[INFO] [stdout]    3:     0x55ffd460b106 - std[617be2ca0a6fd877]::panicking::default_hook::{closure#0}
[INFO] [stdout]    4:     0x55ffd4627569 - std[617be2ca0a6fd877]::panicking::default_hook
[INFO] [stdout]    5:     0x55ffd45bfdc0 - test[aada8e7e76ba119b]::test_main_inner::{closure#0}
[INFO] [stdout]    6:     0x55ffd4627722 - std[617be2ca0a6fd877]::panicking::panic_with_hook
[INFO] [stdout]    7:     0x55ffd460b1b2 - std[617be2ca0a6fd877]::panicking::panic_handler::{closure#0}
[INFO] [stdout]    8:     0x55ffd4603ec9 - std[617be2ca0a6fd877]::sys::backtrace::__rust_end_short_backtrace::<std[617be2ca0a6fd877]::panicking::panic_handler::{closure#0}, !>
[INFO] [stdout]    9:     0x55ffd460bdbd - __rustc[ea4f61d10b84890b]::rust_begin_unwind
[INFO] [stdout]   10:     0x55ffd46439ec - core[a373ad73a504971]::panicking::panic_fmt
[INFO] [stdout]   11:     0x55ffd46437c2 - core[a373ad73a504971]::result::unwrap_failed
[INFO] [stdout]   12:     0x55ffd45b0ded - <nullable_f64[10489ec6d1e786]::_1d_f64_nullable_database_allows_for_stream_reads::{closure#0} as core[a373ad73a504971]::ops::function::FnOnce<()>>::call_once
[INFO] [stdout]   13:     0x55ffd45f4ca8 - serial_test[cfe8776daf3af248]::serial_core
[INFO] [stdout]   14:     0x55ffd45b0968 - <nullable_f64[10489ec6d1e786]::_1d_f64_nullable_database_allows_for_stream_reads::{closure#0} as core[a373ad73a504971]::ops::function::FnOnce<()>>::call_once
[INFO] [stdout]   15:     0x55ffd45b320b - test[aada8e7e76ba119b]::__rust_begin_short_backtrace::<core[a373ad73a504971]::result::Result<(), alloc[2e1b2a31b91974c5]::string::String>, fn() -> core[a373ad73a504971]::result::Result<(), alloc[2e1b2a31b91974c5]::string::String>>
[INFO] [stdout]   16:     0x55ffd45c03e5 - test[aada8e7e76ba119b]::run_test::{closure#0}
[INFO] [stdout]   17:     0x55ffd45b9cd4 - std[617be2ca0a6fd877]::sys::backtrace::__rust_begin_short_backtrace::<test[aada8e7e76ba119b]::run_test::{closure#1}, ()>
[INFO] [stdout]   18:     0x55ffd45c3472 - <std[617be2ca0a6fd877]::thread::lifecycle::spawn_unchecked<test[aada8e7e76ba119b]::run_test::{closure#1}, ()>::{closure#1} as core[a373ad73a504971]::ops::function::FnOnce<()>>::call_once::{shim:vtable#0}
[INFO] [stdout]   19:     0x55ffd462e72f - <std[617be2ca0a6fd877]::sys::thread::unix::Thread>::new::thread_start
[INFO] [stdout]   20:     0x787dbc0a1dfa - <unknown>
[INFO] [stdout]   21:     0x787dbc1353d4 - clone
[INFO] [stdout]   22:                0x0 - <unknown>
[INFO] [stdout] 
[INFO] [stdout] ---- _4d_f64_nullable_database_allows_for_stream_reads stdout ----
[INFO] [stdout] 
[INFO] [stdout] thread '_4d_f64_nullable_database_allows_for_stream_reads' (390) panicked at tests/nullable_f64.rs:218:7:
[INFO] [stdout] called `Result::unwrap()` on an `Err` value: Os { code: 2, kind: NotFound, message: "No such file or directory" }
[INFO] [stdout] stack backtrace:
[INFO] [stdout]    0:     0x55ffd462eed1 - <<std[617be2ca0a6fd877]::sys::backtrace::BacktraceLock>::print::DisplayBacktrace as core[a373ad73a504971]::fmt::Display>::fmt
[INFO] [stdout]    1:     0x55ffd46432ba - core[a373ad73a504971]::fmt::write
[INFO] [stdout]    2:     0x55ffd46331dc - <alloc[2e1b2a31b91974c5]::vec::Vec<u8> as core[a373ad73a504971]::io::write::Write>::write_fmt
[INFO] [stdout]    3:     0x55ffd460b106 - std[617be2ca0a6fd877]::panicking::default_hook::{closure#0}
[INFO] [stdout]    4:     0x55ffd4627569 - std[617be2ca0a6fd877]::panicking::default_hook
[INFO] [stdout]    5:     0x55ffd45bfdc0 - test[aada8e7e76ba119b]::test_main_inner::{closure#0}
[INFO] [stdout]    6:     0x55ffd4627722 - std[617be2ca0a6fd877]::panicking::panic_with_hook
[INFO] [stdout]    7:     0x55ffd460b1b2 - std[617be2ca0a6fd877]::panicking::panic_handler::{closure#0}
[INFO] [stdout]    8:     0x55ffd4603ec9 - std[617be2ca0a6fd877]::sys::backtrace::__rust_end_short_backtrace::<std[617be2ca0a6fd877]::panicking::panic_handler::{closure#0}, !>
[INFO] [stdout]    9:     0x55ffd460bdbd - __rustc[ea4f61d10b84890b]::rust_begin_unwind
[INFO] [stdout]   10:     0x55ffd46439ec - core[a373ad73a504971]::panicking::panic_fmt
[INFO] [stdout]   11:     0x55ffd46437c2 - core[a373ad73a504971]::result::unwrap_failed
[INFO] [stdout]   12:     0x55ffd45b1391 - <nullable_f64[10489ec6d1e786]::_4d_f64_nullable_database_allows_for_stream_reads::{closure#0} as core[a373ad73a504971]::ops::function::FnOnce<()>>::call_once
[INFO] [stdout]   13:     0x55ffd45f4ca8 - serial_test[cfe8776daf3af248]::serial_core
[INFO] [stdout]   14:     0x55ffd45b0998 - <nullable_f64[10489ec6d1e786]::_4d_f64_nullable_database_allows_for_stream_reads::{closure#0} as core[a373ad73a504971]::ops::function::FnOnce<()>>::call_once
[INFO] [stdout]   15:     0x55ffd45b320b - test[aada8e7e76ba119b]::__rust_begin_short_backtrace::<core[a373ad73a504971]::result::Result<(), alloc[2e1b2a31b91974c5]::string::String>, fn() -> core[a373ad73a504971]::result::Result<(), alloc[2e1b2a31b91974c5]::string::String>>
[INFO] [stdout]   16:     0x55ffd45c03e5 - test[aada8e7e76ba119b]::run_test::{closure#0}
[INFO] [stdout]   17:     0x55ffd45b9cd4 - std[617be2ca0a6fd877]::sys::backtrace::__rust_begin_short_backtrace::<test[aada8e7e76ba119b]::run_test::{closure#1}, ()>
[INFO] [stdout]   18:     0x55ffd45c3472 - <std[617be2ca0a6fd877]::thread::lifecycle::spawn_unchecked<test[aada8e7e76ba119b]::run_test::{closure#1}, ()>::{closure#1} as core[a373ad73a504971]::ops::function::FnOnce<()>>::call_once::{shim:vtable#0}
[INFO] [stdout]   19:     0x55ffd462e72f - <std[617be2ca0a6fd877]::sys::thread::unix::Thread>::new::thread_start
[INFO] [stdout]   20:     0x787dbc0a1dfa - <unknown>
[INFO] [stdout]   21:     0x787dbc1353d4 - clone
[INFO] [stdout]   22:                0x0 - <unknown>
[INFO] [stdout] 
[INFO] [stdout] ---- _4d_f64_nullable_database_allows_for_single_point_read_writes_given_multiple_values_and_overwrites stdout ----
[INFO] [stdout] 
[INFO] [stdout] thread '_4d_f64_nullable_database_allows_for_single_point_read_writes_given_multiple_values_and_overwrites' (389) panicked at tests/nullable_f64.rs:78:7:
[INFO] [stdout] called `Result::unwrap()` on an `Err` value: Os { code: 2, kind: NotFound, message: "No such file or directory" }
[INFO] [stdout] stack backtrace:
[INFO] [stdout]    0:     0x55ffd462eed1 - <<std[617be2ca0a6fd877]::sys::backtrace::BacktraceLock>::print::DisplayBacktrace as core[a373ad73a504971]::fmt::Display>::fmt
[INFO] [stdout]    1:     0x55ffd46432ba - core[a373ad73a504971]::fmt::write
[INFO] [stdout]    2:     0x55ffd46331dc - <alloc[2e1b2a31b91974c5]::vec::Vec<u8> as core[a373ad73a504971]::io::write::Write>::write_fmt
[INFO] [stdout]    3:     0x55ffd460b106 - std[617be2ca0a6fd877]::panicking::default_hook::{closure#0}
[INFO] [stdout]    4:     0x55ffd4627569 - std[617be2ca0a6fd877]::panicking::default_hook
[INFO] [stdout]    5:     0x55ffd45bfdc0 - test[aada8e7e76ba119b]::test_main_inner::{closure#0}
[INFO] [stdout]    6:     0x55ffd4627722 - std[617be2ca0a6fd877]::panicking::panic_with_hook
[INFO] [stdout]    7:     0x55ffd460b1b2 - std[617be2ca0a6fd877]::panicking::panic_handler::{closure#0}
[INFO] [stdout]    8:     0x55ffd4603ec9 - std[617be2ca0a6fd877]::sys::backtrace::__rust_end_short_backtrace::<std[617be2ca0a6fd877]::panicking::panic_handler::{closure#0}, !>
[INFO] [stdout]    9:     0x55ffd460bdbd - __rustc[ea4f61d10b84890b]::rust_begin_unwind
[INFO] [stdout]   10:     0x55ffd46439ec - core[a373ad73a504971]::panicking::panic_fmt
[INFO] [stdout]   11:     0x55ffd46437c2 - core[a373ad73a504971]::result::unwrap_failed
[INFO] [stdout]   12:     0x55ffd45b1d9e - <nullable_f64[10489ec6d1e786]::_4d_f64_nullable_database_allows_for_single_point_read_writes_given_multiple_values_and_overwrites::{closure#0} as core[a373ad73a504971]::ops::function::FnOnce<()>>::call_once
[INFO] [stdout]   13:     0x55ffd45f4ca8 - serial_test[cfe8776daf3af248]::serial_core
[INFO] [stdout]   14:     0x55ffd45b0a28 - <nullable_f64[10489ec6d1e786]::_4d_f64_nullable_database_allows_for_single_point_read_writes_given_multiple_values_and_overwrites::{closure#0} as core[a373ad73a504971]::ops::function::FnOnce<()>>::call_once
[INFO] [stdout]   15:     0x55ffd45b320b - test[aada8e7e76ba119b]::__rust_begin_short_backtrace::<core[a373ad73a504971]::result::Result<(), alloc[2e1b2a31b91974c5]::string::String>, fn() -> core[a373ad73a504971]::result::Result<(), alloc[2e1b2a31b91974c5]::string::String>>
[INFO] [stdout]   16:     0x55ffd45c03e5 - test[aada8e7e76ba119b]::run_test::{closure#0}
[INFO] [stdout]   17:     0x55ffd45b9cd4 - std[617be2ca0a6fd877]::sys::backtrace::__rust_begin_short_backtrace::<test[aada8e7e76ba119b]::run_test::{closure#1}, ()>
[INFO] [stdout]   18:     0x55ffd45c3472 - <std[617be2ca0a6fd877]::thread::lifecycle::spawn_unchecked<test[aada8e7e76ba119b]::run_test::{closure#1}, ()>::{closure#1} as core[a373ad73a504971]::ops::function::FnOnce<()>>::call_once::{shim:vtable#0}
[INFO] [stdout]   19:     0x55ffd462e72f - <std[617be2ca0a6fd877]::sys::thread::unix::Thread>::new::thread_start
[INFO] [stdout]   20:     0x787dbc0a1dfa - <unknown>
[INFO] [stdout]   21:     0x787dbc1353d4 - clone
[INFO] [stdout]   22:                0x0 - <unknown>
[INFO] [stdout] 
[INFO] [stdout] ---- _1d_f64_nullable_database_allows_for_single_point_read_writes stdout ----
[INFO] [stdout] 
[INFO] [stdout] thread '_1d_f64_nullable_database_allows_for_single_point_read_writes' (386) panicked at tests/nullable_f64.rs:17:7:
[INFO] [stdout] called `Result::unwrap()` on an `Err` value: Os { code: 2, kind: NotFound, message: "No such file or directory" }
[INFO] [stdout] stack backtrace:
[INFO] [stdout]    0:     0x55ffd462eed1 - <<std[617be2ca0a6fd877]::sys::backtrace::BacktraceLock>::print::DisplayBacktrace as core[a373ad73a504971]::fmt::Display>::fmt
[INFO] [stdout]    1:     0x55ffd46432ba - core[a373ad73a504971]::fmt::write
[INFO] [stdout]    2:     0x55ffd46331dc - <alloc[2e1b2a31b91974c5]::vec::Vec<u8> as core[a373ad73a504971]::io::write::Write>::write_fmt
[INFO] [stdout]    3:     0x55ffd460b106 - std[617be2ca0a6fd877]::panicking::default_hook::{closure#0}
[INFO] [stdout]    4:     0x55ffd4627569 - std[617be2ca0a6fd877]::panicking::default_hook
[INFO] [stdout]    5:     0x55ffd45bfdc0 - test[aada8e7e76ba119b]::test_main_inner::{closure#0}
[INFO] [stdout]    6:     0x55ffd4627722 - std[617be2ca0a6fd877]::panicking::panic_with_hook
[INFO] [stdout]    7:     0x55ffd460b1b2 - std[617be2ca0a6fd877]::panicking::panic_handler::{closure#0}
[INFO] [stdout]    8:     0x55ffd4603ec9 - std[617be2ca0a6fd877]::sys::backtrace::__rust_end_short_backtrace::<std[617be2ca0a6fd877]::panicking::panic_handler::{closure#0}, !>
[INFO] [stdout]    9:     0x55ffd460bdbd - __rustc[ea4f61d10b84890b]::rust_begin_unwind
[INFO] [stdout]   10:     0x55ffd46439ec - core[a373ad73a504971]::panicking::panic_fmt
[INFO] [stdout]   11:     0x55ffd46437c2 - core[a373ad73a504971]::result::unwrap_failed
[INFO] [stdout]   12:     0x55ffd45b1659 - <nullable_f64[10489ec6d1e786]::_1d_f64_nullable_database_allows_for_single_point_read_writes::{closure#0} as core[a373ad73a504971]::ops::function::FnOnce<()>>::call_once
[INFO] [stdout]   13:     0x55ffd45f4ca8 - serial_test[cfe8776daf3af248]::serial_core
[INFO] [stdout]   14:     0x55ffd45b09c8 - <nullable_f64[10489ec6d1e786]::_1d_f64_nullable_database_allows_for_single_point_read_writes::{closure#0} as core[a373ad73a504971]::ops::function::FnOnce<()>>::call_once
[INFO] [stdout]   15:     0x55ffd45b320b - test[aada8e7e76ba119b]::__rust_begin_short_backtrace::<core[a373ad73a504971]::result::Result<(), alloc[2e1b2a31b91974c5]::string::String>, fn() -> core[a373ad73a504971]::result::Result<(), alloc[2e1b2a31b91974c5]::string::String>>
[INFO] [stdout]   16:     0x55ffd45c03e5 - test[aada8e7e76ba119b]::run_test::{closure#0}
[INFO] [stdout]   17:     0x55ffd45b9cd4 - std[617be2ca0a6fd877]::sys::backtrace::__rust_begin_short_backtrace::<test[aada8e7e76ba119b]::run_test::{closure#1}, ()>
[INFO] [stdout]   18:     0x55ffd45c3472 - <std[617be2ca0a6fd877]::thread::lifecycle::spawn_unchecked<test[aada8e7e76ba119b]::run_test::{closure#1}, ()>::{closure#1} as core[a373ad73a504971]::ops::function::FnOnce<()>>::call_once::{shim:vtable#0}
[INFO] [stdout]   19:     0x55ffd462e72f - <std[617be2ca0a6fd877]::sys::thread::unix::Thread>::new::thread_start
[INFO] [stdout]   20:     0x787dbc0a1dfa - <unknown>
[INFO] [stdout]   21:     0x787dbc1353d4 - clone
[INFO] [stdout]   22:                0x0 - <unknown>
[INFO] [stdout] 
[INFO] [stdout] 
[INFO] [stdout] failures:
[INFO] [stdout]     _1d_f64_nullable_database_allows_for_single_point_read_writes
[INFO] [stdout]     _1d_f64_nullable_database_allows_for_stream_reads
[INFO] [stdout]     _4d_f64_nullable_database_allows_for_single_point_read_writes
[INFO] [stdout]     _4d_f64_nullable_database_allows_for_single_point_read_writes_given_multiple_values_and_overwrites
[INFO] [stdout]     _4d_f64_nullable_database_allows_for_stream_reads
[INFO] [stdout] 
[INFO] [stdout] test result: FAILED. 0 passed; 5 failed; 0 ignored; 0 measured; 0 filtered out; finished in 0.01s
[INFO] [stdout] 
[INFO] [stderr] error: test failed, to rerun pass `--test nullable_f64`
[INFO] running `Command { std: "docker" "inspect" "7a576e2875fc4a010dbd0f68f918ad4ad0915b3e9472b32db90cfc8b72ee2e6e", kill_on_drop: false }`
[INFO] running `Command { std: "docker" "rm" "-f" "7a576e2875fc4a010dbd0f68f918ad4ad0915b3e9472b32db90cfc8b72ee2e6e", kill_on_drop: false }`
[INFO] [stdout] 7a576e2875fc4a010dbd0f68f918ad4ad0915b3e9472b32db90cfc8b72ee2e6e
