[INFO] fetching crate cql_db 0.2.4...
[INFO] testing cql_db-0.2.4 against 1.99.0-beta.8+cargoflags=--release for beta-release-1.100-2
[INFO] extracting crate cql_db 0.2.4 into /workspace/builds/worker-4-tc1/source
[INFO] started tweaking crates.io crate cql_db 0.2.4
[INFO] finished tweaking crates.io crate cql_db 0.2.4
[INFO] tweaked toml for crates.io crate cql_db 0.2.4 written to /workspace/builds/worker-4-tc1/source/Cargo.toml
[INFO] validating manifest of crates.io crate cql_db 0.2.4 on toolchain 1.99.0-beta.8
[INFO] running `Command { std: CARGO_HOME="/workspace/cargo-home" RUSTUP_HOME="/workspace/rustup-home" "/workspace/cargo-home/bin/cargo" "+1.99.0-beta.8" "metadata" "--manifest-path" "Cargo.toml" "--no-deps", kill_on_drop: false }`
[INFO] running `Command { std: CARGO_HOME="/workspace/cargo-home" RUSTUP_HOME="/workspace/rustup-home" "/workspace/cargo-home/bin/cargo" "+1.99.0-beta.8" "generate-lockfile" "--manifest-path" "Cargo.toml", kill_on_drop: false }`
[INFO] [stderr]     Updating crates.io index
[INFO] [stderr]      Locking 27 packages to highest compatible versions
[INFO] [stderr]       Adding serial_test v0.3.2 (available: v4.0.1)
[INFO] running `Command { std: CARGO_HOME="/workspace/cargo-home" RUSTUP_HOME="/workspace/rustup-home" "/workspace/cargo-home/bin/cargo" "+1.99.0-beta.8" "fetch" "--manifest-path" "Cargo.toml", kill_on_drop: false }`
[INFO] [stderr]  Downloading crates ...
[INFO] [stderr]   Downloaded serial_test v0.3.2
[INFO] [stderr]   Downloaded cql_model v0.2.0
[INFO] [stderr]   Downloaded serial_test_derive v0.3.2
[INFO] [stderr]   Downloaded cql_u64 v0.2.3
[INFO] running `Command { std: "docker" "create" "-v" "/var/lib/crater-agent-workspace/builds/worker-4-tc1/source:/opt/rustwide/workdir:ro,Z" "-v" "/var/lib/crater-agent-workspace/builds/worker-4-tc1/target:/opt/rustwide/target:rw,Z" "-v" "/var/lib/crater-agent-workspace/cargo-home:/opt/rustwide/cargo-home:ro,Z" "-v" "/var/lib/crater-agent-workspace/rustup-home:/opt/rustwide/rustup-home:ro,Z" "-m" "1610612736" "--network" "none" "ghcr.io/rust-lang/crates-build-env/linux@sha256:77db811e55d90add9212f6832c23229e3de5f1c1f9905e8cb07319ea15df73ac" "sleep" "infinity", kill_on_drop: false }`
[INFO] [stdout] 9fdd1b67c44146b71acdd4529a7a9ad5c65e2eea62a482fa9d8cbca8e84ea3f5
[INFO] running `Command { std: "docker" "start" "9fdd1b67c44146b71acdd4529a7a9ad5c65e2eea62a482fa9d8cbca8e84ea3f5", kill_on_drop: false }`
[INFO] running `Command { std: "docker" "inspect" "9fdd1b67c44146b71acdd4529a7a9ad5c65e2eea62a482fa9d8cbca8e84ea3f5", kill_on_drop: false }`
[INFO] running `Command { std: "docker" "exec" "-e" "SOURCE_DIR=/opt/rustwide/workdir" "-e" "CARGO_HOME=/opt/rustwide/cargo-home" "-e" "RUSTUP_HOME=/opt/rustwide/rustup-home" "-e" "CARGO_TARGET_DIR=/opt/rustwide/target" "-w" "/opt/rustwide/workdir" "--user" "0:0" "9fdd1b67c44146b71acdd4529a7a9ad5c65e2eea62a482fa9d8cbca8e84ea3f5" "/opt/rustwide/cargo-home/bin/cargo" "+1.99.0-beta.8" "metadata" "--no-deps" "--format-version=1", kill_on_drop: false }`
[INFO] running `Command { std: "docker" "inspect" "9fdd1b67c44146b71acdd4529a7a9ad5c65e2eea62a482fa9d8cbca8e84ea3f5", kill_on_drop: false }`
[INFO] running `Command { std: "docker" "exec" "-e" "SOURCE_DIR=/opt/rustwide/workdir" "-e" "CARGO_HOME=/opt/rustwide/cargo-home" "-e" "RUSTUP_HOME=/opt/rustwide/rustup-home" "-e" "CARGO_TARGET_DIR=/opt/rustwide/target" "-e" "CARGO_INCREMENTAL=0" "-e" "RUST_BACKTRACE=full" "-e" "RUSTFLAGS=--cap-lints=warn" "-e" "RUSTDOCFLAGS=--cap-lints=warn" "-w" "/opt/rustwide/workdir" "--user" "0:0" "9fdd1b67c44146b71acdd4529a7a9ad5c65e2eea62a482fa9d8cbca8e84ea3f5" "/opt/rustwide/cargo-home/bin/cargo" "+1.99.0-beta.8" "build" "--frozen" "--message-format=json" "--release", kill_on_drop: false }`
[INFO] [stderr]    Compiling cql_model v0.2.0
[INFO] [stderr]    Compiling cql_u64 v0.2.3
[INFO] [stderr]    Compiling cql_db v0.2.4 (/opt/rustwide/workdir)
[INFO] [stdout] warning: use of deprecated associated function `core::num::<impl u64>::max_value`: replaced by the `MAX` associated constant on this type
[INFO] [stdout]    --> src/lib.rs:412:23
[INFO] [stdout]     |
[INFO] [stdout] 412 |             max: u64::max_value() as usize - 1,
[INFO] [stdout]     |                       ^^^^^^^^^
[INFO] [stdout]     |
[INFO] [stdout]     = note: `#[warn(deprecated)]` on by default
[INFO] [stdout] 
[INFO] [stdout] 
[INFO] [stderr]     Finished `release` profile [optimized] target(s) in 0.70s
[INFO] running `Command { std: "docker" "inspect" "9fdd1b67c44146b71acdd4529a7a9ad5c65e2eea62a482fa9d8cbca8e84ea3f5", kill_on_drop: false }`
[INFO] running `Command { std: "docker" "exec" "-e" "SOURCE_DIR=/opt/rustwide/workdir" "-e" "CARGO_HOME=/opt/rustwide/cargo-home" "-e" "RUSTUP_HOME=/opt/rustwide/rustup-home" "-e" "CARGO_TARGET_DIR=/opt/rustwide/target" "-e" "CARGO_INCREMENTAL=0" "-e" "RUST_BACKTRACE=full" "-e" "RUSTFLAGS=--cap-lints=warn" "-e" "RUSTDOCFLAGS=--cap-lints=warn" "-w" "/opt/rustwide/workdir" "--user" "0:0" "9fdd1b67c44146b71acdd4529a7a9ad5c65e2eea62a482fa9d8cbca8e84ea3f5" "/opt/rustwide/cargo-home/bin/cargo" "+1.99.0-beta.8" "test" "--frozen" "--no-run" "--message-format=json" "--release", kill_on_drop: false }`
[INFO] [stderr]    Compiling syn v1.0.109
[INFO] [stderr]    Compiling parking_lot_core v0.6.3
[INFO] [stderr]    Compiling parking_lot v0.9.0
[INFO] [stderr]    Compiling lock_api v0.3.4
[INFO] [stderr]    Compiling smallvec v0.6.14
[INFO] [stdout] warning: use of deprecated associated function `core::num::<impl u64>::max_value`: replaced by the `MAX` associated constant on this type
[INFO] [stdout]    --> src/lib.rs:412:23
[INFO] [stdout]     |
[INFO] [stdout] 412 |             max: u64::max_value() as usize - 1,
[INFO] [stdout]     |                       ^^^^^^^^^
[INFO] [stdout]     |
[INFO] [stdout]     = note: `#[warn(deprecated)]` on by default
[INFO] [stdout] 
[INFO] [stdout] 
[INFO] [stderr]    Compiling serial_test_derive v0.3.2
[INFO] [stderr]    Compiling serial_test v0.3.2
[INFO] [stderr]    Compiling cql_db v0.2.4 (/opt/rustwide/workdir)
[INFO] [stdout] warning: use of deprecated associated function `core::num::<impl u64>::max_value`: replaced by the `MAX` associated constant on this type
[INFO] [stdout]    --> src/lib.rs:412:23
[INFO] [stdout]     |
[INFO] [stdout] 412 |             max: u64::max_value() as usize - 1,
[INFO] [stdout]     |                       ^^^^^^^^^
[INFO] [stdout]     |
[INFO] [stdout]     = note: `#[warn(deprecated)]` on by default
[INFO] [stdout] 
[INFO] [stdout] 
[INFO] [stdout] warning: use of deprecated associated function `core::num::<impl u64>::max_value`: replaced by the `MAX` associated constant on this type
[INFO] [stdout]   --> tests/create_db.rs:47:39
[INFO] [stdout]    |
[INFO] [stdout] 47 |         (db_dimensions.len(), 1, u64::max_value() as usize - 1)
[INFO] [stdout]    |                                       ^^^^^^^^^
[INFO] [stdout]    |
[INFO] [stdout]    = note: `#[warn(deprecated)]` on by default
[INFO] [stdout] 
[INFO] [stdout] 
[INFO] [stderr]     Finished `release` profile [optimized] target(s) in 8.81s
[INFO] running `Command { std: "docker" "inspect" "9fdd1b67c44146b71acdd4529a7a9ad5c65e2eea62a482fa9d8cbca8e84ea3f5", kill_on_drop: false }`
[INFO] running `Command { std: "docker" "exec" "-e" "SOURCE_DIR=/opt/rustwide/workdir" "-e" "CARGO_HOME=/opt/rustwide/cargo-home" "-e" "RUSTUP_HOME=/opt/rustwide/rustup-home" "-e" "CARGO_TARGET_DIR=/opt/rustwide/target" "-e" "CARGO_INCREMENTAL=0" "-e" "RUST_BACKTRACE=full" "-e" "RUSTFLAGS=--cap-lints=warn" "-e" "RUSTDOCFLAGS=--cap-lints=warn" "-w" "/opt/rustwide/workdir" "--user" "0:0" "9fdd1b67c44146b71acdd4529a7a9ad5c65e2eea62a482fa9d8cbca8e84ea3f5" "/opt/rustwide/cargo-home/bin/cargo" "+1.99.0-beta.8" "test" "--frozen" "--release", kill_on_drop: false }`
[INFO] [stderr] warning: use of deprecated associated function `core::num::<impl u64>::max_value`: replaced by the `MAX` associated constant on this type
[INFO] [stderr]    --> src/lib.rs:412:23
[INFO] [stderr]     |
[INFO] [stderr] 412 |             max: u64::max_value() as usize - 1,
[INFO] [stderr]     |                       ^^^^^^^^^
[INFO] [stderr]     |
[INFO] [stderr]     = note: `#[warn(deprecated)]` on by default
[INFO] [stderr] 
[INFO] [stderr] warning: `cql_db` (lib) generated 1 warning
[INFO] [stderr] warning: use of deprecated associated function `core::num::<impl u64>::max_value`: replaced by the `MAX` associated constant on this type
[INFO] [stderr]   --> tests/create_db.rs:47:39
[INFO] [stderr]    |
[INFO] [stderr] 47 |         (db_dimensions.len(), 1, u64::max_value() as usize - 1)
[INFO] [stderr]    |                                       ^^^^^^^^^
[INFO] [stderr]    |
[INFO] [stderr]    = note: `#[warn(deprecated)]` on by default
[INFO] [stderr] 
[INFO] [stderr] warning: `cql_db` (test "create_db") generated 1 warning
[INFO] [stderr] warning: `cql_db` (lib test) generated 1 warning (1 duplicate)
[INFO] [stderr]     Finished `release` profile [optimized] target(s) in 0.05s
[INFO] [stderr]      Running unittests src/lib.rs (/opt/rustwide/target/release/deps/cql_db-e3940cca4dd9a337)
[INFO] [stdout] 
[INFO] [stdout] running 0 tests
[INFO] [stdout] 
[INFO] [stdout] test result: ok. 0 passed; 0 failed; 0 ignored; 0 measured; 0 filtered out; finished in 0.00s
[INFO] [stdout] 
[INFO] [stderr]      Running tests/constants.rs (/opt/rustwide/target/release/deps/constants-0b87616df76b6171)
[INFO] [stdout] 
[INFO] [stdout] running 0 tests
[INFO] [stdout] 
[INFO] [stdout] test result: ok. 0 passed; 0 failed; 0 ignored; 0 measured; 0 filtered out; finished in 0.00s
[INFO] [stdout] 
[INFO] [stderr]      Running tests/create_db.rs (/opt/rustwide/target/release/deps/create_db-5015c15fb22dae6c)
[INFO] [stdout] 
[INFO] [stdout] running 12 tests
[INFO] [stdout] test create_db__returns_DimensionTooSmallError__given_1D_definition_with_capacity_0 ... ok
[INFO] [stdout] test create_db__returns_I0_AlreadyExists__given_3D_definition_and_db_already_exists ... FAILED
[INFO] [stdout] test create_db_unchecked__creates_db__given_1D_definition ... FAILED
[INFO] [stdout] test create_db_unchecked__panics__given_0D_definition - should panic ... ok
[INFO] [stdout] test create_db__returns_InsufficientDimensionsError__given_0D_definition ... ok
[INFO] [stdout] test create_db__returns_DimensionTooSmallError__given_3D_definition_with_capacity_0_1_1 ... ok
[INFO] [stdout] test create_db__returns_I0_AlreadyExists__given_1D_definition_and_db_already_exists ... FAILED
[INFO] [stdout] test create_db__returns_DimensionTooSmallError__given_3D_definition_with_capacity_1_1_0 ... ok
[INFO] [stdout] test create_db__creates_db__given_1D_definition ... FAILED
[INFO] [stdout] test create_db__creates_db__given_3D_definition ... FAILED
[INFO] [stdout] test create_db__returns_DimensionTooSmallError__given_3D_definition_with_capacity_1_0_1 ... ok
[INFO] [stdout] test create_db_unchecked__creates_db__given_3D_definition ... FAILED
[INFO] [stdout] 
[INFO] [stdout] failures:
[INFO] [stdout] 
[INFO] [stdout] ---- create_db__returns_I0_AlreadyExists__given_3D_definition_and_db_already_exists stdout ----
[INFO] [stdout] 
[INFO] [stdout] thread 'create_db__returns_I0_AlreadyExists__given_3D_definition_and_db_already_exists' (504) panicked at tests/create_db.rs:212:7:
[INFO] [stdout] called `Result::unwrap()` on an `Err` value: Io(Os { code: 2, kind: NotFound, message: "No such file or directory" })
[INFO] [stdout] stack backtrace:
[INFO] [stdout]    0:     0x572971f22ab1 - <<std[70759c8f55707aa4]::sys::backtrace::BacktraceLock>::print::DisplayBacktrace as core[df12db4294e9bfd3]::fmt::Display>::fmt
[INFO] [stdout]    1:     0x572971f36fda - core[df12db4294e9bfd3]::fmt::write
[INFO] [stdout]    2:     0x572971f2703c - <alloc[2182bb758b4b3781]::vec::Vec<u8> as core[df12db4294e9bfd3]::io::write::Write>::write_fmt
[INFO] [stdout]    3:     0x572971efeee6 - std[70759c8f55707aa4]::panicking::default_hook::{closure#0}
[INFO] [stdout]    4:     0x572971f1b139 - std[70759c8f55707aa4]::panicking::default_hook
[INFO] [stdout]    5:     0x572971eb3940 - test[9d35eded1c95d3be]::test_main_inner::<test[9d35eded1c95d3be]::test_main_static::{closure#0}>::{closure#0}
[INFO] [stdout]    6:     0x572971f1b2f2 - std[70759c8f55707aa4]::panicking::panic_with_hook
[INFO] [stdout]    7:     0x572971efef92 - std[70759c8f55707aa4]::panicking::panic_handler::{closure#0}
[INFO] [stdout]    8:     0x572971ef7c69 - std[70759c8f55707aa4]::sys::backtrace::__rust_end_short_backtrace::<std[70759c8f55707aa4]::panicking::panic_handler::{closure#0}, !>
[INFO] [stdout]    9:     0x572971effb8d - __rustc[8fa7c3cbc660c2b3]::rust_begin_unwind
[INFO] [stdout]   10:     0x572971f3770c - core[df12db4294e9bfd3]::panicking::panic_fmt
[INFO] [stdout]   11:     0x572971f374e2 - core[df12db4294e9bfd3]::result::unwrap_failed
[INFO] [stdout]   12:     0x572971ea6b72 - <create_db[3e9d97732bc413d9]::create_db__returns_I0_AlreadyExists__given_3D_definition_and_db_already_exists::{closure#0} as core[df12db4294e9bfd3]::ops::function::FnOnce<()>>::call_once
[INFO] [stdout]   13:     0x572971ee8b22 - serial_test[3dd7ebbafbd69d78]::serial_core
[INFO] [stdout]   14:     0x572971ea6508 - <create_db[3e9d97732bc413d9]::create_db__returns_I0_AlreadyExists__given_3D_definition_and_db_already_exists::{closure#0} as core[df12db4294e9bfd3]::ops::function::FnOnce<()>>::call_once
[INFO] [stdout]   15:     0x572971ea6c2b - test[9d35eded1c95d3be]::__rust_begin_short_backtrace::<core[df12db4294e9bfd3]::result::Result<(), alloc[2182bb758b4b3781]::string::String>, fn() -> core[df12db4294e9bfd3]::result::Result<(), alloc[2182bb758b4b3781]::string::String>>
[INFO] [stdout]   16:     0x572971eb4295 - test[9d35eded1c95d3be]::run_test::{closure#0}
[INFO] [stdout]   17:     0x572971eadb54 - std[70759c8f55707aa4]::sys::backtrace::__rust_begin_short_backtrace::<test[9d35eded1c95d3be]::run_test::{closure#1}, ()>
[INFO] [stdout]   18:     0x572971eb73f2 - <std[70759c8f55707aa4]::thread::lifecycle::spawn_unchecked<test[9d35eded1c95d3be]::run_test::{closure#1}, ()>::{closure#1} as core[df12db4294e9bfd3]::ops::function::FnOnce<()>>::call_once::{shim:vtable#0}
[INFO] [stdout]   19:     0x572971f22389 - <std[70759c8f55707aa4]::sys::thread::unix::Thread>::new::thread_start
[INFO] [stdout]   20:     0x7531830e9dfa - <unknown>
[INFO] [stdout]   21:     0x75318317d3d4 - clone
[INFO] [stdout]   22:                0x0 - <unknown>
[INFO] [stdout] 
[INFO] [stdout] ---- create_db_unchecked__creates_db__given_1D_definition stdout ----
[INFO] [stdout] 
[INFO] [stdout] thread 'create_db_unchecked__creates_db__given_1D_definition' (506) panicked at tests/create_db.rs:77:7:
[INFO] [stdout] called `Result::unwrap()` on an `Err` value: Os { code: 2, kind: NotFound, message: "No such file or directory" }
[INFO] [stdout] stack backtrace:
[INFO] [stdout]    0:     0x572971f22ab1 - <<std[70759c8f55707aa4]::sys::backtrace::BacktraceLock>::print::DisplayBacktrace as core[df12db4294e9bfd3]::fmt::Display>::fmt
[INFO] [stdout]    1:     0x572971f36fda - core[df12db4294e9bfd3]::fmt::write
[INFO] [stdout]    2:     0x572971f2703c - <alloc[2182bb758b4b3781]::vec::Vec<u8> as core[df12db4294e9bfd3]::io::write::Write>::write_fmt
[INFO] [stdout]    3:     0x572971efeee6 - std[70759c8f55707aa4]::panicking::default_hook::{closure#0}
[INFO] [stdout]    4:     0x572971f1b139 - std[70759c8f55707aa4]::panicking::default_hook
[INFO] [stdout]    5:     0x572971eb3940 - test[9d35eded1c95d3be]::test_main_inner::<test[9d35eded1c95d3be]::test_main_static::{closure#0}>::{closure#0}
[INFO] [stdout]    6:     0x572971f1b2f2 - std[70759c8f55707aa4]::panicking::panic_with_hook
[INFO] [stdout]    7:     0x572971efef92 - std[70759c8f55707aa4]::panicking::panic_handler::{closure#0}
[INFO] [stdout]    8:     0x572971ef7c69 - std[70759c8f55707aa4]::sys::backtrace::__rust_end_short_backtrace::<std[70759c8f55707aa4]::panicking::panic_handler::{closure#0}, !>
[INFO] [stdout]    9:     0x572971effb8d - __rustc[8fa7c3cbc660c2b3]::rust_begin_unwind
[INFO] [stdout]   10:     0x572971f3770c - core[df12db4294e9bfd3]::panicking::panic_fmt
[INFO] [stdout]   11:     0x572971f374e2 - core[df12db4294e9bfd3]::result::unwrap_failed
[INFO] [stdout]   12:     0x572971ea67bd - <create_db[3e9d97732bc413d9]::create_db_unchecked__creates_db__given_1D_definition::{closure#0} as core[df12db4294e9bfd3]::ops::function::FnOnce<()>>::call_once
[INFO] [stdout]   13:     0x572971ee8b22 - serial_test[3dd7ebbafbd69d78]::serial_core
[INFO] [stdout]   14:     0x572971ea6448 - <create_db[3e9d97732bc413d9]::create_db_unchecked__creates_db__given_1D_definition::{closure#0} as core[df12db4294e9bfd3]::ops::function::FnOnce<()>>::call_once
[INFO] [stdout]   15:     0x572971ea6c2b - test[9d35eded1c95d3be]::__rust_begin_short_backtrace::<core[df12db4294e9bfd3]::result::Result<(), alloc[2182bb758b4b3781]::string::String>, fn() -> core[df12db4294e9bfd3]::result::Result<(), alloc[2182bb758b4b3781]::string::String>>
[INFO] [stdout]   16:     0x572971eb4295 - test[9d35eded1c95d3be]::run_test::{closure#0}
[INFO] [stdout]   17:     0x572971eadb54 - std[70759c8f55707aa4]::sys::backtrace::__rust_begin_short_backtrace::<test[9d35eded1c95d3be]::run_test::{closure#1}, ()>
[INFO] [stdout]   18:     0x572971eb73f2 - <std[70759c8f55707aa4]::thread::lifecycle::spawn_unchecked<test[9d35eded1c95d3be]::run_test::{closure#1}, ()>::{closure#1} as core[df12db4294e9bfd3]::ops::function::FnOnce<()>>::call_once::{shim:vtable#0}
[INFO] [stdout]   19:     0x572971f22389 - <std[70759c8f55707aa4]::sys::thread::unix::Thread>::new::thread_start
[INFO] [stdout]   20:     0x7531830e9dfa - <unknown>
[INFO] [stdout]   21:     0x75318317d3d4 - clone
[INFO] [stdout]   22:                0x0 - <unknown>
[INFO] [stdout] 
[INFO] [stdout] ---- create_db__returns_I0_AlreadyExists__given_1D_definition_and_db_already_exists stdout ----
[INFO] [stdout] 
[INFO] [stdout] thread 'create_db__returns_I0_AlreadyExists__given_1D_definition_and_db_already_exists' (503) panicked at tests/create_db.rs:99:7:
[INFO] [stdout] called `Result::unwrap()` on an `Err` value: Io(Os { code: 2, kind: NotFound, message: "No such file or directory" })
[INFO] [stdout] stack backtrace:
[INFO] [stdout]    0:     0x572971f22ab1 - <<std[70759c8f55707aa4]::sys::backtrace::BacktraceLock>::print::DisplayBacktrace as core[df12db4294e9bfd3]::fmt::Display>::fmt
[INFO] [stdout]    1:     0x572971f36fda - core[df12db4294e9bfd3]::fmt::write
[INFO] [stdout]    2:     0x572971f2703c - <alloc[2182bb758b4b3781]::vec::Vec<u8> as core[df12db4294e9bfd3]::io::write::Write>::write_fmt
[INFO] [stdout]    3:     0x572971efeee6 - std[70759c8f55707aa4]::panicking::default_hook::{closure#0}
[INFO] [stdout]    4:     0x572971f1b139 - std[70759c8f55707aa4]::panicking::default_hook
[INFO] [stdout]    5:     0x572971eb3940 - test[9d35eded1c95d3be]::test_main_inner::<test[9d35eded1c95d3be]::test_main_static::{closure#0}>::{closure#0}
[INFO] [stdout]    6:     0x572971f1b2f2 - std[70759c8f55707aa4]::panicking::panic_with_hook
[INFO] [stdout]    7:     0x572971efef92 - std[70759c8f55707aa4]::panicking::panic_handler::{closure#0}
[INFO] [stdout]    8:     0x572971ef7c69 - std[70759c8f55707aa4]::sys::backtrace::__rust_end_short_backtrace::<std[70759c8f55707aa4]::panicking::panic_handler::{closure#0}, !>
[INFO] [stdout]    9:     0x572971effb8d - __rustc[8fa7c3cbc660c2b3]::rust_begin_unwind
[INFO] [stdout]   10:     0x572971f3770c - core[df12db4294e9bfd3]::panicking::panic_fmt
[INFO] [stdout]   11:     0x572971f374e2 - core[df12db4294e9bfd3]::result::unwrap_failed
[INFO] [stdout]   12:     0x572971ea6975 - <create_db[3e9d97732bc413d9]::create_db__returns_I0_AlreadyExists__given_1D_definition_and_db_already_exists::{closure#0} as core[df12db4294e9bfd3]::ops::function::FnOnce<()>>::call_once
[INFO] [stdout]   13:     0x572971ee8b22 - serial_test[3dd7ebbafbd69d78]::serial_core
[INFO] [stdout]   14:     0x572971ea64d8 - <create_db[3e9d97732bc413d9]::create_db__returns_I0_AlreadyExists__given_1D_definition_and_db_already_exists::{closure#0} as core[df12db4294e9bfd3]::ops::function::FnOnce<()>>::call_once
[INFO] [stdout]   15:     0x572971ea6c2b - test[9d35eded1c95d3be]::__rust_begin_short_backtrace::<core[df12db4294e9bfd3]::result::Result<(), alloc[2182bb758b4b3781]::string::String>, fn() -> core[df12db4294e9bfd3]::result::Result<(), alloc[2182bb758b4b3781]::string::String>>
[INFO] [stdout]   16:     0x572971eb4295 - test[9d35eded1c95d3be]::run_test::{closure#0}
[INFO] [stdout]   17:     0x572971eadb54 - std[70759c8f55707aa4]::sys::backtrace::__rust_begin_short_backtrace::<test[9d35eded1c95d3be]::run_test::{closure#1}, ()>
[INFO] [stdout]   18:     0x572971eb73f2 - <std[70759c8f55707aa4]::thread::lifecycle::spawn_unchecked<test[9d35eded1c95d3be]::run_test::{closure#1}, ()>::{closure#1} as core[df12db4294e9bfd3]::ops::function::FnOnce<()>>::call_once::{shim:vtable#0}
[INFO] [stdout]   19:     0x572971f22389 - <std[70759c8f55707aa4]::sys::thread::unix::Thread>::new::thread_start
[INFO] [stdout]   20:     0x7531830e9dfa - <unknown>
[INFO] [stdout]   21:     0x75318317d3d4 - clone
[INFO] [stdout]   22:                0x0 - <unknown>
[INFO] [stdout] 
[INFO] [stdout] ---- create_db__creates_db__given_1D_definition stdout ----
[INFO] [stdout] 
[INFO] [stdout] thread 'create_db__creates_db__given_1D_definition' (497) panicked at tests/create_db.rs:88:7:
[INFO] [stdout] called `Result::unwrap()` on an `Err` value: Io(Os { code: 2, kind: NotFound, message: "No such file or directory" })
[INFO] [stdout] stack backtrace:
[INFO] [stdout]    0:     0x572971f22ab1 - <<std[70759c8f55707aa4]::sys::backtrace::BacktraceLock>::print::DisplayBacktrace as core[df12db4294e9bfd3]::fmt::Display>::fmt
[INFO] [stdout]    1:     0x572971f36fda - core[df12db4294e9bfd3]::fmt::write
[INFO] [stdout]    2:     0x572971f2703c - <alloc[2182bb758b4b3781]::vec::Vec<u8> as core[df12db4294e9bfd3]::io::write::Write>::write_fmt
[INFO] [stdout]    3:     0x572971efeee6 - std[70759c8f55707aa4]::panicking::default_hook::{closure#0}
[INFO] [stdout]    4:     0x572971f1b139 - std[70759c8f55707aa4]::panicking::default_hook
[INFO] [stdout]    5:     0x572971eb3940 - test[9d35eded1c95d3be]::test_main_inner::<test[9d35eded1c95d3be]::test_main_static::{closure#0}>::{closure#0}
[INFO] [stdout]    6:     0x572971f1b2f2 - std[70759c8f55707aa4]::panicking::panic_with_hook
[INFO] [stdout]    7:     0x572971efef92 - std[70759c8f55707aa4]::panicking::panic_handler::{closure#0}
[INFO] [stdout]    8:     0x572971ef7c69 - std[70759c8f55707aa4]::sys::backtrace::__rust_end_short_backtrace::<std[70759c8f55707aa4]::panicking::panic_handler::{closure#0}, !>
[INFO] [stdout]    9:     0x572971effb8d - __rustc[8fa7c3cbc660c2b3]::rust_begin_unwind
[INFO] [stdout]   10:     0x572971f3770c - core[df12db4294e9bfd3]::panicking::panic_fmt
[INFO] [stdout]   11:     0x572971f374e2 - core[df12db4294e9bfd3]::result::unwrap_failed
[INFO] [stdout]   12:     0x572971ea6590 - <create_db[3e9d97732bc413d9]::create_db__creates_db__given_1D_definition::{closure#0} as core[df12db4294e9bfd3]::ops::function::FnOnce<()>>::call_once
[INFO] [stdout]   13:     0x572971ee8b22 - serial_test[3dd7ebbafbd69d78]::serial_core
[INFO] [stdout]   14:     0x572971ea63b8 - <create_db[3e9d97732bc413d9]::create_db__creates_db__given_1D_definition::{closure#0} as core[df12db4294e9bfd3]::ops::function::FnOnce<()>>::call_once
[INFO] [stdout]   15:     0x572971ea6c2b - test[9d35eded1c95d3be]::__rust_begin_short_backtrace::<core[df12db4294e9bfd3]::result::Result<(), alloc[2182bb758b4b3781]::string::String>, fn() -> core[df12db4294e9bfd3]::result::Result<(), alloc[2182bb758b4b3781]::string::String>>
[INFO] [stdout]   16:     0x572971eb4295 - test[9d35eded1c95d3be]::run_test::{closure#0}
[INFO] [stdout]   17:     0x572971eadb54 - std[70759c8f55707aa4]::sys::backtrace::__rust_begin_short_backtrace::<test[9d35eded1c95d3be]::run_test::{closure#1}, ()>
[INFO] [stdout]   18:     0x572971eb73f2 - <std[70759c8f55707aa4]::thread::lifecycle::spawn_unchecked<test[9d35eded1c95d3be]::run_test::{closure#1}, ()>::{closure#1} as core[df12db4294e9bfd3]::ops::function::FnOnce<()>>::call_once::{shim:vtable#0}
[INFO] [stdout]   19:     0x572971f22389 - <std[70759c8f55707aa4]::sys::thread::unix::Thread>::new::thread_start
[INFO] [stdout]   20:     0x7531830e9dfa - <unknown>
[INFO] [stdout]   21:     0x75318317d3d4 - clone
[INFO] [stdout]   22:                0x0 - <unknown>
[INFO] [stdout] 
[INFO] [stdout] ---- create_db__creates_db__given_3D_definition stdout ----
[INFO] [stdout] 
[INFO] [stdout] thread 'create_db__creates_db__given_3D_definition' (498) panicked at tests/create_db.rs:200:7:
[INFO] [stdout] called `Result::unwrap()` on an `Err` value: Io(Os { code: 2, kind: NotFound, message: "No such file or directory" })
[INFO] [stdout] stack backtrace:
[INFO] [stdout]    0:     0x572971f22ab1 - <<std[70759c8f55707aa4]::sys::backtrace::BacktraceLock>::print::DisplayBacktrace as core[df12db4294e9bfd3]::fmt::Display>::fmt
[INFO] [stdout]    1:     0x572971f36fda - core[df12db4294e9bfd3]::fmt::write
[INFO] [stdout]    2:     0x572971f2703c - <alloc[2182bb758b4b3781]::vec::Vec<u8> as core[df12db4294e9bfd3]::io::write::Write>::write_fmt
[INFO] [stdout]    3:     0x572971efeee6 - std[70759c8f55707aa4]::panicking::default_hook::{closure#0}
[INFO] [stdout]    4:     0x572971f1b139 - std[70759c8f55707aa4]::panicking::default_hook
[INFO] [stdout]    5:     0x572971eb3940 - test[9d35eded1c95d3be]::test_main_inner::<test[9d35eded1c95d3be]::test_main_static::{closure#0}>::{closure#0}
[INFO] [stdout]    6:     0x572971f1b2f2 - std[70759c8f55707aa4]::panicking::panic_with_hook
[INFO] [stdout]    7:     0x572971efef92 - std[70759c8f55707aa4]::panicking::panic_handler::{closure#0}
[INFO] [stdout]    8:     0x572971ef7c69 - std[70759c8f55707aa4]::sys::backtrace::__rust_end_short_backtrace::<std[70759c8f55707aa4]::panicking::panic_handler::{closure#0}, !>
[INFO] [stdout]    9:     0x572971effb8d - __rustc[8fa7c3cbc660c2b3]::rust_begin_unwind
[INFO] [stdout]   10:     0x572971f3770c - core[df12db4294e9bfd3]::panicking::panic_fmt
[INFO] [stdout]   11:     0x572971f374e2 - core[df12db4294e9bfd3]::result::unwrap_failed
[INFO] [stdout]   12:     0x572971ea66c1 - <create_db[3e9d97732bc413d9]::create_db__creates_db__given_3D_definition::{closure#0} as core[df12db4294e9bfd3]::ops::function::FnOnce<()>>::call_once
[INFO] [stdout]   13:     0x572971ee8b22 - serial_test[3dd7ebbafbd69d78]::serial_core
[INFO] [stdout]   14:     0x572971ea63e8 - <create_db[3e9d97732bc413d9]::create_db__creates_db__given_3D_definition::{closure#0} as core[df12db4294e9bfd3]::ops::function::FnOnce<()>>::call_once
[INFO] [stdout]   15:     0x572971ea6c2b - test[9d35eded1c95d3be]::__rust_begin_short_backtrace::<core[df12db4294e9bfd3]::result::Result<(), alloc[2182bb758b4b3781]::string::String>, fn() -> core[df12db4294e9bfd3]::result::Result<(), alloc[2182bb758b4b3781]::string::String>>
[INFO] [stdout]   16:     0x572971eb4295 - test[9d35eded1c95d3be]::run_test::{closure#0}
[INFO] [stdout]   17:     0x572971eadb54 - std[70759c8f55707aa4]::sys::backtrace::__rust_begin_short_backtrace::<test[9d35eded1c95d3be]::run_test::{closure#1}, ()>
[INFO] [stdout]   18:     0x572971eb73f2 - <std[70759c8f55707aa4]::thread::lifecycle::spawn_unchecked<test[9d35eded1c95d3be]::run_test::{closure#1}, ()>::{closure#1} as core[df12db4294e9bfd3]::ops::function::FnOnce<()>>::call_once::{shim:vtable#0}
[INFO] [stdout]   19:     0x572971f22389 - <std[70759c8f55707aa4]::sys::thread::unix::Thread>::new::thread_start
[INFO] [stdout]   20:     0x7531830e9dfa - <unknown>
[INFO] [stdout]   21:     0x75318317d3d4 - clone
[INFO] [stdout]   22:                0x0 - <unknown>
[INFO] [stdout] 
[INFO] [stdout] ---- create_db_unchecked__creates_db__given_3D_definition stdout ----
[INFO] [stdout] 
[INFO] [stdout] thread 'create_db_unchecked__creates_db__given_3D_definition' (507) panicked at tests/create_db.rs:188:7:
[INFO] [stdout] called `Result::unwrap()` on an `Err` value: Os { code: 2, kind: NotFound, message: "No such file or directory" }
[INFO] [stdout] stack backtrace:
[INFO] [stdout]    0:     0x572971f22ab1 - <<std[70759c8f55707aa4]::sys::backtrace::BacktraceLock>::print::DisplayBacktrace as core[df12db4294e9bfd3]::fmt::Display>::fmt
[INFO] [stdout]    1:     0x572971f36fda - core[df12db4294e9bfd3]::fmt::write
[INFO] [stdout]    2:     0x572971f2703c - <alloc[2182bb758b4b3781]::vec::Vec<u8> as core[df12db4294e9bfd3]::io::write::Write>::write_fmt
[INFO] [stdout]    3:     0x572971efeee6 - std[70759c8f55707aa4]::panicking::default_hook::{closure#0}
[INFO] [stdout]    4:     0x572971f1b139 - std[70759c8f55707aa4]::panicking::default_hook
[INFO] [stdout]    5:     0x572971eb3940 - test[9d35eded1c95d3be]::test_main_inner::<test[9d35eded1c95d3be]::test_main_static::{closure#0}>::{closure#0}
[INFO] [stdout]    6:     0x572971f1b2f2 - std[70759c8f55707aa4]::panicking::panic_with_hook
[INFO] [stdout]    7:     0x572971efef92 - std[70759c8f55707aa4]::panicking::panic_handler::{closure#0}
[INFO] [stdout]    8:     0x572971ef7c69 - std[70759c8f55707aa4]::sys::backtrace::__rust_end_short_backtrace::<std[70759c8f55707aa4]::panicking::panic_handler::{closure#0}, !>
[INFO] [stdout]    9:     0x572971effb8d - __rustc[8fa7c3cbc660c2b3]::rust_begin_unwind
[INFO] [stdout]   10:     0x572971f3770c - core[df12db4294e9bfd3]::panicking::panic_fmt
[INFO] [stdout]   11:     0x572971f374e2 - core[df12db4294e9bfd3]::result::unwrap_failed
[INFO] [stdout]   12:     0x572971ea682d - <create_db[3e9d97732bc413d9]::create_db_unchecked__creates_db__given_3D_definition::{closure#0} as core[df12db4294e9bfd3]::ops::function::FnOnce<()>>::call_once
[INFO] [stdout]   13:     0x572971ee8b22 - serial_test[3dd7ebbafbd69d78]::serial_core
[INFO] [stdout]   14:     0x572971ea6478 - <create_db[3e9d97732bc413d9]::create_db_unchecked__creates_db__given_3D_definition::{closure#0} as core[df12db4294e9bfd3]::ops::function::FnOnce<()>>::call_once
[INFO] [stdout]   15:     0x572971ea6c2b - test[9d35eded1c95d3be]::__rust_begin_short_backtrace::<core[df12db4294e9bfd3]::result::Result<(), alloc[2182bb758b4b3781]::string::String>, fn() -> core[df12db4294e9bfd3]::result::Result<(), alloc[2182bb758b4b3781]::string::String>>
[INFO] [stdout]   16:     0x572971eb4295 - test[9d35eded1c95d3be]::run_test::{closure#0}
[INFO] [stdout]   17:     0x572971eadb54 - std[70759c8f55707aa4]::sys::backtrace::__rust_begin_short_backtrace::<test[9d35eded1c95d3be]::run_test::{closure#1}, ()>
[INFO] [stdout]   18:     0x572971eb73f2 - <std[70759c8f55707aa4]::thread::lifecycle::spawn_unchecked<test[9d35eded1c95d3be]::run_test::{closure#1}, ()>::{closure#1} as core[df12db4294e9bfd3]::ops::function::FnOnce<()>>::call_once::{shim:vtable#0}
[INFO] [stdout]   19:     0x572971f22389 - <std[70759c8f55707aa4]::sys::thread::unix::Thread>::new::thread_start
[INFO] [stdout]   20:     0x7531830e9dfa - <unknown>
[INFO] [stdout]   21:     0x75318317d3d4 - clone
[INFO] [stdout]   22:                0x0 - <unknown>
[INFO] [stdout] 
[INFO] [stdout] 
[INFO] [stdout] failures:
[INFO] [stdout]     create_db__creates_db__given_1D_definition
[INFO] [stdout]     create_db__creates_db__given_3D_definition
[INFO] [stdout]     create_db__returns_I0_AlreadyExists__given_1D_definition_and_db_already_exists
[INFO] [stdout]     create_db__returns_I0_AlreadyExists__given_3D_definition_and_db_already_exists
[INFO] [stdout]     create_db_unchecked__creates_db__given_1D_definition
[INFO] [stdout]     create_db_unchecked__creates_db__given_3D_definition
[INFO] [stdout] 
[INFO] [stdout] test result: FAILED. 6 passed; 6 failed; 0 ignored; 0 measured; 0 filtered out; finished in 0.01s
[INFO] [stdout] 
[INFO] [stderr] error: test failed, to rerun pass `--test create_db`
[INFO] running `Command { std: "docker" "inspect" "9fdd1b67c44146b71acdd4529a7a9ad5c65e2eea62a482fa9d8cbca8e84ea3f5", kill_on_drop: false }`
[INFO] running `Command { std: "docker" "rm" "-f" "9fdd1b67c44146b71acdd4529a7a9ad5c65e2eea62a482fa9d8cbca8e84ea3f5", kill_on_drop: false }`
[INFO] [stdout] 9fdd1b67c44146b71acdd4529a7a9ad5c65e2eea62a482fa9d8cbca8e84ea3f5
