[INFO] fetching crate cqdb 0.7.0...
[INFO] testing cqdb-0.7.0 against 1.100.0-beta.1+cargoflags=--release for beta-release-1.100-2
[INFO] extracting crate cqdb 0.7.0 into /workspace/builds/worker-4-tc2/source
[INFO] started tweaking crates.io crate cqdb 0.7.0
[INFO] removed 0 missing tests
[INFO] finished tweaking crates.io crate cqdb 0.7.0
[INFO] tweaked toml for crates.io crate cqdb 0.7.0 written to /workspace/builds/worker-4-tc2/source/Cargo.toml
[INFO] validating manifest of crates.io crate cqdb 0.7.0 on toolchain 1.100.0-beta.1
[INFO] running `Command { std: CARGO_HOME="/workspace/cargo-home" RUSTUP_HOME="/workspace/rustup-home" "/workspace/cargo-home/bin/cargo" "+1.100.0-beta.1" "metadata" "--manifest-path" "Cargo.toml" "--no-deps", kill_on_drop: false }`
[INFO] crate crates.io crate cqdb 0.7.0 already has a lockfile, it will not be regenerated
[INFO] running `Command { std: CARGO_HOME="/workspace/cargo-home" RUSTUP_HOME="/workspace/rustup-home" "/workspace/cargo-home/bin/cargo" "+1.100.0-beta.1" "fetch" "--manifest-path" "Cargo.toml", kill_on_drop: false }`
[INFO] running `Command { std: "docker" "create" "-v" "/var/lib/crater-agent-workspace/builds/worker-4-tc2/source:/opt/rustwide/workdir:ro,Z" "-v" "/var/lib/crater-agent-workspace/builds/worker-4-tc2/target:/opt/rustwide/target:rw,Z" "-v" "/var/lib/crater-agent-workspace/cargo-home:/opt/rustwide/cargo-home:ro,Z" "-v" "/var/lib/crater-agent-workspace/rustup-home:/opt/rustwide/rustup-home:ro,Z" "-m" "1610612736" "--network" "none" "ghcr.io/rust-lang/crates-build-env/linux@sha256:77db811e55d90add9212f6832c23229e3de5f1c1f9905e8cb07319ea15df73ac" "sleep" "infinity", kill_on_drop: false }`
[INFO] [stdout] 4977ff22b18a6df4783cef6807084ced412f13fced380f746b212aebb10bf987
[INFO] running `Command { std: "docker" "start" "4977ff22b18a6df4783cef6807084ced412f13fced380f746b212aebb10bf987", kill_on_drop: false }`
[INFO] running `Command { std: "docker" "inspect" "4977ff22b18a6df4783cef6807084ced412f13fced380f746b212aebb10bf987", kill_on_drop: false }`
[INFO] running `Command { std: "docker" "exec" "-e" "SOURCE_DIR=/opt/rustwide/workdir" "-e" "CARGO_HOME=/opt/rustwide/cargo-home" "-e" "RUSTUP_HOME=/opt/rustwide/rustup-home" "-e" "CARGO_TARGET_DIR=/opt/rustwide/target" "-w" "/opt/rustwide/workdir" "--user" "0:0" "4977ff22b18a6df4783cef6807084ced412f13fced380f746b212aebb10bf987" "/opt/rustwide/cargo-home/bin/cargo" "+1.100.0-beta.1" "metadata" "--no-deps" "--format-version=1", kill_on_drop: false }`
[INFO] running `Command { std: "docker" "inspect" "4977ff22b18a6df4783cef6807084ced412f13fced380f746b212aebb10bf987", kill_on_drop: false }`
[INFO] running `Command { std: "docker" "exec" "-e" "SOURCE_DIR=/opt/rustwide/workdir" "-e" "CARGO_HOME=/opt/rustwide/cargo-home" "-e" "RUSTUP_HOME=/opt/rustwide/rustup-home" "-e" "CARGO_TARGET_DIR=/opt/rustwide/target" "-e" "CARGO_INCREMENTAL=0" "-e" "RUST_BACKTRACE=full" "-e" "RUSTFLAGS=--cap-lints=warn" "-e" "RUSTDOCFLAGS=--cap-lints=warn" "-w" "/opt/rustwide/workdir" "--user" "0:0" "4977ff22b18a6df4783cef6807084ced412f13fced380f746b212aebb10bf987" "/opt/rustwide/cargo-home/bin/cargo" "+1.100.0-beta.1" "build" "--frozen" "--message-format=json" "--release", kill_on_drop: false }`
[INFO] [stderr]    Compiling bstr v1.12.1
[INFO] [stderr]    Compiling cqdb v0.7.0 (/opt/rustwide/workdir)
[INFO] [stderr]     Finished `release` profile [optimized] target(s) in 1.05s
[INFO] running `Command { std: "docker" "inspect" "4977ff22b18a6df4783cef6807084ced412f13fced380f746b212aebb10bf987", kill_on_drop: false }`
[INFO] running `Command { std: "docker" "exec" "-e" "SOURCE_DIR=/opt/rustwide/workdir" "-e" "CARGO_HOME=/opt/rustwide/cargo-home" "-e" "RUSTUP_HOME=/opt/rustwide/rustup-home" "-e" "CARGO_TARGET_DIR=/opt/rustwide/target" "-e" "CARGO_INCREMENTAL=0" "-e" "RUST_BACKTRACE=full" "-e" "RUSTFLAGS=--cap-lints=warn" "-e" "RUSTDOCFLAGS=--cap-lints=warn" "-w" "/opt/rustwide/workdir" "--user" "0:0" "4977ff22b18a6df4783cef6807084ced412f13fced380f746b212aebb10bf987" "/opt/rustwide/cargo-home/bin/cargo" "+1.100.0-beta.1" "test" "--frozen" "--no-run" "--message-format=json" "--release", kill_on_drop: false }`
[INFO] [stderr]    Compiling zerocopy v0.8.47
[INFO] [stderr]    Compiling zerocopy-derive v0.8.47
[INFO] [stderr]    Compiling cc v1.2.57
[INFO] [stderr]    Compiling num-traits v0.2.19
[INFO] [stderr]    Compiling ciborium-io v0.2.2
[INFO] [stderr]    Compiling plotters-backend v0.3.7
[INFO] [stderr]    Compiling serde v1.0.228
[INFO] [stderr]    Compiling clap_builder v4.6.0
[INFO] [stderr]    Compiling regex-automata v0.4.14
[INFO] [stderr]    Compiling itertools v0.10.5
[INFO] [stderr]    Compiling cast v0.3.0
[INFO] [stderr]    Compiling serde_json v1.0.149
[INFO] [stderr]    Compiling is-terminal v0.4.17
[INFO] [stderr]    Compiling anes v0.1.6
[INFO] [stderr]    Compiling rayon v1.11.0
[INFO] [stderr]    Compiling oorandom v11.1.5
[INFO] [stderr]    Compiling plotters-svg v0.3.7
[INFO] [stderr]    Compiling cmake v0.1.57
[INFO] [stderr]    Compiling tinytemplate v1.2.1
[INFO] [stderr]    Compiling cqdb-sys v0.1.2
[INFO] [stderr]    Compiling plotters v0.3.7
[INFO] [stderr]    Compiling criterion-plot v0.5.0
[INFO] [stderr]    Compiling clap v4.6.0
[INFO] [stderr]    Compiling regex v1.12.3
[INFO] [stderr]    Compiling half v2.7.1
[INFO] [stderr]    Compiling ciborium-ll v0.2.2
[INFO] [stderr]    Compiling ciborium v0.2.2
[INFO] [stderr]    Compiling criterion v0.5.1
[INFO] [stderr]    Compiling cqdb v0.7.0 (/opt/rustwide/workdir)
[INFO] [stderr]     Finished `release` profile [optimized] target(s) in 39.94s
[INFO] running `Command { std: "docker" "inspect" "4977ff22b18a6df4783cef6807084ced412f13fced380f746b212aebb10bf987", kill_on_drop: false }`
[INFO] running `Command { std: "docker" "exec" "-e" "SOURCE_DIR=/opt/rustwide/workdir" "-e" "CARGO_HOME=/opt/rustwide/cargo-home" "-e" "RUSTUP_HOME=/opt/rustwide/rustup-home" "-e" "CARGO_TARGET_DIR=/opt/rustwide/target" "-e" "CARGO_INCREMENTAL=0" "-e" "RUST_BACKTRACE=full" "-e" "RUSTFLAGS=--cap-lints=warn" "-e" "RUSTDOCFLAGS=--cap-lints=warn" "-w" "/opt/rustwide/workdir" "--user" "0:0" "4977ff22b18a6df4783cef6807084ced412f13fced380f746b212aebb10bf987" "/opt/rustwide/cargo-home/bin/cargo" "+1.100.0-beta.1" "test" "--frozen" "--release", kill_on_drop: false }`
[INFO] [stderr]     Finished `release` profile [optimized] target(s) in 0.08s
[INFO] [stderr]      Running unittests src/lib.rs (/opt/rustwide/target/release/build/cqdb/b7c43cdbc773564b/out/cqdb-b7c43cdbc773564b)
[INFO] [stdout] 
[INFO] [stdout] running 8 tests
[INFO] [stdout] test hash::tests::test_jhash_13_bytes ... ok
[INFO] [stdout] test hash::tests::test_jhash_initval_matters ... ok
[INFO] [stdout] test hash::tests::test_jhash_multiple_of_12_again ... ok
[INFO] [stdout] test hash::tests::test_jhash_various_tail_lengths ... ok
[INFO] [stdout] test hash::tests::test_jhash_empty_key ... ok
[INFO] [stdout] test hash::tests::test_jhash_deterministic ... ok
[INFO] [stdout] test hash::tests::test_jhash_multiple_of_12 ... ok
[INFO] [stdout] test hash::tests::test_jhash_zero_length ... ok
[INFO] [stderr]      Running tests/test_cqdb.rs (/opt/rustwide/target/release/build/cqdb/2c99d00070b0203a/out/test_cqdb-2c99d00070b0203a)
[INFO] [stdout] 
[INFO] [stdout] test result: ok. 8 passed; 0 failed; 0 ignored; 0 measured; 0 filtered out; finished in 0.00s
[INFO] [stdout] 
[INFO] [stdout] 
[INFO] [stdout] running 24 tests
[INFO] [stdout] test test_cqdb_read_cqdb_sys ... FAILED
[INFO] [stdout] test test_cqdb_reader ... ok
[INFO] [stdout] test test_cqdb_sys_read_cqdb_writer_12_bytes ... FAILED
[INFO] [stdout] test test_iterator_size_hint ... ok
[INFO] [stdout] test test_cqdb_sys_read_cqdb_writer ... FAILED
[INFO] [stdout] test test_debug_writer ... ok
[INFO] [stdout] test test_cqdb_writer ... FAILED
[INFO] [stdout] test test_new_bad_byte_order ... ok
[INFO] [stdout] test test_large_key_fallback ... ok
[INFO] [stdout] test test_iterator_size_hint_oneway ... ok
[INFO] [stdout] test test_new_bad_magic ... ok
[INFO] [stdout] test test_new_buffer_too_small ... ok
[INFO] [stdout] test test_new_backward_link_out_of_bounds ... ok
[INFO] [stdout] test test_iterator_stops_at_gap ... ok
[INFO] [stdout] test test_new_table_out_of_bounds ... ok
[INFO] [stdout] test test_num_accessor ... ok
[INFO] [stdout] test test_to_str_out_of_range ... ok
[INFO] [stdout] test test_oneway_writer_reader ... ok
[INFO] [stdout] test test_single_entry_database ... ok
[INFO] [stderr] error: test failed, to rerun pass `--test test_cqdb`
[INFO] [stdout] test test_sparse_ids ... ok
[INFO] [stdout] test test_to_id_nonexistent_many_entries ... ok
[INFO] [stdout] test test_debug_cqdb ... ok
[INFO] [stdout] test test_into_iterator ... ok
[INFO] [stdout] test test_empty_database ... ok
[INFO] [stdout] 
[INFO] [stdout] failures:
[INFO] [stdout] 
[INFO] [stdout] ---- test_cqdb_read_cqdb_sys stdout ----
[INFO] [stdout] 
[INFO] [stdout] thread 'test_cqdb_read_cqdb_sys' (794) panicked at tests/test_cqdb.rs:44:9:
[INFO] [stdout] assertion failed: !fp.is_null()
[INFO] [stdout] stack backtrace:
[INFO] [stdout]    0:     0x636ba6f09901 - <<std[617be2ca0a6fd877]::sys::backtrace::BacktraceLock>::print::DisplayBacktrace as core[a373ad73a504971]::fmt::Display>::fmt
[INFO] [stdout]    1:     0x636ba6f1dc3a - core[a373ad73a504971]::fmt::write
[INFO] [stdout]    2:     0x636ba6f0dc0c - <alloc[2e1b2a31b91974c5]::vec::Vec<u8> as core[a373ad73a504971]::io::write::Write>::write_fmt
[INFO] [stdout]    3:     0x636ba6ee5a56 - std[617be2ca0a6fd877]::panicking::default_hook::{closure#0}
[INFO] [stdout]    4:     0x636ba6f01c89 - std[617be2ca0a6fd877]::panicking::default_hook
[INFO] [stdout]    5:     0x636ba6e9d360 - test[aada8e7e76ba119b]::test_main_inner::{closure#0}
[INFO] [stdout]    6:     0x636ba6f01e42 - std[617be2ca0a6fd877]::panicking::panic_with_hook
[INFO] [stdout]    7:     0x636ba6ee5b34 - std[617be2ca0a6fd877]::panicking::panic_handler::{closure#0}
[INFO] [stdout]    8:     0x636ba6ede689 - std[617be2ca0a6fd877]::sys::backtrace::__rust_end_short_backtrace::<std[617be2ca0a6fd877]::panicking::panic_handler::{closure#0}, !>
[INFO] [stdout]    9:     0x636ba6ee670d - __rustc[ea4f61d10b84890b]::rust_begin_unwind
[INFO] [stdout]   10:     0x636ba6f1e3ec - core[a373ad73a504971]::panicking::panic_fmt
[INFO] [stdout]   11:     0x636ba6f1e3b2 - core[a373ad73a504971]::panicking::panic
[INFO] [stdout]   12:     0x636ba6e88803 - <test_cqdb[4b20d0261e91165b]::test_cqdb_read_cqdb_sys::{closure#0} as core[a373ad73a504971]::ops::function::FnOnce<()>>::call_once
[INFO] [stdout]   13:     0x636ba6e907ab - test[aada8e7e76ba119b]::__rust_begin_short_backtrace::<core[a373ad73a504971]::result::Result<(), alloc[2e1b2a31b91974c5]::string::String>, fn() -> core[a373ad73a504971]::result::Result<(), alloc[2e1b2a31b91974c5]::string::String>>
[INFO] [stdout]   14:     0x636ba6e9d985 - test[aada8e7e76ba119b]::run_test::{closure#0}
[INFO] [stdout]   15:     0x636ba6e97274 - std[617be2ca0a6fd877]::sys::backtrace::__rust_begin_short_backtrace::<test[aada8e7e76ba119b]::run_test::{closure#1}, ()>
[INFO] [stdout]   16:     0x636ba6ea0a12 - <std[617be2ca0a6fd877]::thread::lifecycle::spawn_unchecked<test[aada8e7e76ba119b]::run_test::{closure#1}, ()>::{closure#1} as core[a373ad73a504971]::ops::function::FnOnce<()>>::call_once::{shim:vtable#0}
[INFO] [stdout]   17:     0x636ba6f08e4f - <std[617be2ca0a6fd877]::sys::thread::unix::Thread>::new::thread_start
[INFO] [stdout]   18:     0x710bfc66edfa - <unknown>
[INFO] [stdout]   19:     0x710bfc7023d4 - clone
[INFO] [stdout]   20:                0x0 - <unknown>
[INFO] [stdout] 
[INFO] [stdout] ---- test_cqdb_sys_read_cqdb_writer_12_bytes stdout ----
[INFO] [stdout] 
[INFO] [stdout] thread 'test_cqdb_sys_read_cqdb_writer_12_bytes' (797) panicked at tests/test_cqdb.rs:120:74:
[INFO] [stdout] called `Result::unwrap()` on an `Err` value: Os { code: 30, kind: ReadOnlyFilesystem, message: "Read-only file system" }
[INFO] [stdout] stack backtrace:
[INFO] [stdout]    0:     0x636ba6f09901 - <<std[617be2ca0a6fd877]::sys::backtrace::BacktraceLock>::print::DisplayBacktrace as core[a373ad73a504971]::fmt::Display>::fmt
[INFO] [stdout]    1:     0x636ba6f1dc3a - core[a373ad73a504971]::fmt::write
[INFO] [stdout]    2:     0x636ba6f0dc0c - <alloc[2e1b2a31b91974c5]::vec::Vec<u8> as core[a373ad73a504971]::io::write::Write>::write_fmt
[INFO] [stdout]    3:     0x636ba6ee5a56 - std[617be2ca0a6fd877]::panicking::default_hook::{closure#0}
[INFO] [stdout]    4:     0x636ba6f01c89 - std[617be2ca0a6fd877]::panicking::default_hook
[INFO] [stdout]    5:     0x636ba6e9d360 - test[aada8e7e76ba119b]::test_main_inner::{closure#0}
[INFO] [stdout]    6:     0x636ba6f01e42 - std[617be2ca0a6fd877]::panicking::panic_with_hook
[INFO] [stdout]    7:     0x636ba6ee5b02 - std[617be2ca0a6fd877]::panicking::panic_handler::{closure#0}
[INFO] [stdout]    8:     0x636ba6ede689 - std[617be2ca0a6fd877]::sys::backtrace::__rust_end_short_backtrace::<std[617be2ca0a6fd877]::panicking::panic_handler::{closure#0}, !>
[INFO] [stdout]    9:     0x636ba6ee670d - __rustc[ea4f61d10b84890b]::rust_begin_unwind
[INFO] [stdout]   10:     0x636ba6f1e3ec - core[a373ad73a504971]::panicking::panic_fmt
[INFO] [stdout]   11:     0x636ba6f1e1c2 - core[a373ad73a504971]::result::unwrap_failed
[INFO] [stdout]   12:     0x636ba6e8bf21 - <test_cqdb[4b20d0261e91165b]::test_cqdb_sys_read_cqdb_writer_12_bytes::{closure#0} as core[a373ad73a504971]::ops::function::FnOnce<()>>::call_once
[INFO] [stdout]   13:     0x636ba6e907ab - test[aada8e7e76ba119b]::__rust_begin_short_backtrace::<core[a373ad73a504971]::result::Result<(), alloc[2e1b2a31b91974c5]::string::String>, fn() -> core[a373ad73a504971]::result::Result<(), alloc[2e1b2a31b91974c5]::string::String>>
[INFO] [stdout]   14:     0x636ba6e9d985 - test[aada8e7e76ba119b]::run_test::{closure#0}
[INFO] [stdout]   15:     0x636ba6e97274 - std[617be2ca0a6fd877]::sys::backtrace::__rust_begin_short_backtrace::<test[aada8e7e76ba119b]::run_test::{closure#1}, ()>
[INFO] [stdout]   16:     0x636ba6ea0a12 - <std[617be2ca0a6fd877]::thread::lifecycle::spawn_unchecked<test[aada8e7e76ba119b]::run_test::{closure#1}, ()>::{closure#1} as core[a373ad73a504971]::ops::function::FnOnce<()>>::call_once::{shim:vtable#0}
[INFO] [stdout]   17:     0x636ba6f08e4f - <std[617be2ca0a6fd877]::sys::thread::unix::Thread>::new::thread_start
[INFO] [stdout]   18:     0x710bfc66edfa - <unknown>
[INFO] [stdout]   19:     0x710bfc7023d4 - clone
[INFO] [stdout]   20:                0x0 - <unknown>
[INFO] [stdout] 
[INFO] [stdout] ---- test_cqdb_sys_read_cqdb_writer stdout ----
[INFO] [stdout] 
[INFO] [stdout] thread 'test_cqdb_sys_read_cqdb_writer' (796) panicked at tests/test_cqdb.rs:89:68:
[INFO] [stdout] called `Result::unwrap()` on an `Err` value: Os { code: 30, kind: ReadOnlyFilesystem, message: "Read-only file system" }
[INFO] [stdout] stack backtrace:
[INFO] [stdout]    0:     0x636ba6f09901 - <<std[617be2ca0a6fd877]::sys::backtrace::BacktraceLock>::print::DisplayBacktrace as core[a373ad73a504971]::fmt::Display>::fmt
[INFO] [stdout]    1:     0x636ba6f1dc3a - core[a373ad73a504971]::fmt::write
[INFO] [stdout]    2:     0x636ba6f0dc0c - <alloc[2e1b2a31b91974c5]::vec::Vec<u8> as core[a373ad73a504971]::io::write::Write>::write_fmt
[INFO] [stdout]    3:     0x636ba6ee5a56 - std[617be2ca0a6fd877]::panicking::default_hook::{closure#0}
[INFO] [stdout]    4:     0x636ba6f01c89 - std[617be2ca0a6fd877]::panicking::default_hook
[INFO] [stdout]    5:     0x636ba6e9d360 - test[aada8e7e76ba119b]::test_main_inner::{closure#0}
[INFO] [stdout]    6:     0x636ba6f01e42 - std[617be2ca0a6fd877]::panicking::panic_with_hook
[INFO] [stdout]    7:     0x636ba6ee5b02 - std[617be2ca0a6fd877]::panicking::panic_handler::{closure#0}
[INFO] [stdout]    8:     0x636ba6ede689 - std[617be2ca0a6fd877]::sys::backtrace::__rust_end_short_backtrace::<std[617be2ca0a6fd877]::panicking::panic_handler::{closure#0}, !>
[INFO] [stdout]    9:     0x636ba6ee670d - __rustc[ea4f61d10b84890b]::rust_begin_unwind
[INFO] [stdout]   10:     0x636ba6f1e3ec - core[a373ad73a504971]::panicking::panic_fmt
[INFO] [stdout]   11:     0x636ba6f1e1c2 - core[a373ad73a504971]::result::unwrap_failed
[INFO] [stdout]   12:     0x636ba6e8aee1 - <test_cqdb[4b20d0261e91165b]::test_cqdb_sys_read_cqdb_writer::{closure#0} as core[a373ad73a504971]::ops::function::FnOnce<()>>::call_once
[INFO] [stdout]   13:     0x636ba6e907ab - test[aada8e7e76ba119b]::__rust_begin_short_backtrace::<core[a373ad73a504971]::result::Result<(), alloc[2e1b2a31b91974c5]::string::String>, fn() -> core[a373ad73a504971]::result::Result<(), alloc[2e1b2a31b91974c5]::string::String>>
[INFO] [stdout]   14:     0x636ba6e9d985 - test[aada8e7e76ba119b]::run_test::{closure#0}
[INFO] [stdout]   15:     0x636ba6e97274 - std[617be2ca0a6fd877]::sys::backtrace::__rust_begin_short_backtrace::<test[aada8e7e76ba119b]::run_test::{closure#1}, ()>
[INFO] [stdout]   16:     0x636ba6ea0a12 - <std[617be2ca0a6fd877]::thread::lifecycle::spawn_unchecked<test[aada8e7e76ba119b]::run_test::{closure#1}, ()>::{closure#1} as core[a373ad73a504971]::ops::function::FnOnce<()>>::call_once::{shim:vtable#0}
[INFO] [stdout]   17:     0x636ba6f08e4f - <std[617be2ca0a6fd877]::sys::thread::unix::Thread>::new::thread_start
[INFO] [stdout]   18:     0x710bfc66edfa - <unknown>
[INFO] [stdout]   19:     0x710bfc7023d4 - clone
[INFO] [stdout]   20:                0x0 - <unknown>
[INFO] [stdout] 
[INFO] [stdout] ---- test_cqdb_writer stdout ----
[INFO] [stdout] 
[INFO] [stdout] thread 'test_cqdb_writer' (798) panicked at tests/test_cqdb.rs:61:68:
[INFO] [stdout] called `Result::unwrap()` on an `Err` value: Os { code: 30, kind: ReadOnlyFilesystem, message: "Read-only file system" }
[INFO] [stdout] stack backtrace:
[INFO] [stdout]    0:     0x636ba6f09901 - <<std[617be2ca0a6fd877]::sys::backtrace::BacktraceLock>::print::DisplayBacktrace as core[a373ad73a504971]::fmt::Display>::fmt
[INFO] [stdout]    1:     0x636ba6f1dc3a - core[a373ad73a504971]::fmt::write
[INFO] [stdout]    2:     0x636ba6f0dc0c - <alloc[2e1b2a31b91974c5]::vec::Vec<u8> as core[a373ad73a504971]::io::write::Write>::write_fmt
[INFO] [stdout]    3:     0x636ba6ee5a56 - std[617be2ca0a6fd877]::panicking::default_hook::{closure#0}
[INFO] [stdout]    4:     0x636ba6f01c89 - std[617be2ca0a6fd877]::panicking::default_hook
[INFO] [stdout]    5:     0x636ba6e9d360 - test[aada8e7e76ba119b]::test_main_inner::{closure#0}
[INFO] [stdout]    6:     0x636ba6f01e42 - std[617be2ca0a6fd877]::panicking::panic_with_hook
[INFO] [stdout]    7:     0x636ba6ee5b02 - std[617be2ca0a6fd877]::panicking::panic_handler::{closure#0}
[INFO] [stdout]    8:     0x636ba6ede689 - std[617be2ca0a6fd877]::sys::backtrace::__rust_end_short_backtrace::<std[617be2ca0a6fd877]::panicking::panic_handler::{closure#0}, !>
[INFO] [stdout]    9:     0x636ba6ee670d - __rustc[ea4f61d10b84890b]::rust_begin_unwind
[INFO] [stdout]   10:     0x636ba6f1e3ec - core[a373ad73a504971]::panicking::panic_fmt
[INFO] [stdout]   11:     0x636ba6f1e1c2 - core[a373ad73a504971]::result::unwrap_failed
[INFO] [stdout]   12:     0x636ba6e87638 - <test_cqdb[4b20d0261e91165b]::test_cqdb_writer::{closure#0} as core[a373ad73a504971]::ops::function::FnOnce<()>>::call_once
[INFO] [stdout]   13:     0x636ba6e907ab - test[aada8e7e76ba119b]::__rust_begin_short_backtrace::<core[a373ad73a504971]::result::Result<(), alloc[2e1b2a31b91974c5]::string::String>, fn() -> core[a373ad73a504971]::result::Result<(), alloc[2e1b2a31b91974c5]::string::String>>
[INFO] [stdout]   14:     0x636ba6e9d985 - test[aada8e7e76ba119b]::run_test::{closure#0}
[INFO] [stdout]   15:     0x636ba6e97274 - std[617be2ca0a6fd877]::sys::backtrace::__rust_begin_short_backtrace::<test[aada8e7e76ba119b]::run_test::{closure#1}, ()>
[INFO] [stdout]   16:     0x636ba6ea0a12 - <std[617be2ca0a6fd877]::thread::lifecycle::spawn_unchecked<test[aada8e7e76ba119b]::run_test::{closure#1}, ()>::{closure#1} as core[a373ad73a504971]::ops::function::FnOnce<()>>::call_once::{shim:vtable#0}
[INFO] [stdout]   17:     0x636ba6f08e4f - <std[617be2ca0a6fd877]::sys::thread::unix::Thread>::new::thread_start
[INFO] [stdout]   18:     0x710bfc66edfa - <unknown>
[INFO] [stdout]   19:     0x710bfc7023d4 - clone
[INFO] [stdout]   20:                0x0 - <unknown>
[INFO] [stdout] 
[INFO] [stdout] 
[INFO] [stdout] failures:
[INFO] [stdout]     test_cqdb_read_cqdb_sys
[INFO] [stdout]     test_cqdb_sys_read_cqdb_writer
[INFO] [stdout]     test_cqdb_sys_read_cqdb_writer_12_bytes
[INFO] [stdout]     test_cqdb_writer
[INFO] [stdout] 
[INFO] [stdout] test result: FAILED. 20 passed; 4 failed; 0 ignored; 0 measured; 0 filtered out; finished in 0.01s
[INFO] [stdout] 
[INFO] running `Command { std: "docker" "inspect" "4977ff22b18a6df4783cef6807084ced412f13fced380f746b212aebb10bf987", kill_on_drop: false }`
[INFO] running `Command { std: "docker" "rm" "-f" "4977ff22b18a6df4783cef6807084ced412f13fced380f746b212aebb10bf987", kill_on_drop: false }`
[INFO] [stdout] 4977ff22b18a6df4783cef6807084ced412f13fced380f746b212aebb10bf987
