[INFO] fetching crate cq 0.3.0...
[INFO] testing cq-0.3.0 against 1.100.0-beta.1+cargoflags=--release for beta-release-1.100-2
[INFO] extracting crate cq 0.3.0 into /workspace/builds/worker-5-tc2/source
[INFO] started tweaking crates.io crate cq 0.3.0
[INFO] removed 0 missing tests
[INFO] finished tweaking crates.io crate cq 0.3.0
[INFO] tweaked toml for crates.io crate cq 0.3.0 written to /workspace/builds/worker-5-tc2/source/Cargo.toml
[INFO] validating manifest of crates.io crate cq 0.3.0 on toolchain 1.100.0-beta.1
[INFO] running `Command { std: CARGO_HOME="/workspace/cargo-home" RUSTUP_HOME="/workspace/rustup-home" "/workspace/cargo-home/bin/cargo" "+1.100.0-beta.1" "metadata" "--manifest-path" "Cargo.toml" "--no-deps", kill_on_drop: false }`
[INFO] crate crates.io crate cq 0.3.0 already has a lockfile, it will not be regenerated
[INFO] running `Command { std: CARGO_HOME="/workspace/cargo-home" RUSTUP_HOME="/workspace/rustup-home" "/workspace/cargo-home/bin/cargo" "+1.100.0-beta.1" "fetch" "--manifest-path" "Cargo.toml", kill_on_drop: false }`
[INFO] [stderr] warning: `package.homepage` is redundant with `package.repository`
[INFO] [stderr]   --> Cargo.toml:72:12
[INFO] [stderr]    |
[INFO] [stderr] 72 | homepage = "https://github.com/karkigrishmin/cq"
[INFO] [stderr]    |            ^^^^^^^^^^^^^^^^^^^^^^^^^^^^^^^^^^^^^
[INFO] [stderr] ...
[INFO] [stderr] 77 | repository = "https://github.com/karkigrishmin/cq"
[INFO] [stderr]    |              -------------------------------------
[INFO] [stderr]    |
[INFO] [stderr]    = note: `cargo::redundant_homepage` is set to `warn` by default
[INFO] [stderr] help: consider removing `package.homepage`
[INFO] [stderr] warning: `cq` (manifest) generated 1 warning
[INFO] running `Command { std: "docker" "create" "-v" "/var/lib/crater-agent-workspace/builds/worker-5-tc2/source:/opt/rustwide/workdir:ro,Z" "-v" "/var/lib/crater-agent-workspace/builds/worker-5-tc2/target:/opt/rustwide/target:rw,Z" "-v" "/var/lib/crater-agent-workspace/cargo-home:/opt/rustwide/cargo-home:ro,Z" "-v" "/var/lib/crater-agent-workspace/rustup-home:/opt/rustwide/rustup-home:ro,Z" "-m" "1610612736" "--network" "none" "ghcr.io/rust-lang/crates-build-env/linux@sha256:77db811e55d90add9212f6832c23229e3de5f1c1f9905e8cb07319ea15df73ac" "sleep" "infinity", kill_on_drop: false }`
[INFO] [stdout] f85cc8a882fafe25ee560c9b24d11d7bc67ccc4459dadcf0d7072b49257bea8b
[INFO] running `Command { std: "docker" "start" "f85cc8a882fafe25ee560c9b24d11d7bc67ccc4459dadcf0d7072b49257bea8b", kill_on_drop: false }`
[INFO] running `Command { std: "docker" "inspect" "f85cc8a882fafe25ee560c9b24d11d7bc67ccc4459dadcf0d7072b49257bea8b", kill_on_drop: false }`
[INFO] running `Command { std: "docker" "exec" "-e" "SOURCE_DIR=/opt/rustwide/workdir" "-e" "CARGO_HOME=/opt/rustwide/cargo-home" "-e" "RUSTUP_HOME=/opt/rustwide/rustup-home" "-e" "CARGO_TARGET_DIR=/opt/rustwide/target" "-w" "/opt/rustwide/workdir" "--user" "0:0" "f85cc8a882fafe25ee560c9b24d11d7bc67ccc4459dadcf0d7072b49257bea8b" "/opt/rustwide/cargo-home/bin/cargo" "+1.100.0-beta.1" "metadata" "--no-deps" "--format-version=1", kill_on_drop: false }`
[INFO] running `Command { std: "docker" "inspect" "f85cc8a882fafe25ee560c9b24d11d7bc67ccc4459dadcf0d7072b49257bea8b", kill_on_drop: false }`
[INFO] running `Command { std: "docker" "exec" "-e" "SOURCE_DIR=/opt/rustwide/workdir" "-e" "CARGO_HOME=/opt/rustwide/cargo-home" "-e" "RUSTUP_HOME=/opt/rustwide/rustup-home" "-e" "CARGO_TARGET_DIR=/opt/rustwide/target" "-e" "CARGO_INCREMENTAL=0" "-e" "RUST_BACKTRACE=full" "-e" "RUSTFLAGS=--cap-lints=warn" "-e" "RUSTDOCFLAGS=--cap-lints=warn" "-w" "/opt/rustwide/workdir" "--user" "0:0" "f85cc8a882fafe25ee560c9b24d11d7bc67ccc4459dadcf0d7072b49257bea8b" "/opt/rustwide/cargo-home/bin/cargo" "+1.100.0-beta.1" "build" "--frozen" "--message-format=json" "--release", kill_on_drop: false }`
[INFO] [stderr] warning: `package.homepage` is redundant with `package.repository`
[INFO] [stderr]   --> Cargo.toml:72:12
[INFO] [stderr]    |
[INFO] [stderr] 72 | homepage = "https://github.com/karkigrishmin/cq"
[INFO] [stderr]    |            ^^^^^^^^^^^^^^^^^^^^^^^^^^^^^^^^^^^^^
[INFO] [stderr] ...
[INFO] [stderr] 77 | repository = "https://github.com/karkigrishmin/cq"
[INFO] [stderr]    |              -------------------------------------
[INFO] [stderr]    |
[INFO] [stderr]    = note: `cargo::redundant_homepage` is set to `warn` by default
[INFO] [stderr] help: consider removing `package.homepage`
[INFO] [stderr] warning: `cq` (manifest) generated 1 warning
[INFO] [stderr]    Compiling proc-macro2 v1.0.103
[INFO] [stderr]    Compiling quote v1.0.42
[INFO] [stderr]    Compiling cfg-if v1.0.4
[INFO] [stderr]    Compiling libc v0.2.178
[INFO] [stderr]    Compiling stable_deref_trait v1.2.1
[INFO] [stderr]    Compiling serde_core v1.0.228
[INFO] [stderr]    Compiling zerocopy v0.8.31
[INFO] [stderr]    Compiling serde v1.0.228
[INFO] [stderr]    Compiling smallvec v1.15.1
[INFO] [stderr]    Compiling typenum v1.19.0
[INFO] [stderr]    Compiling litemap v0.8.1
[INFO] [stderr]    Compiling find-msvc-tools v0.1.5
[INFO] [stderr]    Compiling writeable v0.6.2
[INFO] [stderr]    Compiling num-traits v0.2.19
[INFO] [stderr]    Compiling num-bigint v0.2.6
[INFO] [stderr]    Compiling version_check v0.9.5
[INFO] [stderr]    Compiling num-rational v0.2.4
[INFO] [stderr]    Compiling num-complex v0.2.4
[INFO] [stderr]    Compiling icu_normalizer_data v2.1.1
[INFO] [stderr]    Compiling icu_properties_data v2.1.2
[INFO] [stderr]    Compiling cc v1.2.49
[INFO] [stderr]    Compiling generic-array v0.14.9
[INFO] [stderr]    Compiling syn v1.0.109
[INFO] [stderr]    Compiling serde_json v1.0.145
[INFO] [stderr]    Compiling zeroize v1.8.2
[INFO] [stderr]    Compiling lazy_static v1.5.0
[INFO] [stderr]    Compiling ryu v1.0.20
[INFO] [stderr]    Compiling schemars v0.8.22
[INFO] [stderr]    Compiling itoa v1.0.15
[INFO] [stderr]    Compiling memchr v2.7.6
[INFO] [stderr]    Compiling rustix v1.1.2
[INFO] [stderr]    Compiling dyn-clone v1.0.20
[INFO] [stderr]    Compiling utf8parse v0.2.2
[INFO] [stderr]    Compiling either v1.15.0
[INFO] [stderr]    Compiling rustls-pki-types v1.13.1
[INFO] [stderr]    Compiling anstyle-parse v0.2.7
[INFO] [stderr]    Compiling opaque-debug v0.3.1
[INFO] [stderr]    Compiling bech32 v0.7.3
[INFO] [stderr]    Compiling cryptoxide v0.4.4
[INFO] [stderr]    Compiling hex v0.4.3
[INFO] [stderr]    Compiling litrs v1.0.0
[INFO] [stderr]    Compiling itertools v0.10.5
[INFO] [stderr]    Compiling base64 v0.13.1
[INFO] [stderr]    Compiling cpufeatures v0.2.17
[INFO] [stderr]    Compiling anstyle-query v1.1.5
[INFO] [stderr]    Compiling rustls v0.23.35
[INFO] [stderr]    Compiling linux-raw-sys v0.11.0
[INFO] [stderr]    Compiling simd-adler32 v0.3.8
[INFO] [stderr]    Compiling is_terminal_polyfill v1.70.2
[INFO] [stderr]    Compiling anstyle v1.0.13
[INFO] [stderr]    Compiling syn v2.0.111
[INFO] [stderr]    Compiling percent-encoding v2.3.2
[INFO] [stderr]    Compiling utf8_iter v1.0.4
[INFO] [stderr]    Compiling cbor_event v2.4.0
[INFO] [stderr]    Compiling colorchoice v1.0.4
[INFO] [stderr]    Compiling linked-hash-map v0.5.6
[INFO] [stderr]    Compiling form_urlencoded v1.2.2
[INFO] [stderr]    Compiling getrandom v0.2.16
[INFO] [stderr]    Compiling parking_lot_core v0.9.12
[INFO] [stderr]    Compiling rand_core v0.6.4
[INFO] [stderr]    Compiling anstream v0.6.21
[INFO] [stderr]    Compiling digest v0.9.0
[INFO] [stderr]    Compiling block-buffer v0.9.0
[INFO] [stderr]    Compiling num-integer v0.1.46
[INFO] [stderr]    Compiling sha2 v0.9.9
[INFO] [stderr]    Compiling parking_lot v0.12.5
[INFO] [stderr]    Compiling num-complex v0.4.6
[INFO] [stderr]    Compiling document-features v0.2.12
[INFO] [stderr]    Compiling miniz_oxide v0.8.9
[INFO] [stderr]    Compiling webpki-roots v1.0.4
[INFO] [stderr]    Compiling ring v0.17.14
[INFO] [stderr]    Compiling crc32fast v1.5.0
[INFO] [stderr]    Compiling num-iter v0.1.45
[INFO] [stderr]    Compiling num-bigint v0.4.6
[INFO] [stderr]    Compiling strsim v0.11.1
[INFO] [stderr]    Compiling subtle v2.6.1
[INFO] [stderr]    Compiling unicode-segmentation v1.12.0
[INFO] [stderr]    Compiling clap_lex v0.7.6
[INFO] [stderr]    Compiling base64 v0.21.7
[INFO] [stderr]    Compiling thiserror v2.0.17
[INFO] [stderr]    Compiling ed25519-bip32 v0.4.1
[INFO] [stderr]    Compiling ciborium-io v0.2.2
[INFO] [stderr]    Compiling iana-time-zone v0.1.64
[INFO] [stderr]    Compiling clap_builder v4.5.53
[INFO] [stderr]    Compiling chrono v0.4.42
[INFO] [stderr]    Compiling flate2 v1.1.5
[INFO] [stderr]    Compiling crossterm v0.29.0
[INFO] [stderr]    Compiling webpki-roots v0.26.11
[INFO] [stderr]    Compiling noop_proc_macro v0.3.0
[INFO] [stderr]    Compiling base64 v0.22.1
[INFO] [stderr]    Compiling comfy-table v7.2.1
[INFO] [stderr]    Compiling colored v2.2.0
[INFO] [stderr]    Compiling num-rational v0.4.2
[INFO] [stderr]    Compiling num v0.2.1
[INFO] [stderr]    Compiling fraction v0.10.0
[INFO] [stderr]    Compiling num v0.4.3
[INFO] [stderr]    Compiling derivative v2.2.0
[INFO] [stderr]    Compiling synstructure v0.13.2
[INFO] [stderr]    Compiling serde_derive_internals v0.29.1
[INFO] [stderr]    Compiling zerofrom-derive v0.1.6
[INFO] [stderr]    Compiling yoke-derive v0.8.1
[INFO] [stderr]    Compiling zerovec-derive v0.11.2
[INFO] [stderr]    Compiling displaydoc v0.2.5
[INFO] [stderr]    Compiling zerocopy-derive v0.8.31
[INFO] [stderr]    Compiling serde_derive v1.0.228
[INFO] [stderr]    Compiling thiserror-impl v1.0.69
[INFO] [stderr]    Compiling thiserror-impl v2.0.17
[INFO] [stderr]    Compiling clap_derive v4.5.49
[INFO] [stderr]    Compiling schemars_derive v0.8.22
[INFO] [stderr]    Compiling thiserror v1.0.69
[INFO] [stderr]    Compiling zerofrom v0.1.6
[INFO] [stderr]    Compiling yoke v0.8.1
[INFO] [stderr]    Compiling zerovec v0.11.5
[INFO] [stderr]    Compiling zerotrie v0.2.3
[INFO] [stderr]    Compiling clap v4.5.53
[INFO] [stderr]    Compiling tinystr v0.8.2
[INFO] [stderr]    Compiling potential_utf v0.1.4
[INFO] [stderr]    Compiling icu_collections v2.1.1
[INFO] [stderr]    Compiling icu_locale_core v2.1.1
[INFO] [stderr]    Compiling icu_provider v2.1.1
[INFO] [stderr]    Compiling icu_properties v2.1.2
[INFO] [stderr]    Compiling icu_normalizer v2.1.1
[INFO] [stderr]    Compiling idna_adapter v1.2.1
[INFO] [stderr]    Compiling idna v1.1.0
[INFO] [stderr]    Compiling ppv-lite86 v0.2.21
[INFO] [stderr]    Compiling half v2.7.1
[INFO] [stderr]    Compiling ciborium-ll v0.2.2
[INFO] [stderr]    Compiling url v2.5.7
[INFO] [stderr]    Compiling rand_chacha v0.3.1
[INFO] [stderr]    Compiling rand v0.8.5
[INFO] [stderr]    Compiling ciborium v0.2.2
[INFO] [stderr]    Compiling cml-core v6.2.0
[INFO] [stderr]    Compiling rustls-webpki v0.103.8
[INFO] [stderr]    Compiling cml-crypto v6.2.0
[INFO] [stderr]    Compiling cml-chain v6.2.0
[INFO] [stderr]    Compiling ureq v2.12.1
[INFO] [stderr]    Compiling cq v0.3.0 (/opt/rustwide/workdir)
[INFO] [stderr] warning: unused dependency `anyhow`
[INFO] [stderr]  --> Cargo.toml:5:15
[INFO] [stderr]   |
[INFO] [stderr] 5 | [dependencies.anyhow]
[INFO] [stderr]   |               ^^^^^^^
[INFO] [stderr]   |
[INFO] [stderr]   = note: `cargo::unused_dependencies` is set to `warn` by default
[INFO] [stderr] help: consider removing the dependency on `anyhow`
[INFO] [stderr] warning: `cq` (manifest) generated 1 warning
[INFO] [stderr]     Finished `release` profile [optimized] target(s) in 2m 40s
[INFO] running `Command { std: "docker" "inspect" "f85cc8a882fafe25ee560c9b24d11d7bc67ccc4459dadcf0d7072b49257bea8b", kill_on_drop: false }`
[INFO] running `Command { std: "docker" "exec" "-e" "SOURCE_DIR=/opt/rustwide/workdir" "-e" "CARGO_HOME=/opt/rustwide/cargo-home" "-e" "RUSTUP_HOME=/opt/rustwide/rustup-home" "-e" "CARGO_TARGET_DIR=/opt/rustwide/target" "-e" "CARGO_INCREMENTAL=0" "-e" "RUST_BACKTRACE=full" "-e" "RUSTFLAGS=--cap-lints=warn" "-e" "RUSTDOCFLAGS=--cap-lints=warn" "-w" "/opt/rustwide/workdir" "--user" "0:0" "f85cc8a882fafe25ee560c9b24d11d7bc67ccc4459dadcf0d7072b49257bea8b" "/opt/rustwide/cargo-home/bin/cargo" "+1.100.0-beta.1" "test" "--frozen" "--no-run" "--message-format=json" "--release", kill_on_drop: false }`
[INFO] [stderr] warning: `package.homepage` is redundant with `package.repository`
[INFO] [stderr]   --> Cargo.toml:72:12
[INFO] [stderr]    |
[INFO] [stderr] 72 | homepage = "https://github.com/karkigrishmin/cq"
[INFO] [stderr]    |            ^^^^^^^^^^^^^^^^^^^^^^^^^^^^^^^^^^^^^
[INFO] [stderr] ...
[INFO] [stderr] 77 | repository = "https://github.com/karkigrishmin/cq"
[INFO] [stderr]    |              -------------------------------------
[INFO] [stderr]    |
[INFO] [stderr]    = note: `cargo::redundant_homepage` is set to `warn` by default
[INFO] [stderr] help: consider removing `package.homepage`
[INFO] [stderr] warning: `cq` (manifest) generated 1 warning
[INFO] [stderr]    Compiling cfg-if v1.0.4
[INFO] [stderr]    Compiling stable_deref_trait v1.2.1
[INFO] [stderr]    Compiling libc v0.2.178
[INFO] [stderr]    Compiling memchr v2.7.6
[INFO] [stderr]    Compiling num-traits v0.2.19
[INFO] [stderr]    Compiling rustix v1.1.2
[INFO] [stderr]    Compiling serde_core v1.0.228
[INFO] [stderr]    Compiling smallvec v1.15.1
[INFO] [stderr]    Compiling zerocopy v0.8.31
[INFO] [stderr]    Compiling zerofrom v0.1.6
[INFO] [stderr]    Compiling litemap v0.8.1
[INFO] [stderr]    Compiling writeable v0.6.2
[INFO] [stderr]    Compiling typenum v1.19.0
[INFO] [stderr]    Compiling zeroize v1.8.2
[INFO] [stderr]    Compiling icu_normalizer_data v2.1.1
[INFO] [stderr]    Compiling icu_properties_data v2.1.2
[INFO] [stderr]    Compiling lazy_static v1.5.0
[INFO] [stderr]    Compiling ryu v1.0.20
[INFO] [stderr]    Compiling anstyle v1.0.13
[INFO] [stderr]    Compiling itoa v1.0.15
[INFO] [stderr]    Compiling yoke v0.8.1
[INFO] [stderr]    Compiling rustls-pki-types v1.13.1
[INFO] [stderr]    Compiling linux-raw-sys v0.11.0
[INFO] [stderr]    Compiling dyn-clone v1.0.20
[INFO] [stderr]    Compiling regex-syntax v0.8.8
[INFO] [stderr]    Compiling either v1.15.0
[INFO] [stderr]    Compiling utf8parse v0.2.2
[INFO] [stderr]    Compiling thiserror v1.0.69
[INFO] [stderr]    Compiling cpufeatures v0.2.17
[INFO] [stderr]    Compiling anstyle-parse v0.2.7
[INFO] [stderr]    Compiling linked-hash-map v0.5.6
[INFO] [stderr]    Compiling zerovec v0.11.5
[INFO] [stderr]    Compiling zerotrie v0.2.3
[INFO] [stderr]    Compiling bech32 v0.7.3
[INFO] [stderr]    Compiling itertools v0.10.5
[INFO] [stderr]    Compiling hex v0.4.3
[INFO] [stderr]    Compiling simd-adler32 v0.3.8
[INFO] [stderr]    Compiling utf8_iter v1.0.4
[INFO] [stderr]    Compiling anstyle-query v1.1.5
[INFO] [stderr]    Compiling cbor_event v2.4.0
[INFO] [stderr]    Compiling base64 v0.13.1
[INFO] [stderr]    Compiling cryptoxide v0.4.4
[INFO] [stderr]    Compiling aho-corasick v1.1.4
[INFO] [stderr]    Compiling num-integer v0.1.46
[INFO] [stderr]    Compiling num-complex v0.2.4
[INFO] [stderr]    Compiling tinystr v0.8.2
[INFO] [stderr]    Compiling potential_utf v0.1.4
[INFO] [stderr]    Compiling generic-array v0.14.9
[INFO] [stderr]    Compiling colorchoice v1.0.4
[INFO] [stderr]    Compiling icu_collections v2.1.1
[INFO] [stderr]    Compiling icu_locale_core v2.1.1
[INFO] [stderr]    Compiling percent-encoding v2.3.2
[INFO] [stderr]    Compiling opaque-debug v0.3.1
[INFO] [stderr]    Compiling num-bigint v0.2.6
[INFO] [stderr]    Compiling getrandom v0.2.16
[INFO] [stderr]    Compiling num-iter v0.1.45
[INFO] [stderr]    Compiling num-bigint v0.4.6
[INFO] [stderr]    Compiling block-buffer v0.9.0
[INFO] [stderr]    Compiling digest v0.9.0
[INFO] [stderr]    Compiling rand_core v0.6.4
[INFO] [stderr]    Compiling ring v0.17.14
[INFO] [stderr]    Compiling parking_lot_core v0.9.12
[INFO] [stderr]    Compiling is_terminal_polyfill v1.70.2
[INFO] [stderr]    Compiling sha2 v0.9.9
[INFO] [stderr]    Compiling anstream v0.6.21
[INFO] [stderr]    Compiling form_urlencoded v1.2.2
[INFO] [stderr]    Compiling num-complex v0.4.6
[INFO] [stderr]    Compiling parking_lot v0.12.5
[INFO] [stderr]    Compiling webpki-roots v1.0.4
[INFO] [stderr]    Compiling miniz_oxide v0.8.9
[INFO] [stderr]    Compiling crc32fast v1.5.0
[INFO] [stderr]    Compiling iana-time-zone v0.1.64
[INFO] [stderr]    Compiling unicode-segmentation v1.12.0
[INFO] [stderr]    Compiling base64 v0.21.7
[INFO] [stderr]    Compiling icu_provider v2.1.1
[INFO] [stderr]    Compiling regex-automata v0.4.13
[INFO] [stderr]    Compiling num-rational v0.2.4
[INFO] [stderr]    Compiling ppv-lite86 v0.2.21
[INFO] [stderr]    Compiling half v2.7.1
[INFO] [stderr]    Compiling icu_properties v2.1.2
[INFO] [stderr]    Compiling num v0.2.1
[INFO] [stderr]    Compiling icu_normalizer v2.1.1
[INFO] [stderr]    Compiling rand_chacha v0.3.1
[INFO] [stderr]    Compiling fraction v0.10.0
[INFO] [stderr]    Compiling clap_lex v0.7.6
[INFO] [stderr]    Compiling rustls-webpki v0.103.8
[INFO] [stderr]    Compiling rand v0.8.5
[INFO] [stderr]    Compiling num-rational v0.4.2
[INFO] [stderr]    Compiling serde v1.0.228
[INFO] [stderr]    Compiling serde_json v1.0.145
[INFO] [stderr]    Compiling idna_adapter v1.2.1
[INFO] [stderr]    Compiling idna v1.1.0
[INFO] [stderr]    Compiling ed25519-bip32 v0.4.1
[INFO] [stderr]    Compiling getrandom v0.3.4
[INFO] [stderr]    Compiling ciborium-io v0.2.2
[INFO] [stderr]    Compiling predicates-core v1.0.9
[INFO] [stderr]    Compiling subtle v2.6.1
[INFO] [stderr]    Compiling strsim v0.11.1
[INFO] [stderr]    Compiling rustls v0.23.35
[INFO] [stderr]    Compiling ciborium-ll v0.2.2
[INFO] [stderr]    Compiling num v0.4.3
[INFO] [stderr]    Compiling crossterm v0.29.0
[INFO] [stderr]    Compiling url v2.5.7
[INFO] [stderr]    Compiling flate2 v1.1.5
[INFO] [stderr]    Compiling chrono v0.4.42
[INFO] [stderr]    Compiling clap_builder v4.5.53
[INFO] [stderr]    Compiling webpki-roots v0.26.11
[INFO] [stderr]    Compiling float-cmp v0.10.0
[INFO] [stderr]    Compiling termtree v0.5.1
[INFO] [stderr]    Compiling difflib v0.4.0
[INFO] [stderr]    Compiling assert_cmd v2.1.1
[INFO] [stderr]    Compiling base64 v0.22.1
[INFO] [stderr]    Compiling normalize-line-endings v0.3.0
[INFO] [stderr]    Compiling comfy-table v7.2.1
[INFO] [stderr]    Compiling predicates-tree v1.0.12
[INFO] [stderr]    Compiling ciborium v0.2.2
[INFO] [stderr]    Compiling schemars v0.8.22
[INFO] [stderr]    Compiling wait-timeout v0.2.1
[INFO] [stderr]    Compiling thiserror v2.0.17
[INFO] [stderr]    Compiling colored v2.2.0
[INFO] [stderr]    Compiling fastrand v2.3.0
[INFO] [stderr]    Compiling tempfile v3.23.0
[INFO] [stderr]    Compiling regex v1.12.2
[INFO] [stderr]    Compiling bstr v1.12.1
[INFO] [stderr]    Compiling predicates v3.1.3
[INFO] [stderr]    Compiling clap v4.5.53
[INFO] [stderr]    Compiling cq v0.3.0 (/opt/rustwide/workdir)
[INFO] [stderr]    Compiling cml-core v6.2.0
[INFO] [stderr]    Compiling cml-crypto v6.2.0
[INFO] [stderr]    Compiling ureq v2.12.1
[INFO] [stderr]    Compiling cml-chain v6.2.0
[INFO] [stderr]     Finished `release` profile [optimized] target(s) in 2m 39s
[INFO] running `Command { std: "docker" "inspect" "f85cc8a882fafe25ee560c9b24d11d7bc67ccc4459dadcf0d7072b49257bea8b", kill_on_drop: false }`
[INFO] running `Command { std: "docker" "exec" "-e" "SOURCE_DIR=/opt/rustwide/workdir" "-e" "CARGO_HOME=/opt/rustwide/cargo-home" "-e" "RUSTUP_HOME=/opt/rustwide/rustup-home" "-e" "CARGO_TARGET_DIR=/opt/rustwide/target" "-e" "CARGO_INCREMENTAL=0" "-e" "RUST_BACKTRACE=full" "-e" "RUSTFLAGS=--cap-lints=warn" "-e" "RUSTDOCFLAGS=--cap-lints=warn" "-w" "/opt/rustwide/workdir" "--user" "0:0" "f85cc8a882fafe25ee560c9b24d11d7bc67ccc4459dadcf0d7072b49257bea8b" "/opt/rustwide/cargo-home/bin/cargo" "+1.100.0-beta.1" "test" "--frozen" "--release", kill_on_drop: false }`
[INFO] [stderr] warning: `package.homepage` is redundant with `package.repository`
[INFO] [stderr]   --> Cargo.toml:72:12
[INFO] [stderr]    |
[INFO] [stderr] 72 | homepage = "https://github.com/karkigrishmin/cq"
[INFO] [stderr]    |            ^^^^^^^^^^^^^^^^^^^^^^^^^^^^^^^^^^^^^
[INFO] [stderr] ...
[INFO] [stderr] 77 | repository = "https://github.com/karkigrishmin/cq"
[INFO] [stderr]    |              -------------------------------------
[INFO] [stderr]    |
[INFO] [stderr]    = note: `cargo::redundant_homepage` is set to `warn` by default
[INFO] [stderr] help: consider removing `package.homepage`
[INFO] [stderr] warning: `cq` (manifest) generated 1 warning
[INFO] [stderr]     Finished `release` profile [optimized] target(s) in 0.54s
[INFO] [stderr]      Running unittests src/lib.rs (/opt/rustwide/target/release/build/cq/cec4358674baa7b6/out/cq-cec4358674baa7b6)
[INFO] [stdout] 
[INFO] [stdout] running 54 tests
[INFO] [stdout] test cli::tests::test_looks_like_query_dot_notation ... ok
[INFO] [stdout] test cli::tests::test_looks_like_query_file_paths ... ok
[INFO] [stdout] test cli::tests::test_input_spec_detect_hex_with_prefix ... ok
[INFO] [stdout] test cli::tests::test_looks_like_query_shortcuts ... ok
[INFO] [stdout] test cli::tests::test_input_spec_detect_hex ... ok
[INFO] [stdout] test error::tests::test_error_display ... ok
[INFO] [stdout] test error::tests::test_exit_codes ... ok
[INFO] [stdout] test cli::tests::test_input_spec_detect_file ... ok
[INFO] [stdout] test format::json::tests::test_format_number ... ok
[INFO] [stdout] test format::json::tests::test_format_single_value ... ok
[INFO] [stdout] test format::pretty::tests::test_format_number_with_separators ... ok
[INFO] [stdout] test format::pretty::tests::test_truncate_address ... ok
[INFO] [stdout] test format::pretty::tests::test_truncate_hash ... ok
[INFO] [stdout] test format::json::tests::test_format_multiple ... ok
[INFO] [stdout] test input::read::tests::test_detect_hex_stdin_with_whitespace ... ok
[INFO] [stdout] test input::read::tests::test_empty_stdin ... ok
[INFO] [stdout] test input::read::tests::test_detect_binary_stdin ... ok
[INFO] [stdout] test input::read::tests::test_detect_hex_stdin_with_prefix ... ok
[INFO] [stdout] test format::pretty::tests::test_format_lovelace_as_ada ... ok
[INFO] [stdout] test input::read::tests::test_detect_hex_stdin ... ok
[INFO] [stdout] test input::detect::tests::test_hex_input ... ok
[INFO] [stdout] test query::engine::tests::test_execute_path_simple ... ok
[INFO] [stdout] test format::raw::tests::test_cbor_diagnostic_array ... ok
[INFO] [stdout] test query::engine::tests::test_execute_path_with_index ... ok
[INFO] [stdout] test query::engine::tests::test_filter_is_null ... ok
[INFO] [stdout] test input::detect::tests::test_invalid_hex ... ok
[INFO] [stdout] test query::path::tests::test_parse_consecutive_dots_error ... ok
[INFO] [stdout] test query::engine::tests::test_filter_not_null ... ok
[INFO] [stdout] test query::engine::tests::test_filter_integration_parsed ... ok
[INFO] [stdout] test query::path::tests::test_parse_empty ... ok
[INFO] [stdout] test query::engine::tests::test_index_out_of_bounds ... ok
[INFO] [stdout] test query::path::tests::test_has_wildcard ... ok
[INFO] [stdout] test format::raw::tests::test_cbor_diagnostic ... ok
[INFO] [stdout] test query::path::tests::test_parse_filter_gt ... ok
[INFO] [stdout] test query::path::tests::test_parse_filter_not_null ... ok
[INFO] [stdout] test query::path::tests::test_parse_simple_path ... ok
[INFO] [stdout] test format::raw::tests::test_format_text_string ... ok
[INFO] [stdout] test input::detect::tests::test_file_not_found ... ok
[INFO] [stdout] test format::pretty::tests::test_format_lovelace_as_lovelace ... ok
[INFO] [stdout] test query::engine::tests::test_execute_path_with_wildcard ... ok
[INFO] [stdout] test query::engine::tests::test_decode_plutus_datum_to_json ... ok
[INFO] [stdout] test query::path::tests::test_parse_filter_with_continuation ... ok
[INFO] [stdout] test query::path::tests::test_parse_filter_contains ... ok
[INFO] [stdout] test format::raw::tests::test_format_hex_string ... ok
[INFO] [stdout] test query::engine::tests::test_field_not_found ... ok
[INFO] [stdout] test query::path::tests::test_parse_with_wildcard ... ok
[INFO] [stdout] test query::shortcuts::tests::test_expand_shortcuts ... ok
[INFO] [stdout] test query::shortcuts::tests::test_is_hash_query ... ok
[INFO] [stdout] test query::shortcuts::tests::test_passthrough ... ok
[INFO] [stdout] test update::tests::test_is_newer ... ok
[INFO] [stdout] test query::shortcuts::tests::test_expand_shortcuts_nested ... ok
[INFO] [stdout] test query::path::tests::test_parse_single_field ... ok
[INFO] [stdout] test query::shortcuts::tests::test_expand_shortcuts_with_filter ... ok
[INFO] [stdout] test query::path::tests::test_parse_with_index ... ok
[INFO] [stdout] 
[INFO] [stdout] test result: ok. 54 passed; 0 failed; 0 ignored; 0 measured; 0 filtered out; finished in 0.02s
[INFO] [stdout] 
[INFO] [stderr]      Running unittests src/main.rs (/opt/rustwide/target/release/build/cq/aac8a5d71e4add28/out/cq-aac8a5d71e4add28)
[INFO] [stdout] 
[INFO] [stdout] running 0 tests
[INFO] [stdout] 
[INFO] [stdout] test result: ok. 0 passed; 0 failed; 0 ignored; 0 measured; 0 filtered out; finished in 0.00s
[INFO] [stdout] 
[INFO] [stderr]      Running tests/cli.rs (/opt/rustwide/target/release/build/cq/35bb871d44e79eb6/out/cli-35bb871d44e79eb6)
[INFO] [stdout] 
[INFO] [stdout] running 35 tests
[INFO] [stdout] test test_full_transaction_from_hex_with_prefix ... FAILED
[INFO] [stdout] test test_plutus_collateral_query ... FAILED
[INFO] [stdout] test test_full_transaction_from_hex ... FAILED
[INFO] [stdout] test test_full_transaction_from_file ... FAILED
[INFO] [stdout] test test_json_output ... FAILED
[INFO] [stdout] test test_drep_registration_certificate ... FAILED
[INFO] [stdout] test test_file_not_found ... ok
[INFO] [stdout] test test_no_color_flag ... FAILED
[INFO] [stdout] test test_multi_asset_output_json ... FAILED
[INFO] [stdout] test test_check_mode_valid ... FAILED
[INFO] [stdout] test test_pool_registration_json_output ... FAILED
[INFO] [stdout] test test_query_certs_drep ... FAILED
[INFO] [stdout] test test_check_mode_invalid ... ok
[INFO] [stdout] test test_query_fee ... FAILED
[INFO] [stdout] test test_query_field_not_found ... FAILED
[INFO] [stdout] test test_json_output_query ... FAILED
[INFO] [stdout] test test_plutus_transaction_validity_start ... FAILED
[INFO] [stdout] test test_query_certs_pool_registration ... FAILED
[INFO] [stdout] test test_stdin_binary ... FAILED
[INFO] [stdout] test test_query_hash ... FAILED
[INFO] [stdout] test test_show_version ... ok
[INFO] [stdout] test test_plutus_transaction_multi_assets ... FAILED
[INFO] [stdout] test test_plutus_transaction_inline_datum ... FAILED
[INFO] [stdout] test test_pool_registration_certificate ... FAILED
[INFO] [stdout] test test_stdin_hex ... FAILED
[INFO] [stdout] test test_query_nested_outputs_value ... FAILED
[INFO] [stdout] test test_query_index_out_of_bounds ... FAILED
[INFO] [stdout] test test_query_outputs ... FAILED
[INFO] [stdout] test test_query_fee_ada ... FAILED
[INFO] [stdout] test test_query_nested_inputs_txid ... FAILED
[INFO] [stdout] test test_query_inputs ... FAILED
[INFO] [stdout] test test_stdin_with_query ... FAILED
[INFO] [stdout] test test_show_help ... ok
[INFO] [stdout] test test_raw_output ... FAILED
[INFO] [stdout] test test_query_nested_outputs_address ... FAILED
[INFO] [stdout] 
[INFO] [stdout] failures:
[INFO] [stdout] 
[INFO] [stdout] ---- test_full_transaction_from_hex_with_prefix stdout ----
[INFO] [stdout] 
[INFO] [stdout] thread 'test_full_transaction_from_hex_with_prefix' (3614) panicked at tests/cli.rs:16:42:
[INFO] [stdout] Failed to read fixture: Os { code: 2, kind: NotFound, message: "No such file or directory" }
[INFO] [stdout] stack backtrace:
[INFO] [stdout]    0:     0x5b5c5e3672b5 - <unknown>
[INFO] [stdout]    1:     0x5b5c5e34b73a - <unknown>
[INFO] [stdout]    2:     0x5b5c5e36694b - <unknown>
[INFO] [stdout]    3:     0x5b5c5e36642f - <unknown>
[INFO] [stdout]    4:     0x5b5c5e36605a - <unknown>
[INFO] [stdout]    5:     0x5b5c5e365b95 - <unknown>
[INFO] [stdout]    6:     0x5b5c5e38c9d1 - <unknown>
[INFO] [stdout]    7:     0x5b5c5e38c989 - <unknown>
[INFO] [stdout]    8:     0x5b5c5e38ce8c - <unknown>
[INFO] [stdout]    9:     0x5b5c5e34b5cb - <unknown>
[INFO] [stdout]   10:     0x5b5c5e34e8e1 - <unknown>
[INFO] [stdout]   11:     0x5b5c5e335261 - <unknown>
[INFO] [stdout]   12:     0x5b5c5e34139e - <unknown>
[INFO] [stdout]   13:     0x5b5c5e3a9e9b - <unknown>
[INFO] [stdout]   14:     0x5b5c5e3a5950 - <unknown>
[INFO] [stdout]   15:     0x5b5c5e3a507c - <unknown>
[INFO] [stdout]   16:     0x5b5c5e3c4d8c - <unknown>
[INFO] [stdout]   17:     0x5b5c5e38eb04 - <unknown>
[INFO] [stdout]   18:     0x76de9be84dfa - <unknown>
[INFO] [stdout]   19:     0x76de9bf183d4 - clone
[INFO] [stdout]   20:                0x0 - <unknown>
[INFO] [stdout] 
[INFO] [stdout] ---- test_plutus_collateral_query stdout ----
[INFO] [stdout] 
[INFO] [stdout] thread 'test_plutus_collateral_query' (3620) panicked at /rustc/e3feeb59cd1bdd011a2bfcc0747b55125d9b8527/library/core/src/ops/function.rs:250:5:
[INFO] [stdout] Unexpected failure.
[INFO] [stdout] code=3
[INFO] [stdout] stderr=```"error: File not found: tests/fixtures/preprod_plutus.cbor\n"```
[INFO] [stdout] command=`"/opt/rustwide/target/release/cq" "collateral" "tests/fixtures/preprod_plutus.cbor" "--json"`
[INFO] [stdout] code=3
[INFO] [stdout] stdout=""
[INFO] [stdout] stderr="error: File not found: tests/fixtures/preprod_plutus.cbor\n"
[INFO] [stdout] 
[INFO] [stdout] stack backtrace:
[INFO] [stdout]    0:     0x5b5c5e3672b5 - <unknown>
[INFO] [stdout]    1:     0x5b5c5e34b73a - <unknown>
[INFO] [stdout]    2:     0x5b5c5e36694b - <unknown>
[INFO] [stdout]    3:     0x5b5c5e36642f - <unknown>
[INFO] [stdout]    4:     0x5b5c5e36605a - <unknown>
[INFO] [stdout]    5:     0x5b5c5e365b95 - <unknown>
[INFO] [stdout]    6:     0x5b5c5e38c9d1 - <unknown>
[INFO] [stdout]    7:     0x5b5c5e38c989 - <unknown>
[INFO] [stdout]    8:     0x5b5c5e38ce8c - <unknown>
[INFO] [stdout]    9:     0x5b5c5e34b5cb - <unknown>
[INFO] [stdout]   10:     0x5b5c5e348d13 - <unknown>
[INFO] [stdout]   11:     0x5b5c5e33d88e - <unknown>
[INFO] [stdout]   12:     0x5b5c5e3a9e9b - <unknown>
[INFO] [stdout]   13:     0x5b5c5e3a5950 - <unknown>
[INFO] [stdout]   14:     0x5b5c5e3a507c - <unknown>
[INFO] [stdout]   15:     0x5b5c5e3c4d8c - <unknown>
[INFO] [stdout]   16:     0x5b5c5e38eb04 - <unknown>
[INFO] [stdout]   17:     0x76de9be84dfa - <unknown>
[INFO] [stdout]   18:     0x76de9bf183d4 - clone
[INFO] [stdout]   19:                0x0 - <unknown>
[INFO] [stdout] 
[INFO] [stdout] ---- test_full_transaction_from_hex stdout ----
[INFO] [stdout] 
[INFO] [stdout] thread 'test_full_transaction_from_hex' (3613) panicked at tests/cli.rs:16:42:
[INFO] [stdout] Failed to read fixture: Os { code: 2, kind: NotFound, message: "No such file or directory" }
[INFO] [stdout] stack backtrace:
[INFO] [stdout]    0:     0x5b5c5e3672b5 - <unknown>
[INFO] [stdout]    1:     0x5b5c5e34b73a - <unknown>
[INFO] [stdout]    2:     0x5b5c5e36694b - <unknown>
[INFO] [stdout]    3:     0x5b5c5e36642f - <unknown>
[INFO] [stdout]    4:     0x5b5c5e36605a - <unknown>
[INFO] [stdout]    5:     0x5b5c5e365b95 - <unknown>
[INFO] [stdout]    6:     0x5b5c5e38c9d1 - <unknown>
[INFO] [stdout]    7:     0x5b5c5e38c989 - <unknown>
[INFO] [stdout]    8:     0x5b5c5e38ce8c - <unknown>
[INFO] [stdout]    9:     0x5b5c5e34b5cb - <unknown>
[INFO] [stdout]   10:     0x5b5c5e34e8e1 - <unknown>
[INFO] [stdout]   11:     0x5b5c5e335261 - <unknown>
[INFO] [stdout]   12:     0x5b5c5e33dd29 - <unknown>
[INFO] [stdout]   13:     0x5b5c5e3a9e9b - <unknown>
[INFO] [stdout]   14:     0x5b5c5e3a5950 - <unknown>
[INFO] [stdout]   15:     0x5b5c5e3a507c - <unknown>
[INFO] [stdout]   16:     0x5b5c5e3c4d8c - <unknown>
[INFO] [stdout]   17:     0x5b5c5e38eb04 - <unknown>
[INFO] [stdout]   18:     0x76de9be84dfa - <unknown>
[INFO] [stdout]   19:     0x76de9bf183d4 - clone
[INFO] [stdout]   20:                0x0 - <unknown>
[INFO] [stdout] 
[INFO] [stdout] ---- test_full_transaction_from_file stdout ----
[INFO] [stdout] 
[INFO] [stdout] thread 'test_full_transaction_from_file' (3612) panicked at /rustc/e3feeb59cd1bdd011a2bfcc0747b55125d9b8527/library/core/src/ops/function.rs:250:5:
[INFO] [stdout] Unexpected failure.
[INFO] [stdout] code=3
[INFO] [stdout] stderr=```"error: File not found: tests/fixtures/babbage_simple.cbor\n"```
[INFO] [stdout] command=`"/opt/rustwide/target/release/cq" "tests/fixtures/babbage_simple.cbor"`
[INFO] [stdout] code=3
[INFO] [stdout] stdout=""
[INFO] [stdout] stderr="error: File not found: tests/fixtures/babbage_simple.cbor\n"
[INFO] [stdout] 
[INFO] [stdout] stack backtrace:
[INFO] [stdout]    0:     0x5b5c5e3672b5 - <unknown>
[INFO] [stdout]    1:     0x5b5c5e34b73a - <unknown>
[INFO] [stdout]    2:     0x5b5c5e36694b - <unknown>
[INFO] [stdout]    3:     0x5b5c5e36642f - <unknown>
[INFO] [stdout]    4:     0x5b5c5e36605a - <unknown>
[INFO] [stdout]    5:     0x5b5c5e365b95 - <unknown>
[INFO] [stdout]    6:     0x5b5c5e38c9d1 - <unknown>
[INFO] [stdout]    7:     0x5b5c5e38c989 - <unknown>
[INFO] [stdout]    8:     0x5b5c5e38ce8c - <unknown>
[INFO] [stdout]    9:     0x5b5c5e34b5cb - <unknown>
[INFO] [stdout]   10:     0x5b5c5e348d13 - <unknown>
[INFO] [stdout]   11:     0x5b5c5e33eb52 - <unknown>
[INFO] [stdout]   12:     0x5b5c5e3a9e9b - <unknown>
[INFO] [stdout]   13:     0x5b5c5e3a5950 - <unknown>
[INFO] [stdout]   14:     0x5b5c5e3a507c - <unknown>
[INFO] [stdout]   15:     0x5b5c5e3c4d8c - <unknown>
[INFO] [stdout]   16:     0x5b5c5e38eb04 - <unknown>
[INFO] [stdout]   17:     0x76de9be84dfa - <unknown>
[INFO] [stdout]   18:     0x76de9bf183d4 - clone
[INFO] [stdout]   19:                0x0 - <unknown>
[INFO] [stdout] 
[INFO] [stdout] ---- test_json_output stdout ----
[INFO] [stdout] 
[INFO] [stdout] thread 'test_json_output' (3615) panicked at /rustc/e3feeb59cd1bdd011a2bfcc0747b55125d9b8527/library/core/src/ops/function.rs:250:5:
[INFO] [stdout] Unexpected failure.
[INFO] [stdout] code=3
[INFO] [stdout] stderr=```"error: File not found: tests/fixtures/babbage_simple.cbor\n"```
[INFO] [stdout] command=`"/opt/rustwide/target/release/cq" "tests/fixtures/babbage_simple.cbor" "--json"`
[INFO] [stdout] code=3
[INFO] [stdout] stdout=""
[INFO] [stdout] stderr="error: File not found: tests/fixtures/babbage_simple.cbor\n"
[INFO] [stdout] 
[INFO] [stdout] stack backtrace:
[INFO] [stdout]    0:     0x5b5c5e3672b5 - <unknown>
[INFO] [stdout]    1:     0x5b5c5e34b73a - <unknown>
[INFO] [stdout]    2:     0x5b5c5e36694b - <unknown>
[INFO] [stdout]    3:     0x5b5c5e36642f - <unknown>
[INFO] [stdout]    4:     0x5b5c5e36605a - <unknown>
[INFO] [stdout]    5:     0x5b5c5e365b95 - <unknown>
[INFO] [stdout]    6:     0x5b5c5e38c9d1 - <unknown>
[INFO] [stdout]    7:     0x5b5c5e38c989 - <unknown>
[INFO] [stdout]    8:     0x5b5c5e38ce8c - <unknown>
[INFO] [stdout]    9:     0x5b5c5e34b5cb - <unknown>
[INFO] [stdout]   10:     0x5b5c5e348d13 - <unknown>
[INFO] [stdout]   11:     0x5b5c5e3390c8 - <unknown>
[INFO] [stdout]   12:     0x5b5c5e3a9e9b - <unknown>
[INFO] [stdout]   13:     0x5b5c5e3a5950 - <unknown>
[INFO] [stdout]   14:     0x5b5c5e3a507c - <unknown>
[INFO] [stdout]   15:     0x5b5c5e3c4d8c - <unknown>
[INFO] [stdout]   16:     0x5b5c5e38eb04 - <unknown>
[INFO] [stdout]   17:     0x76de9be84dfa - <unknown>
[INFO] [stdout]   18:     0x76de9bf183d4 - clone
[INFO] [stdout]   19:                0x0 - <unknown>
[INFO] [stdout] 
[INFO] [stdout] ---- test_drep_registration_certificate stdout ----
[INFO] [stdout] 
[INFO] [stdout] thread 'test_drep_registration_certificate' (3610) panicked at /rustc/e3feeb59cd1bdd011a2bfcc0747b55125d9b8527/library/core/src/ops/function.rs:250:5:
[INFO] [stdout] Unexpected failure.
[INFO] [stdout] code=3
[INFO] [stdout] stderr=```"error: File not found: tests/fixtures/drep_registration.cbor\n"```
[INFO] [stdout] command=`"/opt/rustwide/target/release/cq" "tests/fixtures/drep_registration.cbor"`
[INFO] [stdout] code=3
[INFO] [stdout] stdout=""
[INFO] [stdout] stderr="error: File not found: tests/fixtures/drep_registration.cbor\n"
[INFO] [stdout] 
[INFO] [stdout] stack backtrace:
[INFO] [stdout]    0:     0x5b5c5e3672b5 - <unknown>
[INFO] [stdout]    1:     0x5b5c5e34b73a - <unknown>
[INFO] [stdout]    2:     0x5b5c5e36694b - <unknown>
[INFO] [stdout]    3:     0x5b5c5e36642f - <unknown>
[INFO] [stdout]    4:     0x5b5c5e36605a - <unknown>
[INFO] [stdout]    5:     0x5b5c5e365b95 - <unknown>
[INFO] [stdout]    6:     0x5b5c5e38c9d1 - <unknown>
[INFO] [stdout]    7:     0x5b5c5e38c989 - <unknown>
[INFO] [stdout]    8:     0x5b5c5e38ce8c - <unknown>
[INFO] [stdout]    9:     0x5b5c5e34b5cb - <unknown>
[INFO] [stdout]   10:     0x5b5c5e348d13 - <unknown>
[INFO] [stdout]   11:     0x5b5c5e33f88d - <unknown>
[INFO] [stdout]   12:     0x5b5c5e3a9e9b - <unknown>
[INFO] [stdout]   13:     0x5b5c5e3a5950 - <unknown>
[INFO] [stdout]   14:     0x5b5c5e3a507c - <unknown>
[INFO] [stdout]   15:     0x5b5c5e3c4d8c - <unknown>
[INFO] [stdout]   16:     0x5b5c5e38eb04 - <unknown>
[INFO] [stdout]   17:     0x76de9be84dfa - <unknown>
[INFO] [stdout]   18:     0x76de9bf183d4 - clone
[INFO] [stdout]   19:                0x0 - <unknown>
[INFO] [stdout] 
[INFO] [stdout] ---- test_no_color_flag stdout ----
[INFO] [stdout] 
[INFO] [stdout] thread 'test_no_color_flag' (3619) panicked at /rustc/e3feeb59cd1bdd011a2bfcc0747b55125d9b8527/library/core/src/ops/function.rs:250:5:
[INFO] [stdout] Unexpected failure.
[INFO] [stdout] code=3
[INFO] [stdout] stderr=```"error: File not found: tests/fixtures/babbage_simple.cbor\n"```
[INFO] [stdout] command=`"/opt/rustwide/target/release/cq" "tests/fixtures/babbage_simple.cbor" "--no-color"`
[INFO] [stdout] code=3
[INFO] [stdout] stdout=""
[INFO] [stdout] stderr="error: File not found: tests/fixtures/babbage_simple.cbor\n"
[INFO] [stdout] 
[INFO] [stdout] stack backtrace:
[INFO] [stdout]    0:     0x5b5c5e3672b5 - <unknown>
[INFO] [stdout]    1:     0x5b5c5e34b73a - <unknown>
[INFO] [stdout]    2:     0x5b5c5e36694b - <unknown>
[INFO] [stdout]    3:     0x5b5c5e36642f - <unknown>
[INFO] [stdout]    4:     0x5b5c5e36605a - <unknown>
[INFO] [stdout]    5:     0x5b5c5e365b95 - <unknown>
[INFO] [stdout]    6:     0x5b5c5e38c9d1 - <unknown>
[INFO] [stdout]    7:     0x5b5c5e38c989 - <unknown>
[INFO] [stdout]    8:     0x5b5c5e38ce8c - <unknown>
[INFO] [stdout]    9:     0x5b5c5e34b5cb - <unknown>
[INFO] [stdout]   10:     0x5b5c5e348d13 - <unknown>
[INFO] [stdout]   11:     0x5b5c5e33a08b - <unknown>
[INFO] [stdout]   12:     0x5b5c5e3a9e9b - <unknown>
[INFO] [stdout]   13:     0x5b5c5e3a5950 - <unknown>
[INFO] [stdout]   14:     0x5b5c5e3a507c - <unknown>
[INFO] [stdout]   15:     0x5b5c5e3c4d8c - <unknown>
[INFO] [stdout]   16:     0x5b5c5e38eb04 - <unknown>
[INFO] [stdout]   17:     0x76de9be84dfa - <unknown>
[INFO] [stdout]   18:     0x76de9bf183d4 - clone
[INFO] [stdout]   19:                0x0 - <unknown>
[INFO] [stdout] 
[INFO] [stdout] ---- test_multi_asset_output_json stdout ----
[INFO] [stdout] 
[INFO] [stdout] thread 'test_multi_asset_output_json' (3618) panicked at /rustc/e3feeb59cd1bdd011a2bfcc0747b55125d9b8527/library/core/src/ops/function.rs:250:5:
[INFO] [stdout] Unexpected failure.
[INFO] [stdout] code=3
[INFO] [stdout] stderr=```"error: File not found: tests/fixtures/preprod_plutus.cbor\n"```
[INFO] [stdout] command=`"/opt/rustwide/target/release/cq" "outputs.0.value" "tests/fixtures/preprod_plutus.cbor" "--json"`
[INFO] [stdout] code=3
[INFO] [stdout] stdout=""
[INFO] [stdout] stderr="error: File not found: tests/fixtures/preprod_plutus.cbor\n"
[INFO] [stdout] 
[INFO] [stdout] stack backtrace:
[INFO] [stdout]    0:     0x5b5c5e3672b5 - <unknown>
[INFO] [stdout]    1:     0x5b5c5e34b73a - <unknown>
[INFO] [stdout]    2:     0x5b5c5e36694b - <unknown>
[INFO] [stdout]    3:     0x5b5c5e36642f - <unknown>
[INFO] [stdout]    4:     0x5b5c5e36605a - <unknown>
[INFO] [stdout]    5:     0x5b5c5e365b95 - <unknown>
[INFO] [stdout]    6:     0x5b5c5e38c9d1 - <unknown>
[INFO] [stdout]    7:     0x5b5c5e38c989 - <unknown>
[INFO] [stdout]    8:     0x5b5c5e38ce8c - <unknown>
[INFO] [stdout]    9:     0x5b5c5e34b5cb - <unknown>
[INFO] [stdout]   10:     0x5b5c5e348d13 - <unknown>
[INFO] [stdout]   11:     0x5b5c5e33d3ee - <unknown>
[INFO] [stdout]   12:     0x5b5c5e3a9e9b - <unknown>
[INFO] [stdout]   13:     0x5b5c5e3a5950 - <unknown>
[INFO] [stdout]   14:     0x5b5c5e3a507c - <unknown>
[INFO] [stdout]   15:     0x5b5c5e3c4d8c - <unknown>
[INFO] [stdout]   16:     0x5b5c5e38eb04 - <unknown>
[INFO] [stdout]   17:     0x76de9be84dfa - <unknown>
[INFO] [stdout]   18:     0x76de9bf183d4 - clone
[INFO] [stdout]   19:                0x0 - <unknown>
[INFO] [stdout] 
[INFO] [stdout] ---- test_check_mode_valid stdout ----
[INFO] [stdout] 
[INFO] [stdout] thread 'test_check_mode_valid' (3607) panicked at /rustc/e3feeb59cd1bdd011a2bfcc0747b55125d9b8527/library/core/src/ops/function.rs:250:5:
[INFO] [stdout] Unexpected failure.
[INFO] [stdout] code=3
[INFO] [stdout] stderr=```"error: File not found: tests/fixtures/babbage_simple.cbor\n"```
[INFO] [stdout] command=`"/opt/rustwide/target/release/cq" "tests/fixtures/babbage_simple.cbor" "--check"`
[INFO] [stdout] code=3
[INFO] [stdout] stdout=""
[INFO] [stdout] stderr="error: File not found: tests/fixtures/babbage_simple.cbor\n"
[INFO] [stdout] 
[INFO] [stdout] stack backtrace:
[INFO] [stdout]    0:     0x5b5c5e3672b5 - <unknown>
[INFO] [stdout]    1:     0x5b5c5e34b73a - <unknown>
[INFO] [stdout]    2:     0x5b5c5e36694b - <unknown>
[INFO] [stdout]    3:     0x5b5c5e36642f - <unknown>
[INFO] [stdout]    4:     0x5b5c5e36605a - <unknown>
[INFO] [stdout]    5:     0x5b5c5e365b95 - <unknown>
[INFO] [stdout]    6:     0x5b5c5e38c9d1 - <unknown>
[INFO] [stdout]    7:     0x5b5c5e38c989 - <unknown>
[INFO] [stdout]    8:     0x5b5c5e38ce8c - <unknown>
[INFO] [stdout]    9:     0x5b5c5e34b5cb - <unknown>
[INFO] [stdout]   10:     0x5b5c5e348d13 - <unknown>
[INFO] [stdout]   11:     0x5b5c5e33aee0 - <unknown>
[INFO] [stdout]   12:     0x5b5c5e3a9e9b - <unknown>
[INFO] [stdout]   13:     0x5b5c5e3a5950 - <unknown>
[INFO] [stdout]   14:     0x5b5c5e3a507c - <unknown>
[INFO] [stdout]   15:     0x5b5c5e3c4d8c - <unknown>
[INFO] [stdout]   16:     0x5b5c5e38eb04 - <unknown>
[INFO] [stdout]   17:     0x76de9be84dfa - <unknown>
[INFO] [stdout]   18:     0x76de9bf183d4 - clone
[INFO] [stdout]   19:                0x0 - <unknown>
[INFO] [stdout] 
[INFO] [stdout] ---- test_pool_registration_json_output stdout ----
[INFO] [stdout] 
[INFO] [stdout] thread 'test_pool_registration_json_output' (3653) panicked at /rustc/e3feeb59cd1bdd011a2bfcc0747b55125d9b8527/library/core/src/ops/function.rs:250:5:
[INFO] [stdout] Unexpected failure.
[INFO] [stdout] code=3
[INFO] [stdout] stderr=```"error: File not found: tests/fixtures/pool_registration.cbor\n"```
[INFO] [stdout] command=`"/opt/rustwide/target/release/cq" "tests/fixtures/pool_registration.cbor" "--json"`
[INFO] [stdout] code=3
[INFO] [stdout] stdout=""
[INFO] [stdout] stderr="error: File not found: tests/fixtures/pool_registration.cbor\n"
[INFO] [stdout] 
[INFO] [stdout] stack backtrace:
[INFO] [stdout]    0:     0x5b5c5e3672b5 - <unknown>
[INFO] [stdout]    1:     0x5b5c5e34b73a - <unknown>
[INFO] [stdout]    2:     0x5b5c5e36694b - <unknown>
[INFO] [stdout]    3:     0x5b5c5e36642f - <unknown>
[INFO] [stdout]    4:     0x5b5c5e36605a - <unknown>
[INFO] [stdout]    5:     0x5b5c5e365b95 - <unknown>
[INFO] [stdout]    6:     0x5b5c5e38c9d1 - <unknown>
[INFO] [stdout]    7:     0x5b5c5e38c989 - <unknown>
[INFO] [stdout]    8:     0x5b5c5e38ce8c - <unknown>
[INFO] [stdout]    9:     0x5b5c5e34b5cb - <unknown>
[INFO] [stdout]   10:     0x5b5c5e348d13 - <unknown>
[INFO] [stdout]   11:     0x5b5c5e3402db - <unknown>
[INFO] [stdout]   12:     0x5b5c5e3a9e9b - <unknown>
[INFO] [stdout]   13:     0x5b5c5e3a5950 - <unknown>
[INFO] [stdout]   14:     0x5b5c5e3a507c - <unknown>
[INFO] [stdout]   15:     0x5b5c5e3c4d8c - <unknown>
[INFO] [stdout]   16:     0x5b5c5e38eb04 - <unknown>
[INFO] [stdout]   17:     0x76de9be84dfa - <unknown>
[INFO] [stdout]   18:     0x76de9bf183d4 - clone
[INFO] [stdout]   19:                0x0 - <unknown>
[INFO] [stdout] 
[INFO] [stdout] ---- test_query_certs_drep stdout ----
[INFO] [stdout] 
[INFO] [stdout] thread 'test_query_certs_drep' (3655) panicked at /rustc/e3feeb59cd1bdd011a2bfcc0747b55125d9b8527/library/core/src/ops/function.rs:250:5:
[INFO] [stdout] Unexpected failure.
[INFO] [stdout] code=3
[INFO] [stdout] stderr=```"error: File not found: tests/fixtures/drep_registration.cbor\n"```
[INFO] [stdout] command=`"/opt/rustwide/target/release/cq" "certs" "tests/fixtures/drep_registration.cbor" "--json"`
[INFO] [stdout] code=3
[INFO] [stdout] stdout=""
[INFO] [stdout] stderr="error: File not found: tests/fixtures/drep_registration.cbor\n"
[INFO] [stdout] 
[INFO] [stdout] stack backtrace:
[INFO] [stdout]    0:     0x5b5c5e3672b5 - <unknown>
[INFO] [stdout]    1:     0x5b5c5e34b73a - <unknown>
[INFO] [stdout]    2:     0x5b5c5e36694b - <unknown>
[INFO] [stdout]    3:     0x5b5c5e36642f - <unknown>
[INFO] [stdout]    4:     0x5b5c5e36605a - <unknown>
[INFO] [stdout]    5:     0x5b5c5e365b95 - <unknown>
[INFO] [stdout]    6:     0x5b5c5e38c9d1 - <unknown>
[INFO] [stdout]    7:     0x5b5c5e38c989 - <unknown>
[INFO] [stdout]    8:     0x5b5c5e38ce8c - <unknown>
[INFO] [stdout]    9:     0x5b5c5e34b5cb - <unknown>
[INFO] [stdout]   10:     0x5b5c5e348d13 - <unknown>
[INFO] [stdout]   11:     0x5b5c5e33b20a - <unknown>
[INFO] [stdout]   12:     0x5b5c5e3a9e9b - <unknown>
[INFO] [stdout]   13:     0x5b5c5e3a5950 - <unknown>
[INFO] [stdout]   14:     0x5b5c5e3a507c - <unknown>
[INFO] [stdout]   15:     0x5b5c5e3c4d8c - <unknown>
[INFO] [stdout]   16:     0x5b5c5e38eb04 - <unknown>
[INFO] [stdout]   17:     0x76de9be84dfa - <unknown>
[INFO] [stdout]   18:     0x76de9bf183d4 - clone
[INFO] [stdout]   19:                0x0 - <unknown>
[INFO] [stdout] 
[INFO] [stdout] ---- test_query_fee stdout ----
[INFO] [stdout] 
[INFO] [stdout] thread 'test_query_fee' (3657) panicked at /rustc/e3feeb59cd1bdd011a2bfcc0747b55125d9b8527/library/core/src/ops/function.rs:250:5:
[INFO] [stdout] Unexpected failure.
[INFO] [stdout] code=3
[INFO] [stdout] stderr=```"error: File not found: tests/fixtures/babbage_simple.cbor\n"```
[INFO] [stdout] command=`"/opt/rustwide/target/release/cq" "fee" "tests/fixtures/babbage_simple.cbor"`
[INFO] [stdout] code=3
[INFO] [stdout] stdout=""
[INFO] [stdout] stderr="error: File not found: tests/fixtures/babbage_simple.cbor\n"
[INFO] [stdout] 
[INFO] [stdout] stack backtrace:
[INFO] [stdout]    0:     0x5b5c5e3672b5 - <unknown>
[INFO] [stdout]    1:     0x5b5c5e34b73a - <unknown>
[INFO] [stdout]    2:     0x5b5c5e36694b - <unknown>
[INFO] [stdout]    3:     0x5b5c5e36642f - <unknown>
[INFO] [stdout]    4:     0x5b5c5e36605a - <unknown>
[INFO] [stdout]    5:     0x5b5c5e365b95 - <unknown>
[INFO] [stdout]    6:     0x5b5c5e38c9d1 - <unknown>
[INFO] [stdout]    7:     0x5b5c5e38c989 - <unknown>
[INFO] [stdout]    8:     0x5b5c5e38ce8c - <unknown>
[INFO] [stdout]    9:     0x5b5c5e34b5cb - <unknown>
[INFO] [stdout]   10:     0x5b5c5e348d13 - <unknown>
[INFO] [stdout]   11:     0x5b5c5e337e03 - <unknown>
[INFO] [stdout]   12:     0x5b5c5e3a9e9b - <unknown>
[INFO] [stdout]   13:     0x5b5c5e3a5950 - <unknown>
[INFO] [stdout]   14:     0x5b5c5e3a507c - <unknown>
[INFO] [stdout]   15:     0x5b5c5e3c4d8c - <unknown>
[INFO] [stdout]   16:     0x5b5c5e38eb04 - <unknown>
[INFO] [stdout]   17:     0x76de9be84dfa - <unknown>
[INFO] [stdout]   18:     0x76de9bf183d4 - clone
[INFO] [stdout]   19:                0x0 - <unknown>
[INFO] [stdout] 
[INFO] [stdout] ---- test_query_field_not_found stdout ----
[INFO] [stdout] 
[INFO] [stdout] thread 'test_query_field_not_found' (3661) panicked at /rustc/e3feeb59cd1bdd011a2bfcc0747b55125d9b8527/library/core/src/ops/function.rs:250:5:
[INFO] [stdout] Unexpected return code, failed var == 4
[INFO] [stdout] └── var: 3
[INFO] [stdout] 
[INFO] [stdout] command=`"/opt/rustwide/target/release/cq" "nonexistent_field" "tests/fixtures/babbage_simple.cbor"`
[INFO] [stdout] code=3
[INFO] [stdout] stdout=""
[INFO] [stdout] stderr="error: File not found: tests/fixtures/babbage_simple.cbor\n"
[INFO] [stdout] 
[INFO] [stdout] stack backtrace:
[INFO] [stdout]    0:     0x5b5c5e3672b5 - <unknown>
[INFO] [stdout]    1:     0x5b5c5e34b73a - <unknown>
[INFO] [stdout]    2:     0x5b5c5e36694b - <unknown>
[INFO] [stdout]    3:     0x5b5c5e36642f - <unknown>
[INFO] [stdout]    4:     0x5b5c5e36605a - <unknown>
[INFO] [stdout]    5:     0x5b5c5e365b95 - <unknown>
[INFO] [stdout]    6:     0x5b5c5e38c9d1 - <unknown>
[INFO] [stdout]    7:     0x5b5c5e38c989 - <unknown>
[INFO] [stdout]    8:     0x5b5c5e38ce8c - <unknown>
[INFO] [stdout]    9:     0x5b5c5e34b5cb - <unknown>
[INFO] [stdout]   10:     0x5b5c5e334443 - <unknown>
[INFO] [stdout]   11:     0x5b5c5e33cfa7 - <unknown>
[INFO] [stdout]   12:     0x5b5c5e3a9e9b - <unknown>
[INFO] [stdout]   13:     0x5b5c5e3a5950 - <unknown>
[INFO] [stdout]   14:     0x5b5c5e3a507c - <unknown>
[INFO] [stdout]   15:     0x5b5c5e3c4d8c - <unknown>
[INFO] [stdout]   16:     0x5b5c5e38eb04 - <unknown>
[INFO] [stdout]   17:     0x76de9be84dfa - <unknown>
[INFO] [stdout]   18:     0x76de9bf183d4 - clone
[INFO] [stdout]   19:                0x0 - <unknown>
[INFO] [stdout] 
[INFO] [stdout] ---- test_json_output_query stdout ----
[INFO] [stdout] 
[INFO] [stdout] thread 'test_json_output_query' (3616) panicked at /rustc/e3feeb59cd1bdd011a2bfcc0747b55125d9b8527/library/core/src/ops/function.rs:250:5:
[INFO] [stdout] Unexpected failure.
[INFO] [stdout] code=3
[INFO] [stdout] stderr=```"error: File not found: tests/fixtures/babbage_simple.cbor\n"```
[INFO] [stdout] command=`"/opt/rustwide/target/release/cq" "body.fee" "tests/fixtures/babbage_simple.cbor" "--json"`
[INFO] [stdout] code=3
[INFO] [stdout] stdout=""
[INFO] [stdout] stderr="error: File not found: tests/fixtures/babbage_simple.cbor\n"
[INFO] [stdout] 
[INFO] [stdout] stack backtrace:
[INFO] [stdout]    0:     0x5b5c5e3672b5 - <unknown>
[INFO] [stdout]    1:     0x5b5c5e34b73a - <unknown>
[INFO] [stdout]    2:     0x5b5c5e36694b - <unknown>
[INFO] [stdout]    3:     0x5b5c5e36642f - <unknown>
[INFO] [stdout]    4:     0x5b5c5e36605a - <unknown>
[INFO] [stdout]    5:     0x5b5c5e365b95 - <unknown>
[INFO] [stdout]    6:     0x5b5c5e38c9d1 - <unknown>
[INFO] [stdout]    7:     0x5b5c5e38c989 - <unknown>
[INFO] [stdout]    8:     0x5b5c5e38ce8c - <unknown>
[INFO] [stdout]    9:     0x5b5c5e34b5cb - <unknown>
[INFO] [stdout]   10:     0x5b5c5e348d13 - <unknown>
[INFO] [stdout]   11:     0x5b5c5e33b9cb - <unknown>
[INFO] [stdout]   12:     0x5b5c5e3a9e9b - <unknown>
[INFO] [stdout]   13:     0x5b5c5e3a5950 - <unknown>
[INFO] [stdout]   14:     0x5b5c5e3a507c - <unknown>
[INFO] [stdout]   15:     0x5b5c5e3c4d8c - <unknown>
[INFO] [stdout]   16:     0x5b5c5e38eb04 - <unknown>
[INFO] [stdout]   17:     0x76de9be84dfa - <unknown>
[INFO] [stdout]   18:     0x76de9bf183d4 - clone
[INFO] [stdout]   19:                0x0 - <unknown>
[INFO] [stdout] 
[INFO] [stdout] ---- test_plutus_transaction_validity_start stdout ----
[INFO] [stdout] 
[INFO] [stdout] thread 'test_plutus_transaction_validity_start' (3623) panicked at /rustc/e3feeb59cd1bdd011a2bfcc0747b55125d9b8527/library/core/src/ops/function.rs:250:5:
[INFO] [stdout] Unexpected failure.
[INFO] [stdout] code=3
[INFO] [stdout] stderr=```"error: File not found: tests/fixtures/preprod_plutus.cbor\n"```
[INFO] [stdout] command=`"/opt/rustwide/target/release/cq" "tests/fixtures/preprod_plutus.cbor"`
[INFO] [stdout] code=3
[INFO] [stdout] stdout=""
[INFO] [stdout] stderr="error: File not found: tests/fixtures/preprod_plutus.cbor\n"
[INFO] [stdout] 
[INFO] [stdout] stack backtrace:
[INFO] [stdout]    0:     0x5b5c5e3672b5 - <unknown>
[INFO] [stdout]    1:     0x5b5c5e34b73a - <unknown>
[INFO] [stdout]    2:     0x5b5c5e36694b - <unknown>
[INFO] [stdout]    3:     0x5b5c5e36642f - <unknown>
[INFO] [stdout]    4:     0x5b5c5e36605a - <unknown>
[INFO] [stdout]    5:     0x5b5c5e365b95 - <unknown>
[INFO] [stdout]    6:     0x5b5c5e38c9d1 - <unknown>
[INFO] [stdout]    7:     0x5b5c5e38c989 - <unknown>
[INFO] [stdout]    8:     0x5b5c5e38ce8c - <unknown>
[INFO] [stdout]    9:     0x5b5c5e34b5cb - <unknown>
[INFO] [stdout]   10:     0x5b5c5e348d13 - <unknown>
[INFO] [stdout]   11:     0x5b5c5e3412c1 - <unknown>
[INFO] [stdout]   12:     0x5b5c5e3a9e9b - <unknown>
[INFO] [stdout]   13:     0x5b5c5e3a5950 - <unknown>
[INFO] [stdout]   14:     0x5b5c5e3a507c - <unknown>
[INFO] [stdout]   15:     0x5b5c5e3c4d8c - <unknown>
[INFO] [stdout]   16:     0x5b5c5e38eb04 - <unknown>
[INFO] [stdout]   17:     0x76de9be84dfa - <unknown>
[INFO] [stdout]   18:     0x76de9bf183d4 - clone
[INFO] [stdout]   19:                0x0 - <unknown>
[INFO] [stdout] 
[INFO] [stdout] ---- test_query_certs_pool_registration stdout ----
[INFO] [stdout] 
[INFO] [stdout] thread 'test_query_certs_pool_registration' (3656) panicked at /rustc/e3feeb59cd1bdd011a2bfcc0747b55125d9b8527/library/core/src/ops/function.rs:250:5:
[INFO] [stdout] Unexpected failure.
[INFO] [stdout] code=3
[INFO] [stdout] stderr=```"error: File not found: tests/fixtures/pool_registration.cbor\n"```
[INFO] [stdout] command=`"/opt/rustwide/target/release/cq" "certs" "tests/fixtures/pool_registration.cbor" "--json"`
[INFO] [stdout] code=3
[INFO] [stdout] stdout=""
[INFO] [stdout] stderr="error: File not found: tests/fixtures/pool_registration.cbor\n"
[INFO] [stdout] 
[INFO] [stdout] stack backtrace:
[INFO] [stdout]    0:     0x5b5c5e3672b5 - <unknown>
[INFO] [stdout]    1:     0x5b5c5e34b73a - <unknown>
[INFO] [stdout]    2:     0x5b5c5e36694b - <unknown>
[INFO] [stdout]    3:     0x5b5c5e36642f - <unknown>
[INFO] [stdout]    4:     0x5b5c5e36605a - <unknown>
[INFO] [stdout]    5:     0x5b5c5e365b95 - <unknown>
[INFO] [stdout]    6:     0x5b5c5e38c9d1 - <unknown>
[INFO] [stdout]    7:     0x5b5c5e38c989 - <unknown>
[INFO] [stdout]    8:     0x5b5c5e38ce8c - <unknown>
[INFO] [stdout]    9:     0x5b5c5e34b5cb - <unknown>
[INFO] [stdout]   10:     0x5b5c5e348d13 - <unknown>
[INFO] [stdout]   11:     0x5b5c5e34069d - <unknown>
[INFO] [stdout]   12:     0x5b5c5e3a9e9b - <unknown>
[INFO] [stdout]   13:     0x5b5c5e3a5950 - <unknown>
[INFO] [stdout]   14:     0x5b5c5e3a507c - <unknown>
[INFO] [stdout]   15:     0x5b5c5e3c4d8c - <unknown>
[INFO] [stdout]   16:     0x5b5c5e38eb04 - <unknown>
[INFO] [stdout]   17:     0x76de9be84dfa - <unknown>
[INFO] [stdout]   18:     0x76de9bf183d4 - clone
[INFO] [stdout]   19:                0x0 - <unknown>
[INFO] [stdout] 
[INFO] [stdout] ---- test_stdin_binary stdout ----
[INFO] [stdout] 
[INFO] [stdout] thread 'test_stdin_binary' (3710) panicked at tests/cli.rs:79:42:
[INFO] [stdout] Failed to read fixture: Os { code: 2, kind: NotFound, message: "No such file or directory" }
[INFO] [stdout] stack backtrace:
[INFO] [stdout]    0:     0x5b5c5e3672b5 - <unknown>
[INFO] [stdout]    1:     0x5b5c5e34b73a - <unknown>
[INFO] [stdout]    2:     0x5b5c5e36694b - <unknown>
[INFO] [stdout]    3:     0x5b5c5e36642f - <unknown>
[INFO] [stdout]    4:     0x5b5c5e36605a - <unknown>
[INFO] [stdout]    5:     0x5b5c5e365b95 - <unknown>
[INFO] [stdout]    6:     0x5b5c5e38c9d1 - <unknown>
[INFO] [stdout]    7:     0x5b5c5e38c989 - <unknown>
[INFO] [stdout]    8:     0x5b5c5e38ce8c - <unknown>
[INFO] [stdout]    9:     0x5b5c5e34b5cb - <unknown>
[INFO] [stdout]   10:     0x5b5c5e34e8e1 - <unknown>
[INFO] [stdout]   11:     0x5b5c5e339c3f - <unknown>
[INFO] [stdout]   12:     0x5b5c5e3a9e9b - <unknown>
[INFO] [stdout]   13:     0x5b5c5e3a5950 - <unknown>
[INFO] [stdout]   14:     0x5b5c5e3a507c - <unknown>
[INFO] [stdout]   15:     0x5b5c5e3c4d8c - <unknown>
[INFO] [stdout]   16:     0x5b5c5e38eb04 - <unknown>
[INFO] [stdout]   17:     0x76de9be84dfa - <unknown>
[INFO] [stdout]   18:     0x76de9bf183d4 - clone
[INFO] [stdout]   19:                0x0 - <unknown>
[INFO] [stdout] 
[INFO] [stdout] ---- test_query_hash stdout ----
[INFO] [stdout] 
[INFO] [stdout] thread 'test_query_hash' (3675) panicked at /rustc/e3feeb59cd1bdd011a2bfcc0747b55125d9b8527/library/core/src/ops/function.rs:250:5:
[INFO] [stdout] Unexpected failure.
[INFO] [stdout] code=3
[INFO] [stdout] stderr=```"error: File not found: tests/fixtures/babbage_simple.cbor\n"```
[INFO] [stdout] command=`"/opt/rustwide/target/release/cq" "hash" "tests/fixtures/babbage_simple.cbor"`
[INFO] [stdout] code=3
[INFO] [stdout] stdout=""
[INFO] [stdout] stderr="error: File not found: tests/fixtures/babbage_simple.cbor\n"
[INFO] [stdout] 
[INFO] [stdout] stack backtrace:
[INFO] [stdout]    0:     0x5b5c5e3672b5 - <unknown>
[INFO] [stdout]    1:     0x5b5c5e34b73a - <unknown>
[INFO] [stdout]    2:     0x5b5c5e36694b - <unknown>
[INFO] [stdout]    3:     0x5b5c5e36642f - <unknown>
[INFO] [stdout]    4:     0x5b5c5e36605a - <unknown>
[INFO] [stdout]    5:     0x5b5c5e365b95 - <unknown>
[INFO] [stdout]    6:     0x5b5c5e38c9d1 - <unknown>
[INFO] [stdout]    7:     0x5b5c5e38c989 - <unknown>
[INFO] [stdout]    8:     0x5b5c5e38ce8c - <unknown>
[INFO] [stdout]    9:     0x5b5c5e34b5cb - <unknown>
[INFO] [stdout]   10:     0x5b5c5e348d13 - <unknown>
[INFO] [stdout]   11:     0x5b5c5e338869 - <unknown>
[INFO] [stdout]   12:     0x5b5c5e3a9e9b - <unknown>
[INFO] [stdout]   13:     0x5b5c5e3a5950 - <unknown>
[INFO] [stdout]   14:     0x5b5c5e3a507c - <unknown>
[INFO] [stdout]   15:     0x5b5c5e3c4d8c - <unknown>
[INFO] [stdout]   16:     0x5b5c5e38eb04 - <unknown>
[INFO] [stdout]   17:     0x76de9be84dfa - <unknown>
[INFO] [stdout]   18:     0x76de9bf183d4 - clone
[INFO] [stdout]   19:                0x0 - <unknown>
[INFO] [stdout] 
[INFO] [stdout] ---- test_plutus_transaction_multi_assets stdout ----
[INFO] [stdout] 
[INFO] [stdout] thread 'test_plutus_transaction_multi_assets' (3622) panicked at /rustc/e3feeb59cd1bdd011a2bfcc0747b55125d9b8527/library/core/src/ops/function.rs:250:5:
[INFO] [stdout] Unexpected failure.
[INFO] [stdout] code=3
[INFO] [stdout] stderr=```"error: File not found: tests/fixtures/preprod_plutus.cbor\n"```
[INFO] [stdout] command=`"/opt/rustwide/target/release/cq" "tests/fixtures/preprod_plutus.cbor"`
[INFO] [stdout] code=3
[INFO] [stdout] stdout=""
[INFO] [stdout] stderr="error: File not found: tests/fixtures/preprod_plutus.cbor\n"
[INFO] [stdout] 
[INFO] [stdout] stack backtrace:
[INFO] [stdout]    0:     0x5b5c5e3672b5 - <unknown>
[INFO] [stdout]    1:     0x5b5c5e34b73a - <unknown>
[INFO] [stdout]    2:     0x5b5c5e36694b - <unknown>
[INFO] [stdout]    3:     0x5b5c5e36642f - <unknown>
[INFO] [stdout]    4:     0x5b5c5e36605a - <unknown>
[INFO] [stdout]    5:     0x5b5c5e365b95 - <unknown>
[INFO] [stdout]    6:     0x5b5c5e38c9d1 - <unknown>
[INFO] [stdout]    7:     0x5b5c5e38c989 - <unknown>
[INFO] [stdout]    8:     0x5b5c5e38ce8c - <unknown>
[INFO] [stdout]    9:     0x5b5c5e34b5cb - <unknown>
[INFO] [stdout]   10:     0x5b5c5e348d13 - <unknown>
[INFO] [stdout]   11:     0x5b5c5e340ed5 - <unknown>
[INFO] [stdout]   12:     0x5b5c5e3a9e9b - <unknown>
[INFO] [stdout]   13:     0x5b5c5e3a5950 - <unknown>
[INFO] [stdout]   14:     0x5b5c5e3a507c - <unknown>
[INFO] [stdout]   15:     0x5b5c5e3c4d8c - <unknown>
[INFO] [stdout]   16:     0x5b5c5e38eb04 - <unknown>
[INFO] [stdout]   17:     0x76de9be84dfa - <unknown>
[INFO] [stdout]   18:     0x76de9bf183d4 - clone
[INFO] [stdout]   19:                0x0 - <unknown>
[INFO] [stdout] 
[INFO] [stdout] ---- test_plutus_transaction_inline_datum stdout ----
[INFO] [stdout] 
[INFO] [stdout] thread 'test_plutus_transaction_inline_datum' (3621) panicked at /rustc/e3feeb59cd1bdd011a2bfcc0747b55125d9b8527/library/core/src/ops/function.rs:250:5:
[INFO] [stdout] Unexpected failure.
[INFO] [stdout] code=3
[INFO] [stdout] stderr=```"error: File not found: tests/fixtures/preprod_plutus.cbor\n"```
[INFO] [stdout] command=`"/opt/rustwide/target/release/cq" "tests/fixtures/preprod_plutus.cbor"`
[INFO] [stdout] code=3
[INFO] [stdout] stdout=""
[INFO] [stdout] stderr="error: File not found: tests/fixtures/preprod_plutus.cbor\n"
[INFO] [stdout] 
[INFO] [stdout] stack backtrace:
[INFO] [stdout]    0:     0x5b5c5e3672b5 - <unknown>
[INFO] [stdout]    1:     0x5b5c5e34b73a - <unknown>
[INFO] [stdout]    2:     0x5b5c5e36694b - <unknown>
[INFO] [stdout]    3:     0x5b5c5e36642f - <unknown>
[INFO] [stdout]    4:     0x5b5c5e36605a - <unknown>
[INFO] [stdout]    5:     0x5b5c5e365b95 - <unknown>
[INFO] [stdout]    6:     0x5b5c5e38c9d1 - <unknown>
[INFO] [stdout]    7:     0x5b5c5e38c989 - <unknown>
[INFO] [stdout]    8:     0x5b5c5e38ce8c - <unknown>
[INFO] [stdout]    9:     0x5b5c5e34b5cb - <unknown>
[INFO] [stdout]   10:     0x5b5c5e348d13 - <unknown>
[INFO] [stdout]   11:     0x5b5c5e3409ea - <unknown>
[INFO] [stdout]   12:     0x5b5c5e3a9e9b - <unknown>
[INFO] [stdout]   13:     0x5b5c5e3a5950 - <unknown>
[INFO] [stdout]   14:     0x5b5c5e3a507c - <unknown>
[INFO] [stdout]   15:     0x5b5c5e3c4d8c - <unknown>
[INFO] [stdout]   16:     0x5b5c5e38eb04 - <unknown>
[INFO] [stdout]   17:     0x76de9be84dfa - <unknown>
[INFO] [stdout]   18:     0x76de9bf183d4 - clone
[INFO] [stdout]   19:                0x0 - <unknown>
[INFO] [stdout] 
[INFO] [stdout] ---- test_pool_registration_certificate stdout ----
[INFO] [stdout] 
[INFO] [stdout] thread 'test_pool_registration_certificate' (3625) panicked at /rustc/e3feeb59cd1bdd011a2bfcc0747b55125d9b8527/library/core/src/ops/function.rs:250:5:
[INFO] [stdout] Unexpected failure.
[INFO] [stdout] code=3
[INFO] [stdout] stderr=```"error: File not found: tests/fixtures/pool_registration.cbor\n"```
[INFO] [stdout] command=`"/opt/rustwide/target/release/cq" "tests/fixtures/pool_registration.cbor"`
[INFO] [stdout] code=3
[INFO] [stdout] stdout=""
[INFO] [stdout] stderr="error: File not found: tests/fixtures/pool_registration.cbor\n"
[INFO] [stdout] 
[INFO] [stdout] stack backtrace:
[INFO] [stdout]    0:     0x5b5c5e3672b5 - <unknown>
[INFO] [stdout]    1:     0x5b5c5e34b73a - <unknown>
[INFO] [stdout]    2:     0x5b5c5e36694b - <unknown>
[INFO] [stdout]    3:     0x5b5c5e36642f - <unknown>
[INFO] [stdout]    4:     0x5b5c5e36605a - <unknown>
[INFO] [stdout]    5:     0x5b5c5e365b95 - <unknown>
[INFO] [stdout]    6:     0x5b5c5e38c9d1 - <unknown>
[INFO] [stdout]    7:     0x5b5c5e38c989 - <unknown>
[INFO] [stdout]    8:     0x5b5c5e38ce8c - <unknown>
[INFO] [stdout]    9:     0x5b5c5e34b5cb - <unknown>
[INFO] [stdout]   10:     0x5b5c5e348d13 - <unknown>
[INFO] [stdout]   11:     0x5b5c5e33fe0f - <unknown>
[INFO] [stdout]   12:     0x5b5c5e3a9e9b - <unknown>
[INFO] [stdout]   13:     0x5b5c5e3a5950 - <unknown>
[INFO] [stdout]   14:     0x5b5c5e3a507c - <unknown>
[INFO] [stdout]   15:     0x5b5c5e3c4d8c - <unknown>
[INFO] [stdout]   16:     0x5b5c5e38eb04 - <unknown>
[INFO] [stdout]   17:     0x76de9be84dfa - <unknown>
[INFO] [stdout]   18:     0x76de9bf183d4 - clone
[INFO] [stdout]   19:                0x0 - <unknown>
[INFO] [stdout] 
[INFO] [stdout] ---- test_stdin_hex stdout ----
[INFO] [stdout] 
[INFO] [stdout] thread 'test_stdin_hex' (3723) panicked at tests/cli.rs:16:42:
[INFO] [stdout] Failed to read fixture: Os { code: 2, kind: NotFound, message: "No such file or directory" }
[INFO] [stdout] stack backtrace:
[INFO] [stdout]    0:     0x5b5c5e3672b5 - <unknown>
[INFO] [stdout]    1:     0x5b5c5e34b73a - <unknown>
[INFO] [stdout]    2:     0x5b5c5e36694b - <unknown>
[INFO] [stdout]    3:     0x5b5c5e36642f - <unknown>
[INFO] [stdout]    4:     0x5b5c5e36605a - <unknown>
[INFO] [stdout]    5:     0x5b5c5e365b95 - <unknown>
[INFO] [stdout]    6:     0x5b5c5e38c9d1 - <unknown>
[INFO] [stdout]    7:     0x5b5c5e38c989 - <unknown>
[INFO] [stdout]    8:     0x5b5c5e38ce8c - <unknown>
[INFO] [stdout]    9:     0x5b5c5e34b5cb - <unknown>
[INFO] [stdout]   10:     0x5b5c5e34e8e1 - <unknown>
[INFO] [stdout]   11:     0x5b5c5e335261 - <unknown>
[INFO] [stdout]   12:     0x5b5c5e338227 - <unknown>
[INFO] [stdout]   13:     0x5b5c5e3a9e9b - <unknown>
[INFO] [stdout]   14:     0x5b5c5e3a5950 - <unknown>
[INFO] [stdout]   15:     0x5b5c5e3a507c - <unknown>
[INFO] [stdout]   16:     0x5b5c5e3c4d8c - <unknown>
[INFO] [stdout]   17:     0x5b5c5e38eb04 - <unknown>
[INFO] [stdout]   18:     0x76de9be84dfa - <unknown>
[INFO] [stdout]   19:     0x76de9bf183d4 - clone
[INFO] [stdout]   20:                0x0 - <unknown>
[INFO] [stdout] 
[INFO] [stdout] ---- test_query_nested_outputs_value stdout ----
[INFO] [stdout] 
[INFO] [stdout] thread 'test_query_nested_outputs_value' (3692) panicked at /rustc/e3feeb59cd1bdd011a2bfcc0747b55125d9b8527/library/core/src/ops/function.rs:250:5:
[INFO] [stdout] Unexpected failure.
[INFO] [stdout] code=3
[INFO] [stdout] stderr=```"error: File not found: tests/fixtures/babbage_simple.cbor\n"```
[INFO] [stdout] command=`"/opt/rustwide/target/release/cq" "outputs.0.value.coin" "tests/fixtures/babbage_simple.cbor" "--ada"`
[INFO] [stdout] code=3
[INFO] [stdout] stdout=""
[INFO] [stdout] stderr="error: File not found: tests/fixtures/babbage_simple.cbor\n"
[INFO] [stdout] 
[INFO] [stdout] stack backtrace:
[INFO] [stdout]    0:     0x5b5c5e3672b5 - <unknown>
[INFO] [stdout]    1:     0x5b5c5e34b73a - <unknown>
[INFO] [stdout]    2:     0x5b5c5e36694b - <unknown>
[INFO] [stdout]    3:     0x5b5c5e36642f - <unknown>
[INFO] [stdout]    4:     0x5b5c5e36605a - <unknown>
[INFO] [stdout]    5:     0x5b5c5e365b95 - <unknown>
[INFO] [stdout]    6:     0x5b5c5e38c9d1 - <unknown>
[INFO] [stdout]    7:     0x5b5c5e38c989 - <unknown>
[INFO] [stdout]    8:     0x5b5c5e38ce8c - <unknown>
[INFO] [stdout]    9:     0x5b5c5e34b5cb - <unknown>
[INFO] [stdout]   10:     0x5b5c5e348d13 - <unknown>
[INFO] [stdout]   11:     0x5b5c5e33f01a - <unknown>
[INFO] [stdout]   12:     0x5b5c5e3a9e9b - <unknown>
[INFO] [stdout]   13:     0x5b5c5e3a5950 - <unknown>
[INFO] [stdout]   14:     0x5b5c5e3a507c - <unknown>
[INFO] [stdout]   15:     0x5b5c5e3c4d8c - <unknown>
[INFO] [stdout]   16:     0x5b5c5e38eb04 - <unknown>
[INFO] [stdout]   17:     0x76de9be84dfa - <unknown>
[INFO] [stdout]   18:     0x76de9bf183d4 - clone
[INFO] [stdout]   19:                0x0 - <unknown>
[INFO] [stdout] 
[INFO] [stdout] ---- test_query_index_out_of_bounds stdout ----
[INFO] [stdout] 
[INFO] [stdout] thread 'test_query_index_out_of_bounds' (3676) panicked at /rustc/e3feeb59cd1bdd011a2bfcc0747b55125d9b8527/library/core/src/ops/function.rs:250:5:
[INFO] [stdout] Unexpected return code, failed var == 4
[INFO] [stdout] └── var: 3
[INFO] [stdout] 
[INFO] [stdout] command=`"/opt/rustwide/target/release/cq" "outputs.99" "tests/fixtures/babbage_simple.cbor"`
[INFO] [stdout] code=3
[INFO] [stdout] stdout=""
[INFO] [stdout] stderr="error: File not found: tests/fixtures/babbage_simple.cbor\n"
[INFO] [stdout] 
[INFO] [stdout] stack backtrace:
[INFO] [stdout]    0:     0x5b5c5e3672b5 - <unknown>
[INFO] [stdout]    1:     0x5b5c5e34b73a - <unknown>
[INFO] [stdout]    2:     0x5b5c5e36694b - <unknown>
[INFO] [stdout]    3:     0x5b5c5e36642f - <unknown>
[INFO] [stdout]    4:     0x5b5c5e36605a - <unknown>
[INFO] [stdout]    5:     0x5b5c5e365b95 - <unknown>
[INFO] [stdout]    6:     0x5b5c5e38c9d1 - <unknown>
[INFO] [stdout]    7:     0x5b5c5e38c989 - <unknown>
[INFO] [stdout]    8:     0x5b5c5e38ce8c - <unknown>
[INFO] [stdout]    9:     0x5b5c5e34b5cb - <unknown>
[INFO] [stdout]   10:     0x5b5c5e334443 - <unknown>
[INFO] [stdout]   11:     0x5b5c5e33e4f7 - <unknown>
[INFO] [stdout]   12:     0x5b5c5e3a9e9b - <unknown>
[INFO] [stdout]   13:     0x5b5c5e3a5950 - <unknown>
[INFO] [stdout]   14:     0x5b5c5e3a507c - <unknown>
[INFO] [stdout]   15:     0x5b5c5e3c4d8c - <unknown>
[INFO] [stdout]   16:     0x5b5c5e38eb04 - <unknown>
[INFO] [stdout]   17:     0x76de9be84dfa - <unknown>
[INFO] [stdout]   18:     0x76de9bf183d4 - clone
[INFO] [stdout]   19:                0x0 - <unknown>
[INFO] [stdout] 
[INFO] [stdout] ---- test_query_outputs stdout ----
[INFO] [stdout] 
[INFO] [stdout] thread 'test_query_outputs' (3693) panicked at /rustc/e3feeb59cd1bdd011a2bfcc0747b55125d9b8527/library/core/src/ops/function.rs:250:5:
[INFO] [stdout] Unexpected failure.
[INFO] [stdout] code=3
[INFO] [stdout] stderr=```"error: File not found: tests/fixtures/babbage_simple.cbor\n"```
[INFO] [stdout] command=`"/opt/rustwide/target/release/cq" "outputs" "tests/fixtures/babbage_simple.cbor"`
[INFO] [stdout] code=3
[INFO] [stdout] stdout=""
[INFO] [stdout] stderr="error: File not found: tests/fixtures/babbage_simple.cbor\n"
[INFO] [stdout] 
[INFO] [stdout] stack backtrace:
[INFO] [stdout]    0:     0x5b5c5e3672b5 - <unknown>
[INFO] [stdout]    1:     0x5b5c5e34b73a - <unknown>
[INFO] [stdout]    2:     0x5b5c5e36694b - <unknown>
[INFO] [stdout]    3:     0x5b5c5e36642f - <unknown>
[INFO] [stdout]    4:     0x5b5c5e36605a - <unknown>
[INFO] [stdout]    5:     0x5b5c5e365b95 - <unknown>
[INFO] [stdout]    6:     0x5b5c5e38c9d1 - <unknown>
[INFO] [stdout]    7:     0x5b5c5e38c989 - <unknown>
[INFO] [stdout]    8:     0x5b5c5e38ce8c - <unknown>
[INFO] [stdout]    9:     0x5b5c5e34b5cb - <unknown>
[INFO] [stdout]   10:     0x5b5c5e348d13 - <unknown>
[INFO] [stdout]   11:     0x5b5c5e33a837 - <unknown>
[INFO] [stdout]   12:     0x5b5c5e3a9e9b - <unknown>
[INFO] [stdout]   13:     0x5b5c5e3a5950 - <unknown>
[INFO] [stdout]   14:     0x5b5c5e3a507c - <unknown>
[INFO] [stdout]   15:     0x5b5c5e3c4d8c - <unknown>
[INFO] [stdout]   16:     0x5b5c5e38eb04 - <unknown>
[INFO] [stdout]   17:     0x76de9be84dfa - <unknown>
[INFO] [stdout]   18:     0x76de9bf183d4 - clone
[INFO] [stdout]   19:                0x0 - <unknown>
[INFO] [stdout] 
[INFO] [stdout] ---- test_query_fee_ada stdout ----
[INFO] [stdout] 
[INFO] [stdout] thread 'test_query_fee_ada' (3658) panicked at /rustc/e3feeb59cd1bdd011a2bfcc0747b55125d9b8527/library/core/src/ops/function.rs:250:5:
[INFO] [stdout] Unexpected failure.
[INFO] [stdout] code=3
[INFO] [stdout] stderr=```"error: File not found: tests/fixtures/babbage_simple.cbor\n"```
[INFO] [stdout] command=`"/opt/rustwide/target/release/cq" "fee" "tests/fixtures/babbage_simple.cbor" "--ada"`
[INFO] [stdout] code=3
[INFO] [stdout] stdout=""
[INFO] [stdout] stderr="error: File not found: tests/fixtures/babbage_simple.cbor\n"
[INFO] [stdout] 
[INFO] [stdout] stack backtrace:
[INFO] [stdout]    0:     0x5b5c5e3672b5 - <unknown>
[INFO] [stdout]    1:     0x5b5c5e34b73a - <unknown>
[INFO] [stdout]    2:     0x5b5c5e36694b - <unknown>
[INFO] [stdout]    3:     0x5b5c5e36642f - <unknown>
[INFO] [stdout]    4:     0x5b5c5e36605a - <unknown>
[INFO] [stdout]    5:     0x5b5c5e365b95 - <unknown>
[INFO] [stdout]    6:     0x5b5c5e38c9d1 - <unknown>
[INFO] [stdout]    7:     0x5b5c5e38c989 - <unknown>
[INFO] [stdout]    8:     0x5b5c5e38ce8c - <unknown>
[INFO] [stdout]    9:     0x5b5c5e34b5cb - <unknown>
[INFO] [stdout]   10:     0x5b5c5e348d13 - <unknown>
[INFO] [stdout]   11:     0x5b5c5e33a413 - <unknown>
[INFO] [stdout]   12:     0x5b5c5e3a9e9b - <unknown>
[INFO] [stdout]   13:     0x5b5c5e3a5950 - <unknown>
[INFO] [stdout]   14:     0x5b5c5e3a507c - <unknown>
[INFO] [stdout]   15:     0x5b5c5e3c4d8c - <unknown>
[INFO] [stdout]   16:     0x5b5c5e38eb04 - <unknown>
[INFO] [stdout]   17:     0x76de9be84dfa - <unknown>
[INFO] [stdout]   18:     0x76de9bf183d4 - clone
[INFO] [stdout]   19:                0x0 - <unknown>
[INFO] [stdout] 
[INFO] [stdout] ---- test_query_nested_inputs_txid stdout ----
[INFO] [stdout] 
[INFO] [stdout] thread 'test_query_nested_inputs_txid' (3690) panicked at /rustc/e3feeb59cd1bdd011a2bfcc0747b55125d9b8527/library/core/src/ops/function.rs:250:5:
[INFO] [stdout] Unexpected failure.
[INFO] [stdout] code=3
[INFO] [stdout] stderr=```"error: File not found: tests/fixtures/babbage_simple.cbor\n"```
[INFO] [stdout] command=`"/opt/rustwide/target/release/cq" "inputs.0.transaction_id" "tests/fixtures/babbage_simple.cbor"`
[INFO] [stdout] code=3
[INFO] [stdout] stdout=""
[INFO] [stdout] stderr="error: File not found: tests/fixtures/babbage_simple.cbor\n"
[INFO] [stdout] 
[INFO] [stdout] stack backtrace:
[INFO] [stdout]    0:     0x5b5c5e3672b5 - <unknown>
[INFO] [stdout]    1:     0x5b5c5e34b73a - <unknown>
[INFO] [stdout]    2:     0x5b5c5e36694b - <unknown>
[INFO] [stdout]    3:     0x5b5c5e36642f - <unknown>
[INFO] [stdout]    4:     0x5b5c5e36605a - <unknown>
[INFO] [stdout]    5:     0x5b5c5e365b95 - <unknown>
[INFO] [stdout]    6:     0x5b5c5e38c9d1 - <unknown>
[INFO] [stdout]    7:     0x5b5c5e38c989 - <unknown>
[INFO] [stdout]    8:     0x5b5c5e38ce8c - <unknown>
[INFO] [stdout]    9:     0x5b5c5e34b5cb - <unknown>
[INFO] [stdout]   10:     0x5b5c5e348d13 - <unknown>
[INFO] [stdout]   11:     0x5b5c5e33dc49 - <unknown>
[INFO] [stdout]   12:     0x5b5c5e3a9e9b - <unknown>
[INFO] [stdout]   13:     0x5b5c5e3a5950 - <unknown>
[INFO] [stdout]   14:     0x5b5c5e3a507c - <unknown>
[INFO] [stdout]   15:     0x5b5c5e3c4d8c - <unknown>
[INFO] [stdout]   16:     0x5b5c5e38eb04 - <unknown>
[INFO] [stdout]   17:     0x76de9be84dfa - <unknown>
[INFO] [stdout]   18:     0x76de9bf183d4 - clone
[INFO] [stdout]   19:                0x0 - <unknown>
[INFO] [stdout] 
[INFO] [stdout] ---- test_query_inputs stdout ----
[INFO] [stdout] 
[INFO] [stdout] thread 'test_query_inputs' (3677) panicked at /rustc/e3feeb59cd1bdd011a2bfcc0747b55125d9b8527/library/core/src/ops/function.rs:250:5:
[INFO] [stdout] Unexpected failure.
[INFO] [stdout] code=3
[INFO] [stdout] stderr=```"error: File not found: tests/fixtures/babbage_simple.cbor\n"```
[INFO] [stdout] command=`"/opt/rustwide/target/release/cq" "inputs" "tests/fixtures/babbage_simple.cbor"`
[INFO] [stdout] code=3
[INFO] [stdout] stdout=""
[INFO] [stdout] stderr="error: File not found: tests/fixtures/babbage_simple.cbor\n"
[INFO] [stdout] 
[INFO] [stdout] stack backtrace:
[INFO] [stdout]    0:     0x5b5c5e3672b5 - <unknown>
[INFO] [stdout]    1:     0x5b5c5e34b73a - <unknown>
[INFO] [stdout]    2:     0x5b5c5e36694b - <unknown>
[INFO] [stdout]    3:     0x5b5c5e36642f - <unknown>
[INFO] [stdout]    4:     0x5b5c5e36605a - <unknown>
[INFO] [stdout]    5:     0x5b5c5e365b95 - <unknown>
[INFO] [stdout]    6:     0x5b5c5e38c9d1 - <unknown>
[INFO] [stdout]    7:     0x5b5c5e38c989 - <unknown>
[INFO] [stdout]    8:     0x5b5c5e38ce8c - <unknown>
[INFO] [stdout]    9:     0x5b5c5e34b5cb - <unknown>
[INFO] [stdout]   10:     0x5b5c5e348d13 - <unknown>
[INFO] [stdout]   11:     0x5b5c5e339595 - <unknown>
[INFO] [stdout]   12:     0x5b5c5e3a9e9b - <unknown>
[INFO] [stdout]   13:     0x5b5c5e3a5950 - <unknown>
[INFO] [stdout]   14:     0x5b5c5e3a507c - <unknown>
[INFO] [stdout]   15:     0x5b5c5e3c4d8c - <unknown>
[INFO] [stdout]   16:     0x5b5c5e38eb04 - <unknown>
[INFO] [stdout]   17:     0x76de9be84dfa - <unknown>
[INFO] [stdout]   18:     0x76de9bf183d4 - clone
[INFO] [stdout]   19:                0x0 - <unknown>
[INFO] [stdout] 
[INFO] [stdout] ---- test_stdin_with_query stdout ----
[INFO] [stdout] 
[INFO] [stdout] thread 'test_stdin_with_query' (3724) panicked at tests/cli.rs:285:42:
[INFO] [stdout] Failed to read fixture: Os { code: 2, kind: NotFound, message: "No such file or directory" }
[INFO] [stdout] stack backtrace:
[INFO] [stdout]    0:     0x5b5c5e3672b5 - <unknown>
[INFO] [stdout]    1:     0x5b5c5e34b73a - <unknown>
[INFO] [stdout]    2:     0x5b5c5e36694b - <unknown>
[INFO] [stdout]    3:     0x5b5c5e36642f - <unknown>
[INFO] [stdout]    4:     0x5b5c5e36605a - <unknown>
[INFO] [stdout]    5:     0x5b5c5e365b95 - <unknown>
[INFO] [stdout]    6:     0x5b5c5e38c9d1 - <unknown>
[INFO] [stdout]    7:     0x5b5c5e38c989 - <unknown>
[INFO] [stdout]    8:     0x5b5c5e38ce8c - <unknown>
[INFO] [stdout]    9:     0x5b5c5e34b5cb - <unknown>
[INFO] [stdout]   10:     0x5b5c5e34e8e1 - <unknown>
[INFO] [stdout]   11:     0x5b5c5e33b54c - <unknown>
[INFO] [stdout]   12:     0x5b5c5e3a9e9b - <unknown>
[INFO] [stdout]   13:     0x5b5c5e3a5950 - <unknown>
[INFO] [stdout]   14:     0x5b5c5e3a507c - <unknown>
[INFO] [stdout]   15:     0x5b5c5e3c4d8c - <unknown>
[INFO] [stdout]   16:     0x5b5c5e38eb04 - <unknown>
[INFO] [stdout]   17:     0x76de9be84dfa - <unknown>
[INFO] [stdout]   18:     0x76de9bf183d4 - clone
[INFO] [stdout]   19:                0x0 - <unknown>
[INFO] [stdout] 
[INFO] [stdout] ---- test_raw_output stdout ----
[INFO] [stdout] 
[INFO] [stdout] thread 'test_raw_output' (3694) panicked at /rustc/e3feeb59cd1bdd011a2bfcc0747b55125d9b8527/library/core/src/ops/function.rs:250:5:
[INFO] [stdout] Unexpected failure.
[INFO] [stdout] code=3
[INFO] [stdout] stderr=```"error: File not found: tests/fixtures/babbage_simple.cbor\n"```
[INFO] [stdout] command=`"/opt/rustwide/target/release/cq" "tests/fixtures/babbage_simple.cbor" "--raw"`
[INFO] [stdout] code=3
[INFO] [stdout] stdout=""
[INFO] [stdout] stderr="error: File not found: tests/fixtures/babbage_simple.cbor\n"
[INFO] [stdout] 
[INFO] [stdout] stack backtrace:
[INFO] [stdout]    0:     0x5b5c5e3672b5 - <unknown>
[INFO] [stdout]    1:     0x5b5c5e34b73a - <unknown>
[INFO] [stdout]    2:     0x5b5c5e36694b - <unknown>
[INFO] [stdout]    3:     0x5b5c5e36642f - <unknown>
[INFO] [stdout]    4:     0x5b5c5e36605a - <unknown>
[INFO] [stdout]    5:     0x5b5c5e365b95 - <unknown>
[INFO] [stdout]    6:     0x5b5c5e38c9d1 - <unknown>
[INFO] [stdout]    7:     0x5b5c5e38c989 - <unknown>
[INFO] [stdout]    8:     0x5b5c5e38ce8c - <unknown>
[INFO] [stdout]    9:     0x5b5c5e34b5cb - <unknown>
[INFO] [stdout]   10:     0x5b5c5e348d13 - <unknown>
[INFO] [stdout]   11:     0x5b5c5e338bd3 - <unknown>
[INFO] [stdout]   12:     0x5b5c5e3a9e9b - <unknown>
[INFO] [stdout]   13:     0x5b5c5e3a5950 - <unknown>
[INFO] [stdout]   14:     0x5b5c5e3a507c - <unknown>
[INFO] [stdout]   15:     0x5b5c5e3c4d8c - <unknown>
[INFO] [stdout]   16:     0x5b5c5e38eb04 - <unknown>
[INFO] [stdout]   17:     0x76de9be84dfa - <unknown>
[INFO] [stdout]   18:     0x76de9bf183d4 - clone
[INFO] [stdout]   19:                0x0 - <unknown>
[INFO] [stdout] 
[INFO] [stdout] ---- test_query_nested_outputs_address stdout ----
[INFO] [stdout] 
[INFO] [stdout] thread 'test_query_nested_outputs_address' (3691) panicked at /rustc/e3feeb59cd1bdd011a2bfcc0747b55125d9b8527/library/core/src/ops/function.rs:250:5:
[INFO] [stdout] Unexpected failure.
[INFO] [stdout] code=3
[INFO] [stdout] stderr=```"error: File not found: tests/fixtures/babbage_simple.cbor\n"```
[INFO] [stdout] command=`"/opt/rustwide/target/release/cq" "outputs.0.address" "tests/fixtures/babbage_simple.cbor"`
[INFO] [stdout] code=3
[INFO] [stdout] stdout=""
[INFO] [stdout] stderr="error: File not found: tests/fixtures/babbage_simple.cbor\n"
[INFO] [stdout] 
[INFO] [stdout] stack backtrace:
[INFO] [stdout]    0:     0x5b5c5e3672b5 - <unknown>
[INFO] [stdout]    1:     0x5b5c5e34b73a - <unknown>
[INFO] [stdout]    2:     0x5b5c5e36694b - <unknown>
[INFO] [stdout]    3:     0x5b5c5e36642f - <unknown>
[INFO] [stdout]    4:     0x5b5c5e36605a - <unknown>
[INFO] [stdout]    5:     0x5b5c5e365b95 - <unknown>
[INFO] [stdout]    6:     0x5b5c5e38c9d1 - <unknown>
[INFO] [stdout]    7:     0x5b5c5e38c989 - <unknown>
[INFO] [stdout]    8:     0x5b5c5e38ce8c - <unknown>
[INFO] [stdout]    9:     0x5b5c5e34b5cb - <unknown>
[INFO] [stdout]   10:     0x5b5c5e348d13 - <unknown>
[INFO] [stdout]   11:     0x5b5c5e33f3a1 - <unknown>
[INFO] [stdout]   12:     0x5b5c5e3a9e9b - <unknown>
[INFO] [stdout]   13:     0x5b5c5e3a5950 - <unknown>
[INFO] [stdout]   14:     0x5b5c5e3a507c - <unknown>
[INFO] [stdout]   15:     0x5b5c5e3c4d8c - <unknown>
[INFO] [stdout]   16:     0x5b5c5e38eb04 - <unknown>
[INFO] [stdout]   17:     0x76de9be84dfa - <unknown>
[INFO] [stdout]   18:     0x76de9bf183d4 - clone
[INFO] [stdout]   19:                0x0 - <unknown>
[INFO] [stdout] 
[INFO] [stdout] 
[INFO] [stdout] failures:
[INFO] [stdout]     test_check_mode_valid
[INFO] [stdout]     test_drep_registration_certificate
[INFO] [stdout]     test_full_transaction_from_file
[INFO] [stdout]     test_full_transaction_from_hex
[INFO] [stdout]     test_full_transaction_from_hex_with_prefix
[INFO] [stdout]     test_json_output
[INFO] [stdout]     test_json_output_query
[INFO] [stdout]     test_multi_asset_output_json
[INFO] [stdout]     test_no_color_flag
[INFO] [stdout]     test_plutus_collateral_query
[INFO] [stdout]     test_plutus_transaction_inline_datum
[INFO] [stdout]     test_plutus_transaction_multi_assets
[INFO] [stdout]     test_plutus_transaction_validity_start
[INFO] [stdout]     test_pool_registration_certificate
[INFO] [stdout]     test_pool_registration_json_output
[INFO] [stdout]     test_query_certs_drep
[INFO] [stdout]     test_query_certs_pool_registration
[INFO] [stdout]     test_query_fee
[INFO] [stdout]     test_query_fee_ada
[INFO] [stdout]     test_query_field_not_found
[INFO] [stdout]     test_query_hash
[INFO] [stdout]     test_query_index_out_of_bounds
[INFO] [stdout]     test_query_inputs
[INFO] [stdout]     test_query_nested_inputs_txid
[INFO] [stdout]     test_query_nested_outputs_address
[INFO] [stdout]     test_query_nested_outputs_value
[INFO] [stdout]     test_query_outputs
[INFO] [stdout]     test_raw_output
[INFO] [stdout]     test_stdin_binary
[INFO] [stdout]     test_stdin_hex
[INFO] [stdout]     test_stdin_with_query
[INFO] [stdout] 
[INFO] [stdout] test result: FAILED. 4 passed; 31 failed; 0 ignored; 0 measured; 0 filtered out; finished in 0.04s
[INFO] [stdout] 
[INFO] [stderr] error: test failed, to rerun pass `--test cli`
[INFO] running `Command { std: "docker" "inspect" "f85cc8a882fafe25ee560c9b24d11d7bc67ccc4459dadcf0d7072b49257bea8b", kill_on_drop: false }`
[INFO] running `Command { std: "docker" "rm" "-f" "f85cc8a882fafe25ee560c9b24d11d7bc67ccc4459dadcf0d7072b49257bea8b", kill_on_drop: false }`
[INFO] [stdout] f85cc8a882fafe25ee560c9b24d11d7bc67ccc4459dadcf0d7072b49257bea8b
