[INFO] fetching crate cpy-binder 1.0.0...
[INFO] testing cpy-binder-1.0.0 against 1.99.0-beta.8+cargoflags=--release for beta-release-1.100-2
[INFO] extracting crate cpy-binder 1.0.0 into /workspace/builds/worker-4-tc1/source
[INFO] started tweaking crates.io crate cpy-binder 1.0.0
[INFO] finished tweaking crates.io crate cpy-binder 1.0.0
[INFO] tweaked toml for crates.io crate cpy-binder 1.0.0 written to /workspace/builds/worker-4-tc1/source/Cargo.toml
[INFO] validating manifest of crates.io crate cpy-binder 1.0.0 on toolchain 1.99.0-beta.8
[INFO] running `Command { std: CARGO_HOME="/workspace/cargo-home" RUSTUP_HOME="/workspace/rustup-home" "/workspace/cargo-home/bin/cargo" "+1.99.0-beta.8" "metadata" "--manifest-path" "Cargo.toml" "--no-deps", kill_on_drop: false }`
[INFO] running `Command { std: CARGO_HOME="/workspace/cargo-home" RUSTUP_HOME="/workspace/rustup-home" "/workspace/cargo-home/bin/cargo" "+1.99.0-beta.8" "generate-lockfile" "--manifest-path" "Cargo.toml", kill_on_drop: false }`
[INFO] [stderr]     Updating crates.io index
[INFO] [stderr]      Locking 25 packages to highest compatible versions
[INFO] [stderr]       Adding pyo3 v0.18.3 (available: v0.30.1)
[INFO] [stderr]       Adding syn v1.0.109 (available: v3.0.9)
[INFO] running `Command { std: CARGO_HOME="/workspace/cargo-home" RUSTUP_HOME="/workspace/rustup-home" "/workspace/cargo-home/bin/cargo" "+1.99.0-beta.8" "fetch" "--manifest-path" "Cargo.toml", kill_on_drop: false }`
[INFO] [stderr]  Downloading crates ...
[INFO] [stderr]   Downloaded unindent v0.1.11
[INFO] [stderr]   Downloaded pyo3-ffi v0.18.3
[INFO] [stderr]   Downloaded pyo3-macros v0.18.3
[INFO] [stderr]   Downloaded indoc v1.0.9
[INFO] [stderr]   Downloaded pyo3-macros-backend v0.18.3
[INFO] [stderr]   Downloaded pyo3-build-config v0.18.3
[INFO] [stderr]   Downloaded memoffset v0.8.0
[INFO] [stderr]   Downloaded pyo3 v0.18.3
[INFO] running `Command { std: "docker" "create" "-v" "/var/lib/crater-agent-workspace/builds/worker-4-tc1/source:/opt/rustwide/workdir:ro,Z" "-v" "/var/lib/crater-agent-workspace/builds/worker-4-tc1/target:/opt/rustwide/target:rw,Z" "-v" "/var/lib/crater-agent-workspace/cargo-home:/opt/rustwide/cargo-home:ro,Z" "-v" "/var/lib/crater-agent-workspace/rustup-home:/opt/rustwide/rustup-home:ro,Z" "-m" "1610612736" "--network" "none" "ghcr.io/rust-lang/crates-build-env/linux@sha256:77db811e55d90add9212f6832c23229e3de5f1c1f9905e8cb07319ea15df73ac" "sleep" "infinity", kill_on_drop: false }`
[INFO] [stdout] b7f1f35343c8276e4340400cd196e36781f80f60646f4079caf46d326c369df6
[INFO] running `Command { std: "docker" "start" "b7f1f35343c8276e4340400cd196e36781f80f60646f4079caf46d326c369df6", kill_on_drop: false }`
[INFO] running `Command { std: "docker" "inspect" "b7f1f35343c8276e4340400cd196e36781f80f60646f4079caf46d326c369df6", kill_on_drop: false }`
[INFO] running `Command { std: "docker" "exec" "-e" "SOURCE_DIR=/opt/rustwide/workdir" "-e" "CARGO_HOME=/opt/rustwide/cargo-home" "-e" "RUSTUP_HOME=/opt/rustwide/rustup-home" "-e" "CARGO_TARGET_DIR=/opt/rustwide/target" "-w" "/opt/rustwide/workdir" "--user" "0:0" "b7f1f35343c8276e4340400cd196e36781f80f60646f4079caf46d326c369df6" "/opt/rustwide/cargo-home/bin/cargo" "+1.99.0-beta.8" "metadata" "--no-deps" "--format-version=1", kill_on_drop: false }`
[INFO] running `Command { std: "docker" "inspect" "b7f1f35343c8276e4340400cd196e36781f80f60646f4079caf46d326c369df6", kill_on_drop: false }`
[INFO] running `Command { std: "docker" "exec" "-e" "SOURCE_DIR=/opt/rustwide/workdir" "-e" "CARGO_HOME=/opt/rustwide/cargo-home" "-e" "RUSTUP_HOME=/opt/rustwide/rustup-home" "-e" "CARGO_TARGET_DIR=/opt/rustwide/target" "-e" "CARGO_INCREMENTAL=0" "-e" "RUST_BACKTRACE=full" "-e" "RUSTFLAGS=--cap-lints=warn" "-e" "RUSTDOCFLAGS=--cap-lints=warn" "-w" "/opt/rustwide/workdir" "--user" "0:0" "b7f1f35343c8276e4340400cd196e36781f80f60646f4079caf46d326c369df6" "/opt/rustwide/cargo-home/bin/cargo" "+1.99.0-beta.8" "build" "--frozen" "--message-format=json" "--release", kill_on_drop: false }`
[INFO] [stderr]    Compiling proc-macro2 v1.0.107
[INFO] [stderr]    Compiling quote v1.0.47
[INFO] [stderr]    Compiling syn v1.0.109
[INFO] [stderr]    Compiling cpy-binder v1.0.0 (/opt/rustwide/workdir)
[INFO] [stderr]     Finished `release` profile [optimized] target(s) in 7.62s
[INFO] running `Command { std: "docker" "inspect" "b7f1f35343c8276e4340400cd196e36781f80f60646f4079caf46d326c369df6", kill_on_drop: false }`
[INFO] running `Command { std: "docker" "exec" "-e" "SOURCE_DIR=/opt/rustwide/workdir" "-e" "CARGO_HOME=/opt/rustwide/cargo-home" "-e" "RUSTUP_HOME=/opt/rustwide/rustup-home" "-e" "CARGO_TARGET_DIR=/opt/rustwide/target" "-e" "CARGO_INCREMENTAL=0" "-e" "RUST_BACKTRACE=full" "-e" "RUSTFLAGS=--cap-lints=warn" "-e" "RUSTDOCFLAGS=--cap-lints=warn" "-w" "/opt/rustwide/workdir" "--user" "0:0" "b7f1f35343c8276e4340400cd196e36781f80f60646f4079caf46d326c369df6" "/opt/rustwide/cargo-home/bin/cargo" "+1.99.0-beta.8" "test" "--frozen" "--no-run" "--message-format=json" "--release", kill_on_drop: false }`
[INFO] [stderr]    Compiling cpy-binder v1.0.0 (/opt/rustwide/workdir)
[INFO] [stderr]     Finished `release` profile [optimized] target(s) in 0.54s
[INFO] running `Command { std: "docker" "inspect" "b7f1f35343c8276e4340400cd196e36781f80f60646f4079caf46d326c369df6", kill_on_drop: false }`
[INFO] running `Command { std: "docker" "exec" "-e" "SOURCE_DIR=/opt/rustwide/workdir" "-e" "CARGO_HOME=/opt/rustwide/cargo-home" "-e" "RUSTUP_HOME=/opt/rustwide/rustup-home" "-e" "CARGO_TARGET_DIR=/opt/rustwide/target" "-e" "CARGO_INCREMENTAL=0" "-e" "RUST_BACKTRACE=full" "-e" "RUSTFLAGS=--cap-lints=warn" "-e" "RUSTDOCFLAGS=--cap-lints=warn" "-w" "/opt/rustwide/workdir" "--user" "0:0" "b7f1f35343c8276e4340400cd196e36781f80f60646f4079caf46d326c369df6" "/opt/rustwide/cargo-home/bin/cargo" "+1.99.0-beta.8" "test" "--frozen" "--release", kill_on_drop: false }`
[INFO] [stderr]     Finished `release` profile [optimized] target(s) in 0.03s
[INFO] [stderr]      Running unittests src/lib.rs (/opt/rustwide/target/release/deps/cpy_binder-4491f8fc59dc1bab)
[INFO] [stdout] 
[INFO] [stdout] running 0 tests
[INFO] [stdout] 
[INFO] [stdout] test result: ok. 0 passed; 0 failed; 0 ignored; 0 measured; 0 filtered out; finished in 0.00s
[INFO] [stdout] 
[INFO] [stderr]    Doc-tests cpy_binder
[INFO] [stdout] 
[INFO] [stdout] running 6 tests
[INFO] [stdout] test src/lib.rs - cpy_fn_py (line 180) - compile ... FAILED
[INFO] [stdout] test src/lib.rs - cpy_struct (line 45) - compile ... FAILED
[INFO] [stdout] test src/lib.rs - cpy_module (line 307) - compile ... FAILED
[INFO] [stdout] test src/lib.rs - cpy_fn_c (line 140) - compile ... FAILED
[INFO] [stdout] test src/lib.rs - cpy_enum (line 13) - compile ... FAILED
[INFO] [stdout] test src/lib.rs - cpy_fn (line 94) - compile ... FAILED
[INFO] [stderr] error: doctest failed, to rerun pass `--doc`
[INFO] [stdout] 
[INFO] [stdout] failures:
[INFO] [stdout] 
[INFO] [stdout] ---- src/lib.rs - cpy_fn_py (line 180) stdout ----
[INFO] [stdout] error: cannot find attribute `cpy_fn_py` in this scope
[INFO] [stdout]    --> src/lib.rs:181:3
[INFO] [stdout]     |
[INFO] [stdout] 181 | #[cpy_fn_py]
[INFO] [stdout]     |   ^^^^^^^^^
[INFO] [stdout] 
[INFO] [stdout] error: cannot find attribute `comment` in this scope
[INFO] [stdout]    --> src/lib.rs:182:3
[INFO] [stdout]     |
[INFO] [stdout] 182 | #[comment = "Format size of wheels for Python"]
[INFO] [stdout]     |   ^^^^^^^
[INFO] [stdout] 
[INFO] [stdout] error: aborting due to 2 previous errors
[INFO] [stdout] 
[INFO] [stdout] Couldn't compile the test.
[INFO] [stdout] ---- src/lib.rs - cpy_struct (line 45) stdout ----
[INFO] [stdout] error: cannot find attribute `cpy_struct` in this scope
[INFO] [stdout]   --> src/lib.rs:53:3
[INFO] [stdout]    |
[INFO] [stdout] 53 | #[cpy_struct]
[INFO] [stdout]    |   ^^^^^^^^^^
[INFO] [stdout] 
[INFO] [stdout] error: cannot find attribute `comment` in this scope
[INFO] [stdout]   --> src/lib.rs:54:3
[INFO] [stdout]    |
[INFO] [stdout] 54 | #[comment = "Tire structure"]
[INFO] [stdout]    |   ^^^^^^^
[INFO] [stdout] 
[INFO] [stdout] error: cannot find attribute `cpy_struct` in this scope
[INFO] [stdout]   --> src/lib.rs:46:3
[INFO] [stdout]    |
[INFO] [stdout] 46 | #[cpy_struct]
[INFO] [stdout]    |   ^^^^^^^^^^
[INFO] [stdout] 
[INFO] [stdout] error: cannot find attribute `comment` in this scope
[INFO] [stdout]   --> src/lib.rs:47:3
[INFO] [stdout]    |
[INFO] [stdout] 47 | #[comment = "2D Size"]
[INFO] [stdout]    |   ^^^^^^^
[INFO] [stdout] 
[INFO] [stdout] error[E0425]: cannot find type `Material` in this scope
[INFO] [stdout]   --> src/lib.rs:56:15
[INFO] [stdout]    |
[INFO] [stdout] 56 |     material: Material,
[INFO] [stdout]    |               ^^^^^^^^ not found in this scope
[INFO] [stdout] 
[INFO] [stdout] error: aborting due to 5 previous errors
[INFO] [stdout] 
[INFO] [stdout] For more information about this error, try `rustc --explain E0425`.
[INFO] [stdout] Couldn't compile the test.
[INFO] [stdout] ---- src/lib.rs - cpy_module (line 307) stdout ----
[INFO] [stdout] error: cannot find macro `cpy_module` in this scope
[INFO] [stdout]    --> src/lib.rs:308:1
[INFO] [stdout]     |
[INFO] [stdout] 308 | cpy_module!(
[INFO] [stdout]     | ^^^^^^^^^^
[INFO] [stdout] 
[INFO] [stdout] error: aborting due to 1 previous error
[INFO] [stdout] 
[INFO] [stdout] Couldn't compile the test.
[INFO] [stdout] ---- src/lib.rs - cpy_fn_c (line 140) stdout ----
[INFO] [stdout] error: cannot find attribute `cpy_fn_c` in this scope
[INFO] [stdout]    --> src/lib.rs:141:3
[INFO] [stdout]     |
[INFO] [stdout] 141 | #[cpy_fn_c]
[INFO] [stdout]     |   ^^^^^^^^
[INFO] [stdout] 
[INFO] [stdout] error: cannot find attribute `comment` in this scope
[INFO] [stdout]    --> src/lib.rs:142:3
[INFO] [stdout]     |
[INFO] [stdout] 142 | #[comment = "Format size of wheels for C ABI"]
[INFO] [stdout]     |   ^^^^^^^
[INFO] [stdout] 
[INFO] [stdout] error: aborting due to 2 previous errors
[INFO] [stdout] 
[INFO] [stdout] Couldn't compile the test.
[INFO] [stdout] ---- src/lib.rs - cpy_enum (line 13) stdout ----
[INFO] [stdout] error: cannot find attribute `cpy_enum` in this scope
[INFO] [stdout]   --> src/lib.rs:14:3
[INFO] [stdout]    |
[INFO] [stdout] 14 | #[cpy_enum]
[INFO] [stdout]    |   ^^^^^^^^
[INFO] [stdout] 
[INFO] [stdout] error: cannot find attribute `comment` in this scope
[INFO] [stdout]   --> src/lib.rs:15:3
[INFO] [stdout]    |
[INFO] [stdout] 15 | #[comment = "Material types"]
[INFO] [stdout]    |   ^^^^^^^
[INFO] [stdout] 
[INFO] [stdout] error: aborting due to 2 previous errors
[INFO] [stdout] 
[INFO] [stdout] Couldn't compile the test.
[INFO] [stdout] ---- src/lib.rs - cpy_fn (line 94) stdout ----
[INFO] [stdout] error: cannot find attribute `cpy_fn` in this scope
[INFO] [stdout]   --> src/lib.rs:95:3
[INFO] [stdout]    |
[INFO] [stdout] 95 | #[cpy_fn] // You can also use `#[comment = "Something"]` to document both languages at once
[INFO] [stdout]    |   ^^^^^^
[INFO] [stdout] 
[INFO] [stdout] error: cannot find attribute `comment_c` in this scope
[INFO] [stdout]   --> src/lib.rs:96:3
[INFO] [stdout]    |
[INFO] [stdout] 96 | #[comment_c = "@brief Calculates the aspect ratio of a wheel based on its height and width.\n
[INFO] [stdout]    |   ^^^^^^^^^
[INFO] [stdout] 
[INFO] [stdout] error: cannot find attribute `comment_py` in this scope
[INFO] [stdout]    --> src/lib.rs:100:3
[INFO] [stdout]     |
[INFO] [stdout] 100 | #[comment_py = "Calculates the aspect ratio of a wheel based on its height and width.\n
[INFO] [stdout]     |   ^^^^^^^^^^
[INFO] [stdout] 
[INFO] [stdout] error: aborting due to 3 previous errors
[INFO] [stdout] 
[INFO] [stdout] Couldn't compile the test.
[INFO] [stdout] 
[INFO] [stdout] failures:
[INFO] [stdout]     src/lib.rs - cpy_enum (line 13)
[INFO] [stdout]     src/lib.rs - cpy_fn (line 94)
[INFO] [stdout]     src/lib.rs - cpy_fn_c (line 140)
[INFO] [stdout]     src/lib.rs - cpy_fn_py (line 180)
[INFO] [stdout]     src/lib.rs - cpy_module (line 307)
[INFO] [stdout]     src/lib.rs - cpy_struct (line 45)
[INFO] [stdout] 
[INFO] [stdout] test result: FAILED. 0 passed; 6 failed; 0 ignored; 0 measured; 0 filtered out; finished in 0.19s
[INFO] [stdout] 
[INFO] running `Command { std: "docker" "inspect" "b7f1f35343c8276e4340400cd196e36781f80f60646f4079caf46d326c369df6", kill_on_drop: false }`
[INFO] running `Command { std: "docker" "rm" "-f" "b7f1f35343c8276e4340400cd196e36781f80f60646f4079caf46d326c369df6", kill_on_drop: false }`
[INFO] [stdout] b7f1f35343c8276e4340400cd196e36781f80f60646f4079caf46d326c369df6
