[INFO] fetching crate cpx 0.2.1...
[INFO] testing cpx-0.2.1 against 1.100.0-beta.1+cargoflags=--release for beta-release-1.100-2
[INFO] extracting crate cpx 0.2.1 into /workspace/builds/worker-7-tc2/source
[INFO] started tweaking crates.io crate cpx 0.2.1
[INFO] removed 0 missing tests
[INFO] finished tweaking crates.io crate cpx 0.2.1
[INFO] tweaked toml for crates.io crate cpx 0.2.1 written to /workspace/builds/worker-7-tc2/source/Cargo.toml
[INFO] validating manifest of crates.io crate cpx 0.2.1 on toolchain 1.100.0-beta.1
[INFO] running `Command { std: CARGO_HOME="/workspace/cargo-home" RUSTUP_HOME="/workspace/rustup-home" "/workspace/cargo-home/bin/cargo" "+1.100.0-beta.1" "metadata" "--manifest-path" "Cargo.toml" "--no-deps", kill_on_drop: false }`
[INFO] crate crates.io crate cpx 0.2.1 already has a lockfile, it will not be regenerated
[INFO] running `Command { std: CARGO_HOME="/workspace/cargo-home" RUSTUP_HOME="/workspace/rustup-home" "/workspace/cargo-home/bin/cargo" "+1.100.0-beta.1" "fetch" "--manifest-path" "Cargo.toml", kill_on_drop: false }`
[INFO] running `Command { std: "docker" "create" "-v" "/var/lib/crater-agent-workspace/builds/worker-7-tc2/source:/opt/rustwide/workdir:ro,Z" "-v" "/var/lib/crater-agent-workspace/builds/worker-7-tc2/target:/opt/rustwide/target:rw,Z" "-v" "/var/lib/crater-agent-workspace/cargo-home:/opt/rustwide/cargo-home:ro,Z" "-v" "/var/lib/crater-agent-workspace/rustup-home:/opt/rustwide/rustup-home:ro,Z" "-m" "1610612736" "--network" "none" "ghcr.io/rust-lang/crates-build-env/linux@sha256:77db811e55d90add9212f6832c23229e3de5f1c1f9905e8cb07319ea15df73ac" "sleep" "infinity", kill_on_drop: false }`
[INFO] [stdout] fbd33788d8a59ebf0dadfa9e004fc1ef2135c80ebf541c0204abfabb75ab336d
[INFO] running `Command { std: "docker" "start" "fbd33788d8a59ebf0dadfa9e004fc1ef2135c80ebf541c0204abfabb75ab336d", kill_on_drop: false }`
[INFO] running `Command { std: "docker" "inspect" "fbd33788d8a59ebf0dadfa9e004fc1ef2135c80ebf541c0204abfabb75ab336d", kill_on_drop: false }`
[INFO] running `Command { std: "docker" "exec" "-e" "SOURCE_DIR=/opt/rustwide/workdir" "-e" "CARGO_HOME=/opt/rustwide/cargo-home" "-e" "RUSTUP_HOME=/opt/rustwide/rustup-home" "-e" "CARGO_TARGET_DIR=/opt/rustwide/target" "-w" "/opt/rustwide/workdir" "--user" "0:0" "fbd33788d8a59ebf0dadfa9e004fc1ef2135c80ebf541c0204abfabb75ab336d" "/opt/rustwide/cargo-home/bin/cargo" "+1.100.0-beta.1" "metadata" "--no-deps" "--format-version=1", kill_on_drop: false }`
[INFO] running `Command { std: "docker" "inspect" "fbd33788d8a59ebf0dadfa9e004fc1ef2135c80ebf541c0204abfabb75ab336d", kill_on_drop: false }`
[INFO] running `Command { std: "docker" "exec" "-e" "SOURCE_DIR=/opt/rustwide/workdir" "-e" "CARGO_HOME=/opt/rustwide/cargo-home" "-e" "RUSTUP_HOME=/opt/rustwide/rustup-home" "-e" "CARGO_TARGET_DIR=/opt/rustwide/target" "-e" "CARGO_INCREMENTAL=0" "-e" "RUST_BACKTRACE=full" "-e" "RUSTFLAGS=--cap-lints=warn" "-e" "RUSTDOCFLAGS=--cap-lints=warn" "-w" "/opt/rustwide/workdir" "--user" "0:0" "fbd33788d8a59ebf0dadfa9e004fc1ef2135c80ebf541c0204abfabb75ab336d" "/opt/rustwide/cargo-home/bin/cargo" "+1.100.0-beta.1" "build" "--frozen" "--message-format=json" "--release", kill_on_drop: false }`
[INFO] [stderr]    Compiling libc v0.2.178
[INFO] [stderr]    Compiling unicode-ident v1.0.22
[INFO] [stderr]    Compiling futures-core v0.3.31
[INFO] [stderr]    Compiling rustix v1.1.2
[INFO] [stderr]    Compiling futures-sink v0.3.31
[INFO] [stderr]    Compiling anstyle-parse v0.2.7
[INFO] [stderr]    Compiling colorchoice v1.0.4
[INFO] [stderr]    Compiling portable-atomic v1.11.1
[INFO] [stderr]    Compiling nix v0.30.1
[INFO] [stderr]    Compiling aho-corasick v1.1.4
[INFO] [stderr]    Compiling crossbeam-queue v0.3.12
[INFO] [stderr]    Compiling crossbeam-channel v0.5.15
[INFO] [stderr]    Compiling winnow v0.7.14
[INFO] [stderr]    Compiling regex-syntax v0.8.8
[INFO] [stderr]    Compiling either v1.15.0
[INFO] [stderr]    Compiling clap_lex v0.7.6
[INFO] [stderr]    Compiling signal-hook v0.4.1
[INFO] [stderr]    Compiling serde_spanned v1.0.4
[INFO] [stderr]    Compiling proc-macro2 v1.0.103
[INFO] [stderr]    Compiling futures-channel v0.3.31
[INFO] [stderr]    Compiling toml_datetime v0.7.5+spec-1.1.0
[INFO] [stderr]    Compiling anstream v0.6.21
[INFO] [stderr]    Compiling bstr v1.12.1
[INFO] [stderr]    Compiling toml_writer v1.0.6+spec-1.1.0
[INFO] [stderr]    Compiling rayon v1.11.0
[INFO] [stderr]    Compiling unit-prefix v0.5.2
[INFO] [stderr]    Compiling xxhash-rust v0.8.15
[INFO] [stderr]    Compiling crossbeam v0.8.4
[INFO] [stderr]    Compiling clap_builder v4.5.53
[INFO] [stderr]    Compiling quote v1.0.42
[INFO] [stderr]    Compiling syn v2.0.111
[INFO] [stderr]    Compiling regex-automata v0.4.13
[INFO] [stderr]    Compiling toml_parser v1.0.6+spec-1.1.0
[INFO] [stderr]    Compiling errno v0.3.14
[INFO] [stderr]    Compiling dirs-sys v0.5.0
[INFO] [stderr]    Compiling console v0.16.1
[INFO] [stderr]    Compiling signal-hook-registry v1.4.8
[INFO] [stderr]    Compiling dirs v6.0.0
[INFO] [stderr]    Compiling toml v0.9.11+spec-1.1.0
[INFO] [stderr]    Compiling xattr v1.6.1
[INFO] [stderr]    Compiling reflink-copy v0.1.28
[INFO] [stderr]    Compiling indicatif v0.18.3
[INFO] [stderr]    Compiling num_cpus v1.17.0
[INFO] [stderr]    Compiling filetime v0.2.26
[INFO] [stderr]    Compiling jwalk v0.8.1
[INFO] [stderr]    Compiling globset v0.4.18
[INFO] [stderr]    Compiling futures-macro v0.3.31
[INFO] [stderr]    Compiling serde_derive v1.0.228
[INFO] [stderr]    Compiling clap_derive v4.5.49
[INFO] [stderr]    Compiling futures-util v0.3.31
[INFO] [stderr]    Compiling clap v4.5.53
[INFO] [stderr]    Compiling serde v1.0.228
[INFO] [stderr]    Compiling futures-executor v0.3.31
[INFO] [stderr]    Compiling futures v0.3.31
[INFO] [stderr]    Compiling cpx v0.2.1 (/opt/rustwide/workdir)
[INFO] [stderr] warning: unused dependency `futures`
[INFO] [stderr]   --> Cargo.toml:18:15
[INFO] [stderr]    |
[INFO] [stderr] 18 | [dependencies.futures]
[INFO] [stderr]    |               ^^^^^^^^
[INFO] [stderr]    |
[INFO] [stderr]    = note: `cargo::unused_dependencies` is set to `warn` by default
[INFO] [stderr] help: consider removing the dependency on `futures`
[INFO] [stderr] warning: `cpx` (manifest) generated 1 warning
[INFO] [stderr]     Finished `release` profile [optimized] target(s) in 55.20s
[INFO] [stderr] warning: the following packages contain code that will be rejected by a future version of Rust: nix v0.30.1
[INFO] [stderr] note: to see what the problems were, use the option `--future-incompat-report`, or run `cargo report future-incompatibilities --id 5`
[INFO] running `Command { std: "docker" "inspect" "fbd33788d8a59ebf0dadfa9e004fc1ef2135c80ebf541c0204abfabb75ab336d", kill_on_drop: false }`
[INFO] running `Command { std: "docker" "exec" "-e" "SOURCE_DIR=/opt/rustwide/workdir" "-e" "CARGO_HOME=/opt/rustwide/cargo-home" "-e" "RUSTUP_HOME=/opt/rustwide/rustup-home" "-e" "CARGO_TARGET_DIR=/opt/rustwide/target" "-e" "CARGO_INCREMENTAL=0" "-e" "RUST_BACKTRACE=full" "-e" "RUSTFLAGS=--cap-lints=warn" "-e" "RUSTDOCFLAGS=--cap-lints=warn" "-w" "/opt/rustwide/workdir" "--user" "0:0" "fbd33788d8a59ebf0dadfa9e004fc1ef2135c80ebf541c0204abfabb75ab336d" "/opt/rustwide/cargo-home/bin/cargo" "+1.100.0-beta.1" "test" "--frozen" "--no-run" "--message-format=json" "--release", kill_on_drop: false }`
[INFO] [stderr]    Compiling regex-syntax v0.8.8
[INFO] [stderr]    Compiling rustix v1.1.2
[INFO] [stderr]    Compiling num-traits v0.2.19
[INFO] [stderr]    Compiling futures-channel v0.3.31
[INFO] [stderr]    Compiling syn v2.0.111
[INFO] [stderr]    Compiling predicates-core v1.0.9
[INFO] [stderr]    Compiling normalize-line-endings v0.3.0
[INFO] [stderr]    Compiling termtree v0.5.1
[INFO] [stderr]    Compiling getrandom v0.3.4
[INFO] [stderr]    Compiling tokio v1.48.0
[INFO] [stderr]    Compiling assert_cmd v2.1.1
[INFO] [stderr]    Compiling wait-timeout v0.2.1
[INFO] [stderr]    Compiling bytes v1.11.0
[INFO] [stderr]    Compiling predicates-tree v1.0.12
[INFO] [stderr]    Compiling float-cmp v0.10.0
[INFO] [stderr]    Compiling reflink-copy v0.1.28
[INFO] [stderr]    Compiling xattr v1.6.1
[INFO] [stderr]    Compiling tempfile v3.23.0
[INFO] [stderr]    Compiling regex-automata v0.4.13
[INFO] [stderr]    Compiling futures-macro v0.3.31
[INFO] [stderr]    Compiling serde_derive v1.0.228
[INFO] [stderr]    Compiling clap_derive v4.5.49
[INFO] [stderr]    Compiling async-stream-impl v0.3.6
[INFO] [stderr]    Compiling tokio-stream v0.1.17
[INFO] [stderr]    Compiling futures-util v0.3.31
[INFO] [stderr]    Compiling async-stream v0.3.6
[INFO] [stderr]    Compiling tokio-test v0.4.4
[INFO] [stderr]    Compiling clap v4.5.53
[INFO] [stderr]    Compiling serde v1.0.228
[INFO] [stderr]    Compiling bstr v1.12.1
[INFO] [stderr]    Compiling regex v1.12.2
[INFO] [stderr]    Compiling predicates v3.1.3
[INFO] [stderr]    Compiling globset v0.4.18
[INFO] [stderr]    Compiling futures-executor v0.3.31
[INFO] [stderr]    Compiling ignore v0.4.25
[INFO] [stderr]    Compiling futures v0.3.31
[INFO] [stderr]    Compiling cpx v0.2.1 (/opt/rustwide/workdir)
[INFO] [stderr]    Compiling globwalk v0.9.1
[INFO] [stderr]    Compiling assert_fs v1.1.3
[INFO] [stderr] warning: unused dependency `futures`
[INFO] [stderr]   --> Cargo.toml:18:15
[INFO] [stderr]    |
[INFO] [stderr] 18 | [dependencies.futures]
[INFO] [stderr]    |               ^^^^^^^^
[INFO] [stderr]    |
[INFO] [stderr]    = note: `cargo::unused_dependencies` is set to `warn` by default
[INFO] [stderr] help: consider removing the dependency on `futures`
[INFO] [stderr] warning: `cpx` (manifest) generated 1 warning
[INFO] [stderr]     Finished `release` profile [optimized] target(s) in 59.94s
[INFO] [stderr] warning: the following packages contain code that will be rejected by a future version of Rust: nix v0.30.1
[INFO] [stderr] note: to see what the problems were, use the option `--future-incompat-report`, or run `cargo report future-incompatibilities --id 5`
[INFO] running `Command { std: "docker" "inspect" "fbd33788d8a59ebf0dadfa9e004fc1ef2135c80ebf541c0204abfabb75ab336d", kill_on_drop: false }`
[INFO] running `Command { std: "docker" "exec" "-e" "SOURCE_DIR=/opt/rustwide/workdir" "-e" "CARGO_HOME=/opt/rustwide/cargo-home" "-e" "RUSTUP_HOME=/opt/rustwide/rustup-home" "-e" "CARGO_TARGET_DIR=/opt/rustwide/target" "-e" "CARGO_INCREMENTAL=0" "-e" "RUST_BACKTRACE=full" "-e" "RUSTFLAGS=--cap-lints=warn" "-e" "RUSTDOCFLAGS=--cap-lints=warn" "-w" "/opt/rustwide/workdir" "--user" "0:0" "fbd33788d8a59ebf0dadfa9e004fc1ef2135c80ebf541c0204abfabb75ab336d" "/opt/rustwide/cargo-home/bin/cargo" "+1.100.0-beta.1" "test" "--frozen" "--release", kill_on_drop: false }`
[INFO] [stderr] warning: unused dependency `futures`
[INFO] [stderr]   --> Cargo.toml:18:15
[INFO] [stderr]    |
[INFO] [stderr] 18 | [dependencies.futures]
[INFO] [stderr]    |               ^^^^^^^^
[INFO] [stderr]    |
[INFO] [stderr]    = note: `cargo::unused_dependencies` is set to `warn` by default
[INFO] [stderr] help: consider removing the dependency on `futures`
[INFO] [stderr] warning: `cpx` (manifest) generated 1 warning
[INFO] [stderr]     Finished `release` profile [optimized] target(s) in 0.22s
[INFO] [stderr] warning: the following packages contain code that will be rejected by a future version of Rust: nix v0.30.1
[INFO] [stderr] note: to see what the problems were, use the option `--future-incompat-report`, or run `cargo report future-incompatibilities --id 5`
[INFO] [stderr]      Running unittests src/lib.rs (/opt/rustwide/target/release/build/cpx/1069a4c1a05f63d8/out/cpx-1069a4c1a05f63d8)
[INFO] [stdout] 
[INFO] [stdout] running 66 tests
[INFO] [stdout] test cli::args::tests::test_validate_symlink_and_hardlink_conflict ... ok
[INFO] [stdout] test cli::args::tests::test_validate_hardlink_and_resume_conflict ... ok
[INFO] [stdout] test utility::backup::tests::test_find_max_backup_number_with_backups ... ok
[INFO] [stdout] test utility::backup::tests::test_format_numbered_backup ... ok
[INFO] [stdout] test core::copy::tests::test_copy_directory_without_recursive_fails ... ok
[INFO] [stdout] test utility::backup::tests::test_generate_backup_path_simple ... ok
[INFO] [stdout] test cli::args::tests::test_validate_success ... ok
[INFO] [stdout] test utility::backup::tests::test_generate_backup_path_numbered ... ok
[INFO] [stdout] test core::copy::tests::test_copy_empty_file ... ok
[INFO] [stdout] test utility::exclude::exclude_tests::test_exclude_absolute_path ... ok
[INFO] [stdout] test core::copy::tests::test_copy_directory_with_recursive ... ok
[INFO] [stdout] test utility::backup::tests::test_generate_backup_path_existing_no_numbered ... ok
[INFO] [stdout] test utility::backup::tests::test_generate_backup_path_existing_with_numbered ... ok
[INFO] [stdout] test utility::backup::tests::test_add_suffix ... ok
[INFO] [stdout] test core::copy::tests::test_copy_preserves_timestamps ... ok
[INFO] [stdout] test utility::backup::tests::test_find_max_backup_number_no_backups ... ok
[INFO] [stdout] test cli::args::tests::test_validate_symlink_and_resume_conflict ... ok
[INFO] [stdout] test utility::exclude::exclude_tests::test_exclude_not_matching ... ok
[INFO] [stdout] test utility::exclude::exclude_tests::test_exclude_glob_pattern_dir ... ok
[INFO] [stdout] test utility::exclude::exclude_tests::test_exclude_relative_paths ... ok
[INFO] [stdout] test utility::exclude::exclude_tests::test_exclude_glob_pattern_file ... ok
[INFO] [stdout] test utility::helper::tests::test_create_symlink_absolute ... ok
[INFO] [stdout] test core::copy::tests::test_copy_with_force_overwrites ... ok
[INFO] [stdout] test utility::exclude::exclude_tests::test_exclude_mixed_patterns ... ok
[INFO] [stdout] test utility::helper::tests::test_create_symlink_nested_path ... ok
[INFO] [stdout] test utility::helper::tests::test_create_symlink_nonexistent_source_relative ... ok
[INFO] [stdout] test utility::helper::tests::test_create_symlink_nonexistent_source_absolute ... ok
[INFO] [stdout] test utility::exclude::exclude_tests::test_exclude_directory_with_slash_glob ... ok
[INFO] [stdout] test utility::helper::tests::test_truncate_filename_long ... ok
[INFO] [stdout] test utility::helper::tests::test_truncate_filename_exact ... ok
[INFO] [stdout] test utility::helper::tests::test_truncate_filename_short ... ok
[INFO] [stdout] test core::copy::tests::test_multiple_copy ... ok
[INFO] [stdout] test utility::helper::tests::test_with_parents_current_dir ... ok
[INFO] [stdout] test utility::helper::tests::test_with_parents_absolute_path_unix ... ok
[INFO] [stdout] test utility::helper::tests::test_with_parents_empty_dest ... ok
[INFO] [stdout] test utility::exclude::exclude_tests::test_exclude_basename ... ok
[INFO] [stdout] test core::copy::tests::test_copy_single_file ... ok
[INFO] [stdout] test utility::helper::tests::test_with_parents_relative_path ... ok
[INFO] [stdout] test utility::helper::tests::test_with_parents_dest_with_trailing_slash ... ok
[INFO] [stdout] test utility::helper::tests::test_with_parents_single_file ... ok
[INFO] [stdout] test utility::helper::tests::test_with_parents_root_in_source ... ok
[INFO] [stdout] test utility::preprocess::tests::test_copy_plan_add_symlink ... ok
[INFO] [stdout] test utility::preprocess::tests::test_preprocess_file_normal_copy_mode ... ok
[INFO] [stdout] test utility::preprocess::tests::test_calculate_checksum_same_content ... ok
[INFO] [stdout] test utility::preprocess::tests::test_preprocess_directory_with_symlinks ... ok
[INFO] [stdout] test utility::preprocess::tests::test_preprocess_file_with_symlink_auto ... ok
[INFO] [stdout] test utility::preprocess::tests::test_preprocess_file_with_symlink_absolute ... ok
[INFO] [stdout] test utility::helper::tests::test_create_symlink_relative ... ok
[INFO] [stdout] test utility::preprocess::tests::test_preprocess_directory ... ok
[INFO] [stdout] test utility::helper::tests::test_create_symlink_to_directory ... ok
[INFO] [stdout] test utility::helper::tests::test_truncate_filename_zero_max ... ok
[INFO] [stdout] test utility::preprocess::tests::test_preprocess_file_with_symlink_relative ... ok
[INFO] [stdout] test utility::helper::tests::test_with_parents_nested_path ... ok
[INFO] [stdout] test utility::preserve::tests::test_preserve_attr_default ... ok
[INFO] [stdout] test utility::preserve::tests::test_preserve_attr_from_string ... ok
[INFO] [stdout] test utility::preserve::tests::test_preserve_mode_executable ... ok
[INFO] [stdout] test utility::preserve::tests::test_preserve_attr_none ... ok
[INFO] [stdout] test utility::preserve::tests::test_apply_preserve_attrs_all ... ok
[INFO] [stdout] test utility::preprocess::tests::test_preprocess_multiple_with_symlinks ... ok
[INFO] [stdout] test utility::preserve::tests::test_preserve_attr_from_string_invalid ... ok
[INFO] [stdout] test utility::preserve::tests::test_preserve_attr_from_string_with_spaces ... ok
[INFO] [stdout] test utility::preserve::tests::test_preserve_attr_all ... ok
[INFO] [stdout] test utility::preserve::tests::test_preserve_mode ... ok
[INFO] [stdout] test utility::preserve::tests::test_preserve_timestamps ... ok
[INFO] [stdout] test utility::preserve::tests::test_apply_preserve_attrs_timestamps_only ... ok
[INFO] [stdout] test core::copy::tests::test_copy_large_buffer_calculation ... ok
[INFO] [stderr]      Running unittests src/main.rs (/opt/rustwide/target/release/build/cpx/59a8c98a5cc9b9b3/out/cpx-59a8c98a5cc9b9b3)
[INFO] [stdout] 
[INFO] [stderr]      Running tests/intergration.rs (/opt/rustwide/target/release/build/cpx/6e1d77031019d8a0/out/intergration-6e1d77031019d8a0)
[INFO] [stdout] test result: ok. 66 passed; 0 failed; 0 ignored; 0 measured; 0 filtered out; finished in 0.25s
[INFO] [stdout] 
[INFO] [stdout] 
[INFO] [stdout] running 0 tests
[INFO] [stdout] 
[INFO] [stdout] test result: ok. 0 passed; 0 failed; 0 ignored; 0 measured; 0 filtered out; finished in 0.00s
[INFO] [stdout] 
[INFO] [stdout] 
[INFO] [stdout] running 69 tests
[INFO] [stdout] test test_config_show ... ok
[INFO] [stdout] test test_config_init ... ok
[INFO] [stdout] test test_config_path ... ok
[INFO] [stdout] test test_config_init_force_overwrite ... ok
[INFO] [stdout] test test_copy_directory_recursive ... ok
[INFO] [stdout] test test_copy_large_file ... ok
[INFO] [stdout] test test_copy_preserves_content_integrity ... ok
[INFO] [stdout] test test_backup_simple ... ok
[INFO] [stdout] test test_copy_empty_file ... ok
[INFO] [stdout] test test_copy_directory_without_recursive_flag ... ok
[INFO] [stdout] test test_backup_numbered ... ok
[INFO] [stdout] test test_copy_dotfiles ... ok
[INFO] [stdout] test test_copy_nested_directories ... ok
[INFO] [stdout] test test_copy_directory_to_file_fails ... ok
[INFO] [stdout] test test_attributes_only ... ok
[INFO] [stdout] test test_copy_help ... ok
[INFO] [stdout] test test_copy_multiple_files_traditional ... ok
[INFO] [stdout] test test_copy_readonly_source ... ok
[INFO] [stdout] test test_copy_single_file ... ok
[INFO] [stdout] test test_copy_unicode_filenames ... ok
[INFO] [stdout] test test_copy_empty_directory ... ok
[INFO] [stdout] test test_copy_single_file_to_directory ... ok
[INFO] [stdout] test test_copy_to_existing_directory ... ok
[INFO] [stdout] test test_copy_very_long_filename ... ok
[INFO] [stdout] test test_copy_with_multiple_flags ... ok
[INFO] [stdout] test test_backup_existing_mode ... ok
[INFO] [stdout] test test_copy_special_characters_in_filename ... ok
[INFO] [stdout] test test_copy_with_parallel ... ok
[INFO] [stdout] test test_copy_with_force_flag ... ok
[INFO] [stdout] test test_copy_with_target_directory_flag ... ok
[INFO] [stdout] test test_dereference_always ... ok
[INFO] [stdout] test test_hardlink_multiple_files ... ok
[INFO] [stdout] test test_exclude_glob_pattern ... ok
[INFO] [stdout] test test_destination_parent_not_exist ... ok
[INFO] [stdout] test test_explicit_copy_command ... ok
[INFO] [stdout] test test_exclude_basename ... ok
[INFO] [stdout] test test_dereference_command_line ... ok
[INFO] [stdout] test test_hardlink_single_file ... ok
[INFO] [stdout] test test_help_flag ... ok
[INFO] [stdout] test test_exclude_multiple_patterns ... ok
[INFO] [stdout] test test_exclude_relative_path ... ok
[INFO] [stdout] test test_dereference_flags_conflict ... ok
[INFO] [stdout] test test_missing_destination ... ok
[INFO] [stdout] test test_invalid_source ... ok
[INFO] [stdout] test test_implicit_copy_command ... ok
[INFO] [stdout] test test_parents_flag ... ok
[INFO] [stdout] test test_symlink_hardlink_conflict ... ok
[INFO] [stdout] test test_symlink_mode_absolute ... ok
[INFO] [stdout] test test_reflink_auto ... ok
[INFO] [stdout] test test_preserve_mode ... ok
[INFO] [stdout] test test_symlink_mode_auto_relative ... ok
[INFO] [stdout] test test_symlink_resume_conflict ... ok
[INFO] [stdout] test test_target_directory_with_single_source ... ok
[INFO] [stdout] test test_version_flag ... ok
[INFO] [stdout] test test_verbose_prints_each_copied_file ... ok
[INFO] [stdout] test test_preserve_existing_symlink ... ok
[INFO] [stdout] test test_reflink_never ... ok
[INFO] [stdout] test test_no_config_flag ... FAILED
[INFO] [stdout] test test_remove_destination_flag ... ok
[INFO] [stdout] test test_symlink_directory_recursive ... ok
[INFO] [stdout] test test_target_directory_must_exist ... ok
[INFO] [stdout] test test_copy_with_resume_flag ... ok
[INFO] [stdout] test test_resume_with_size_mismatch ... ok
[INFO] [stdout] test test_update_skips_newer_destination ... ok
[INFO] [stdout] test test_parents_multiple_files_absolute ... ok
[INFO] [stdout] test test_copy_multiple_large_files ... ok
[INFO] [stdout] test test_resume_skips_identical_files ... ok
[INFO] [stdout] test test_preserve_timestamps ... ok
[INFO] [stdout] test test_copy_file_with_different_buffer_sizes ... ok
[INFO] [stdout] 
[INFO] [stdout] failures:
[INFO] [stdout] 
[INFO] [stdout] ---- test_no_config_flag stdout ----
[INFO] [stdout] 
[INFO] [stdout] thread 'test_no_config_flag' (2522) panicked at /rustc/e3feeb59cd1bdd011a2bfcc0747b55125d9b8527/library/core/src/ops/function.rs:250:5:
[INFO] [stdout] Unexpected success
[INFO] [stdout] command=`HOME="/tmp/.tmpfRZrZh" XDG_CONFIG_HOME="/tmp/.tmpfRZrZh/.config" "/opt/rustwide/target/release/cpx" "--no-config" "/tmp/.tmpfRZrZh/source.txt" "/tmp/.tmpfRZrZh/dest.txt"`
[INFO] [stdout] code=0
[INFO] [stdout] stdout=""
[INFO] [stdout] stderr=""
[INFO] [stdout] 
[INFO] [stdout] stack backtrace:
[INFO] [stdout]    0:     0x6492d55a6f91 - <<std[617be2ca0a6fd877]::sys::backtrace::BacktraceLock>::print::DisplayBacktrace as core[a373ad73a504971]::fmt::Display>::fmt
[INFO] [stdout]    1:     0x6492d55bd21a - core[a373ad73a504971]::fmt::write
[INFO] [stdout]    2:     0x6492d55ac6bc - <alloc[2e1b2a31b91974c5]::vec::Vec<u8> as core[a373ad73a504971]::io::write::Write>::write_fmt
[INFO] [stdout]    3:     0x6492d5580df6 - std[617be2ca0a6fd877]::panicking::default_hook::{closure#0}
[INFO] [stdout]    4:     0x6492d559e0b9 - std[617be2ca0a6fd877]::panicking::default_hook
[INFO] [stdout]    5:     0x6492d5523b70 - test[aada8e7e76ba119b]::test_main_inner::{closure#0}
[INFO] [stdout]    6:     0x6492d559e272 - std[617be2ca0a6fd877]::panicking::panic_with_hook
[INFO] [stdout]    7:     0x6492d5580ea2 - std[617be2ca0a6fd877]::panicking::panic_handler::{closure#0}
[INFO] [stdout]    8:     0x6492d55798a9 - std[617be2ca0a6fd877]::sys::backtrace::__rust_end_short_backtrace::<std[617be2ca0a6fd877]::panicking::panic_handler::{closure#0}, !>
[INFO] [stdout]    9:     0x6492d5581c5d - __rustc[ea4f61d10b84890b]::rust_begin_unwind
[INFO] [stdout]   10:     0x6492d55bd9cc - core[a373ad73a504971]::panicking::panic_fmt
[INFO] [stdout]   11:     0x6492d555bb53 - <assert_cmd[eba73d50eafe1bca]::assert::AssertError>::panic::<assert_cmd[eba73d50eafe1bca]::assert::Assert>
[INFO] [stdout]   12:     0x6492d555c333 - <assert_cmd[eba73d50eafe1bca]::assert::Assert>::failure
[INFO] [stdout]   13:     0x6492d54fc78b - <intergration[80584c183537449f]::test_no_config_flag::{closure#0} as core[a373ad73a504971]::ops::function::FnOnce<()>>::call_once
[INFO] [stdout]   14:     0x6492d5516fbb - test[aada8e7e76ba119b]::__rust_begin_short_backtrace::<core[a373ad73a504971]::result::Result<(), alloc[2e1b2a31b91974c5]::string::String>, fn() -> core[a373ad73a504971]::result::Result<(), alloc[2e1b2a31b91974c5]::string::String>>
[INFO] [stdout]   15:     0x6492d5524195 - test[aada8e7e76ba119b]::run_test::{closure#0}
[INFO] [stdout]   16:     0x6492d551da84 - std[617be2ca0a6fd877]::sys::backtrace::__rust_begin_short_backtrace::<test[aada8e7e76ba119b]::run_test::{closure#1}, ()>
[INFO] [stdout]   17:     0x6492d5527222 - <std[617be2ca0a6fd877]::thread::lifecycle::spawn_unchecked<test[aada8e7e76ba119b]::run_test::{closure#1}, ()>::{closure#1} as core[a373ad73a504971]::ops::function::FnOnce<()>>::call_once::{shim:vtable#0}
[INFO] [stdout]   18:     0x6492d55a5f1f - <std[617be2ca0a6fd877]::sys::thread::unix::Thread>::new::thread_start
[INFO] [stdout]   19:     0x729f3b8c9dfa - <unknown>
[INFO] [stdout]   20:     0x729f3b95d3d4 - clone
[INFO] [stdout]   21:                0x0 - <unknown>
[INFO] [stdout] 
[INFO] [stdout] 
[INFO] [stdout] failures:
[INFO] [stdout]     test_no_config_flag
[INFO] [stdout] 
[INFO] [stdout] test result: FAILED. 68 passed; 1 failed; 0 ignored; 0 measured; 0 filtered out; finished in 0.59s
[INFO] [stdout] 
[INFO] [stderr] error: test failed, to rerun pass `--test intergration`
[INFO] running `Command { std: "docker" "inspect" "fbd33788d8a59ebf0dadfa9e004fc1ef2135c80ebf541c0204abfabb75ab336d", kill_on_drop: false }`
[INFO] running `Command { std: "docker" "rm" "-f" "fbd33788d8a59ebf0dadfa9e004fc1ef2135c80ebf541c0204abfabb75ab336d", kill_on_drop: false }`
[INFO] [stdout] fbd33788d8a59ebf0dadfa9e004fc1ef2135c80ebf541c0204abfabb75ab336d
