[INFO] fetching crate cpx-coords 0.1.5...
[INFO] testing cpx-coords-0.1.5 against 1.99.0-beta.8+cargoflags=--release for beta-release-1.100-2
[INFO] extracting crate cpx-coords 0.1.5 into /workspace/builds/worker-5-tc1/source
[INFO] started tweaking crates.io crate cpx-coords 0.1.5
[INFO] finished tweaking crates.io crate cpx-coords 0.1.5
[INFO] tweaked toml for crates.io crate cpx-coords 0.1.5 written to /workspace/builds/worker-5-tc1/source/Cargo.toml
[INFO] validating manifest of crates.io crate cpx-coords 0.1.5 on toolchain 1.99.0-beta.8
[INFO] running `Command { std: CARGO_HOME="/workspace/cargo-home" RUSTUP_HOME="/workspace/rustup-home" "/workspace/cargo-home/bin/cargo" "+1.99.0-beta.8" "metadata" "--manifest-path" "Cargo.toml" "--no-deps", kill_on_drop: false }`
[INFO] crate crates.io crate cpx-coords 0.1.5 already has a lockfile, it will not be regenerated
[INFO] running `Command { std: CARGO_HOME="/workspace/cargo-home" RUSTUP_HOME="/workspace/rustup-home" "/workspace/cargo-home/bin/cargo" "+1.99.0-beta.8" "fetch" "--manifest-path" "Cargo.toml", kill_on_drop: false }`
[INFO] running `Command { std: "docker" "create" "-v" "/var/lib/crater-agent-workspace/builds/worker-5-tc1/source:/opt/rustwide/workdir:ro,Z" "-v" "/var/lib/crater-agent-workspace/builds/worker-5-tc1/target:/opt/rustwide/target:rw,Z" "-v" "/var/lib/crater-agent-workspace/cargo-home:/opt/rustwide/cargo-home:ro,Z" "-v" "/var/lib/crater-agent-workspace/rustup-home:/opt/rustwide/rustup-home:ro,Z" "-m" "1610612736" "--network" "none" "ghcr.io/rust-lang/crates-build-env/linux@sha256:77db811e55d90add9212f6832c23229e3de5f1c1f9905e8cb07319ea15df73ac" "sleep" "infinity", kill_on_drop: false }`
[INFO] [stdout] 1c729b3de5a84c566d1cb40af5958c7ec81069b8f97e8638dfc957f2797d0beb
[INFO] running `Command { std: "docker" "start" "1c729b3de5a84c566d1cb40af5958c7ec81069b8f97e8638dfc957f2797d0beb", kill_on_drop: false }`
[INFO] running `Command { std: "docker" "inspect" "1c729b3de5a84c566d1cb40af5958c7ec81069b8f97e8638dfc957f2797d0beb", kill_on_drop: false }`
[INFO] running `Command { std: "docker" "exec" "-e" "SOURCE_DIR=/opt/rustwide/workdir" "-e" "CARGO_HOME=/opt/rustwide/cargo-home" "-e" "RUSTUP_HOME=/opt/rustwide/rustup-home" "-e" "CARGO_TARGET_DIR=/opt/rustwide/target" "-w" "/opt/rustwide/workdir" "--user" "0:0" "1c729b3de5a84c566d1cb40af5958c7ec81069b8f97e8638dfc957f2797d0beb" "/opt/rustwide/cargo-home/bin/cargo" "+1.99.0-beta.8" "metadata" "--no-deps" "--format-version=1", kill_on_drop: false }`
[INFO] running `Command { std: "docker" "inspect" "1c729b3de5a84c566d1cb40af5958c7ec81069b8f97e8638dfc957f2797d0beb", kill_on_drop: false }`
[INFO] running `Command { std: "docker" "exec" "-e" "SOURCE_DIR=/opt/rustwide/workdir" "-e" "CARGO_HOME=/opt/rustwide/cargo-home" "-e" "RUSTUP_HOME=/opt/rustwide/rustup-home" "-e" "CARGO_TARGET_DIR=/opt/rustwide/target" "-e" "CARGO_INCREMENTAL=0" "-e" "RUST_BACKTRACE=full" "-e" "RUSTFLAGS=--cap-lints=warn" "-e" "RUSTDOCFLAGS=--cap-lints=warn" "-w" "/opt/rustwide/workdir" "--user" "0:0" "1c729b3de5a84c566d1cb40af5958c7ec81069b8f97e8638dfc957f2797d0beb" "/opt/rustwide/cargo-home/bin/cargo" "+1.99.0-beta.8" "build" "--frozen" "--message-format=json" "--release", kill_on_drop: false }`
[INFO] [stderr]    Compiling autocfg v1.4.0
[INFO] [stderr]    Compiling num-traits v0.2.19
[INFO] [stderr]    Compiling cpx-coords v0.1.5 (/opt/rustwide/workdir)
[INFO] [stdout] warning: unnecessary `unsafe` block
[INFO] [stdout]     --> src/lib.rs:4052:9
[INFO] [stdout]      |
[INFO] [stdout] 4052 |         unsafe { __cpuid(0) };
[INFO] [stdout]      |         ^^^^^^ unnecessary `unsafe` block
[INFO] [stdout] ...
[INFO] [stdout] 4086 |     measure_cycles_common!(f, g, batch, reps)
[INFO] [stdout]      |     ----------------------------------------- in this macro invocation
[INFO] [stdout]      |
[INFO] [stdout]      = note: `#[warn(unused_unsafe)]` (part of `#[warn(unused)]`) on by default
[INFO] [stdout]      = note: this warning originates in the macro `measure_batch` which comes from the expansion of the macro `measure_cycles_common` (in Nightly builds, run with -Z macro-backtrace for more info)
[INFO] [stdout] 
[INFO] [stdout] 
[INFO] [stdout] warning: unnecessary `unsafe` block
[INFO] [stdout]     --> src/lib.rs:4052:9
[INFO] [stdout]      |
[INFO] [stdout] 4052 |         unsafe { __cpuid(0) };
[INFO] [stdout]      |         ^^^^^^ unnecessary `unsafe` block
[INFO] [stdout] ...
[INFO] [stdout] 4086 |     measure_cycles_common!(f, g, batch, reps)
[INFO] [stdout]      |     ----------------------------------------- in this macro invocation
[INFO] [stdout]      |
[INFO] [stdout]      = note: this warning originates in the macro `measure_batch` which comes from the expansion of the macro `measure_cycles_common` (in Nightly builds, run with -Z macro-backtrace for more info)
[INFO] [stdout] 
[INFO] [stdout] 
[INFO] [stdout] warning: unnecessary `unsafe` block
[INFO] [stdout]     --> src/lib.rs:4059:9
[INFO] [stdout]      |
[INFO] [stdout] 4059 |         unsafe { __cpuid(0) };
[INFO] [stdout]      |         ^^^^^^ unnecessary `unsafe` block
[INFO] [stdout] ...
[INFO] [stdout] 4086 |     measure_cycles_common!(f, g, batch, reps)
[INFO] [stdout]      |     ----------------------------------------- in this macro invocation
[INFO] [stdout]      |
[INFO] [stdout]      = note: this warning originates in the macro `measure_batch` which comes from the expansion of the macro `measure_cycles_common` (in Nightly builds, run with -Z macro-backtrace for more info)
[INFO] [stdout] 
[INFO] [stdout] 
[INFO] [stdout] warning: unnecessary `unsafe` block
[INFO] [stdout]     --> src/lib.rs:4059:9
[INFO] [stdout]      |
[INFO] [stdout] 4059 |         unsafe { __cpuid(0) };
[INFO] [stdout]      |         ^^^^^^ unnecessary `unsafe` block
[INFO] [stdout] ...
[INFO] [stdout] 4086 |     measure_cycles_common!(f, g, batch, reps)
[INFO] [stdout]      |     ----------------------------------------- in this macro invocation
[INFO] [stdout]      |
[INFO] [stdout]      = note: this warning originates in the macro `measure_batch` which comes from the expansion of the macro `measure_cycles_common` (in Nightly builds, run with -Z macro-backtrace for more info)
[INFO] [stdout] 
[INFO] [stdout] 
[INFO] [stdout] warning: unnecessary `unsafe` block
[INFO] [stdout]     --> src/lib.rs:4052:9
[INFO] [stdout]      |
[INFO] [stdout] 4052 |         unsafe { __cpuid(0) };
[INFO] [stdout]      |         ^^^^^^ unnecessary `unsafe` block
[INFO] [stdout] ...
[INFO] [stdout] 4098 |     measure_cycles_common!(f, g, batch, reps)
[INFO] [stdout]      |     ----------------------------------------- in this macro invocation
[INFO] [stdout]      |
[INFO] [stdout]      = note: this warning originates in the macro `measure_batch` which comes from the expansion of the macro `measure_cycles_common` (in Nightly builds, run with -Z macro-backtrace for more info)
[INFO] [stdout] 
[INFO] [stdout] 
[INFO] [stdout] warning: unnecessary `unsafe` block
[INFO] [stdout]     --> src/lib.rs:4052:9
[INFO] [stdout]      |
[INFO] [stdout] 4052 |         unsafe { __cpuid(0) };
[INFO] [stdout]      |         ^^^^^^ unnecessary `unsafe` block
[INFO] [stdout] ...
[INFO] [stdout] 4098 |     measure_cycles_common!(f, g, batch, reps)
[INFO] [stdout]      |     ----------------------------------------- in this macro invocation
[INFO] [stdout]      |
[INFO] [stdout]      = note: this warning originates in the macro `measure_batch` which comes from the expansion of the macro `measure_cycles_common` (in Nightly builds, run with -Z macro-backtrace for more info)
[INFO] [stdout] 
[INFO] [stdout] 
[INFO] [stdout] warning: unnecessary `unsafe` block
[INFO] [stdout]     --> src/lib.rs:4059:9
[INFO] [stdout]      |
[INFO] [stdout] 4059 |         unsafe { __cpuid(0) };
[INFO] [stdout]      |         ^^^^^^ unnecessary `unsafe` block
[INFO] [stdout] ...
[INFO] [stdout] 4098 |     measure_cycles_common!(f, g, batch, reps)
[INFO] [stdout]      |     ----------------------------------------- in this macro invocation
[INFO] [stdout]      |
[INFO] [stdout]      = note: this warning originates in the macro `measure_batch` which comes from the expansion of the macro `measure_cycles_common` (in Nightly builds, run with -Z macro-backtrace for more info)
[INFO] [stdout] 
[INFO] [stdout] 
[INFO] [stdout] warning: unnecessary `unsafe` block
[INFO] [stdout]     --> src/lib.rs:4059:9
[INFO] [stdout]      |
[INFO] [stdout] 4059 |         unsafe { __cpuid(0) };
[INFO] [stdout]      |         ^^^^^^ unnecessary `unsafe` block
[INFO] [stdout] ...
[INFO] [stdout] 4098 |     measure_cycles_common!(f, g, batch, reps)
[INFO] [stdout]      |     ----------------------------------------- in this macro invocation
[INFO] [stdout]      |
[INFO] [stdout]      = note: this warning originates in the macro `measure_batch` which comes from the expansion of the macro `measure_cycles_common` (in Nightly builds, run with -Z macro-backtrace for more info)
[INFO] [stdout] 
[INFO] [stdout] 
[INFO] [stderr]     Finished `release` profile [optimized] target(s) in 2.18s
[INFO] running `Command { std: "docker" "inspect" "1c729b3de5a84c566d1cb40af5958c7ec81069b8f97e8638dfc957f2797d0beb", kill_on_drop: false }`
[INFO] running `Command { std: "docker" "exec" "-e" "SOURCE_DIR=/opt/rustwide/workdir" "-e" "CARGO_HOME=/opt/rustwide/cargo-home" "-e" "RUSTUP_HOME=/opt/rustwide/rustup-home" "-e" "CARGO_TARGET_DIR=/opt/rustwide/target" "-e" "CARGO_INCREMENTAL=0" "-e" "RUST_BACKTRACE=full" "-e" "RUSTFLAGS=--cap-lints=warn" "-e" "RUSTDOCFLAGS=--cap-lints=warn" "-w" "/opt/rustwide/workdir" "--user" "0:0" "1c729b3de5a84c566d1cb40af5958c7ec81069b8f97e8638dfc957f2797d0beb" "/opt/rustwide/cargo-home/bin/cargo" "+1.99.0-beta.8" "test" "--frozen" "--no-run" "--message-format=json" "--release", kill_on_drop: false }`
[INFO] [stdout] warning: unnecessary `unsafe` block
[INFO] [stdout]     --> src/lib.rs:4052:9
[INFO] [stdout]      |
[INFO] [stdout] 4052 |         unsafe { __cpuid(0) };
[INFO] [stdout]      |         ^^^^^^ unnecessary `unsafe` block
[INFO] [stdout] ...
[INFO] [stdout] 4086 |     measure_cycles_common!(f, g, batch, reps)
[INFO] [stdout]      |     ----------------------------------------- in this macro invocation
[INFO] [stdout]      |
[INFO] [stdout]      = note: `#[warn(unused_unsafe)]` (part of `#[warn(unused)]`) on by default
[INFO] [stdout]      = note: this warning originates in the macro `measure_batch` which comes from the expansion of the macro `measure_cycles_common` (in Nightly builds, run with -Z macro-backtrace for more info)
[INFO] [stdout] 
[INFO] [stdout] 
[INFO] [stdout] warning: unnecessary `unsafe` block
[INFO] [stdout]     --> src/lib.rs:4052:9
[INFO] [stdout]      |
[INFO] [stdout] 4052 |         unsafe { __cpuid(0) };
[INFO] [stdout]      |         ^^^^^^ unnecessary `unsafe` block
[INFO] [stdout] ...
[INFO] [stdout] 4086 |     measure_cycles_common!(f, g, batch, reps)
[INFO] [stdout]      |     ----------------------------------------- in this macro invocation
[INFO] [stdout]      |
[INFO] [stdout]      = note: this warning originates in the macro `measure_batch` which comes from the expansion of the macro `measure_cycles_common` (in Nightly builds, run with -Z macro-backtrace for more info)
[INFO] [stdout] 
[INFO] [stdout] 
[INFO] [stdout] warning: unnecessary `unsafe` block
[INFO] [stdout]     --> src/lib.rs:4059:9
[INFO] [stdout]      |
[INFO] [stdout] 4059 |         unsafe { __cpuid(0) };
[INFO] [stdout]      |         ^^^^^^ unnecessary `unsafe` block
[INFO] [stdout] ...
[INFO] [stdout] 4086 |     measure_cycles_common!(f, g, batch, reps)
[INFO] [stdout]      |     ----------------------------------------- in this macro invocation
[INFO] [stdout]      |
[INFO] [stdout]      = note: this warning originates in the macro `measure_batch` which comes from the expansion of the macro `measure_cycles_common` (in Nightly builds, run with -Z macro-backtrace for more info)
[INFO] [stdout] 
[INFO] [stdout] 
[INFO] [stdout] warning: unnecessary `unsafe` block
[INFO] [stdout]     --> src/lib.rs:4059:9
[INFO] [stdout]      |
[INFO] [stdout] 4059 |         unsafe { __cpuid(0) };
[INFO] [stdout]      |         ^^^^^^ unnecessary `unsafe` block
[INFO] [stdout] ...
[INFO] [stdout] 4086 |     measure_cycles_common!(f, g, batch, reps)
[INFO] [stdout]      |     ----------------------------------------- in this macro invocation
[INFO] [stdout]      |
[INFO] [stdout]      = note: this warning originates in the macro `measure_batch` which comes from the expansion of the macro `measure_cycles_common` (in Nightly builds, run with -Z macro-backtrace for more info)
[INFO] [stdout] 
[INFO] [stdout] 
[INFO] [stdout] warning: unnecessary `unsafe` block
[INFO] [stdout]     --> src/lib.rs:4052:9
[INFO] [stdout]      |
[INFO] [stdout] 4052 |         unsafe { __cpuid(0) };
[INFO] [stdout]      |         ^^^^^^ unnecessary `unsafe` block
[INFO] [stdout] ...
[INFO] [stdout] 4098 |     measure_cycles_common!(f, g, batch, reps)
[INFO] [stdout]      |     ----------------------------------------- in this macro invocation
[INFO] [stdout]      |
[INFO] [stdout]      = note: this warning originates in the macro `measure_batch` which comes from the expansion of the macro `measure_cycles_common` (in Nightly builds, run with -Z macro-backtrace for more info)
[INFO] [stdout] 
[INFO] [stdout] 
[INFO] [stdout] warning: unnecessary `unsafe` block
[INFO] [stdout]     --> src/lib.rs:4052:9
[INFO] [stdout]      |
[INFO] [stdout] 4052 |         unsafe { __cpuid(0) };
[INFO] [stdout]      |         ^^^^^^ unnecessary `unsafe` block
[INFO] [stdout] ...
[INFO] [stdout] 4098 |     measure_cycles_common!(f, g, batch, reps)
[INFO] [stdout]      |     ----------------------------------------- in this macro invocation
[INFO] [stdout]      |
[INFO] [stdout]      = note: this warning originates in the macro `measure_batch` which comes from the expansion of the macro `measure_cycles_common` (in Nightly builds, run with -Z macro-backtrace for more info)
[INFO] [stdout] 
[INFO] [stdout] 
[INFO] [stdout] warning: unnecessary `unsafe` block
[INFO] [stdout]     --> src/lib.rs:4059:9
[INFO] [stdout]      |
[INFO] [stdout] 4059 |         unsafe { __cpuid(0) };
[INFO] [stdout]      |         ^^^^^^ unnecessary `unsafe` block
[INFO] [stdout] ...
[INFO] [stdout] 4098 |     measure_cycles_common!(f, g, batch, reps)
[INFO] [stdout]      |     ----------------------------------------- in this macro invocation
[INFO] [stdout]      |
[INFO] [stdout]      = note: this warning originates in the macro `measure_batch` which comes from the expansion of the macro `measure_cycles_common` (in Nightly builds, run with -Z macro-backtrace for more info)
[INFO] [stdout] 
[INFO] [stdout] 
[INFO] [stdout] warning: unnecessary `unsafe` block
[INFO] [stdout]     --> src/lib.rs:4059:9
[INFO] [stdout]      |
[INFO] [stdout] 4059 |         unsafe { __cpuid(0) };
[INFO] [stdout]      |         ^^^^^^ unnecessary `unsafe` block
[INFO] [stdout] ...
[INFO] [stdout] 4098 |     measure_cycles_common!(f, g, batch, reps)
[INFO] [stdout]      |     ----------------------------------------- in this macro invocation
[INFO] [stdout]      |
[INFO] [stdout]      = note: this warning originates in the macro `measure_batch` which comes from the expansion of the macro `measure_cycles_common` (in Nightly builds, run with -Z macro-backtrace for more info)
[INFO] [stdout] 
[INFO] [stdout] 
[INFO] [stderr]    Compiling cpx-coords v0.1.5 (/opt/rustwide/workdir)
[INFO] [stdout] warning: unnecessary `unsafe` block
[INFO] [stdout]     --> src/lib.rs:4052:9
[INFO] [stdout]      |
[INFO] [stdout] 4052 |         unsafe { __cpuid(0) };
[INFO] [stdout]      |         ^^^^^^ unnecessary `unsafe` block
[INFO] [stdout] ...
[INFO] [stdout] 4086 |     measure_cycles_common!(f, g, batch, reps)
[INFO] [stdout]      |     ----------------------------------------- in this macro invocation
[INFO] [stdout]      |
[INFO] [stdout]      = note: `#[warn(unused_unsafe)]` (part of `#[warn(unused)]`) on by default
[INFO] [stdout]      = note: this warning originates in the macro `measure_batch` which comes from the expansion of the macro `measure_cycles_common` (in Nightly builds, run with -Z macro-backtrace for more info)
[INFO] [stdout] 
[INFO] [stdout] 
[INFO] [stdout] warning: unnecessary `unsafe` block
[INFO] [stdout]     --> src/lib.rs:4052:9
[INFO] [stdout]      |
[INFO] [stdout] 4052 |         unsafe { __cpuid(0) };
[INFO] [stdout]      |         ^^^^^^ unnecessary `unsafe` block
[INFO] [stdout] ...
[INFO] [stdout] 4086 |     measure_cycles_common!(f, g, batch, reps)
[INFO] [stdout]      |     ----------------------------------------- in this macro invocation
[INFO] [stdout]      |
[INFO] [stdout]      = note: this warning originates in the macro `measure_batch` which comes from the expansion of the macro `measure_cycles_common` (in Nightly builds, run with -Z macro-backtrace for more info)
[INFO] [stdout] 
[INFO] [stdout] 
[INFO] [stdout] warning: unnecessary `unsafe` block
[INFO] [stdout]     --> src/lib.rs:4059:9
[INFO] [stdout]      |
[INFO] [stdout] 4059 |         unsafe { __cpuid(0) };
[INFO] [stdout]      |         ^^^^^^ unnecessary `unsafe` block
[INFO] [stdout] ...
[INFO] [stdout] 4086 |     measure_cycles_common!(f, g, batch, reps)
[INFO] [stdout]      |     ----------------------------------------- in this macro invocation
[INFO] [stdout]      |
[INFO] [stdout]      = note: this warning originates in the macro `measure_batch` which comes from the expansion of the macro `measure_cycles_common` (in Nightly builds, run with -Z macro-backtrace for more info)
[INFO] [stdout] 
[INFO] [stdout] 
[INFO] [stdout] warning: unnecessary `unsafe` block
[INFO] [stdout]     --> src/lib.rs:4059:9
[INFO] [stdout]      |
[INFO] [stdout] 4059 |         unsafe { __cpuid(0) };
[INFO] [stdout]      |         ^^^^^^ unnecessary `unsafe` block
[INFO] [stdout] ...
[INFO] [stdout] 4086 |     measure_cycles_common!(f, g, batch, reps)
[INFO] [stdout]      |     ----------------------------------------- in this macro invocation
[INFO] [stdout]      |
[INFO] [stdout]      = note: this warning originates in the macro `measure_batch` which comes from the expansion of the macro `measure_cycles_common` (in Nightly builds, run with -Z macro-backtrace for more info)
[INFO] [stdout] 
[INFO] [stdout] 
[INFO] [stdout] warning: unnecessary `unsafe` block
[INFO] [stdout]     --> src/lib.rs:4052:9
[INFO] [stdout]      |
[INFO] [stdout] 4052 |         unsafe { __cpuid(0) };
[INFO] [stdout]      |         ^^^^^^ unnecessary `unsafe` block
[INFO] [stdout] ...
[INFO] [stdout] 4098 |     measure_cycles_common!(f, g, batch, reps)
[INFO] [stdout]      |     ----------------------------------------- in this macro invocation
[INFO] [stdout]      |
[INFO] [stdout]      = note: this warning originates in the macro `measure_batch` which comes from the expansion of the macro `measure_cycles_common` (in Nightly builds, run with -Z macro-backtrace for more info)
[INFO] [stdout] 
[INFO] [stdout] 
[INFO] [stdout] warning: unnecessary `unsafe` block
[INFO] [stdout]     --> src/lib.rs:4052:9
[INFO] [stdout]      |
[INFO] [stdout] 4052 |         unsafe { __cpuid(0) };
[INFO] [stdout]      |         ^^^^^^ unnecessary `unsafe` block
[INFO] [stdout] ...
[INFO] [stdout] 4098 |     measure_cycles_common!(f, g, batch, reps)
[INFO] [stdout]      |     ----------------------------------------- in this macro invocation
[INFO] [stdout]      |
[INFO] [stdout]      = note: this warning originates in the macro `measure_batch` which comes from the expansion of the macro `measure_cycles_common` (in Nightly builds, run with -Z macro-backtrace for more info)
[INFO] [stdout] 
[INFO] [stdout] 
[INFO] [stdout] warning: unnecessary `unsafe` block
[INFO] [stdout]     --> src/lib.rs:4059:9
[INFO] [stdout]      |
[INFO] [stdout] 4059 |         unsafe { __cpuid(0) };
[INFO] [stdout]      |         ^^^^^^ unnecessary `unsafe` block
[INFO] [stdout] ...
[INFO] [stdout] 4098 |     measure_cycles_common!(f, g, batch, reps)
[INFO] [stdout]      |     ----------------------------------------- in this macro invocation
[INFO] [stdout]      |
[INFO] [stdout]      = note: this warning originates in the macro `measure_batch` which comes from the expansion of the macro `measure_cycles_common` (in Nightly builds, run with -Z macro-backtrace for more info)
[INFO] [stdout] 
[INFO] [stdout] 
[INFO] [stdout] warning: unnecessary `unsafe` block
[INFO] [stdout]     --> src/lib.rs:4059:9
[INFO] [stdout]      |
[INFO] [stdout] 4059 |         unsafe { __cpuid(0) };
[INFO] [stdout]      |         ^^^^^^ unnecessary `unsafe` block
[INFO] [stdout] ...
[INFO] [stdout] 4098 |     measure_cycles_common!(f, g, batch, reps)
[INFO] [stdout]      |     ----------------------------------------- in this macro invocation
[INFO] [stdout]      |
[INFO] [stdout]      = note: this warning originates in the macro `measure_batch` which comes from the expansion of the macro `measure_cycles_common` (in Nightly builds, run with -Z macro-backtrace for more info)
[INFO] [stdout] 
[INFO] [stdout] 
[INFO] [stderr]     Finished `release` profile [optimized] target(s) in 0.52s
[INFO] running `Command { std: "docker" "inspect" "1c729b3de5a84c566d1cb40af5958c7ec81069b8f97e8638dfc957f2797d0beb", kill_on_drop: false }`
[INFO] running `Command { std: "docker" "exec" "-e" "SOURCE_DIR=/opt/rustwide/workdir" "-e" "CARGO_HOME=/opt/rustwide/cargo-home" "-e" "RUSTUP_HOME=/opt/rustwide/rustup-home" "-e" "CARGO_TARGET_DIR=/opt/rustwide/target" "-e" "CARGO_INCREMENTAL=0" "-e" "RUST_BACKTRACE=full" "-e" "RUSTFLAGS=--cap-lints=warn" "-e" "RUSTDOCFLAGS=--cap-lints=warn" "-w" "/opt/rustwide/workdir" "--user" "0:0" "1c729b3de5a84c566d1cb40af5958c7ec81069b8f97e8638dfc957f2797d0beb" "/opt/rustwide/cargo-home/bin/cargo" "+1.99.0-beta.8" "test" "--frozen" "--release", kill_on_drop: false }`
[INFO] [stderr] warning: unnecessary `unsafe` block
[INFO] [stderr]     --> src/lib.rs:4052:9
[INFO] [stderr]      |
[INFO] [stderr] 4052 |         unsafe { __cpuid(0) };
[INFO] [stderr]      |         ^^^^^^ unnecessary `unsafe` block
[INFO] [stderr] ...
[INFO] [stderr] 4086 |     measure_cycles_common!(f, g, batch, reps)
[INFO] [stderr]      |     ----------------------------------------- in this macro invocation
[INFO] [stderr]      |
[INFO] [stderr]      = note: `#[warn(unused_unsafe)]` (part of `#[warn(unused)]`) on by default
[INFO] [stderr]      = note: this warning originates in the macro `measure_batch` which comes from the expansion of the macro `measure_cycles_common` (in Nightly builds, run with -Z macro-backtrace for more info)
[INFO] [stderr] 
[INFO] [stderr] warning: unnecessary `unsafe` block
[INFO] [stderr]     --> src/lib.rs:4052:9
[INFO] [stderr]      |
[INFO] [stderr] 4052 |         unsafe { __cpuid(0) };
[INFO] [stderr]      |         ^^^^^^ unnecessary `unsafe` block
[INFO] [stderr] ...
[INFO] [stderr] 4086 |     measure_cycles_common!(f, g, batch, reps)
[INFO] [stderr]      |     ----------------------------------------- in this macro invocation
[INFO] [stderr]      |
[INFO] [stderr]      = note: this warning originates in the macro `measure_batch` which comes from the expansion of the macro `measure_cycles_common` (in Nightly builds, run with -Z macro-backtrace for more info)
[INFO] [stderr] 
[INFO] [stderr] warning: unnecessary `unsafe` block
[INFO] [stderr]     --> src/lib.rs:4059:9
[INFO] [stderr]      |
[INFO] [stderr] 4059 |         unsafe { __cpuid(0) };
[INFO] [stderr]      |         ^^^^^^ unnecessary `unsafe` block
[INFO] [stderr] ...
[INFO] [stderr] 4086 |     measure_cycles_common!(f, g, batch, reps)
[INFO] [stderr]      |     ----------------------------------------- in this macro invocation
[INFO] [stderr]      |
[INFO] [stderr]      = note: this warning originates in the macro `measure_batch` which comes from the expansion of the macro `measure_cycles_common` (in Nightly builds, run with -Z macro-backtrace for more info)
[INFO] [stderr] 
[INFO] [stderr] warning: unnecessary `unsafe` block
[INFO] [stderr]     --> src/lib.rs:4052:9
[INFO] [stderr]      |
[INFO] [stderr] 4052 |         unsafe { __cpuid(0) };
[INFO] [stderr]      |         ^^^^^^ unnecessary `unsafe` block
[INFO] [stderr] ...
[INFO] [stderr] 4098 |     measure_cycles_common!(f, g, batch, reps)
[INFO] [stderr]      |     ----------------------------------------- in this macro invocation
[INFO] [stderr]      |
[INFO] [stderr]      = note: this warning originates in the macro `measure_batch` which comes from the expansion of the macro `measure_cycles_common` (in Nightly builds, run with -Z macro-backtrace for more info)
[INFO] [stderr] 
[INFO] [stderr] warning: unnecessary `unsafe` block
[INFO] [stderr]     --> src/lib.rs:4059:9
[INFO] [stderr]      |
[INFO] [stderr] 4059 |         unsafe { __cpuid(0) };
[INFO] [stderr]      |         ^^^^^^ unnecessary `unsafe` block
[INFO] [stderr] ...
[INFO] [stderr] 4098 |     measure_cycles_common!(f, g, batch, reps)
[INFO] [stderr]      |     ----------------------------------------- in this macro invocation
[INFO] [stderr]      |
[INFO] [stderr]      = note: this warning originates in the macro `measure_batch` which comes from the expansion of the macro `measure_cycles_common` (in Nightly builds, run with -Z macro-backtrace for more info)
[INFO] [stderr] 
[INFO] [stderr] warning: `cpx-coords` (lib) generated 8 warnings (3 duplicates)
[INFO] [stderr] warning: `cpx-coords` (lib test) generated 8 warnings (8 duplicates)
[INFO] [stderr]     Finished `release` profile [optimized] target(s) in 0.04s
[INFO] [stderr]      Running unittests src/lib.rs (/opt/rustwide/target/release/deps/cpx_coords-99d7989eab0c2c74)
[INFO] [stdout] 
[INFO] [stdout] running 0 tests
[INFO] [stdout] 
[INFO] [stdout] test result: ok. 0 passed; 0 failed; 0 ignored; 0 measured; 0 filtered out; finished in 0.00s
[INFO] [stdout] 
[INFO] [stderr]    Doc-tests cpx_coords
[INFO] [stdout] 
[INFO] [stdout] running 47 tests
[INFO] [stdout] test src/lib.rs - Cpx<T>::canonicalize_lazy (line 1149) ... ok
[INFO] [stdout] test src/lib.rs - Cpx<T>::eq (line 2941) ... ok
[INFO] [stdout] test src/lib.rs - Cpx<T>::add (line 3349) ... ok
[INFO] [stdout] test src/lib.rs - Cpx<T>::conj (line 1238) ... ok
[INFO] [stdout] test src/lib.rs - Cpx<T>::canonicalize_re_im (line 740) ... ok
[INFO] [stdout] test src/lib.rs - Cpx<T>::im (line 473) ... ok
[INFO] [stdout] test src/lib.rs - Cpx<T>::exp (line 1447) ... ok
[INFO] [stdout] test src/lib.rs - Cpx<T>::canonicalize_lazy (line 1186) ... ok
[INFO] [stdout] test src/lib.rs - Cpx<T>::add (line 3381) ... ok
[INFO] [stdout] test src/lib.rs - Cpx<T>::eq (line 2964) ... ok
[INFO] [stdout] test src/lib.rs - Cpx<T>::canonicalize_polar (line 1098) ... ok
[INFO] [stdout] test src/lib.rs - Cpx<T>::conj (line 1256) ... ok
[INFO] [stdout] test src/lib.rs - Cpx<T>::neg (line 3233) ... ok
[INFO] [stdout] test src/lib.rs - Cpx<T>::ln (line 1511) ... ok
[INFO] [stdout] test src/lib.rs - Cpx<T>::exp (line 1399) ... ok
[INFO] [stdout] test src/lib.rs - Cpx<T>::im (line 488) ... ok
[INFO] [stdout] test src/lib.rs - Cpx<T>::neg (line 3269) ... ok
[INFO] [stdout] test src/lib.rs - Cpx<T>::ln (line 1572) ... ok
[INFO] [stdout] test src/lib.rs - Cpx<T>::mul (line 3621) ... ok
[INFO] [stdout] test src/lib.rs - Cpx<T>::powi32 (line 1646) ... ok
[INFO] [stdout] test src/lib.rs - Cpx<T>::ph (line 889) ... ok
[INFO] [stdout] test src/lib.rs - Cpx<T>::powf (line 1982) ... ok
[INFO] [stdout] test src/lib.rs - Cpx<T>::powc (line 2174) ... ok
[INFO] [stdout] test src/lib.rs - Cpx<T>::rad (line 801) ... ok
[INFO] [stdout] test src/lib.rs - Cpx<T>::rad_ph (line 980) ... ok
[INFO] [stdout] test src/lib.rs - Cpx<T>::rad_ph (line 960) ... ok
[INFO] [stdout] test src/lib.rs - Cpx<T>::re (line 388) ... ok
[INFO] [stdout] test src/lib.rs - Cpx<T>::re (line 402) ... ok
[INFO] [stdout] test src/lib.rs - Cpx<T>::powi32 (line 1711) ... ok
[INFO] [stdout] test src/lib.rs - Cpx<T>::ph (line 869) ... ok
[INFO] [stdout] test src/lib.rs - Cpx<T>::re_im (line 575) ... ok
[INFO] [stdout] test src/lib.rs - Cpx<T>::sub (line 3586) ... ok
[INFO] [stdout] test src/lib.rs - Cpx<T>::recip (line 1309) ... ok
[INFO] [stdout] test src/lib.rs - Cpx<T>::root_u32 (line 2101) ... ok
[INFO] [stdout] test src/lib.rs - Cpx<T>::to_re_im (line 688) ... ok
[INFO] [stdout] test src/lib.rs - Cpx<T>::to_polar (line 1041) ... ok
[INFO] [stdout] test src/lib.rs - CpxKey<T>::null (line 4224) ... ok
[INFO] [stdout] test src/lib.rs - FloatExt::THRESHOLD (line 57) ... ok
[INFO] [stdout] test src/lib.rs - FloatExt::principal_val (line 123) ... ok
[INFO] [stdout] test src/lib.rs - FloatExt::approx_eq (line 86) ... ok
[INFO] [stdout] test src/lib.rs - Cpx<T>::re_im (line 558) ... ok
[INFO] [stdout] test src/lib.rs - FloatExt::principal_val (line 144) ... ok
[INFO] [stdout] test src/lib.rs - FloatExt::LN_THRESHOLD (line 68) ... ok
[INFO] [stdout] test src/lib.rs - Cpx<T>::recip (line 1329) ... FAILED
[INFO] [stdout] test src/lib.rs - FloatExt::approx_eq (line 106) ... FAILED
[INFO] [stdout] test src/lib.rs - Cpx<T>::mul (line 3754) ... FAILED
[INFO] [stdout] test src/lib.rs - Cpx<T>::rad (line 819) ... FAILED
[INFO] [stdout] 
[INFO] [stdout] failures:
[INFO] [stdout] 
[INFO] [stdout] ---- src/lib.rs - Cpx<T>::recip (line 1329) stdout ----
[INFO] [stdout] Test executable failed (exit status: 101).
[INFO] [stdout] 
[INFO] [stdout] stderr:
[INFO] [stdout] 
[INFO] [stdout] thread 'main' (310) panicked at /tmp/rustdoctestqLT4wt/doctest_bundle_2024.rs:1034:2:
[INFO] [stdout] assertion failed: (..=25).contains(&measure_cycles(|| { let _ = re_im.recip(); },
[INFO] [stdout]             || { let _ = re_im; }, batch, reps))
[INFO] [stdout] stack backtrace:
[INFO] [stdout]    0:     0x5c27220f6c31 - std[70759c8f55707aa4]::backtrace_rs::backtrace::libunwind::trace
[INFO] [stdout]                                at /rustc/dfb0accb7f508ae8be965d8629557221c889dd98/library/std/src/../../backtrace/src/backtrace/libunwind.rs:117:9
[INFO] [stdout]    1:     0x5c27220f6c31 - std[70759c8f55707aa4]::backtrace_rs::backtrace::trace_unsynchronized::<std[70759c8f55707aa4]::sys::backtrace::_print_fmt::{closure#1}>
[INFO] [stdout]                                at /rustc/dfb0accb7f508ae8be965d8629557221c889dd98/library/std/src/../../backtrace/src/backtrace/mod.rs:66:14
[INFO] [stdout]    2:     0x5c27220f6c31 - std[70759c8f55707aa4]::sys::backtrace::_print_fmt
[INFO] [stdout]                                at /rustc/dfb0accb7f508ae8be965d8629557221c889dd98/library/std/src/sys/backtrace.rs:74:9
[INFO] [stdout]    3:     0x5c27220f6c31 - <<std[70759c8f55707aa4]::sys::backtrace::BacktraceLock>::print::DisplayBacktrace as core[df12db4294e9bfd3]::fmt::Display>::fmt
[INFO] [stdout]                                at /rustc/dfb0accb7f508ae8be965d8629557221c889dd98/library/std/src/sys/backtrace.rs:44:26
[INFO] [stdout]    4:     0x5c272210c0ca - <core[df12db4294e9bfd3]::fmt::rt::Argument>::fmt
[INFO] [stdout]                                at /rustc/dfb0accb7f508ae8be965d8629557221c889dd98/library/core/src/fmt/rt.rs:152:76
[INFO] [stdout]    5:     0x5c272210c0ca - core[df12db4294e9bfd3]::fmt::write
[INFO] [stdout]    6:     0x5c27220fbfdc - core[df12db4294e9bfd3]::io::write::default_write_fmt::<std[70759c8f55707aa4]::sys::stdio::unix::Stderr>
[INFO] [stdout]                                at /rustc/dfb0accb7f508ae8be965d8629557221c889dd98/library/core/src/io/write.rs:402:11
[INFO] [stdout]    7:     0x5c27220fbfdc - <std[70759c8f55707aa4]::sys::stdio::unix::Stderr as core[df12db4294e9bfd3]::io::write::Write>::write_fmt
[INFO] [stdout]                                at /rustc/dfb0accb7f508ae8be965d8629557221c889dd98/library/core/src/io/write.rs:335:13
[INFO] [stdout]    8:     0x5c27220d2e86 - <std[70759c8f55707aa4]::sys::backtrace::BacktraceLock>::print
[INFO] [stdout]                                at /rustc/dfb0accb7f508ae8be965d8629557221c889dd98/library/std/src/sys/backtrace.rs:47:9
[INFO] [stdout]    9:     0x5c27220d2e86 - std[70759c8f55707aa4]::panicking::default_hook::{closure#0}
[INFO] [stdout]                                at /rustc/dfb0accb7f508ae8be965d8629557221c889dd98/library/std/src/panicking.rs:292:27
[INFO] [stdout]   10:     0x5c27220ef241 - std[70759c8f55707aa4]::panicking::default_hook
[INFO] [stdout]                                at /rustc/dfb0accb7f508ae8be965d8629557221c889dd98/library/std/src/panicking.rs:319:9
[INFO] [stdout]   11:     0x5c27220ef3fb - std[70759c8f55707aa4]::panicking::panic_with_hook
[INFO] [stdout]                                at /rustc/dfb0accb7f508ae8be965d8629557221c889dd98/library/std/src/panicking.rs:815:13
[INFO] [stdout]   12:     0x5c27220d2f64 - std[70759c8f55707aa4]::panicking::panic_handler::{closure#0}
[INFO] [stdout]                                at /rustc/dfb0accb7f508ae8be965d8629557221c889dd98/library/std/src/panicking.rs:681:13
[INFO] [stdout]   13:     0x5c27220cbc09 - std[70759c8f55707aa4]::sys::backtrace::__rust_end_short_backtrace::<std[70759c8f55707aa4]::panicking::panic_handler::{closure#0}, !>
[INFO] [stdout]                                at /rustc/dfb0accb7f508ae8be965d8629557221c889dd98/library/std/src/sys/backtrace.rs:182:18
[INFO] [stdout]   14:     0x5c27220d3cad - __rustc[8fa7c3cbc660c2b3]::rust_begin_unwind
[INFO] [stdout]                                at /rustc/dfb0accb7f508ae8be965d8629557221c889dd98/library/std/src/panicking.rs:679:5
[INFO] [stdout]   15:     0x5c272210c83c - core[df12db4294e9bfd3]::panicking::panic_fmt
[INFO] [stdout]                                at /rustc/dfb0accb7f508ae8be965d8629557221c889dd98/library/core/src/panicking.rs:80:14
[INFO] [stdout]   16:     0x5c272210c802 - core[df12db4294e9bfd3]::panicking::panic
[INFO] [stdout]                                at /rustc/dfb0accb7f508ae8be965d8629557221c889dd98/library/core/src/panicking.rs:150:5
[INFO] [stdout]   17:     0x5c2721fdbd2e - doctest_bundle_2024[72c4b0461e1faad2]::__doctest_35::main
[INFO] [stdout]   18:     0x5c2721fdbd3e - doctest_bundle_2024[72c4b0461e1faad2]::__doctest_35::__main_fn
[INFO] [stdout]   19:     0x5c2721dae9f1 - doctest_runner_2024[37d7b32fe5ed358d]::__doctest_35::TEST::{closure#0}
[INFO] [stdout]   20:     0x5c2721db47f6 - <doctest_runner_2024[37d7b32fe5ed358d]::__doctest_35::TEST::{closure#0} as core[df12db4294e9bfd3]::ops::function::FnOnce<()>>::call_once
[INFO] [stdout]   21:     0x5c2721daff70 - doctest_runner_2024[37d7b32fe5ed358d]::main
[INFO] [stdout]   22:     0x5c2721db42c3 - <fn() -> std[70759c8f55707aa4]::process::ExitCode as core[df12db4294e9bfd3]::ops::function::FnOnce<()>>::call_once
[INFO] [stdout]   23:     0x5c2721dacd6e - std[70759c8f55707aa4]::sys::backtrace::__rust_begin_short_backtrace::<fn() -> std[70759c8f55707aa4]::process::ExitCode, std[70759c8f55707aa4]::process::ExitCode>
[INFO] [stdout]   24:     0x5c2721dad689 - std[70759c8f55707aa4]::rt::lang_start::<std[70759c8f55707aa4]::process::ExitCode>::{closure#0}
[INFO] [stdout]   25:     0x5c27220ee1c9 - <&dyn core[df12db4294e9bfd3]::ops::function::Fn<(), Output = i32> + core[df12db4294e9bfd3]::panic::unwind_safe::RefUnwindSafe + core[df12db4294e9bfd3]::marker::Sync as core[df12db4294e9bfd3]::ops::function::FnOnce<()>>::call_once
[INFO] [stdout]                                at /rustc/dfb0accb7f508ae8be965d8629557221c889dd98/library/core/src/ops/function.rs:287:21
[INFO] [stdout]   26:     0x5c27220ee1c9 - std[70759c8f55707aa4]::panicking::catch_unwind::do_call::<&dyn core[df12db4294e9bfd3]::ops::function::Fn<(), Output = i32> + core[df12db4294e9bfd3]::panic::unwind_safe::RefUnwindSafe + core[df12db4294e9bfd3]::marker::Sync, i32>
[INFO] [stdout]                                at /rustc/dfb0accb7f508ae8be965d8629557221c889dd98/library/std/src/panicking.rs:576:43
[INFO] [stdout]   27:     0x5c27220ee1c9 - std[70759c8f55707aa4]::panicking::catch_unwind::<i32, &dyn core[df12db4294e9bfd3]::ops::function::Fn<(), Output = i32> + core[df12db4294e9bfd3]::panic::unwind_safe::RefUnwindSafe + core[df12db4294e9bfd3]::marker::Sync>
[INFO] [stdout]                                at /rustc/dfb0accb7f508ae8be965d8629557221c889dd98/library/std/src/panicking.rs:544:19
[INFO] [stdout]   28:     0x5c27220ee1c9 - std[70759c8f55707aa4]::panic::catch_unwind::<&dyn core[df12db4294e9bfd3]::ops::function::Fn<(), Output = i32> + core[df12db4294e9bfd3]::panic::unwind_safe::RefUnwindSafe + core[df12db4294e9bfd3]::marker::Sync, i32>
[INFO] [stdout]                                at /rustc/dfb0accb7f508ae8be965d8629557221c889dd98/library/std/src/panic.rs:359:14
[INFO] [stdout]   29:     0x5c27220ee1c9 - std[70759c8f55707aa4]::rt::lang_start_internal::{closure#0}
[INFO] [stdout]                                at /rustc/dfb0accb7f508ae8be965d8629557221c889dd98/library/std/src/rt.rs:175:24
[INFO] [stdout]   30:     0x5c27220ee1c9 - std[70759c8f55707aa4]::panicking::catch_unwind::do_call::<std[70759c8f55707aa4]::rt::lang_start_internal::{closure#0}, isize>
[INFO] [stdout]                                at /rustc/dfb0accb7f508ae8be965d8629557221c889dd98/library/std/src/panicking.rs:576:43
[INFO] [stdout]   31:     0x5c27220ee1c9 - std[70759c8f55707aa4]::panicking::catch_unwind::<isize, std[70759c8f55707aa4]::rt::lang_start_internal::{closure#0}>
[INFO] [stdout]                                at /rustc/dfb0accb7f508ae8be965d8629557221c889dd98/library/std/src/panicking.rs:544:19
[INFO] [stdout]   32:     0x5c27220ee1c9 - std[70759c8f55707aa4]::panic::catch_unwind::<std[70759c8f55707aa4]::rt::lang_start_internal::{closure#0}, isize>
[INFO] [stdout]                                at /rustc/dfb0accb7f508ae8be965d8629557221c889dd98/library/std/src/panic.rs:359:14
[INFO] [stdout]   33:     0x5c27220ee1c9 - std[70759c8f55707aa4]::rt::lang_start_internal
[INFO] [stdout]                                at /rustc/dfb0accb7f508ae8be965d8629557221c889dd98/library/std/src/rt.rs:171:5
[INFO] [stdout]   34:     0x5c2721dabfb1 - std[70759c8f55707aa4]::rt::lang_start::<std[70759c8f55707aa4]::process::ExitCode>
[INFO] [stdout]   35:     0x5c2721db4c95 - main
[INFO] [stdout]   36:     0x734e7b268601 - <unknown>
[INFO] [stdout]   37:     0x734e7b268718 - __libc_start_main
[INFO] [stdout]   38:     0x5c2721dab155 - _start
[INFO] [stdout]   39:                0x0 - <unknown>
[INFO] [stdout] 
[INFO] [stdout] 
[INFO] [stdout] ---- src/lib.rs - FloatExt::approx_eq (line 106) stdout ----
[INFO] [stdout] Test executable failed (exit status: 101).
[INFO] [stdout] 
[INFO] [stdout] stderr:
[INFO] [stdout] 
[INFO] [stdout] thread 'main' (302) panicked at /tmp/rustdoctestqLT4wt/doctest_bundle_2024.rs:1188:1:
[INFO] [stdout] assertion failed: (..=4).contains(&measure_cycles(|| { let _ = a.approx_eq(b); },
[INFO] [stdout]             || { let _ = a; }, batch, reps))
[INFO] [stdout] stack backtrace:
[INFO] [stdout]    0:     0x5d7a49a96c31 - std[70759c8f55707aa4]::backtrace_rs::backtrace::libunwind::trace
[INFO] [stdout]                                at /rustc/dfb0accb7f508ae8be965d8629557221c889dd98/library/std/src/../../backtrace/src/backtrace/libunwind.rs:117:9
[INFO] [stdout]    1:     0x5d7a49a96c31 - std[70759c8f55707aa4]::backtrace_rs::backtrace::trace_unsynchronized::<std[70759c8f55707aa4]::sys::backtrace::_print_fmt::{closure#1}>
[INFO] [stdout]                                at /rustc/dfb0accb7f508ae8be965d8629557221c889dd98/library/std/src/../../backtrace/src/backtrace/mod.rs:66:14
[INFO] [stdout]    2:     0x5d7a49a96c31 - std[70759c8f55707aa4]::sys::backtrace::_print_fmt
[INFO] [stdout]                                at /rustc/dfb0accb7f508ae8be965d8629557221c889dd98/library/std/src/sys/backtrace.rs:74:9
[INFO] [stdout]    3:     0x5d7a49a96c31 - <<std[70759c8f55707aa4]::sys::backtrace::BacktraceLock>::print::DisplayBacktrace as core[df12db4294e9bfd3]::fmt::Display>::fmt
[INFO] [stdout]                                at /rustc/dfb0accb7f508ae8be965d8629557221c889dd98/library/std/src/sys/backtrace.rs:44:26
[INFO] [stdout]    4:     0x5d7a49aac0ca - <core[df12db4294e9bfd3]::fmt::rt::Argument>::fmt
[INFO] [stdout]                                at /rustc/dfb0accb7f508ae8be965d8629557221c889dd98/library/core/src/fmt/rt.rs:152:76
[INFO] [stdout]    5:     0x5d7a49aac0ca - core[df12db4294e9bfd3]::fmt::write
[INFO] [stdout]    6:     0x5d7a49a9bfdc - core[df12db4294e9bfd3]::io::write::default_write_fmt::<std[70759c8f55707aa4]::sys::stdio::unix::Stderr>
[INFO] [stdout]                                at /rustc/dfb0accb7f508ae8be965d8629557221c889dd98/library/core/src/io/write.rs:402:11
[INFO] [stdout]    7:     0x5d7a49a9bfdc - <std[70759c8f55707aa4]::sys::stdio::unix::Stderr as core[df12db4294e9bfd3]::io::write::Write>::write_fmt
[INFO] [stdout]                                at /rustc/dfb0accb7f508ae8be965d8629557221c889dd98/library/core/src/io/write.rs:335:13
[INFO] [stdout]    8:     0x5d7a49a72e86 - <std[70759c8f55707aa4]::sys::backtrace::BacktraceLock>::print
[INFO] [stdout]                                at /rustc/dfb0accb7f508ae8be965d8629557221c889dd98/library/std/src/sys/backtrace.rs:47:9
[INFO] [stdout]    9:     0x5d7a49a72e86 - std[70759c8f55707aa4]::panicking::default_hook::{closure#0}
[INFO] [stdout]                                at /rustc/dfb0accb7f508ae8be965d8629557221c889dd98/library/std/src/panicking.rs:292:27
[INFO] [stdout]   10:     0x5d7a49a8f241 - std[70759c8f55707aa4]::panicking::default_hook
[INFO] [stdout]                                at /rustc/dfb0accb7f508ae8be965d8629557221c889dd98/library/std/src/panicking.rs:319:9
[INFO] [stdout]   11:     0x5d7a49a8f3fb - std[70759c8f55707aa4]::panicking::panic_with_hook
[INFO] [stdout]                                at /rustc/dfb0accb7f508ae8be965d8629557221c889dd98/library/std/src/panicking.rs:815:13
[INFO] [stdout]   12:     0x5d7a49a72f64 - std[70759c8f55707aa4]::panicking::panic_handler::{closure#0}
[INFO] [stdout]                                at /rustc/dfb0accb7f508ae8be965d8629557221c889dd98/library/std/src/panicking.rs:681:13
[INFO] [stdout]   13:     0x5d7a49a6bc09 - std[70759c8f55707aa4]::sys::backtrace::__rust_end_short_backtrace::<std[70759c8f55707aa4]::panicking::panic_handler::{closure#0}, !>
[INFO] [stdout]                                at /rustc/dfb0accb7f508ae8be965d8629557221c889dd98/library/std/src/sys/backtrace.rs:182:18
[INFO] [stdout]   14:     0x5d7a49a73cad - __rustc[8fa7c3cbc660c2b3]::rust_begin_unwind
[INFO] [stdout]                                at /rustc/dfb0accb7f508ae8be965d8629557221c889dd98/library/std/src/panicking.rs:679:5
[INFO] [stdout]   15:     0x5d7a49aac83c - core[df12db4294e9bfd3]::panicking::panic_fmt
[INFO] [stdout]                                at /rustc/dfb0accb7f508ae8be965d8629557221c889dd98/library/core/src/panicking.rs:80:14
[INFO] [stdout]   16:     0x5d7a49aac802 - core[df12db4294e9bfd3]::panicking::panic
[INFO] [stdout]                                at /rustc/dfb0accb7f508ae8be965d8629557221c889dd98/library/core/src/panicking.rs:150:5
[INFO] [stdout]   17:     0x5d7a499cd65e - doctest_bundle_2024[72c4b0461e1faad2]::__doctest_43::main
[INFO] [stdout]   18:     0x5d7a499cd66e - doctest_bundle_2024[72c4b0461e1faad2]::__doctest_43::__main_fn
[INFO] [stdout]   19:     0x5d7a4974edf1 - doctest_runner_2024[37d7b32fe5ed358d]::__doctest_43::TEST::{closure#0}
[INFO] [stdout]   20:     0x5d7a497548f6 - <doctest_runner_2024[37d7b32fe5ed358d]::__doctest_43::TEST::{closure#0} as core[df12db4294e9bfd3]::ops::function::FnOnce<()>>::call_once
[INFO] [stdout]   21:     0x5d7a4974ff70 - doctest_runner_2024[37d7b32fe5ed358d]::main
[INFO] [stdout]   22:     0x5d7a497542c3 - <fn() -> std[70759c8f55707aa4]::process::ExitCode as core[df12db4294e9bfd3]::ops::function::FnOnce<()>>::call_once
[INFO] [stdout]   23:     0x5d7a4974cd6e - std[70759c8f55707aa4]::sys::backtrace::__rust_begin_short_backtrace::<fn() -> std[70759c8f55707aa4]::process::ExitCode, std[70759c8f55707aa4]::process::ExitCode>
[INFO] [stdout]   24:     0x5d7a4974d689 - std[70759c8f55707aa4]::rt::lang_start::<std[70759c8f55707aa4]::process::ExitCode>::{closure#0}
[INFO] [stdout]   25:     0x5d7a49a8e1c9 - <&dyn core[df12db4294e9bfd3]::ops::function::Fn<(), Output = i32> + core[df12db4294e9bfd3]::panic::unwind_safe::RefUnwindSafe + core[df12db4294e9bfd3]::marker::Sync as core[df12db4294e9bfd3]::ops::function::FnOnce<()>>::call_once
[INFO] [stdout]                                at /rustc/dfb0accb7f508ae8be965d8629557221c889dd98/library/core/src/ops/function.rs:287:21
[INFO] [stdout]   26:     0x5d7a49a8e1c9 - std[70759c8f55707aa4]::panicking::catch_unwind::do_call::<&dyn core[df12db4294e9bfd3]::ops::function::Fn<(), Output = i32> + core[df12db4294e9bfd3]::panic::unwind_safe::RefUnwindSafe + core[df12db4294e9bfd3]::marker::Sync, i32>
[INFO] [stdout]                                at /rustc/dfb0accb7f508ae8be965d8629557221c889dd98/library/std/src/panicking.rs:576:43
[INFO] [stdout]   27:     0x5d7a49a8e1c9 - std[70759c8f55707aa4]::panicking::catch_unwind::<i32, &dyn core[df12db4294e9bfd3]::ops::function::Fn<(), Output = i32> + core[df12db4294e9bfd3]::panic::unwind_safe::RefUnwindSafe + core[df12db4294e9bfd3]::marker::Sync>
[INFO] [stdout]                                at /rustc/dfb0accb7f508ae8be965d8629557221c889dd98/library/std/src/panicking.rs:544:19
[INFO] [stdout]   28:     0x5d7a49a8e1c9 - std[70759c8f55707aa4]::panic::catch_unwind::<&dyn core[df12db4294e9bfd3]::ops::function::Fn<(), Output = i32> + core[df12db4294e9bfd3]::panic::unwind_safe::RefUnwindSafe + core[df12db4294e9bfd3]::marker::Sync, i32>
[INFO] [stdout]                                at /rustc/dfb0accb7f508ae8be965d8629557221c889dd98/library/std/src/panic.rs:359:14
[INFO] [stdout]   29:     0x5d7a49a8e1c9 - std[70759c8f55707aa4]::rt::lang_start_internal::{closure#0}
[INFO] [stdout]                                at /rustc/dfb0accb7f508ae8be965d8629557221c889dd98/library/std/src/rt.rs:175:24
[INFO] [stdout]   30:     0x5d7a49a8e1c9 - std[70759c8f55707aa4]::panicking::catch_unwind::do_call::<std[70759c8f55707aa4]::rt::lang_start_internal::{closure#0}, isize>
[INFO] [stdout]                                at /rustc/dfb0accb7f508ae8be965d8629557221c889dd98/library/std/src/panicking.rs:576:43
[INFO] [stdout]   31:     0x5d7a49a8e1c9 - std[70759c8f55707aa4]::panicking::catch_unwind::<isize, std[70759c8f55707aa4]::rt::lang_start_internal::{closure#0}>
[INFO] [stdout]                                at /rustc/dfb0accb7f508ae8be965d8629557221c889dd98/library/std/src/panicking.rs:544:19
[INFO] [stdout]   32:     0x5d7a49a8e1c9 - std[70759c8f55707aa4]::panic::catch_unwind::<std[70759c8f55707aa4]::rt::lang_start_internal::{closure#0}, isize>
[INFO] [stdout]                                at /rustc/dfb0accb7f508ae8be965d8629557221c889dd98/library/std/src/panic.rs:359:14
[INFO] [stdout]   33:     0x5d7a49a8e1c9 - std[70759c8f55707aa4]::rt::lang_start_internal
[INFO] [stdout]                                at /rustc/dfb0accb7f508ae8be965d8629557221c889dd98/library/std/src/rt.rs:171:5
[INFO] [stdout]   34:     0x5d7a4974bfb1 - std[70759c8f55707aa4]::rt::lang_start::<std[70759c8f55707aa4]::process::ExitCode>
[INFO] [stdout]   35:     0x5d7a49754c95 - main
[INFO] [stdout]   36:     0x775f03f21601 - <unknown>
[INFO] [stdout]   37:     0x775f03f21718 - __libc_start_main
[INFO] [stdout]   38:     0x5d7a4974b155 - _start
[INFO] [stdout]   39:                0x0 - <unknown>
[INFO] [stdout] 
[INFO] [stdout] 
[INFO] [stdout] ---- src/lib.rs - Cpx<T>::mul (line 3754) stdout ----
[INFO] [stdout] Test executable failed (exit status: 101).
[INFO] [stdout] 
[INFO] [stdout] stderr:
[INFO] [stdout] 
[INFO] [stdout] thread 'main' (254) panicked at /tmp/rustdoctestqLT4wt/doctest_bundle_2024.rs:570:2:
[INFO] [stdout] assertion failed: (..=17).contains(&measure_cycles(|| { let _ = neg_one * j; },
[INFO] [stdout]             || { let _ = neg_one; }, batch, reps))
[INFO] [stdout] stack backtrace:
[INFO] [stdout]    0:     0x57c45d33cc31 - std[70759c8f55707aa4]::backtrace_rs::backtrace::libunwind::trace
[INFO] [stdout]                                at /rustc/dfb0accb7f508ae8be965d8629557221c889dd98/library/std/src/../../backtrace/src/backtrace/libunwind.rs:117:9
[INFO] [stdout]    1:     0x57c45d33cc31 - std[70759c8f55707aa4]::backtrace_rs::backtrace::trace_unsynchronized::<std[70759c8f55707aa4]::sys::backtrace::_print_fmt::{closure#1}>
[INFO] [stdout]                                at /rustc/dfb0accb7f508ae8be965d8629557221c889dd98/library/std/src/../../backtrace/src/backtrace/mod.rs:66:14
[INFO] [stdout]    2:     0x57c45d33cc31 - std[70759c8f55707aa4]::sys::backtrace::_print_fmt
[INFO] [stdout]                                at /rustc/dfb0accb7f508ae8be965d8629557221c889dd98/library/std/src/sys/backtrace.rs:74:9
[INFO] [stdout]    3:     0x57c45d33cc31 - <<std[70759c8f55707aa4]::sys::backtrace::BacktraceLock>::print::DisplayBacktrace as core[df12db4294e9bfd3]::fmt::Display>::fmt
[INFO] [stdout]                                at /rustc/dfb0accb7f508ae8be965d8629557221c889dd98/library/std/src/sys/backtrace.rs:44:26
[INFO] [stdout]    4:     0x57c45d3520ca - <core[df12db4294e9bfd3]::fmt::rt::Argument>::fmt
[INFO] [stdout]                                at /rustc/dfb0accb7f508ae8be965d8629557221c889dd98/library/core/src/fmt/rt.rs:152:76
[INFO] [stdout]    5:     0x57c45d3520ca - core[df12db4294e9bfd3]::fmt::write
[INFO] [stdout]    6:     0x57c45d341fdc - core[df12db4294e9bfd3]::io::write::default_write_fmt::<std[70759c8f55707aa4]::sys::stdio::unix::Stderr>
[INFO] [stdout]                                at /rustc/dfb0accb7f508ae8be965d8629557221c889dd98/library/core/src/io/write.rs:402:11
[INFO] [stdout]    7:     0x57c45d341fdc - <std[70759c8f55707aa4]::sys::stdio::unix::Stderr as core[df12db4294e9bfd3]::io::write::Write>::write_fmt
[INFO] [stdout]                                at /rustc/dfb0accb7f508ae8be965d8629557221c889dd98/library/core/src/io/write.rs:335:13
[INFO] [stdout]    8:     0x57c45d318e86 - <std[70759c8f55707aa4]::sys::backtrace::BacktraceLock>::print
[INFO] [stdout]                                at /rustc/dfb0accb7f508ae8be965d8629557221c889dd98/library/std/src/sys/backtrace.rs:47:9
[INFO] [stdout]    9:     0x57c45d318e86 - std[70759c8f55707aa4]::panicking::default_hook::{closure#0}
[INFO] [stdout]                                at /rustc/dfb0accb7f508ae8be965d8629557221c889dd98/library/std/src/panicking.rs:292:27
[INFO] [stdout]   10:     0x57c45d335241 - std[70759c8f55707aa4]::panicking::default_hook
[INFO] [stdout]                                at /rustc/dfb0accb7f508ae8be965d8629557221c889dd98/library/std/src/panicking.rs:319:9
[INFO] [stdout]   11:     0x57c45d3353fb - std[70759c8f55707aa4]::panicking::panic_with_hook
[INFO] [stdout]                                at /rustc/dfb0accb7f508ae8be965d8629557221c889dd98/library/std/src/panicking.rs:815:13
[INFO] [stdout]   12:     0x57c45d318f64 - std[70759c8f55707aa4]::panicking::panic_handler::{closure#0}
[INFO] [stdout]                                at /rustc/dfb0accb7f508ae8be965d8629557221c889dd98/library/std/src/panicking.rs:681:13
[INFO] [stdout]   13:     0x57c45d311c09 - std[70759c8f55707aa4]::sys::backtrace::__rust_end_short_backtrace::<std[70759c8f55707aa4]::panicking::panic_handler::{closure#0}, !>
[INFO] [stdout]                                at /rustc/dfb0accb7f508ae8be965d8629557221c889dd98/library/std/src/sys/backtrace.rs:182:18
[INFO] [stdout]   14:     0x57c45d319cad - __rustc[8fa7c3cbc660c2b3]::rust_begin_unwind
[INFO] [stdout]                                at /rustc/dfb0accb7f508ae8be965d8629557221c889dd98/library/std/src/panicking.rs:679:5
[INFO] [stdout]   15:     0x57c45d35283c - core[df12db4294e9bfd3]::panicking::panic_fmt
[INFO] [stdout]                                at /rustc/dfb0accb7f508ae8be965d8629557221c889dd98/library/core/src/panicking.rs:80:14
[INFO] [stdout]   16:     0x57c45d352802 - core[df12db4294e9bfd3]::panicking::panic
[INFO] [stdout]                                at /rustc/dfb0accb7f508ae8be965d8629557221c889dd98/library/core/src/panicking.rs:150:5
[INFO] [stdout]   17:     0x57c45d1fa3e2 - doctest_bundle_2024[72c4b0461e1faad2]::__doctest_17::main
[INFO] [stdout]   18:     0x57c45d1fa3f6 - doctest_bundle_2024[72c4b0461e1faad2]::__doctest_17::__main_fn
[INFO] [stdout]   19:     0x57c45cff40f1 - doctest_runner_2024[37d7b32fe5ed358d]::__doctest_17::TEST::{closure#0}
[INFO] [stdout]   20:     0x57c45cffa5b6 - <doctest_runner_2024[37d7b32fe5ed358d]::__doctest_17::TEST::{closure#0} as core[df12db4294e9bfd3]::ops::function::FnOnce<()>>::call_once
[INFO] [stdout]   21:     0x57c45cff5f70 - doctest_runner_2024[37d7b32fe5ed358d]::main
[INFO] [stdout]   22:     0x57c45cffa2c3 - <fn() -> std[70759c8f55707aa4]::process::ExitCode as core[df12db4294e9bfd3]::ops::function::FnOnce<()>>::call_once
[INFO] [stdout]   23:     0x57c45cff2d6e - std[70759c8f55707aa4]::sys::backtrace::__rust_begin_short_backtrace::<fn() -> std[70759c8f55707aa4]::process::ExitCode, std[70759c8f55707aa4]::process::ExitCode>
[INFO] [stdout]   24:     0x57c45cff3689 - std[70759c8f55707aa4]::rt::lang_start::<std[70759c8f55707aa4]::process::ExitCode>::{closure#0}
[INFO] [stdout]   25:     0x57c45d3341c9 - <&dyn core[df12db4294e9bfd3]::ops::function::Fn<(), Output = i32> + core[df12db4294e9bfd3]::panic::unwind_safe::RefUnwindSafe + core[df12db4294e9bfd3]::marker::Sync as core[df12db4294e9bfd3]::ops::function::FnOnce<()>>::call_once
[INFO] [stdout]                                at /rustc/dfb0accb7f508ae8be965d8629557221c889dd98/library/core/src/ops/function.rs:287:21
[INFO] [stdout]   26:     0x57c45d3341c9 - std[70759c8f55707aa4]::panicking::catch_unwind::do_call::<&dyn core[df12db4294e9bfd3]::ops::function::Fn<(), Output = i32> + core[df12db4294e9bfd3]::panic::unwind_safe::RefUnwindSafe + core[df12db4294e9bfd3]::marker::Sync, i32>
[INFO] [stdout]                                at /rustc/dfb0accb7f508ae8be965d8629557221c889dd98/library/std/src/panicking.rs:576:43
[INFO] [stdout]   27:     0x57c45d3341c9 - std[70759c8f55707aa4]::panicking::catch_unwind::<i32, &dyn core[df12db4294e9bfd3]::ops::function::Fn<(), Output = i32> + core[df12db4294e9bfd3]::panic::unwind_safe::RefUnwindSafe + core[df12db4294e9bfd3]::marker::Sync>
[INFO] [stdout]                                at /rustc/dfb0accb7f508ae8be965d8629557221c889dd98/library/std/src/panicking.rs:544:19
[INFO] [stdout]   28:     0x57c45d3341c9 - std[70759c8f55707aa4]::panic::catch_unwind::<&dyn core[df12db4294e9bfd3]::ops::function::Fn<(), Output = i32> + core[df12db4294e9bfd3]::panic::unwind_safe::RefUnwindSafe + core[df12db4294e9bfd3]::marker::Sync, i32>
[INFO] [stdout]                                at /rustc/dfb0accb7f508ae8be965d8629557221c889dd98/library/std/src/panic.rs:359:14
[INFO] [stdout]   29:     0x57c45d3341c9 - std[70759c8f55707aa4]::rt::lang_start_internal::{closure#0}
[INFO] [stdout]                                at /rustc/dfb0accb7f508ae8be965d8629557221c889dd98/library/std/src/rt.rs:175:24
[INFO] [stdout]   30:     0x57c45d3341c9 - std[70759c8f55707aa4]::panicking::catch_unwind::do_call::<std[70759c8f55707aa4]::rt::lang_start_internal::{closure#0}, isize>
[INFO] [stdout]                                at /rustc/dfb0accb7f508ae8be965d8629557221c889dd98/library/std/src/panicking.rs:576:43
[INFO] [stdout]   31:     0x57c45d3341c9 - std[70759c8f55707aa4]::panicking::catch_unwind::<isize, std[70759c8f55707aa4]::rt::lang_start_internal::{closure#0}>
[INFO] [stdout]                                at /rustc/dfb0accb7f508ae8be965d8629557221c889dd98/library/std/src/panicking.rs:544:19
[INFO] [stdout]   32:     0x57c45d3341c9 - std[70759c8f55707aa4]::panic::catch_unwind::<std[70759c8f55707aa4]::rt::lang_start_internal::{closure#0}, isize>
[INFO] [stdout]                                at /rustc/dfb0accb7f508ae8be965d8629557221c889dd98/library/std/src/panic.rs:359:14
[INFO] [stdout]   33:     0x57c45d3341c9 - std[70759c8f55707aa4]::rt::lang_start_internal
[INFO] [stdout]                                at /rustc/dfb0accb7f508ae8be965d8629557221c889dd98/library/std/src/rt.rs:171:5
[INFO] [stdout]   34:     0x57c45cff1fb1 - std[70759c8f55707aa4]::rt::lang_start::<std[70759c8f55707aa4]::process::ExitCode>
[INFO] [stdout]   35:     0x57c45cffac95 - main
[INFO] [stdout]   36:     0x78cb01e20601 - <unknown>
[INFO] [stdout]   37:     0x78cb01e20718 - __libc_start_main
[INFO] [stdout]   38:     0x57c45cff1155 - _start
[INFO] [stdout]   39:                0x0 - <unknown>
[INFO] [stdout] 
[INFO] [stdout] 
[INFO] [stdout] ---- src/lib.rs - Cpx<T>::rad (line 819) stdout ----
[INFO] [stdout] Test executable failed (exit status: 101).
[INFO] [stdout] 
[INFO] [stdout] stderr:
[INFO] [stdout] 
[INFO] [stdout] thread 'main' (273) panicked at /tmp/rustdoctestqLT4wt/doctest_bundle_2024.rs:857:2:
[INFO] [stdout] assertion failed: (..=23).contains(&measure_cycles(|| { let _ = ln.rad(); }, || { let _ = ln; },
[INFO] [stdout]             batch, reps))
[INFO] [stdout] stack backtrace:
[INFO] [stdout]    0:     0x56af7f7e3c31 - std[70759c8f55707aa4]::backtrace_rs::backtrace::libunwind::trace
[INFO] [stdout]                                at /rustc/dfb0accb7f508ae8be965d8629557221c889dd98/library/std/src/../../backtrace/src/backtrace/libunwind.rs:117:9
[INFO] [stdout]    1:     0x56af7f7e3c31 - std[70759c8f55707aa4]::backtrace_rs::backtrace::trace_unsynchronized::<std[70759c8f55707aa4]::sys::backtrace::_print_fmt::{closure#1}>
[INFO] [stdout]                                at /rustc/dfb0accb7f508ae8be965d8629557221c889dd98/library/std/src/../../backtrace/src/backtrace/mod.rs:66:14
[INFO] [stdout]    2:     0x56af7f7e3c31 - std[70759c8f55707aa4]::sys::backtrace::_print_fmt
[INFO] [stdout]                                at /rustc/dfb0accb7f508ae8be965d8629557221c889dd98/library/std/src/sys/backtrace.rs:74:9
[INFO] [stdout]    3:     0x56af7f7e3c31 - <<std[70759c8f55707aa4]::sys::backtrace::BacktraceLock>::print::DisplayBacktrace as core[df12db4294e9bfd3]::fmt::Display>::fmt
[INFO] [stdout]                                at /rustc/dfb0accb7f508ae8be965d8629557221c889dd98/library/std/src/sys/backtrace.rs:44:26
[INFO] [stdout]    4:     0x56af7f7f90ca - <core[df12db4294e9bfd3]::fmt::rt::Argument>::fmt
[INFO] [stdout]                                at /rustc/dfb0accb7f508ae8be965d8629557221c889dd98/library/core/src/fmt/rt.rs:152:76
[INFO] [stdout]    5:     0x56af7f7f90ca - core[df12db4294e9bfd3]::fmt::write
[INFO] [stdout]    6:     0x56af7f7e8fdc - core[df12db4294e9bfd3]::io::write::default_write_fmt::<std[70759c8f55707aa4]::sys::stdio::unix::Stderr>
[INFO] [stdout]                                at /rustc/dfb0accb7f508ae8be965d8629557221c889dd98/library/core/src/io/write.rs:402:11
[INFO] [stdout]    7:     0x56af7f7e8fdc - <std[70759c8f55707aa4]::sys::stdio::unix::Stderr as core[df12db4294e9bfd3]::io::write::Write>::write_fmt
[INFO] [stdout]                                at /rustc/dfb0accb7f508ae8be965d8629557221c889dd98/library/core/src/io/write.rs:335:13
[INFO] [stdout]    8:     0x56af7f7bfe86 - <std[70759c8f55707aa4]::sys::backtrace::BacktraceLock>::print
[INFO] [stdout]                                at /rustc/dfb0accb7f508ae8be965d8629557221c889dd98/library/std/src/sys/backtrace.rs:47:9
[INFO] [stdout]    9:     0x56af7f7bfe86 - std[70759c8f55707aa4]::panicking::default_hook::{closure#0}
[INFO] [stdout]                                at /rustc/dfb0accb7f508ae8be965d8629557221c889dd98/library/std/src/panicking.rs:292:27
[INFO] [stdout]   10:     0x56af7f7dc241 - std[70759c8f55707aa4]::panicking::default_hook
[INFO] [stdout]                                at /rustc/dfb0accb7f508ae8be965d8629557221c889dd98/library/std/src/panicking.rs:319:9
[INFO] [stdout]   11:     0x56af7f7dc3fb - std[70759c8f55707aa4]::panicking::panic_with_hook
[INFO] [stdout]                                at /rustc/dfb0accb7f508ae8be965d8629557221c889dd98/library/std/src/panicking.rs:815:13
[INFO] [stdout]   12:     0x56af7f7bff64 - std[70759c8f55707aa4]::panicking::panic_handler::{closure#0}
[INFO] [stdout]                                at /rustc/dfb0accb7f508ae8be965d8629557221c889dd98/library/std/src/panicking.rs:681:13
[INFO] [stdout]   13:     0x56af7f7b8c09 - std[70759c8f55707aa4]::sys::backtrace::__rust_end_short_backtrace::<std[70759c8f55707aa4]::panicking::panic_handler::{closure#0}, !>
[INFO] [stdout]                                at /rustc/dfb0accb7f508ae8be965d8629557221c889dd98/library/std/src/sys/backtrace.rs:182:18
[INFO] [stdout]   14:     0x56af7f7c0cad - __rustc[8fa7c3cbc660c2b3]::rust_begin_unwind
[INFO] [stdout]                                at /rustc/dfb0accb7f508ae8be965d8629557221c889dd98/library/std/src/panicking.rs:679:5
[INFO] [stdout]   15:     0x56af7f7f983c - core[df12db4294e9bfd3]::panicking::panic_fmt
[INFO] [stdout]                                at /rustc/dfb0accb7f508ae8be965d8629557221c889dd98/library/core/src/panicking.rs:80:14
[INFO] [stdout]   16:     0x56af7f7f9802 - core[df12db4294e9bfd3]::panicking::panic
[INFO] [stdout]                                at /rustc/dfb0accb7f508ae8be965d8629557221c889dd98/library/core/src/panicking.rs:150:5
[INFO] [stdout]   17:     0x56af7f6aa0de - doctest_bundle_2024[72c4b0461e1faad2]::__doctest_27::main
[INFO] [stdout]   18:     0x56af7f6aa0ee - doctest_bundle_2024[72c4b0461e1faad2]::__doctest_27::__main_fn
[INFO] [stdout]   19:     0x56af7f49b5f1 - doctest_runner_2024[37d7b32fe5ed358d]::__doctest_27::TEST::{closure#0}
[INFO] [stdout]   20:     0x56af7f4a16f6 - <doctest_runner_2024[37d7b32fe5ed358d]::__doctest_27::TEST::{closure#0} as core[df12db4294e9bfd3]::ops::function::FnOnce<()>>::call_once
[INFO] [stdout]   21:     0x56af7f49cf70 - doctest_runner_2024[37d7b32fe5ed358d]::main
[INFO] [stdout]   22:     0x56af7f4a12c3 - <fn() -> std[70759c8f55707aa4]::process::ExitCode as core[df12db4294e9bfd3]::ops::function::FnOnce<()>>::call_once
[INFO] [stdout]   23:     0x56af7f499d6e - std[70759c8f55707aa4]::sys::backtrace::__rust_begin_short_backtrace::<fn() -> std[70759c8f55707aa4]::process::ExitCode, std[70759c8f55707aa4]::process::ExitCode>
[INFO] [stdout]   24:     0x56af7f49a689 - std[70759c8f55707aa4]::rt::lang_start::<std[70759c8f55707aa4]::process::ExitCode>::{closure#0}
[INFO] [stdout]   25:     0x56af7f7db1c9 - <&dyn core[df12db4294e9bfd3]::ops::function::Fn<(), Output = i32> + core[df12db4294e9bfd3]::panic::unwind_safe::RefUnwindSafe + core[df12db4294e9bfd3]::marker::Sync as core[df12db4294e9bfd3]::ops::function::FnOnce<()>>::call_once
[INFO] [stdout]                                at /rustc/dfb0accb7f508ae8be965d8629557221c889dd98/library/core/src/ops/function.rs:287:21
[INFO] [stdout]   26:     0x56af7f7db1c9 - std[70759c8f55707aa4]::panicking::catch_unwind::do_call::<&dyn core[df12db4294e9bfd3]::ops::function::Fn<(), Output = i32> + core[df12db4294e9bfd3]::panic::unwind_safe::RefUnwindSafe + core[df12db4294e9bfd3]::marker::Sync, i32>
[INFO] [stdout]                                at /rustc/dfb0accb7f508ae8be965d8629557221c889dd98/library/std/src/panicking.rs:576:43
[INFO] [stdout]   27:     0x56af7f7db1c9 - std[70759c8f55707aa4]::panicking::catch_unwind::<i32, &dyn core[df12db4294e9bfd3]::ops::function::Fn<(), Output = i32> + core[df12db4294e9bfd3]::panic::unwind_safe::RefUnwindSafe + core[df12db4294e9bfd3]::marker::Sync>
[INFO] [stdout]                                at /rustc/dfb0accb7f508ae8be965d8629557221c889dd98/library/std/src/panicking.rs:544:19
[INFO] [stdout]   28:     0x56af7f7db1c9 - std[70759c8f55707aa4]::panic::catch_unwind::<&dyn core[df12db4294e9bfd3]::ops::function::Fn<(), Output = i32> + core[df12db4294e9bfd3]::panic::unwind_safe::RefUnwindSafe + core[df12db4294e9bfd3]::marker::Sync, i32>
[INFO] [stdout]                                at /rustc/dfb0accb7f508ae8be965d8629557221c889dd98/library/std/src/panic.rs:359:14
[INFO] [stdout]   29:     0x56af7f7db1c9 - std[70759c8f55707aa4]::rt::lang_start_internal::{closure#0}
[INFO] [stdout]                                at /rustc/dfb0accb7f508ae8be965d8629557221c889dd98/library/std/src/rt.rs:175:24
[INFO] [stdout]   30:     0x56af7f7db1c9 - std[70759c8f55707aa4]::panicking::catch_unwind::do_call::<std[70759c8f55707aa4]::rt::lang_start_internal::{closure#0}, isize>
[INFO] [stdout]                                at /rustc/dfb0accb7f508ae8be965d8629557221c889dd98/library/std/src/panicking.rs:576:43
[INFO] [stdout]   31:     0x56af7f7db1c9 - std[70759c8f55707aa4]::panicking::catch_unwind::<isize, std[70759c8f55707aa4]::rt::lang_start_internal::{closure#0}>
[INFO] [stdout]                                at /rustc/dfb0accb7f508ae8be965d8629557221c889dd98/library/std/src/panicking.rs:544:19
[INFO] [stdout]   32:     0x56af7f7db1c9 - std[70759c8f55707aa4]::panic::catch_unwind::<std[70759c8f55707aa4]::rt::lang_start_internal::{closure#0}, isize>
[INFO] [stdout]                                at /rustc/dfb0accb7f508ae8be965d8629557221c889dd98/library/std/src/panic.rs:359:14
[INFO] [stdout]   33:     0x56af7f7db1c9 - std[70759c8f55707aa4]::rt::lang_start_internal
[INFO] [stdout]                                at /rustc/dfb0accb7f508ae8be965d8629557221c889dd98/library/std/src/rt.rs:171:5
[INFO] [stdout]   34:     0x56af7f498fb1 - std[70759c8f55707aa4]::rt::lang_start::<std[70759c8f55707aa4]::process::ExitCode>
[INFO] [stdout]   35:     0x56af7f4a1c95 - main
[INFO] [stdout]   36:     0x75031e8ca601 - <unknown>
[INFO] [stdout]   37:     0x75031e8ca718 - __libc_start_main
[INFO] [stdout]   38:     0x56af7f498155 - _start
[INFO] [stdout]   39:                0x0 - <unknown>
[INFO] [stdout] 
[INFO] [stdout] 
[INFO] [stdout] 
[INFO] [stdout] failures:
[INFO] [stdout]     src/lib.rs - Cpx<T>::mul (line 3754)
[INFO] [stdout]     src/lib.rs - Cpx<T>::rad (line 819)
[INFO] [stdout]     src/lib.rs - Cpx<T>::recip (line 1329)
[INFO] [stdout]     src/lib.rs - FloatExt::approx_eq (line 106)
[INFO] [stdout] 
[INFO] [stdout] test result: FAILED. 43 passed; 4 failed; 0 ignored; 0 measured; 0 filtered out; finished in 0.51s
[INFO] [stdout] 
[INFO] [stdout] all doctests ran in 3.51s; merged doctests compilation took 2.97s
[INFO] [stderr] error: doctest failed, to rerun pass `--doc`
[INFO] running `Command { std: "docker" "inspect" "1c729b3de5a84c566d1cb40af5958c7ec81069b8f97e8638dfc957f2797d0beb", kill_on_drop: false }`
[INFO] running `Command { std: "docker" "rm" "-f" "1c729b3de5a84c566d1cb40af5958c7ec81069b8f97e8638dfc957f2797d0beb", kill_on_drop: false }`
[INFO] [stdout] 1c729b3de5a84c566d1cb40af5958c7ec81069b8f97e8638dfc957f2797d0beb
