[INFO] fetching crate cpu6502 0.1.1...
[INFO] testing cpu6502-0.1.1 against 1.99.0-beta.8+cargoflags=--release for beta-release-1.100-2
[INFO] extracting crate cpu6502 0.1.1 into /workspace/builds/worker-0-tc1/source
[INFO] removed /workspace/builds/worker-0-tc1/source/.cargo/config.toml
[INFO] started tweaking crates.io crate cpu6502 0.1.1
[INFO] removed 0 missing tests
[INFO] finished tweaking crates.io crate cpu6502 0.1.1
[INFO] tweaked toml for crates.io crate cpu6502 0.1.1 written to /workspace/builds/worker-0-tc1/source/Cargo.toml
[INFO] validating manifest of crates.io crate cpu6502 0.1.1 on toolchain 1.99.0-beta.8
[INFO] running `Command { std: CARGO_HOME="/workspace/cargo-home" RUSTUP_HOME="/workspace/rustup-home" "/workspace/cargo-home/bin/cargo" "+1.99.0-beta.8" "metadata" "--manifest-path" "Cargo.toml" "--no-deps", kill_on_drop: false }`
[INFO] crate crates.io crate cpu6502 0.1.1 already has a lockfile, it will not be regenerated
[INFO] running `Command { std: CARGO_HOME="/workspace/cargo-home" RUSTUP_HOME="/workspace/rustup-home" "/workspace/cargo-home/bin/cargo" "+1.99.0-beta.8" "fetch" "--manifest-path" "Cargo.toml", kill_on_drop: false }`
[INFO] [stderr]     Updating crates.io index
[INFO] [stderr]  Downloading crates ...
[INFO] [stderr]   Downloaded disasm6502 v0.2.2
[INFO] [stderr]   Downloaded enum-primitive-derive v0.3.0
[INFO] running `Command { std: "docker" "create" "-v" "/var/lib/crater-agent-workspace/builds/worker-0-tc1/source:/opt/rustwide/workdir:ro,Z" "-v" "/var/lib/crater-agent-workspace/builds/worker-0-tc1/target:/opt/rustwide/target:rw,Z" "-v" "/var/lib/crater-agent-workspace/cargo-home:/opt/rustwide/cargo-home:ro,Z" "-v" "/var/lib/crater-agent-workspace/rustup-home:/opt/rustwide/rustup-home:ro,Z" "-m" "1610612736" "--network" "none" "ghcr.io/rust-lang/crates-build-env/linux@sha256:77db811e55d90add9212f6832c23229e3de5f1c1f9905e8cb07319ea15df73ac" "sleep" "infinity", kill_on_drop: false }`
[INFO] [stdout] ffd74ce1468e7c822e5d09e326f150b1a341123876eadc8485e938a7a57a5e5f
[INFO] running `Command { std: "docker" "start" "ffd74ce1468e7c822e5d09e326f150b1a341123876eadc8485e938a7a57a5e5f", kill_on_drop: false }`
[INFO] running `Command { std: "docker" "inspect" "ffd74ce1468e7c822e5d09e326f150b1a341123876eadc8485e938a7a57a5e5f", kill_on_drop: false }`
[INFO] running `Command { std: "docker" "exec" "-e" "SOURCE_DIR=/opt/rustwide/workdir" "-e" "CARGO_HOME=/opt/rustwide/cargo-home" "-e" "RUSTUP_HOME=/opt/rustwide/rustup-home" "-e" "CARGO_TARGET_DIR=/opt/rustwide/target" "-w" "/opt/rustwide/workdir" "--user" "0:0" "ffd74ce1468e7c822e5d09e326f150b1a341123876eadc8485e938a7a57a5e5f" "/opt/rustwide/cargo-home/bin/cargo" "+1.99.0-beta.8" "metadata" "--no-deps" "--format-version=1", kill_on_drop: false }`
[INFO] running `Command { std: "docker" "inspect" "ffd74ce1468e7c822e5d09e326f150b1a341123876eadc8485e938a7a57a5e5f", kill_on_drop: false }`
[INFO] running `Command { std: "docker" "exec" "-e" "SOURCE_DIR=/opt/rustwide/workdir" "-e" "CARGO_HOME=/opt/rustwide/cargo-home" "-e" "RUSTUP_HOME=/opt/rustwide/rustup-home" "-e" "CARGO_TARGET_DIR=/opt/rustwide/target" "-e" "CARGO_INCREMENTAL=0" "-e" "RUST_BACKTRACE=full" "-e" "RUSTFLAGS=--cap-lints=warn" "-e" "RUSTDOCFLAGS=--cap-lints=warn" "-w" "/opt/rustwide/workdir" "--user" "0:0" "ffd74ce1468e7c822e5d09e326f150b1a341123876eadc8485e938a7a57a5e5f" "/opt/rustwide/cargo-home/bin/cargo" "+1.99.0-beta.8" "build" "--frozen" "--message-format=json" "--release", kill_on_drop: false }`
[INFO] [stderr]    Compiling quote v1.0.45
[INFO] [stderr]    Compiling bitflags v2.11.1
[INFO] [stderr]    Compiling syn v2.0.117
[INFO] [stderr]    Compiling strum_macros v0.28.0
[INFO] [stderr]    Compiling strum v0.28.0
[INFO] [stderr]    Compiling cpu6502 v0.1.1 (/opt/rustwide/workdir)
[INFO] [stderr]     Finished `release` profile [optimized] target(s) in 12.62s
[INFO] running `Command { std: "docker" "inspect" "ffd74ce1468e7c822e5d09e326f150b1a341123876eadc8485e938a7a57a5e5f", kill_on_drop: false }`
[INFO] running `Command { std: "docker" "exec" "-e" "SOURCE_DIR=/opt/rustwide/workdir" "-e" "CARGO_HOME=/opt/rustwide/cargo-home" "-e" "RUSTUP_HOME=/opt/rustwide/rustup-home" "-e" "CARGO_TARGET_DIR=/opt/rustwide/target" "-e" "CARGO_INCREMENTAL=0" "-e" "RUST_BACKTRACE=full" "-e" "RUSTFLAGS=--cap-lints=warn" "-e" "RUSTDOCFLAGS=--cap-lints=warn" "-w" "/opt/rustwide/workdir" "--user" "0:0" "ffd74ce1468e7c822e5d09e326f150b1a341123876eadc8485e938a7a57a5e5f" "/opt/rustwide/cargo-home/bin/cargo" "+1.99.0-beta.8" "test" "--frozen" "--no-run" "--message-format=json" "--release", kill_on_drop: false }`
[INFO] [stderr]    Compiling strum v0.28.0
[INFO] [stderr]    Compiling bitflags v2.11.1
[INFO] [stderr]    Compiling cpu6502 v0.1.1 (/opt/rustwide/workdir)
[INFO] [stderr]     Finished `release` profile [optimized] target(s) in 52.11s
[INFO] running `Command { std: "docker" "inspect" "ffd74ce1468e7c822e5d09e326f150b1a341123876eadc8485e938a7a57a5e5f", kill_on_drop: false }`
[INFO] running `Command { std: "docker" "exec" "-e" "SOURCE_DIR=/opt/rustwide/workdir" "-e" "CARGO_HOME=/opt/rustwide/cargo-home" "-e" "RUSTUP_HOME=/opt/rustwide/rustup-home" "-e" "CARGO_TARGET_DIR=/opt/rustwide/target" "-e" "CARGO_INCREMENTAL=0" "-e" "RUST_BACKTRACE=full" "-e" "RUSTFLAGS=--cap-lints=warn" "-e" "RUSTDOCFLAGS=--cap-lints=warn" "-w" "/opt/rustwide/workdir" "--user" "0:0" "ffd74ce1468e7c822e5d09e326f150b1a341123876eadc8485e938a7a57a5e5f" "/opt/rustwide/cargo-home/bin/cargo" "+1.99.0-beta.8" "test" "--frozen" "--release", kill_on_drop: false }`
[INFO] [stderr]     Finished `release` profile [optimized] target(s) in 0.04s
[INFO] [stderr]      Running unittests src/lib.rs (/opt/rustwide/target/release/deps/cpu6502-984aaea8dd790467)
[INFO] [stdout] 
[INFO] [stdout] running 138 tests
[INFO] [stdout] test alu::tests::operands_and_resultscorrect ... ok
[INFO] [stdout] test alu::tests::operand_dec_resultscorrect ... ok
[INFO] [stdout] test alu::tests::operand_inc_resultscorrect ... ok
[INFO] [stdout] test alu::tests::differentsignoperands_sub_overflowflagcorrect ... ok
[INFO] [stdout] test alu::tests::operands_or_resultscorrect ... ok
[INFO] [stdout] test alu::tests::operands_addwithoutcarry_resultscorrect ... ok
[INFO] [stdout] test alu::tests::operands_addcausecarry_resultscorrect ... ok
[INFO] [stdout] test alu::tests::operands_subwithborrow_resultscorrect ... ok
[INFO] [stdout] test alu::tests::differentsignoperands_add_overflowflagcorrect ... ok
[INFO] [stdout] test alu::tests::operands_addwithcarry_resultscorrect ... ok
[INFO] [stdout] test alu::tests::signednegativeoperands_add_overflowflagcorrect ... ok
[INFO] [stdout] test cpu::cpu_impl::tests::interrupt_priority ... ok
[INFO] [stdout] test cpu::cpu_impl::tests::irq_disabled ... ok
[INFO] [stdout] test cpu::cpu_impl::tests::irq_level_sensitive ... ok
[INFO] [stdout] test cpu::cpu_impl::tests::irq_start ... ok
[INFO] [stdout] test cpu::cpu_impl::tests::nmi_irq_disabled ... ok
[INFO] [stdout] test cpu::cpu_impl::tests::nmi_start ... ok
[INFO] [stdout] test cpu::cpu_impl::tests::reset ... ok
[INFO] [stdout] test instr::instr_impl::tests::helpers::add_index_to_address_x ... ok
[INFO] [stdout] test instr::instr_impl::tests::helpers::add_index_to_address_y ... ok
[INFO] [stdout] test instr::instr_impl::tests::helpers::fix_addr ... ok
[INFO] [stdout] test instr::instr_impl::tests::helpers::fix_addr_fixed ... ok
[INFO] [stdout] test instr::instr_impl::tests::helpers::fix_addr_or_run_op_finish_x ... ok
[INFO] [stdout] test alu::tests::signedpositiveoperands_add_overflowflagcorrect ... ok
[INFO] [stdout] test instr::instr_impl::tests::helpers::fix_addr_or_run_op_finish_x_fixed ... ok
[INFO] [stdout] test alu::tests::signedpositiveoperands_sub_overflowflagcorrect ... ok
[INFO] [stdout] test instr::instr_impl::tests::helpers::fix_addr_or_run_op_finish_y ... ok
[INFO] [stdout] test alu::tests::operands_xor_resultscorrect ... ok
[INFO] [stdout] test instr::instr_impl::tests::helpers::fix_addr_or_run_op_finish_y_fixed ... ok
[INFO] [stdout] test alu::tests::signednegativeoperands_sub_overflowflagcorrect ... ok
[INFO] [stdout] test cpu::cpu_impl::tests::nmi_edge_sensitive ... ok
[INFO] [stdout] test instr::instr_impl::tests::helpers::get_index_value ... ok
[INFO] [stdout] test alu::tests::operands_subcauseborrow_resultscorrect ... ok
[INFO] [stdout] test instr::instr_impl::tests::instr::fetch_instr ... ok
[INFO] [stdout] test instr::instr_impl::tests::instr_alu_op::execute_absolute_indexed_read_extra_cycle ... ok
[INFO] [stdout] test instr::instr_impl::tests::instr::reset ... ok
[INFO] [stdout] test instr::instr_impl::tests::instr_alu_op::execute_absolute_indexed_write ... ok
[INFO] [stdout] test instr::instr_impl::tests::instr_alu_op::execute_absolute ... ok
[INFO] [stdout] test instr::instr_impl::tests::instr_alu_op::execute_absolute_indexed_read ... ok
[INFO] [stdout] test alu::tests::operands_subwithoutborrow_resultscorrect ... ok
[INFO] [stdout] test instr::instr_impl::tests::instr_alu_op::execute_absolute_read_modify_write ... ok
[INFO] [stdout] test instr::instr_impl::tests::instr_alu_op::execute_implied ... ok
[INFO] [stdout] test instr::instr_impl::tests::instr_alu_op::execute_absolute_indexed_read_modify_write ... ok
[INFO] [stdout] test instr::instr_impl::tests::instr_alu_op::execute_zero_page ... ok
[INFO] [stdout] test instr::instr_impl::tests::helpers::get_index_value_y ... ok
[INFO] [stdout] test instr::instr_impl::tests::helpers::set_stack_address ... ok
[INFO] [stdout] test instr::instr_impl::tests::instr_alu_op::execute_zero_page_indexed ... ok
[INFO] [stdout] test instr::instr_impl::tests::instr_alu_op::execute_zero_page_indexed_indirect_read_modify_write ... ok
[INFO] [stdout] test instr::instr_impl::tests::instr_alu_op::execute_zero_page_indexed_indirect ... ok
[INFO] [stdout] test instr::instr_impl::tests::instr_alu_op::execute_zero_page_indexed_read_modify_write ... ok
[INFO] [stdout] test instr::instr_impl::tests::instr_alu_op::execute_zero_page_read_modify_write ... ok
[INFO] [stdout] test instr::instr_impl::tests::instr_alu_op::execute_zero_page_indirect_idx_read ... ok
[INFO] [stdout] test instr::instr_impl::tests::instr_flow::break_instr ... ok
[INFO] [stdout] test instr::instr_impl::tests::instr_flow::execute_jump_subroutine ... ok
[INFO] [stdout] test instr::instr_impl::tests::instr_alu_op::execute_zero_page_indirect_idx_read_modify_write ... ok
[INFO] [stdout] test instr::instr_impl::tests::instr_flow::execute_absolute_indirect_jump ... ok
[INFO] [stdout] test instr::instr_impl::tests::instr_flow::execute_absolute_indirect_jump_page_boundary_bug ... ok
[INFO] [stdout] test instr::instr_impl::tests::instr_flow::execute_relative_branch_taken_page_boundary ... ok
[INFO] [stdout] test instr::instr_impl::tests::instr_flow::execute_start_irq ... ok
[INFO] [stdout] test instr::instr_impl::tests::instr_flow::execute_relative_branch_not_taken ... ok
[INFO] [stdout] test instr::instr_impl::tests::instr_alu_op::execute_zero_page_indirect_idx_write ... ok
[INFO] [stdout] test instr::instr_impl::tests::instr_transfer::execute_pull_a ... ok
[INFO] [stdout] test instr::instr_impl::tests::instr_transfer::execute_push_a ... ok
[INFO] [stdout] test instr::instr_impl::tests::op::execute_add ... ok
[INFO] [stdout] test instr::instr_impl::tests::op::execute_and ... ok
[INFO] [stdout] test instr::instr_impl::tests::op::execute_bit ... ok
[INFO] [stdout] test instr::instr_impl::tests::instr_flow::execute_start_nmi ... ok
[INFO] [stdout] test instr::instr_impl::tests::instr_flow::execute_absolute_jump ... ok
[INFO] [stdout] test instr::instr_impl::tests::instr_transfer::execute_immediate ... ok
[INFO] [stdout] test instr::instr_impl::tests::instr_flow::execute_relative_branch_taken ... ok
[INFO] [stdout] test instr::instr_impl::tests::op::execute_bit_immediate ... ok
[INFO] [stdout] test instr::instr_impl::tests::op::execute_branch_carry_clear ... ok
[INFO] [stdout] test instr::instr_impl::tests::instr_flow::execute_relative_branch_taken_negative_offset ... ok
[INFO] [stdout] test instr::instr_impl::tests::op::execute_branch_carry_clear_not_taken ... ok
[INFO] [stdout] test instr::instr_impl::tests::op::execute_branch_carry_set ... ok
[INFO] [stdout] test instr::instr_impl::tests::op::execute_branch_carry_set_not_taken ... ok
[INFO] [stdout] test instr::instr_impl::tests::op::execute_branch_equal ... ok
[INFO] [stdout] test instr::instr_impl::tests::instr_flow::execute_return_interrupt ... ok
[INFO] [stdout] test instr::instr_impl::tests::instr_flow::execute_return_subroutine ... ok
[INFO] [stdout] test instr::instr_impl::tests::op::execute_branch_equal_not_taken ... ok
[INFO] [stdout] test instr::instr_impl::tests::op::execute_branch_minus ... ok
[INFO] [stdout] test instr::instr_impl::tests::op::execute_branch_minus_not_taken ... ok
[INFO] [stdout] test instr::instr_impl::tests::op::execute_branch_not_equal ... ok
[INFO] [stdout] test instr::instr_impl::tests::op::execute_branch_overflow_clear ... ok
[INFO] [stdout] test instr::instr_impl::tests::op::execute_branch_overflow_set ... ok
[INFO] [stdout] test instr::instr_impl::tests::op::execute_branch_overflow_set_not_taken ... ok
[INFO] [stdout] test instr::instr_impl::tests::op::execute_branch_not_equal_not_taken ... ok
[INFO] [stdout] test instr::instr_impl::tests::op::execute_branch_overflow_clear_not_taken ... ok
[INFO] [stdout] test instr::instr_impl::tests::op::execute_clear_carry ... ok
[INFO] [stdout] test instr::instr_impl::tests::op::execute_branch_plus_not_taken ... ok
[INFO] [stdout] test instr::instr_impl::tests::op::execute_branch_plus ... ok
[INFO] [stdout] test instr::instr_impl::tests::op::execute_clear_overflow ... ok
[INFO] [stdout] test instr::instr_impl::tests::op::execute_cpx ... ok
[INFO] [stdout] test instr::instr_impl::tests::op::execute_decrement_y ... ok
[INFO] [stdout] test instr::instr_impl::tests::op::execute_clear_decimal ... ok
[INFO] [stdout] test instr::instr_impl::tests::op::execute_decrement_memory ... ok
[INFO] [stdout] test instr::instr_impl::tests::op::execute_clear_interrupt_disable ... ok
[INFO] [stdout] test instr::instr_impl::tests::op::execute_cmp ... ok
[INFO] [stdout] test instr::instr_impl::tests::op::execute_increment_x ... ok
[INFO] [stdout] test instr::instr_impl::tests::op::execute_load_x ... ok
[INFO] [stdout] test instr::instr_impl::tests::op::execute_load_y ... ok
[INFO] [stdout] test instr::instr_impl::tests::op::execute_rotate_left_a ... ok
[INFO] [stdout] test instr::instr_impl::tests::op::execute_rotate_right_a ... ok
[INFO] [stdout] test instr::instr_impl::tests::op::execute_rotate_right_memory ... ok
[INFO] [stdout] test instr::instr_impl::tests::op::execute_increment_memory ... ok
[INFO] [stdout] test instr::instr_impl::tests::op::execute_set_decimal ... ok
[INFO] [stdout] test instr::instr_impl::tests::op::execute_set_interrupt_disable ... ok
[INFO] [stdout] test instr::instr_impl::tests::op::execute_cpy ... ok
[INFO] [stdout] test instr::instr_impl::tests::op::execute_or ... ok
[INFO] [stdout] test instr::instr_impl::tests::op::execute_rotate_left_memory ... ok
[INFO] [stdout] test instr::instr_impl::tests::op::execute_decrement_x ... ok
[INFO] [stdout] test instr::instr_impl::tests::op::execute_set_carry ... ok
[INFO] [stdout] test instr::instr_impl::tests::op::execute_increment_y ... ok
[INFO] [stdout] test instr::instr_impl::tests::op::execute_load_a ... ok
[INFO] [stdout] test instr::instr_impl::tests::op::execute_set_overflow ... ok
[INFO] [stdout] test instr::instr_impl::tests::op::execute_shift_left_a ... ok
[INFO] [stdout] test instr::instr_impl::tests::op::execute_shift_right_a ... ok
[INFO] [stdout] test instr::instr_impl::tests::op::execute_shift_right_memory ... ok
[INFO] [stdout] test instr::instr_impl::tests::op::execute_sub ... ok
[INFO] [stdout] test instr::instr_impl::tests::op::execute_shift_left_memory ... ok
[INFO] [stdout] test instr::instr_impl::tests::op::execute_store_a ... ok
[INFO] [stdout] test instr::instr_impl::tests::op::execute_store_x ... ok
[INFO] [stdout] test instr::instr_impl::tests::op::execute_store_y ... ok
[INFO] [stdout] test instr::instr_impl::tests::op::execute_shift_load_a ... ok
[INFO] [stdout] test instr::instr_impl::tests::op::execute_transfer_stack_ptr_to_x ... ok
[INFO] [stdout] test instr::instr_impl::tests::op::execute_transfer_x_to_stack_ptr ... ok
[INFO] [stdout] test instr::instr_impl::tests::op::execute_transfer_y_to_accumulator ... ok
[INFO] [stdout] test instr::instr_impl::tests::op::execute_xor ... ok
[INFO] [stdout] test instr::opcodes::tests::g3_print ... ok
[INFO] [stdout] test instr::instr_impl::tests::op::execute_transfer_x_to_accumulator ... ok
[INFO] [stdout] test instr::opcodes::tests::g1_print ... ok
[INFO] [stdout] test instr::opcodes::tests::allopcodes_decoding_neverpanic ... ok
[INFO] [stdout] test instr::opcodes::tests::subroutine_print ... ok
[INFO] [stdout] test instr::opcodes::tests::g2_print ... ok
[INFO] [stdout] test instr::opcodes::tests::cond_branch_print ... ok
[INFO] [stdout] test registers::status_register::tests::debug ... ok
[INFO] [stdout] test instr::instr_impl::tests::op::execute_transfer_accumulator_to_x ... ok
[INFO] [stdout] test instr::instr_impl::tests::op::execute_transfer_accumulator_to_y ... ok
[INFO] [stdout] 
[INFO] [stdout] test result: ok. 138 passed; 0 failed; 0 ignored; 0 measured; 0 filtered out; finished in 0.03s
[INFO] [stdout] 
[INFO] [stdout] 
[INFO] [stderr]      Running unittests src/bin/gen_decode_switch.rs (/opt/rustwide/target/release/deps/gen_decode_switch-5c2947b608577f57)
[INFO] [stdout] running 0 tests
[INFO] [stderr]      Running unittests src/bin/gen_write_cycle_query.rs (/opt/rustwide/target/release/deps/gen_write_cycle_query-e6866064b9fa4a54)
[INFO] [stdout] 
[INFO] [stdout] test result: ok. 0 passed; 0 failed; 0 ignored; 0 measured; 0 filtered out; finished in 0.00s
[INFO] [stdout] 
[INFO] [stdout] 
[INFO] [stdout] running 0 tests
[INFO] [stdout] 
[INFO] [stdout] test result: ok. 0 passed; 0 failed; 0 ignored; 0 measured; 0 filtered out; finished in 0.00s
[INFO] [stdout] 
[INFO] [stderr]      Running tests/nes_test.rs (/opt/rustwide/target/release/deps/nes_test-43e963f22be5055d)
[INFO] [stdout] 
[INFO] [stdout] running 0 tests
[INFO] [stdout] 
[INFO] [stdout] test result: ok. 0 passed; 0 failed; 0 ignored; 0 measured; 0 filtered out; finished in 0.00s
[INFO] [stdout] 
[INFO] [stderr]      Running tests/perf_test.rs (/opt/rustwide/target/release/deps/perf_test-69556bd1e793d811)
[INFO] [stdout] 
[INFO] [stdout] running 1 test
[INFO] [stdout] test inner::perf_test ... FAILED
[INFO] [stdout] 
[INFO] [stdout] failures:
[INFO] [stdout] 
[INFO] [stdout] ---- inner::perf_test stdout ----
[INFO] [stdout] 
[INFO] [stdout] thread 'inner::perf_test' (522) panicked at tests/test_computer.rs:61:67:
[INFO] [stdout] could not load rom file: Os { code: 2, kind: NotFound, message: "No such file or directory" }
[INFO] [stdout] stack backtrace:
[INFO] [stdout]    0:     0x590fb30ce5a7 - <unknown>
[INFO] [stdout]    1:     0x590fb30b6dca - <unknown>
[INFO] [stdout]    2:     0x590fb30cdb5b - <unknown>
[INFO] [stdout]    3:     0x590fb30cd63f - <unknown>
[INFO] [stdout]    4:     0x590fb30cd26a - <unknown>
[INFO] [stdout]    5:     0x590fb30ccda2 - <unknown>
[INFO] [stdout]    6:     0x590fb30f4111 - <unknown>
[INFO] [stdout]    7:     0x590fb30f40c9 - <unknown>
[INFO] [stdout]    8:     0x590fb30f45dc - <unknown>
[INFO] [stdout]    9:     0x590fb30b6c5b - <unknown>
[INFO] [stdout]   10:     0x590fb30b9ec1 - <unknown>
[INFO] [stdout]   11:     0x590fb30b53e4 - <unknown>
[INFO] [stdout]   12:     0x590fb310c11b - <unknown>
[INFO] [stdout]   13:     0x590fb310772f - <unknown>
[INFO] [stdout]   14:     0x590fb31071ac - <unknown>
[INFO] [stdout]   15:     0x590fb312436c - <unknown>
[INFO] [stdout]   16:     0x590fb30f5992 - <unknown>
[INFO] [stdout]   17:     0x71bdd6cbadfa - <unknown>
[INFO] [stdout]   18:     0x71bdd6d4e3d4 - clone
[INFO] [stdout]   19:                0x0 - <unknown>
[INFO] [stdout] 
[INFO] [stdout] 
[INFO] [stdout] failures:
[INFO] [stdout]     inner::perf_test
[INFO] [stdout] 
[INFO] [stdout] test result: FAILED. 0 passed; 1 failed; 0 ignored; 0 measured; 0 filtered out; finished in 0.00s
[INFO] [stdout] 
[INFO] [stderr] error: test failed, to rerun pass `--test perf_test`
[INFO] running `Command { std: "docker" "inspect" "ffd74ce1468e7c822e5d09e326f150b1a341123876eadc8485e938a7a57a5e5f", kill_on_drop: false }`
[INFO] running `Command { std: "docker" "rm" "-f" "ffd74ce1468e7c822e5d09e326f150b1a341123876eadc8485e938a7a57a5e5f", kill_on_drop: false }`
[INFO] [stdout] ffd74ce1468e7c822e5d09e326f150b1a341123876eadc8485e938a7a57a5e5f
