[INFO] fetching crate cppup 0.1.0...
[INFO] testing cppup-0.1.0 against 1.99.0-beta.8+cargoflags=--release for beta-release-1.100-2
[INFO] extracting crate cppup 0.1.0 into /workspace/builds/worker-5-tc1/source
[INFO] started tweaking crates.io crate cppup 0.1.0
[INFO] removed 0 missing tests
[INFO] finished tweaking crates.io crate cppup 0.1.0
[INFO] tweaked toml for crates.io crate cppup 0.1.0 written to /workspace/builds/worker-5-tc1/source/Cargo.toml
[INFO] validating manifest of crates.io crate cppup 0.1.0 on toolchain 1.99.0-beta.8
[INFO] running `Command { std: CARGO_HOME="/workspace/cargo-home" RUSTUP_HOME="/workspace/rustup-home" "/workspace/cargo-home/bin/cargo" "+1.99.0-beta.8" "metadata" "--manifest-path" "Cargo.toml" "--no-deps", kill_on_drop: false }`
[INFO] crate crates.io crate cppup 0.1.0 already has a lockfile, it will not be regenerated
[INFO] running `Command { std: CARGO_HOME="/workspace/cargo-home" RUSTUP_HOME="/workspace/rustup-home" "/workspace/cargo-home/bin/cargo" "+1.99.0-beta.8" "fetch" "--manifest-path" "Cargo.toml", kill_on_drop: false }`
[INFO] [stderr]     Blocking waiting for file lock on package cache
[INFO] [stderr]     Updating crates.io index
[INFO] [stderr]     Blocking waiting for file lock on package cache
[INFO] [stderr]  Downloading crates ...
[INFO] [stderr]   Downloaded which v8.0.0
[INFO] [stderr]   Downloaded env_home v0.1.0
[INFO] [stderr]   Downloaded signal-hook-mio v0.2.5
[INFO] [stderr]   Downloaded wasm-bindgen-macro v0.2.105
[INFO] [stderr]   Downloaded anstyle-query v1.1.4
[INFO] [stderr]   Downloaded wasm-bindgen-shared v0.2.105
[INFO] [stderr]   Downloaded predicates-tree v1.0.12
[INFO] [stderr]   Downloaded document-features v0.2.12
[INFO] [stderr]   Downloaded anstyle-wincon v3.0.10
[INFO] [stderr]   Downloaded predicates-core v1.0.9
[INFO] [stderr]   Downloaded normalize-line-endings v0.3.0
[INFO] [stderr]   Downloaded crossterm_winapi v0.9.1
[INFO] [stderr]   Downloaded thread_local v1.1.9
[INFO] [stderr]   Downloaded clap_lex v0.7.6
[INFO] [stderr]   Downloaded derive_builder_macro v0.20.2
[INFO] [stderr]   Downloaded termtree v0.5.1
[INFO] [stderr]   Downloaded difflib v0.4.0
[INFO] [stderr]   Downloaded darling_macro v0.20.11
[INFO] [stderr]   Downloaded doc-comment v0.3.4
[INFO] [stderr]   Downloaded fuzzy-matcher v0.3.7
[INFO] [stderr]   Downloaded signal-hook-registry v1.4.6
[INFO] [stderr]   Downloaded thiserror-impl v2.0.17
[INFO] [stderr]   Downloaded num-order v1.2.0
[INFO] [stderr]   Downloaded convert_case v0.7.1
[INFO] [stderr]   Downloaded float-cmp v0.10.0
[INFO] [stderr]   Downloaded derive_builder_core v0.20.2
[INFO] [stderr]   Downloaded anstream v0.6.21
[INFO] [stderr]   Downloaded anstyle v1.0.13
[INFO] [stderr]   Downloaded num-modular v0.6.1
[INFO] [stderr]   Downloaded assert_cmd v2.0.17
[INFO] [stderr]   Downloaded quote v1.0.41
[INFO] [stderr]   Downloaded litrs v1.0.0
[INFO] [stderr]   Downloaded ucd-trie v0.1.7
[INFO] [stderr]   Downloaded derive_builder v0.20.2
[INFO] [stderr]   Downloaded darling v0.20.11
[INFO] [stderr]   Downloaded wasm-bindgen v0.2.105
[INFO] [stderr]   Downloaded iana-time-zone v0.1.64
[INFO] [stderr]   Downloaded find-msvc-tools v0.1.4
[INFO] [stderr]   Downloaded bitflags v2.10.0
[INFO] [stderr]   Downloaded tempfile v3.23.0
[INFO] [stderr]   Downloaded unicode-ident v1.0.20
[INFO] [stderr]   Downloaded predicates v3.1.3
[INFO] [stderr]   Downloaded log v0.4.28
[INFO] [stderr]   Downloaded thiserror v2.0.17
[INFO] [stderr]   Downloaded pest_derive v2.8.3
[INFO] [stderr]   Downloaded pest_generator v2.8.3
[INFO] [stderr]   Downloaded pest_meta v2.8.3
[INFO] [stderr]   Downloaded clap_derive v4.5.49
[INFO] [stderr]   Downloaded wasm-bindgen-macro-support v0.2.105
[INFO] [stderr]   Downloaded js-sys v0.3.82
[INFO] [stderr]   Downloaded anyhow v1.0.100
[INFO] [stderr]   Downloaded proc-macro2 v1.0.103
[INFO] [stderr]   Downloaded signal-hook v0.3.18
[INFO] [stderr]   Downloaded derive_more v2.0.1
[INFO] [stderr]   Downloaded derive_more-impl v2.0.1
[INFO] [stderr]   Downloaded typenum v1.19.0
[INFO] [stderr]   Downloaded darling_core v0.20.11
[INFO] [stderr]   Downloaded clap v4.5.50
[INFO] [stderr]   Downloaded cc v1.2.43
[INFO] [stderr]   Downloaded memchr v2.7.6
[INFO] [stderr]   Downloaded inquire v0.9.1
[INFO] [stderr]   Downloaded handlebars v6.3.2
[INFO] [stderr]   Downloaded mio v1.1.0
[INFO] [stderr]   Downloaded pest v2.8.3
[INFO] [stderr]   Downloaded crossterm v0.29.0
[INFO] [stderr]   Downloaded regex v1.12.2
[INFO] [stderr]   Downloaded serde_json v1.0.145
[INFO] [stderr]   Downloaded rustix v1.1.2
[INFO] [stderr]   Downloaded clap_builder v4.5.50
[INFO] [stderr]   Downloaded chrono v0.4.42
[INFO] [stderr]   Downloaded syn v2.0.108
[INFO] [stderr]   Downloaded bstr v1.12.1
[INFO] [stderr]   Downloaded regex-syntax v0.8.8
[INFO] [stderr]   Downloaded winsafe v0.0.19
[INFO] [stderr]   Downloaded regex-automata v0.4.13
[INFO] [stderr]   Downloaded libc v0.2.177
[INFO] [stderr]   Downloaded linux-raw-sys v0.11.0
[INFO] running `Command { std: "docker" "create" "-v" "/var/lib/crater-agent-workspace/builds/worker-5-tc1/source:/opt/rustwide/workdir:ro,Z" "-v" "/var/lib/crater-agent-workspace/builds/worker-5-tc1/target:/opt/rustwide/target:rw,Z" "-v" "/var/lib/crater-agent-workspace/cargo-home:/opt/rustwide/cargo-home:ro,Z" "-v" "/var/lib/crater-agent-workspace/rustup-home:/opt/rustwide/rustup-home:ro,Z" "-m" "1610612736" "--network" "none" "ghcr.io/rust-lang/crates-build-env/linux@sha256:77db811e55d90add9212f6832c23229e3de5f1c1f9905e8cb07319ea15df73ac" "sleep" "infinity", kill_on_drop: false }`
[INFO] [stdout] 3f940316f487563135e443239b50011d2e44fb24933e39efdda86b8f311146c2
[INFO] running `Command { std: "docker" "start" "3f940316f487563135e443239b50011d2e44fb24933e39efdda86b8f311146c2", kill_on_drop: false }`
[INFO] running `Command { std: "docker" "inspect" "3f940316f487563135e443239b50011d2e44fb24933e39efdda86b8f311146c2", kill_on_drop: false }`
[INFO] running `Command { std: "docker" "exec" "-e" "SOURCE_DIR=/opt/rustwide/workdir" "-e" "CARGO_HOME=/opt/rustwide/cargo-home" "-e" "RUSTUP_HOME=/opt/rustwide/rustup-home" "-e" "CARGO_TARGET_DIR=/opt/rustwide/target" "-w" "/opt/rustwide/workdir" "--user" "0:0" "3f940316f487563135e443239b50011d2e44fb24933e39efdda86b8f311146c2" "/opt/rustwide/cargo-home/bin/cargo" "+1.99.0-beta.8" "metadata" "--no-deps" "--format-version=1", kill_on_drop: false }`
[INFO] running `Command { std: "docker" "inspect" "3f940316f487563135e443239b50011d2e44fb24933e39efdda86b8f311146c2", kill_on_drop: false }`
[INFO] running `Command { std: "docker" "exec" "-e" "SOURCE_DIR=/opt/rustwide/workdir" "-e" "CARGO_HOME=/opt/rustwide/cargo-home" "-e" "RUSTUP_HOME=/opt/rustwide/rustup-home" "-e" "CARGO_TARGET_DIR=/opt/rustwide/target" "-e" "CARGO_INCREMENTAL=0" "-e" "RUST_BACKTRACE=full" "-e" "RUSTFLAGS=--cap-lints=warn" "-e" "RUSTDOCFLAGS=--cap-lints=warn" "-w" "/opt/rustwide/workdir" "--user" "0:0" "3f940316f487563135e443239b50011d2e44fb24933e39efdda86b8f311146c2" "/opt/rustwide/cargo-home/bin/cargo" "+1.99.0-beta.8" "build" "--frozen" "--message-format=json" "--release", kill_on_drop: false }`
[INFO] [stderr]    Compiling proc-macro2 v1.0.103
[INFO] [stderr]    Compiling quote v1.0.41
[INFO] [stderr]    Compiling unicode-ident v1.0.20
[INFO] [stderr]    Compiling libc v0.2.177
[INFO] [stderr]    Compiling strsim v0.11.1
[INFO] [stderr]    Compiling ident_case v1.0.1
[INFO] [stderr]    Compiling fnv v1.0.7
[INFO] [stderr]    Compiling memchr v2.7.6
[INFO] [stderr]    Compiling parking_lot_core v0.9.12
[INFO] [stderr]    Compiling rustix v1.1.2
[INFO] [stderr]    Compiling ucd-trie v0.1.7
[INFO] [stderr]    Compiling log v0.4.28
[INFO] [stderr]    Compiling signal-hook v0.3.18
[INFO] [stderr]    Compiling convert_case v0.7.1
[INFO] [stderr]    Compiling smallvec v1.15.1
[INFO] [stderr]    Compiling utf8parse v0.2.2
[INFO] [stderr]    Compiling bitflags v2.10.0
[INFO] [stderr]    Compiling scopeguard v1.2.0
[INFO] [stderr]    Compiling autocfg v1.5.0
[INFO] [stderr]    Compiling linux-raw-sys v0.11.0
[INFO] [stderr]    Compiling lock_api v0.4.14
[INFO] [stderr]    Compiling anstyle-parse v0.2.7
[INFO] [stderr]    Compiling is_terminal_polyfill v1.70.2
[INFO] [stderr]    Compiling colorchoice v1.0.4
[INFO] [stderr]    Compiling anstyle-query v1.1.4
[INFO] [stderr]    Compiling anstyle v1.0.13
[INFO] [stderr]    Compiling serde_json v1.0.145
[INFO] [stderr]    Compiling litrs v1.0.0
[INFO] [stderr]    Compiling thiserror v2.0.17
[INFO] [stderr]    Compiling anstream v0.6.21
[INFO] [stderr]    Compiling thread_local v1.1.9
[INFO] [stderr]    Compiling itoa v1.0.15
[INFO] [stderr]    Compiling pest v2.8.3
[INFO] [stderr]    Compiling clap_lex v0.7.6
[INFO] [stderr]    Compiling regex-syntax v0.8.8
[INFO] [stderr]    Compiling num-modular v0.6.1
[INFO] [stderr]    Compiling anyhow v1.0.100
[INFO] [stderr]    Compiling ryu v1.0.20
[INFO] [stderr]    Compiling num-traits v0.2.19
[INFO] [stderr]    Compiling heck v0.5.0
[INFO] [stderr]    Compiling clap_builder v4.5.50
[INFO] [stderr]    Compiling fuzzy-matcher v0.3.7
[INFO] [stderr]    Compiling dyn-clone v1.0.20
[INFO] [stderr]    Compiling iana-time-zone v0.1.64
[INFO] [stderr]    Compiling unicode-segmentation v1.12.0
[INFO] [stderr]    Compiling document-features v0.2.12
[INFO] [stderr]    Compiling aho-corasick v1.1.3
[INFO] [stderr]    Compiling syn v2.0.108
[INFO] [stderr]    Compiling signal-hook-registry v1.4.6
[INFO] [stderr]    Compiling mio v1.1.0
[INFO] [stderr]    Compiling num-order v1.2.0
[INFO] [stderr]    Compiling pest_meta v2.8.3
[INFO] [stderr]    Compiling parking_lot v0.12.5
[INFO] [stderr]    Compiling env_home v0.1.0
[INFO] [stderr]    Compiling unicode-width v0.2.2
[INFO] [stderr]    Compiling chrono v0.4.42
[INFO] [stderr]    Compiling signal-hook-mio v0.2.5
[INFO] [stderr]    Compiling which v8.0.0
[INFO] [stderr]    Compiling regex-automata v0.4.13
[INFO] [stderr]    Compiling darling_core v0.20.11
[INFO] [stderr]    Compiling pest_generator v2.8.3
[INFO] [stderr]    Compiling derive_more-impl v2.0.1
[INFO] [stderr]    Compiling serde_derive v1.0.228
[INFO] [stderr]    Compiling thiserror-impl v2.0.17
[INFO] [stderr]    Compiling clap_derive v4.5.49
[INFO] [stderr]    Compiling pest_derive v2.8.3
[INFO] [stderr]    Compiling regex v1.12.2
[INFO] [stderr]    Compiling derive_more v2.0.1
[INFO] [stderr]    Compiling crossterm v0.29.0
[INFO] [stderr]    Compiling darling_macro v0.20.11
[INFO] [stderr]    Compiling clap v4.5.50
[INFO] [stderr]    Compiling darling v0.20.11
[INFO] [stderr]    Compiling derive_builder_core v0.20.2
[INFO] [stderr]    Compiling inquire v0.9.1
[INFO] [stderr]    Compiling derive_builder_macro v0.20.2
[INFO] [stderr]    Compiling derive_builder v0.20.2
[INFO] [stderr]    Compiling serde v1.0.228
[INFO] [stderr]    Compiling handlebars v6.3.2
[INFO] [stderr]    Compiling cppup v0.1.0 (/opt/rustwide/workdir)
[INFO] [stderr]     Finished `release` profile [optimized] target(s) in 56.00s
[INFO] running `Command { std: "docker" "inspect" "3f940316f487563135e443239b50011d2e44fb24933e39efdda86b8f311146c2", kill_on_drop: false }`
[INFO] running `Command { std: "docker" "exec" "-e" "SOURCE_DIR=/opt/rustwide/workdir" "-e" "CARGO_HOME=/opt/rustwide/cargo-home" "-e" "RUSTUP_HOME=/opt/rustwide/rustup-home" "-e" "CARGO_TARGET_DIR=/opt/rustwide/target" "-e" "CARGO_INCREMENTAL=0" "-e" "RUST_BACKTRACE=full" "-e" "RUSTFLAGS=--cap-lints=warn" "-e" "RUSTDOCFLAGS=--cap-lints=warn" "-w" "/opt/rustwide/workdir" "--user" "0:0" "3f940316f487563135e443239b50011d2e44fb24933e39efdda86b8f311146c2" "/opt/rustwide/cargo-home/bin/cargo" "+1.99.0-beta.8" "test" "--frozen" "--no-run" "--message-format=json" "--release", kill_on_drop: false }`
[INFO] [stderr]    Compiling rustix v1.1.2
[INFO] [stderr]    Compiling regex-automata v0.4.13
[INFO] [stderr]    Compiling doc-comment v0.3.4
[INFO] [stderr]    Compiling predicates-core v1.0.9
[INFO] [stderr]    Compiling getrandom v0.3.4
[INFO] [stderr]    Compiling float-cmp v0.10.0
[INFO] [stderr]    Compiling normalize-line-endings v0.3.0
[INFO] [stderr]    Compiling termtree v0.5.1
[INFO] [stderr]    Compiling assert_cmd v2.0.17
[INFO] [stderr]    Compiling difflib v0.4.0
[INFO] [stderr]    Compiling wait-timeout v0.2.1
[INFO] [stderr]    Compiling once_cell v1.21.3
[INFO] [stderr]    Compiling fastrand v2.3.0
[INFO] [stderr]    Compiling predicates-tree v1.0.12
[INFO] [stderr]    Compiling crossterm v0.29.0
[INFO] [stderr]    Compiling which v8.0.0
[INFO] [stderr]    Compiling tempfile v3.23.0
[INFO] [stderr]    Compiling inquire v0.9.1
[INFO] [stderr]    Compiling regex v1.12.2
[INFO] [stderr]    Compiling bstr v1.12.1
[INFO] [stderr]    Compiling predicates v3.1.3
[INFO] [stderr]    Compiling cppup v0.1.0 (/opt/rustwide/workdir)
[INFO] [stderr]     Finished `release` profile [optimized] target(s) in 25.26s
[INFO] running `Command { std: "docker" "inspect" "3f940316f487563135e443239b50011d2e44fb24933e39efdda86b8f311146c2", kill_on_drop: false }`
[INFO] running `Command { std: "docker" "exec" "-e" "SOURCE_DIR=/opt/rustwide/workdir" "-e" "CARGO_HOME=/opt/rustwide/cargo-home" "-e" "RUSTUP_HOME=/opt/rustwide/rustup-home" "-e" "CARGO_TARGET_DIR=/opt/rustwide/target" "-e" "CARGO_INCREMENTAL=0" "-e" "RUST_BACKTRACE=full" "-e" "RUSTFLAGS=--cap-lints=warn" "-e" "RUSTDOCFLAGS=--cap-lints=warn" "-w" "/opt/rustwide/workdir" "--user" "0:0" "3f940316f487563135e443239b50011d2e44fb24933e39efdda86b8f311146c2" "/opt/rustwide/cargo-home/bin/cargo" "+1.99.0-beta.8" "test" "--frozen" "--release", kill_on_drop: false }`
[INFO] [stderr]     Finished `release` profile [optimized] target(s) in 0.12s
[INFO] [stderr]      Running unittests src/lib.rs (/opt/rustwide/target/release/deps/cppup-bf0541b1dacd6fe3)
[INFO] [stdout] 
[INFO] [stdout] running 35 tests
[INFO] [stdout] test project::config::tests::test_validate_project_name_starts_with_number ... ok
[INFO] [stdout] test project::config::tests::test_cpp_standard_display ... ok
[INFO] [stdout] test project::config::tests::test_project_type_display ... ok
[INFO] [stdout] test project::config::tests::test_validate_project_name_empty ... ok
[INFO] [stdout] test project::tests::test_code_formatter_new ... ok
[INFO] [stdout] test project::tests::test_license_display ... ok
[INFO] [stdout] test project::config::tests::test_validate_project_name_too_long ... ok
[INFO] [stdout] test project::config::tests::test_validate_project_name_invalid_characters ... ok
[INFO] [stdout] test project::builder::tests::test_create_template_data_package_managers ... ok
[INFO] [stdout] test project::tests::test_package_manager_display ... ok
[INFO] [stdout] test project::config::tests::test_validate_project_name_valid ... ok
[INFO] [stdout] test project::builder::tests::test_create_template_data_namespace_conversion ... ok
[INFO] [stdout] test project::builder::tests::test_create_template_data_executable ... ok
[INFO] [stdout] test project::builder::tests::test_create_template_data_different_standards ... ok
[INFO] [stdout] test project::tests::test_build_system_display ... ok
[INFO] [stdout] test project::tests::test_code_formatter_display ... ok
[INFO] [stdout] test project::config::tests::test_validate_project_name_exactly_100_chars ... ok
[INFO] [stdout] test project::builder::tests::test_create_template_data_no_tests ... ok
[INFO] [stdout] test project::builder::tests::test_create_template_data_library ... ok
[INFO] [stdout] test project::tests::test_quality_config_new ... ok
[INFO] [stdout] test project::tests::test_test_framework_display ... ok
[INFO] [stdout] test project::validator::tests::test_cpp_standard_version_requirements ... ok
[INFO] [stdout] test templates::tests::test_contains_helper ... ok
[INFO] [stdout] test project::tests::test_quality_config_display ... ok
[INFO] [stdout] test project::validator::tests::test_extract_gcc_version_different_format ... ok
[INFO] [stdout] test project::validator::tests::test_extract_gcc_version_invalid ... ok
[INFO] [stdout] test project::validator::tests::test_extract_gcc_version_no_number ... ok
[INFO] [stdout] test project::validator::tests::test_extract_gcc_version_valid ... ok
[INFO] [stdout] test project::validator::tests::test_validator_creation ... ok
[INFO] [stdout] test project::builder::tests::test_project_builder_creation ... ok
[INFO] [stdout] test templates::tests::test_invalid_template ... ok
[INFO] [stdout] test templates::tests::test_render_to_file ... ok
[INFO] [stdout] test templates::tests::test_render_cmake ... ok
[INFO] [stdout] test templates::tests::test_template_renderer_creation ... ok
[INFO] [stdout] test templates::tests::test_render_main_cpp ... ok
[INFO] [stdout] 
[INFO] [stdout] test result: ok. 35 passed; 0 failed; 0 ignored; 0 measured; 0 filtered out; finished in 0.06s
[INFO] [stdout] 
[INFO] [stderr]      Running unittests src/main.rs (/opt/rustwide/target/release/deps/cppup-f33b9bf071f6f31e)
[INFO] [stdout] 
[INFO] [stdout] running 35 tests
[INFO] [stdout] test project::builder::tests::test_create_template_data_executable ... ok
[INFO] [stdout] test project::builder::tests::test_create_template_data_library ... ok
[INFO] [stdout] test project::builder::tests::test_create_template_data_no_tests ... ok
[INFO] [stdout] test project::builder::tests::test_create_template_data_different_standards ... ok
[INFO] [stdout] test project::builder::tests::test_create_template_data_namespace_conversion ... ok
[INFO] [stdout] test project::tests::test_code_formatter_display ... ok
[INFO] [stdout] test project::config::tests::test_validate_project_name_valid ... ok
[INFO] [stdout] test project::tests::test_code_formatter_new ... ok
[INFO] [stdout] test project::tests::test_quality_config_display ... ok
[INFO] [stdout] test project::config::tests::test_validate_project_name_invalid_characters ... ok
[INFO] [stdout] test project::tests::test_package_manager_display ... ok
[INFO] [stdout] test project::tests::test_license_display ... ok
[INFO] [stdout] test project::config::tests::test_validate_project_name_too_long ... ok
[INFO] [stdout] test project::tests::test_build_system_display ... ok
[INFO] [stdout] test project::validator::tests::test_cpp_standard_version_requirements ... ok
[INFO] [stdout] test project::validator::tests::test_validator_creation ... ok
[INFO] [stdout] test project::config::tests::test_project_type_display ... ok
[INFO] [stdout] test project::config::tests::test_validate_project_name_empty ... ok
[INFO] [stdout] test project::tests::test_test_framework_display ... ok
[INFO] [stdout] test project::tests::test_quality_config_new ... ok
[INFO] [stdout] test project::config::tests::test_cpp_standard_display ... ok
[INFO] [stdout] test project::builder::tests::test_create_template_data_package_managers ... ok
[INFO] [stdout] test project::validator::tests::test_extract_gcc_version_valid ... ok
[INFO] [stdout] test templates::tests::test_contains_helper ... ok
[INFO] [stdout] test project::validator::tests::test_extract_gcc_version_invalid ... ok
[INFO] [stdout] test project::config::tests::test_validate_project_name_starts_with_number ... ok
[INFO] [stdout] test project::config::tests::test_validate_project_name_exactly_100_chars ... ok
[INFO] [stdout] test project::validator::tests::test_extract_gcc_version_no_number ... ok
[INFO] [stdout] test project::validator::tests::test_extract_gcc_version_different_format ... ok
[INFO] [stdout] test templates::tests::test_template_renderer_creation ... ok
[INFO] [stdout] test project::builder::tests::test_project_builder_creation ... ok
[INFO] [stdout] test templates::tests::test_render_main_cpp ... ok
[INFO] [stdout] test templates::tests::test_invalid_template ... ok
[INFO] [stdout] test templates::tests::test_render_cmake ... ok
[INFO] [stdout] test templates::tests::test_render_to_file ... ok
[INFO] [stdout] 
[INFO] [stdout] test result: ok. 35 passed; 0 failed; 0 ignored; 0 measured; 0 filtered out; finished in 0.15s
[INFO] [stdout] 
[INFO] [stderr]      Running tests/integration_tests.rs (/opt/rustwide/target/release/deps/integration_tests-ab9f34cea5fb3a05)
[INFO] [stdout] 
[INFO] [stdout] running 32 tests
[INFO] [stdout] test test_code_formatter_cmake_format ... FAILED
[INFO] [stdout] test test_code_formatter_clang_format ... FAILED
[INFO] [stdout] test test_conan_package_manager ... FAILED
[INFO] [stdout] test test_full_featured_project ... FAILED
[INFO] [stdout] test test_help_command ... ok
[INFO] [stdout] test test_invalid_project_name ... ok
[INFO] [stdout] test test_gpl_license ... ok
[INFO] [stdout] test test_cpp23_standard ... ok
[INFO] [stdout] test test_doctest_framework ... ok
[INFO] [stdout] test test_cpp11_standard ... ok
[INFO] [stdout] test test_cpp20_standard ... ok
[INFO] [stdout] test test_bsd_license ... ok
[INFO] [stdout] test test_catch2_framework ... ok
[INFO] [stdout] test test_boosttest_framework ... ok
[INFO] [stdout] test test_cpp14_standard ... ok
[INFO] [stdout] test test_project_name_with_spaces ... ok
[INFO] [stdout] test test_missing_required_project_type ... ok
[INFO] [stdout] test test_version_command ... ok
[INFO] [stdout] test test_vcpkg_package_manager ... FAILED
[INFO] [stdout] test test_executable_with_make_and_tests ... ok
[INFO] [stdout] test test_quality_tools_clang_tidy ... FAILED
[INFO] [stdout] test test_quality_tools_cppcheck ... FAILED
[INFO] [stdout] test test_make_build_system_library ... ok
[INFO] [stdout] test test_project_name_with_special_chars ... ok
[INFO] [stdout] test test_git_initialization ... ok
[INFO] [stdout] test test_library_project_creation ... ok
[INFO] [stdout] test test_gtest_framework ... ok
[INFO] [stdout] test test_duplicate_project_creation ... ok
[INFO] [stdout] test test_missing_required_name ... ok
[INFO] [stdout] test test_apache_license ... ok
[INFO] [stdout] test test_make_build_system_executable ... ok
[INFO] [stdout] test test_non_interactive_project_creation ... ok
[INFO] [stdout] 
[INFO] [stdout] failures:
[INFO] [stdout] 
[INFO] [stdout] ---- test_code_formatter_cmake_format stdout ----
[INFO] [stdout] 
[INFO] [stdout] thread 'test_code_formatter_cmake_format' (2491) panicked at /rustc/dfb0accb7f508ae8be965d8629557221c889dd98/library/core/src/ops/function.rs:250:5:
[INFO] [stdout] Unexpected failure.
[INFO] [stdout] code=1
[INFO] [stdout] stderr=``````
[INFO] [stdout] Error: cmake-format is not installed
[INFO] [stdout] 
[INFO] [stdout] Stack backtrace:
[INFO] [stdout]    0: <anyhow::Error>::msg::<alloc::string::String>
[INFO] [stdout]    1: <cppup::project::validator::ProjectValidator>::check_prerequisites
[INFO] [stdout]    2: cppup::main
[INFO] [stdout]    3: std::sys::backtrace::__rust_begin_short_backtrace::<fn() -> core::result::Result<(), anyhow::Error>, core::result::Result<(), anyhow::Error>>
[INFO] [stdout]    4: std::rt::lang_start::<core::result::Result<(), anyhow::Error>>::{closure#0}
[INFO] [stdout]    5: std::rt::lang_start_internal
[INFO] [stdout]    6: main
[INFO] [stdout]    7: <unknown>
[INFO] [stdout]    8: __libc_start_main
[INFO] [stdout]    9: _start
[INFO] [stdout] ```
[INFO] [stdout] ```
[INFO] [stdout] command=`"/opt/rustwide/target/release/cppup" "--name" "cmake-format-project" "--project-type" "executable" "--code-formatter" "cmake-format" "--test-framework" "none" "--non-interactive" "--path" "/tmp/.tmpsLKaLO"`
[INFO] [stdout] code=1
[INFO] [stdout] stdout="Welcome to CPP Project Generator!\n"
[INFO] [stdout] stderr=```
[INFO] [stdout] Error: cmake-format is not installed
[INFO] [stdout] 
[INFO] [stdout] Stack backtrace:
[INFO] [stdout]    0: <anyhow::Error>::msg::<alloc::string::String>
[INFO] [stdout]    1: <cppup::project::validator::ProjectValidator>::check_prerequisites
[INFO] [stdout]    2: cppup::main
[INFO] [stdout]    3: std::sys::backtrace::__rust_begin_short_backtrace::<fn() -> core::result::Result<(), anyhow::Error>, core::result::Result<(), anyhow::Error>>
[INFO] [stdout]    4: std::rt::lang_start::<core::result::Result<(), anyhow::Error>>::{closure#0}
[INFO] [stdout]    5: std::rt::lang_start_internal
[INFO] [stdout]    6: main
[INFO] [stdout]    7: <unknown>
[INFO] [stdout]    8: __libc_start_main
[INFO] [stdout]    9: _start
[INFO] [stdout] ```
[INFO] [stdout] 
[INFO] [stdout] 
[INFO] [stdout] stack backtrace:
[INFO] [stdout]    0:     0x61a3fb4042f1 - <<std[70759c8f55707aa4]::sys::backtrace::BacktraceLock>::print::DisplayBacktrace as core[df12db4294e9bfd3]::fmt::Display>::fmt
[INFO] [stdout]    1:     0x61a3fb41b08a - core[df12db4294e9bfd3]::fmt::write
[INFO] [stdout]    2:     0x61a3fb409dfc - <alloc[2182bb758b4b3781]::vec::Vec<u8> as core[df12db4294e9bfd3]::io::write::Write>::write_fmt
[INFO] [stdout]    3:     0x61a3fb3de956 - std[70759c8f55707aa4]::panicking::default_hook::{closure#0}
[INFO] [stdout]    4:     0x61a3fb3fbe99 - std[70759c8f55707aa4]::panicking::default_hook
[INFO] [stdout]    5:     0x61a3fb3869a0 - test[9d35eded1c95d3be]::test_main_inner::<test[9d35eded1c95d3be]::test_main_static::{closure#0}>::{closure#0}
[INFO] [stdout]    6:     0x61a3fb3fc052 - std[70759c8f55707aa4]::panicking::panic_with_hook
[INFO] [stdout]    7:     0x61a3fb3dea02 - std[70759c8f55707aa4]::panicking::panic_handler::{closure#0}
[INFO] [stdout]    8:     0x61a3fb3d74d9 - std[70759c8f55707aa4]::sys::backtrace::__rust_end_short_backtrace::<std[70759c8f55707aa4]::panicking::panic_handler::{closure#0}, !>
[INFO] [stdout]    9:     0x61a3fb3df5fd - __rustc[8fa7c3cbc660c2b3]::rust_begin_unwind
[INFO] [stdout]   10:     0x61a3fb41b83c - core[df12db4294e9bfd3]::panicking::panic_fmt
[INFO] [stdout]   11:     0x61a3fb3bc323 - <assert_cmd[5bf2454dee432df6]::assert::AssertError>::panic::<assert_cmd[5bf2454dee432df6]::assert::Assert>
[INFO] [stdout]   12:     0x61a3fb3bca66 - <assert_cmd[5bf2454dee432df6]::assert::Assert>::success
[INFO] [stdout]   13:     0x61a3fb37549a - <integration_tests[57b5158d04fcfed0]::test_code_formatter_cmake_format::{closure#0} as core[df12db4294e9bfd3]::ops::function::FnOnce<()>>::call_once
[INFO] [stdout]   14:     0x61a3fb379c8b - test[9d35eded1c95d3be]::__rust_begin_short_backtrace::<core[df12db4294e9bfd3]::result::Result<(), alloc[2182bb758b4b3781]::string::String>, fn() -> core[df12db4294e9bfd3]::result::Result<(), alloc[2182bb758b4b3781]::string::String>>
[INFO] [stdout]   15:     0x61a3fb3872f5 - test[9d35eded1c95d3be]::run_test::{closure#0}
[INFO] [stdout]   16:     0x61a3fb380bb4 - std[70759c8f55707aa4]::sys::backtrace::__rust_begin_short_backtrace::<test[9d35eded1c95d3be]::run_test::{closure#1}, ()>
[INFO] [stdout]   17:     0x61a3fb38a452 - <std[70759c8f55707aa4]::thread::lifecycle::spawn_unchecked<test[9d35eded1c95d3be]::run_test::{closure#1}, ()>::{closure#1} as core[df12db4294e9bfd3]::ops::function::FnOnce<()>>::call_once::{shim:vtable#0}
[INFO] [stdout]   18:     0x61a3fb4037d9 - <std[70759c8f55707aa4]::sys::thread::unix::Thread>::new::thread_start
[INFO] [stdout]   19:     0x715ca5932dfa - <unknown>
[INFO] [stdout]   20:     0x715ca59c63d4 - clone
[INFO] [stdout]   21:                0x0 - <unknown>
[INFO] [stdout] 
[INFO] [stdout] ---- test_code_formatter_clang_format stdout ----
[INFO] [stdout] 
[INFO] [stdout] thread 'test_code_formatter_clang_format' (2490) panicked at /rustc/dfb0accb7f508ae8be965d8629557221c889dd98/library/core/src/ops/function.rs:250:5:
[INFO] [stdout] Unexpected failure.
[INFO] [stdout] code=1
[INFO] [stdout] stderr=``````
[INFO] [stdout] Error: clang-format is not installed
[INFO] [stdout] 
[INFO] [stdout] Stack backtrace:
[INFO] [stdout]    0: <anyhow::Error>::msg::<alloc::string::String>
[INFO] [stdout]    1: <cppup::project::validator::ProjectValidator>::check_prerequisites
[INFO] [stdout]    2: cppup::main
[INFO] [stdout]    3: std::sys::backtrace::__rust_begin_short_backtrace::<fn() -> core::result::Result<(), anyhow::Error>, core::result::Result<(), anyhow::Error>>
[INFO] [stdout]    4: std::rt::lang_start::<core::result::Result<(), anyhow::Error>>::{closure#0}
[INFO] [stdout]    5: std::rt::lang_start_internal
[INFO] [stdout]    6: main
[INFO] [stdout]    7: <unknown>
[INFO] [stdout]    8: __libc_start_main
[INFO] [stdout]    9: _start
[INFO] [stdout] ```
[INFO] [stdout] ```
[INFO] [stdout] command=`"/opt/rustwide/target/release/cppup" "--name" "format-project" "--project-type" "executable" "--code-formatter" "clang-format" "--test-framework" "none" "--non-interactive" "--path" "/tmp/.tmplBArVx"`
[INFO] [stdout] code=1
[INFO] [stdout] stdout="Welcome to CPP Project Generator!\n"
[INFO] [stdout] stderr=```
[INFO] [stdout] Error: clang-format is not installed
[INFO] [stdout] 
[INFO] [stdout] Stack backtrace:
[INFO] [stdout]    0: <anyhow::Error>::msg::<alloc::string::String>
[INFO] [stdout]    1: <cppup::project::validator::ProjectValidator>::check_prerequisites
[INFO] [stdout]    2: cppup::main
[INFO] [stdout]    3: std::sys::backtrace::__rust_begin_short_backtrace::<fn() -> core::result::Result<(), anyhow::Error>, core::result::Result<(), anyhow::Error>>
[INFO] [stdout]    4: std::rt::lang_start::<core::result::Result<(), anyhow::Error>>::{closure#0}
[INFO] [stdout]    5: std::rt::lang_start_internal
[INFO] [stdout]    6: main
[INFO] [stdout]    7: <unknown>
[INFO] [stdout]    8: __libc_start_main
[INFO] [stdout]    9: _start
[INFO] [stdout] ```
[INFO] [stdout] 
[INFO] [stdout] 
[INFO] [stdout] stack backtrace:
[INFO] [stdout]    0:     0x61a3fb4042f1 - <<std[70759c8f55707aa4]::sys::backtrace::BacktraceLock>::print::DisplayBacktrace as core[df12db4294e9bfd3]::fmt::Display>::fmt
[INFO] [stdout]    1:     0x61a3fb41b08a - core[df12db4294e9bfd3]::fmt::write
[INFO] [stdout]    2:     0x61a3fb409dfc - <alloc[2182bb758b4b3781]::vec::Vec<u8> as core[df12db4294e9bfd3]::io::write::Write>::write_fmt
[INFO] [stdout]    3:     0x61a3fb3de956 - std[70759c8f55707aa4]::panicking::default_hook::{closure#0}
[INFO] [stdout]    4:     0x61a3fb3fbe99 - std[70759c8f55707aa4]::panicking::default_hook
[INFO] [stdout]    5:     0x61a3fb3869a0 - test[9d35eded1c95d3be]::test_main_inner::<test[9d35eded1c95d3be]::test_main_static::{closure#0}>::{closure#0}
[INFO] [stdout]    6:     0x61a3fb3fc052 - std[70759c8f55707aa4]::panicking::panic_with_hook
[INFO] [stdout]    7:     0x61a3fb3dea02 - std[70759c8f55707aa4]::panicking::panic_handler::{closure#0}
[INFO] [stdout]    8:     0x61a3fb3d74d9 - std[70759c8f55707aa4]::sys::backtrace::__rust_end_short_backtrace::<std[70759c8f55707aa4]::panicking::panic_handler::{closure#0}, !>
[INFO] [stdout]    9:     0x61a3fb3df5fd - __rustc[8fa7c3cbc660c2b3]::rust_begin_unwind
[INFO] [stdout]   10:     0x61a3fb41b83c - core[df12db4294e9bfd3]::panicking::panic_fmt
[INFO] [stdout]   11:     0x61a3fb3bc323 - <assert_cmd[5bf2454dee432df6]::assert::AssertError>::panic::<assert_cmd[5bf2454dee432df6]::assert::Assert>
[INFO] [stdout]   12:     0x61a3fb3bca66 - <assert_cmd[5bf2454dee432df6]::assert::Assert>::success
[INFO] [stdout]   13:     0x61a3fb37502a - <integration_tests[57b5158d04fcfed0]::test_code_formatter_clang_format::{closure#0} as core[df12db4294e9bfd3]::ops::function::FnOnce<()>>::call_once
[INFO] [stdout]   14:     0x61a3fb379c8b - test[9d35eded1c95d3be]::__rust_begin_short_backtrace::<core[df12db4294e9bfd3]::result::Result<(), alloc[2182bb758b4b3781]::string::String>, fn() -> core[df12db4294e9bfd3]::result::Result<(), alloc[2182bb758b4b3781]::string::String>>
[INFO] [stdout]   15:     0x61a3fb3872f5 - test[9d35eded1c95d3be]::run_test::{closure#0}
[INFO] [stdout]   16:     0x61a3fb380bb4 - std[70759c8f55707aa4]::sys::backtrace::__rust_begin_short_backtrace::<test[9d35eded1c95d3be]::run_test::{closure#1}, ()>
[INFO] [stdout]   17:     0x61a3fb38a452 - <std[70759c8f55707aa4]::thread::lifecycle::spawn_unchecked<test[9d35eded1c95d3be]::run_test::{closure#1}, ()>::{closure#1} as core[df12db4294e9bfd3]::ops::function::FnOnce<()>>::call_once::{shim:vtable#0}
[INFO] [stdout]   18:     0x61a3fb4037d9 - <std[70759c8f55707aa4]::sys::thread::unix::Thread>::new::thread_start
[INFO] [stdout]   19:     0x715ca5932dfa - <unknown>
[INFO] [stdout]   20:     0x715ca59c63d4 - clone
[INFO] [stdout]   21:                0x0 - <unknown>
[INFO] [stdout] 
[INFO] [stdout] ---- test_conan_package_manager stdout ----
[INFO] [stdout] 
[INFO] [stdout] thread 'test_conan_package_manager' (2492) panicked at /rustc/dfb0accb7f508ae8be965d8629557221c889dd98/library/core/src/ops/function.rs:250:5:
[INFO] [stdout] Unexpected failure.
[INFO] [stdout] code=1
[INFO] [stdout] stderr=``````
[INFO] [stdout] Error: conan is not installed
[INFO] [stdout] 
[INFO] [stdout] Stack backtrace:
[INFO] [stdout]    0: <anyhow::Error>::msg::<alloc::string::String>
[INFO] [stdout]    1: <cppup::project::validator::ProjectValidator>::check_prerequisites
[INFO] [stdout]    2: cppup::main
[INFO] [stdout]    3: std::sys::backtrace::__rust_begin_short_backtrace::<fn() -> core::result::Result<(), anyhow::Error>, core::result::Result<(), anyhow::Error>>
[INFO] [stdout]    4: std::rt::lang_start::<core::result::Result<(), anyhow::Error>>::{closure#0}
[INFO] [stdout]    5: std::rt::lang_start_internal
[INFO] [stdout]    6: main
[INFO] [stdout]    7: <unknown>
[INFO] [stdout]    8: __libc_start_main
[INFO] [stdout]    9: _start
[INFO] [stdout] ```
[INFO] [stdout] ```
[INFO] [stdout] command=`"/opt/rustwide/target/release/cppup" "--name" "conan-project" "--project-type" "executable" "--package-manager" "conan" "--test-framework" "none" "--non-interactive" "--path" "/tmp/.tmpLAwCdy"`
[INFO] [stdout] code=1
[INFO] [stdout] stdout="Welcome to CPP Project Generator!\n"
[INFO] [stdout] stderr=```
[INFO] [stdout] Error: conan is not installed
[INFO] [stdout] 
[INFO] [stdout] Stack backtrace:
[INFO] [stdout]    0: <anyhow::Error>::msg::<alloc::string::String>
[INFO] [stdout]    1: <cppup::project::validator::ProjectValidator>::check_prerequisites
[INFO] [stdout]    2: cppup::main
[INFO] [stdout]    3: std::sys::backtrace::__rust_begin_short_backtrace::<fn() -> core::result::Result<(), anyhow::Error>, core::result::Result<(), anyhow::Error>>
[INFO] [stdout]    4: std::rt::lang_start::<core::result::Result<(), anyhow::Error>>::{closure#0}
[INFO] [stdout]    5: std::rt::lang_start_internal
[INFO] [stdout]    6: main
[INFO] [stdout]    7: <unknown>
[INFO] [stdout]    8: __libc_start_main
[INFO] [stdout]    9: _start
[INFO] [stdout] ```
[INFO] [stdout] 
[INFO] [stdout] 
[INFO] [stdout] stack backtrace:
[INFO] [stdout]    0:     0x61a3fb4042f1 - <<std[70759c8f55707aa4]::sys::backtrace::BacktraceLock>::print::DisplayBacktrace as core[df12db4294e9bfd3]::fmt::Display>::fmt
[INFO] [stdout]    1:     0x61a3fb41b08a - core[df12db4294e9bfd3]::fmt::write
[INFO] [stdout]    2:     0x61a3fb409dfc - <alloc[2182bb758b4b3781]::vec::Vec<u8> as core[df12db4294e9bfd3]::io::write::Write>::write_fmt
[INFO] [stdout]    3:     0x61a3fb3de956 - std[70759c8f55707aa4]::panicking::default_hook::{closure#0}
[INFO] [stdout]    4:     0x61a3fb3fbe99 - std[70759c8f55707aa4]::panicking::default_hook
[INFO] [stdout]    5:     0x61a3fb3869a0 - test[9d35eded1c95d3be]::test_main_inner::<test[9d35eded1c95d3be]::test_main_static::{closure#0}>::{closure#0}
[INFO] [stdout]    6:     0x61a3fb3fc052 - std[70759c8f55707aa4]::panicking::panic_with_hook
[INFO] [stdout]    7:     0x61a3fb3dea02 - std[70759c8f55707aa4]::panicking::panic_handler::{closure#0}
[INFO] [stdout]    8:     0x61a3fb3d74d9 - std[70759c8f55707aa4]::sys::backtrace::__rust_end_short_backtrace::<std[70759c8f55707aa4]::panicking::panic_handler::{closure#0}, !>
[INFO] [stdout]    9:     0x61a3fb3df5fd - __rustc[8fa7c3cbc660c2b3]::rust_begin_unwind
[INFO] [stdout]   10:     0x61a3fb41b83c - core[df12db4294e9bfd3]::panicking::panic_fmt
[INFO] [stdout]   11:     0x61a3fb3bc323 - <assert_cmd[5bf2454dee432df6]::assert::AssertError>::panic::<assert_cmd[5bf2454dee432df6]::assert::Assert>
[INFO] [stdout]   12:     0x61a3fb3bca66 - <assert_cmd[5bf2454dee432df6]::assert::Assert>::success
[INFO] [stdout]   13:     0x61a3fb37169a - <integration_tests[57b5158d04fcfed0]::test_conan_package_manager::{closure#0} as core[df12db4294e9bfd3]::ops::function::FnOnce<()>>::call_once
[INFO] [stdout]   14:     0x61a3fb379c8b - test[9d35eded1c95d3be]::__rust_begin_short_backtrace::<core[df12db4294e9bfd3]::result::Result<(), alloc[2182bb758b4b3781]::string::String>, fn() -> core[df12db4294e9bfd3]::result::Result<(), alloc[2182bb758b4b3781]::string::String>>
[INFO] [stdout]   15:     0x61a3fb3872f5 - test[9d35eded1c95d3be]::run_test::{closure#0}
[INFO] [stdout]   16:     0x61a3fb380bb4 - std[70759c8f55707aa4]::sys::backtrace::__rust_begin_short_backtrace::<test[9d35eded1c95d3be]::run_test::{closure#1}, ()>
[INFO] [stdout]   17:     0x61a3fb38a452 - <std[70759c8f55707aa4]::thread::lifecycle::spawn_unchecked<test[9d35eded1c95d3be]::run_test::{closure#1}, ()>::{closure#1} as core[df12db4294e9bfd3]::ops::function::FnOnce<()>>::call_once::{shim:vtable#0}
[INFO] [stdout]   18:     0x61a3fb4037d9 - <std[70759c8f55707aa4]::sys::thread::unix::Thread>::new::thread_start
[INFO] [stdout]   19:     0x715ca5932dfa - <unknown>
[INFO] [stdout]   20:     0x715ca59c63d4 - clone
[INFO] [stdout]   21:                0x0 - <unknown>
[INFO] [stdout] 
[INFO] [stdout] ---- test_full_featured_project stdout ----
[INFO] [stdout] 
[INFO] [stdout] thread 'test_full_featured_project' (2500) panicked at /rustc/dfb0accb7f508ae8be965d8629557221c889dd98/library/core/src/ops/function.rs:250:5:
[INFO] [stdout] Unexpected failure.
[INFO] [stdout] code=1
[INFO] [stdout] stderr=``````
[INFO] [stdout] Error: conan is not installed
[INFO] [stdout] 
[INFO] [stdout] Stack backtrace:
[INFO] [stdout]    0: <anyhow::Error>::msg::<alloc::string::String>
[INFO] [stdout]    1: <cppup::project::validator::ProjectValidator>::check_prerequisites
[INFO] [stdout]    2: cppup::main
[INFO] [stdout]    3: std::sys::backtrace::__rust_begin_short_backtrace::<fn() -> core::result::Result<(), anyhow::Error>, core::result::Result<(), anyhow::Error>>
[INFO] [stdout]    4: std::rt::lang_start::<core::result::Result<(), anyhow::Error>>::{closure#0}
[INFO] [stdout]    5: std::rt::lang_start_internal
[INFO] [stdout]    6: main
[INFO] [stdout]    7: <unknown>
[INFO] [stdout]    8: __libc_start_main
[INFO] [stdout]    9: _start
[INFO] [stdout] ```
[INFO] [stdout] ```
[INFO] [stdout] command=`"/opt/rustwide/target/release/cppup" "--name" "full-project" "--description" "A fully featured test project" "--author" "Test Author" "--project-type" "library" "--build-system" "cmake" "--cpp-standard" "20" "--package-manager" "conan" "--test-framework" "doctest" "--license" "MIT" "--quality-tools" "clang-tidy,cppcheck" "--code-formatter" "clang-format" "--git" "--non-interactive" "--path" "/tmp/.tmpxL4q8w"`
[INFO] [stdout] code=1
[INFO] [stdout] stdout="Welcome to CPP Project Generator!\n"
[INFO] [stdout] stderr=```
[INFO] [stdout] Error: conan is not installed
[INFO] [stdout] 
[INFO] [stdout] Stack backtrace:
[INFO] [stdout]    0: <anyhow::Error>::msg::<alloc::string::String>
[INFO] [stdout]    1: <cppup::project::validator::ProjectValidator>::check_prerequisites
[INFO] [stdout]    2: cppup::main
[INFO] [stdout]    3: std::sys::backtrace::__rust_begin_short_backtrace::<fn() -> core::result::Result<(), anyhow::Error>, core::result::Result<(), anyhow::Error>>
[INFO] [stdout]    4: std::rt::lang_start::<core::result::Result<(), anyhow::Error>>::{closure#0}
[INFO] [stdout]    5: std::rt::lang_start_internal
[INFO] [stdout]    6: main
[INFO] [stdout]    7: <unknown>
[INFO] [stdout]    8: __libc_start_main
[INFO] [stdout]    9: _start
[INFO] [stdout] ```
[INFO] [stdout] 
[INFO] [stdout] 
[INFO] [stdout] stack backtrace:
[INFO] [stdout]    0:     0x61a3fb4042f1 - <<std[70759c8f55707aa4]::sys::backtrace::BacktraceLock>::print::DisplayBacktrace as core[df12db4294e9bfd3]::fmt::Display>::fmt
[INFO] [stdout]    1:     0x61a3fb41b08a - core[df12db4294e9bfd3]::fmt::write
[INFO] [stdout]    2:     0x61a3fb409dfc - <alloc[2182bb758b4b3781]::vec::Vec<u8> as core[df12db4294e9bfd3]::io::write::Write>::write_fmt
[INFO] [stdout]    3:     0x61a3fb3de956 - std[70759c8f55707aa4]::panicking::default_hook::{closure#0}
[INFO] [stdout]    4:     0x61a3fb3fbe99 - std[70759c8f55707aa4]::panicking::default_hook
[INFO] [stdout]    5:     0x61a3fb3869a0 - test[9d35eded1c95d3be]::test_main_inner::<test[9d35eded1c95d3be]::test_main_static::{closure#0}>::{closure#0}
[INFO] [stdout]    6:     0x61a3fb3fc052 - std[70759c8f55707aa4]::panicking::panic_with_hook
[INFO] [stdout]    7:     0x61a3fb3dea02 - std[70759c8f55707aa4]::panicking::panic_handler::{closure#0}
[INFO] [stdout]    8:     0x61a3fb3d74d9 - std[70759c8f55707aa4]::sys::backtrace::__rust_end_short_backtrace::<std[70759c8f55707aa4]::panicking::panic_handler::{closure#0}, !>
[INFO] [stdout]    9:     0x61a3fb3df5fd - __rustc[8fa7c3cbc660c2b3]::rust_begin_unwind
[INFO] [stdout]   10:     0x61a3fb41b83c - core[df12db4294e9bfd3]::panicking::panic_fmt
[INFO] [stdout]   11:     0x61a3fb3bc323 - <assert_cmd[5bf2454dee432df6]::assert::AssertError>::panic::<assert_cmd[5bf2454dee432df6]::assert::Assert>
[INFO] [stdout]   12:     0x61a3fb3bca66 - <assert_cmd[5bf2454dee432df6]::assert::Assert>::success
[INFO] [stdout]   13:     0x61a3fb371cb7 - <integration_tests[57b5158d04fcfed0]::test_full_featured_project::{closure#0} as core[df12db4294e9bfd3]::ops::function::FnOnce<()>>::call_once
[INFO] [stdout]   14:     0x61a3fb379c8b - test[9d35eded1c95d3be]::__rust_begin_short_backtrace::<core[df12db4294e9bfd3]::result::Result<(), alloc[2182bb758b4b3781]::string::String>, fn() -> core[df12db4294e9bfd3]::result::Result<(), alloc[2182bb758b4b3781]::string::String>>
[INFO] [stdout]   15:     0x61a3fb3872f5 - test[9d35eded1c95d3be]::run_test::{closure#0}
[INFO] [stdout]   16:     0x61a3fb380bb4 - std[70759c8f55707aa4]::sys::backtrace::__rust_begin_short_backtrace::<test[9d35eded1c95d3be]::run_test::{closure#1}, ()>
[INFO] [stdout]   17:     0x61a3fb38a452 - <std[70759c8f55707aa4]::thread::lifecycle::spawn_unchecked<test[9d35eded1c95d3be]::run_test::{closure#1}, ()>::{closure#1} as core[df12db4294e9bfd3]::ops::function::FnOnce<()>>::call_once::{shim:vtable#0}
[INFO] [stdout]   18:     0x61a3fb4037d9 - <std[70759c8f55707aa4]::sys::thread::unix::Thread>::new::thread_start
[INFO] [stdout]   19:     0x715ca5932dfa - <unknown>
[INFO] [stdout]   20:     0x715ca59c63d4 - clone
[INFO] [stdout]   21:                0x0 - <unknown>
[INFO] [stdout] 
[INFO] [stdout] ---- test_vcpkg_package_manager stdout ----
[INFO] [stdout] 
[INFO] [stdout] thread 'test_vcpkg_package_manager' (2624) panicked at /rustc/dfb0accb7f508ae8be965d8629557221c889dd98/library/core/src/ops/function.rs:250:5:
[INFO] [stdout] Unexpected failure.
[INFO] [stdout] code=1
[INFO] [stdout] stderr=``````
[INFO] [stdout] Error: vcpkg is not installed
[INFO] [stdout] 
[INFO] [stdout] Stack backtrace:
[INFO] [stdout]    0: <anyhow::Error>::msg::<alloc::string::String>
[INFO] [stdout]    1: <cppup::project::validator::ProjectValidator>::check_prerequisites
[INFO] [stdout]    2: cppup::main
[INFO] [stdout]    3: std::sys::backtrace::__rust_begin_short_backtrace::<fn() -> core::result::Result<(), anyhow::Error>, core::result::Result<(), anyhow::Error>>
[INFO] [stdout]    4: std::rt::lang_start::<core::result::Result<(), anyhow::Error>>::{closure#0}
[INFO] [stdout]    5: std::rt::lang_start_internal
[INFO] [stdout]    6: main
[INFO] [stdout]    7: <unknown>
[INFO] [stdout]    8: __libc_start_main
[INFO] [stdout]    9: _start
[INFO] [stdout] ```
[INFO] [stdout] ```
[INFO] [stdout] command=`"/opt/rustwide/target/release/cppup" "--name" "vcpkg-project" "--project-type" "executable" "--package-manager" "vcpkg" "--test-framework" "none" "--non-interactive" "--path" "/tmp/.tmpVPN4qK"`
[INFO] [stdout] code=1
[INFO] [stdout] stdout="Welcome to CPP Project Generator!\n"
[INFO] [stdout] stderr=```
[INFO] [stdout] Error: vcpkg is not installed
[INFO] [stdout] 
[INFO] [stdout] Stack backtrace:
[INFO] [stdout]    0: <anyhow::Error>::msg::<alloc::string::String>
[INFO] [stdout]    1: <cppup::project::validator::ProjectValidator>::check_prerequisites
[INFO] [stdout]    2: cppup::main
[INFO] [stdout]    3: std::sys::backtrace::__rust_begin_short_backtrace::<fn() -> core::result::Result<(), anyhow::Error>, core::result::Result<(), anyhow::Error>>
[INFO] [stdout]    4: std::rt::lang_start::<core::result::Result<(), anyhow::Error>>::{closure#0}
[INFO] [stdout]    5: std::rt::lang_start_internal
[INFO] [stdout]    6: main
[INFO] [stdout]    7: <unknown>
[INFO] [stdout]    8: __libc_start_main
[INFO] [stdout]    9: _start
[INFO] [stdout] ```
[INFO] [stdout] 
[INFO] [stdout] 
[INFO] [stdout] stack backtrace:
[INFO] [stdout]    0:     0x61a3fb4042f1 - <<std[70759c8f55707aa4]::sys::backtrace::BacktraceLock>::print::DisplayBacktrace as core[df12db4294e9bfd3]::fmt::Display>::fmt
[INFO] [stdout]    1:     0x61a3fb41b08a - core[df12db4294e9bfd3]::fmt::write
[INFO] [stdout]    2:     0x61a3fb409dfc - <alloc[2182bb758b4b3781]::vec::Vec<u8> as core[df12db4294e9bfd3]::io::write::Write>::write_fmt
[INFO] [stdout]    3:     0x61a3fb3de956 - std[70759c8f55707aa4]::panicking::default_hook::{closure#0}
[INFO] [stdout]    4:     0x61a3fb3fbe99 - std[70759c8f55707aa4]::panicking::default_hook
[INFO] [stdout]    5:     0x61a3fb3869a0 - test[9d35eded1c95d3be]::test_main_inner::<test[9d35eded1c95d3be]::test_main_static::{closure#0}>::{closure#0}
[INFO] [stdout]    6:     0x61a3fb3fc052 - std[70759c8f55707aa4]::panicking::panic_with_hook
[INFO] [stdout]    7:     0x61a3fb3dea02 - std[70759c8f55707aa4]::panicking::panic_handler::{closure#0}
[INFO] [stdout]    8:     0x61a3fb3d74d9 - std[70759c8f55707aa4]::sys::backtrace::__rust_end_short_backtrace::<std[70759c8f55707aa4]::panicking::panic_handler::{closure#0}, !>
[INFO] [stdout]    9:     0x61a3fb3df5fd - __rustc[8fa7c3cbc660c2b3]::rust_begin_unwind
[INFO] [stdout]   10:     0x61a3fb41b83c - core[df12db4294e9bfd3]::panicking::panic_fmt
[INFO] [stdout]   11:     0x61a3fb3bc323 - <assert_cmd[5bf2454dee432df6]::assert::AssertError>::panic::<assert_cmd[5bf2454dee432df6]::assert::Assert>
[INFO] [stdout]   12:     0x61a3fb3bca66 - <assert_cmd[5bf2454dee432df6]::assert::Assert>::success
[INFO] [stdout]   13:     0x61a3fb372baa - <integration_tests[57b5158d04fcfed0]::test_vcpkg_package_manager::{closure#0} as core[df12db4294e9bfd3]::ops::function::FnOnce<()>>::call_once
[INFO] [stdout]   14:     0x61a3fb379c8b - test[9d35eded1c95d3be]::__rust_begin_short_backtrace::<core[df12db4294e9bfd3]::result::Result<(), alloc[2182bb758b4b3781]::string::String>, fn() -> core[df12db4294e9bfd3]::result::Result<(), alloc[2182bb758b4b3781]::string::String>>
[INFO] [stdout]   15:     0x61a3fb3872f5 - test[9d35eded1c95d3be]::run_test::{closure#0}
[INFO] [stdout]   16:     0x61a3fb380bb4 - std[70759c8f55707aa4]::sys::backtrace::__rust_begin_short_backtrace::<test[9d35eded1c95d3be]::run_test::{closure#1}, ()>
[INFO] [stdout]   17:     0x61a3fb38a452 - <std[70759c8f55707aa4]::thread::lifecycle::spawn_unchecked<test[9d35eded1c95d3be]::run_test::{closure#1}, ()>::{closure#1} as core[df12db4294e9bfd3]::ops::function::FnOnce<()>>::call_once::{shim:vtable#0}
[INFO] [stdout]   18:     0x61a3fb4037d9 - <std[70759c8f55707aa4]::sys::thread::unix::Thread>::new::thread_start
[INFO] [stdout]   19:     0x715ca5932dfa - <unknown>
[INFO] [stdout]   20:     0x715ca59c63d4 - clone
[INFO] [stdout]   21:                0x0 - <unknown>
[INFO] [stdout] 
[INFO] [stdout] ---- test_quality_tools_clang_tidy stdout ----
[INFO] [stdout] 
[INFO] [stdout] thread 'test_quality_tools_clang_tidy' (2617) panicked at /rustc/dfb0accb7f508ae8be965d8629557221c889dd98/library/core/src/ops/function.rs:250:5:
[INFO] [stdout] Unexpected failure.
[INFO] [stdout] code=1
[INFO] [stdout] stderr=``````
[INFO] [stdout] Error: clang-tidy is not installed
[INFO] [stdout] 
[INFO] [stdout] Stack backtrace:
[INFO] [stdout]    0: <anyhow::Error>::msg::<alloc::string::String>
[INFO] [stdout]    1: <cppup::project::validator::ProjectValidator>::check_prerequisites
[INFO] [stdout]    2: cppup::main
[INFO] [stdout]    3: std::sys::backtrace::__rust_begin_short_backtrace::<fn() -> core::result::Result<(), anyhow::Error>, core::result::Result<(), anyhow::Error>>
[INFO] [stdout]    4: std::rt::lang_start::<core::result::Result<(), anyhow::Error>>::{closure#0}
[INFO] [stdout]    5: std::rt::lang_start_internal
[INFO] [stdout]    6: main
[INFO] [stdout]    7: <unknown>
[INFO] [stdout]    8: __libc_start_main
[INFO] [stdout]    9: _start
[INFO] [stdout] ```
[INFO] [stdout] ```
[INFO] [stdout] command=`"/opt/rustwide/target/release/cppup" "--name" "quality-project" "--project-type" "executable" "--quality-tools" "clang-tidy" "--test-framework" "none" "--non-interactive" "--path" "/tmp/.tmprshpOe"`
[INFO] [stdout] code=1
[INFO] [stdout] stdout="Welcome to CPP Project Generator!\n"
[INFO] [stdout] stderr=```
[INFO] [stdout] Error: clang-tidy is not installed
[INFO] [stdout] 
[INFO] [stdout] Stack backtrace:
[INFO] [stdout]    0: <anyhow::Error>::msg::<alloc::string::String>
[INFO] [stdout]    1: <cppup::project::validator::ProjectValidator>::check_prerequisites
[INFO] [stdout]    2: cppup::main
[INFO] [stdout]    3: std::sys::backtrace::__rust_begin_short_backtrace::<fn() -> core::result::Result<(), anyhow::Error>, core::result::Result<(), anyhow::Error>>
[INFO] [stdout]    4: std::rt::lang_start::<core::result::Result<(), anyhow::Error>>::{closure#0}
[INFO] [stdout]    5: std::rt::lang_start_internal
[INFO] [stdout]    6: main
[INFO] [stdout]    7: <unknown>
[INFO] [stdout]    8: __libc_start_main
[INFO] [stdout]    9: _start
[INFO] [stdout] ```
[INFO] [stdout] 
[INFO] [stdout] 
[INFO] [stdout] stack backtrace:
[INFO] [stdout]    0:     0x61a3fb4042f1 - <<std[70759c8f55707aa4]::sys::backtrace::BacktraceLock>::print::DisplayBacktrace as core[df12db4294e9bfd3]::fmt::Display>::fmt
[INFO] [stdout]    1:     0x61a3fb41b08a - core[df12db4294e9bfd3]::fmt::write
[INFO] [stdout]    2:     0x61a3fb409dfc - <alloc[2182bb758b4b3781]::vec::Vec<u8> as core[df12db4294e9bfd3]::io::write::Write>::write_fmt
[INFO] [stdout]    3:     0x61a3fb3de956 - std[70759c8f55707aa4]::panicking::default_hook::{closure#0}
[INFO] [stdout]    4:     0x61a3fb3fbe99 - std[70759c8f55707aa4]::panicking::default_hook
[INFO] [stdout]    5:     0x61a3fb3869a0 - test[9d35eded1c95d3be]::test_main_inner::<test[9d35eded1c95d3be]::test_main_static::{closure#0}>::{closure#0}
[INFO] [stdout]    6:     0x61a3fb3fc052 - std[70759c8f55707aa4]::panicking::panic_with_hook
[INFO] [stdout]    7:     0x61a3fb3dea02 - std[70759c8f55707aa4]::panicking::panic_handler::{closure#0}
[INFO] [stdout]    8:     0x61a3fb3d74d9 - std[70759c8f55707aa4]::sys::backtrace::__rust_end_short_backtrace::<std[70759c8f55707aa4]::panicking::panic_handler::{closure#0}, !>
[INFO] [stdout]    9:     0x61a3fb3df5fd - __rustc[8fa7c3cbc660c2b3]::rust_begin_unwind
[INFO] [stdout]   10:     0x61a3fb41b83c - core[df12db4294e9bfd3]::panicking::panic_fmt
[INFO] [stdout]   11:     0x61a3fb3bc323 - <assert_cmd[5bf2454dee432df6]::assert::AssertError>::panic::<assert_cmd[5bf2454dee432df6]::assert::Assert>
[INFO] [stdout]   12:     0x61a3fb3bca66 - <assert_cmd[5bf2454dee432df6]::assert::Assert>::success
[INFO] [stdout]   13:     0x61a3fb37401a - <integration_tests[57b5158d04fcfed0]::test_quality_tools_clang_tidy::{closure#0} as core[df12db4294e9bfd3]::ops::function::FnOnce<()>>::call_once
[INFO] [stdout]   14:     0x61a3fb379c8b - test[9d35eded1c95d3be]::__rust_begin_short_backtrace::<core[df12db4294e9bfd3]::result::Result<(), alloc[2182bb758b4b3781]::string::String>, fn() -> core[df12db4294e9bfd3]::result::Result<(), alloc[2182bb758b4b3781]::string::String>>
[INFO] [stdout]   15:     0x61a3fb3872f5 - test[9d35eded1c95d3be]::run_test::{closure#0}
[INFO] [stdout]   16:     0x61a3fb380bb4 - std[70759c8f55707aa4]::sys::backtrace::__rust_begin_short_backtrace::<test[9d35eded1c95d3be]::run_test::{closure#1}, ()>
[INFO] [stdout]   17:     0x61a3fb38a452 - <std[70759c8f55707aa4]::thread::lifecycle::spawn_unchecked<test[9d35eded1c95d3be]::run_test::{closure#1}, ()>::{closure#1} as core[df12db4294e9bfd3]::ops::function::FnOnce<()>>::call_once::{shim:vtable#0}
[INFO] [stdout]   18:     0x61a3fb4037d9 - <std[70759c8f55707aa4]::sys::thread::unix::Thread>::new::thread_start
[INFO] [stdout]   19:     0x715ca5932dfa - <unknown>
[INFO] [stdout]   20:     0x715ca59c63d4 - clone
[INFO] [stdout]   21:                0x0 - <unknown>
[INFO] [stdout] 
[INFO] [stdout] ---- test_quality_tools_cppcheck stdout ----
[INFO] [stdout] 
[INFO] [stdout] thread 'test_quality_tools_cppcheck' (2622) panicked at /rustc/dfb0accb7f508ae8be965d8629557221c889dd98/library/core/src/ops/function.rs:250:5:
[INFO] [stdout] Unexpected failure.
[INFO] [stdout] code=1
[INFO] [stdout] stderr=``````
[INFO] [stdout] Error: cppcheck is not installed
[INFO] [stdout] 
[INFO] [stdout] Stack backtrace:
[INFO] [stdout]    0: <anyhow::Error>::msg::<alloc::string::String>
[INFO] [stdout]    1: <cppup::project::validator::ProjectValidator>::check_prerequisites
[INFO] [stdout]    2: cppup::main
[INFO] [stdout]    3: std::sys::backtrace::__rust_begin_short_backtrace::<fn() -> core::result::Result<(), anyhow::Error>, core::result::Result<(), anyhow::Error>>
[INFO] [stdout]    4: std::rt::lang_start::<core::result::Result<(), anyhow::Error>>::{closure#0}
[INFO] [stdout]    5: std::rt::lang_start_internal
[INFO] [stdout]    6: main
[INFO] [stdout]    7: <unknown>
[INFO] [stdout]    8: __libc_start_main
[INFO] [stdout]    9: _start
[INFO] [stdout] ```
[INFO] [stdout] ```
[INFO] [stdout] command=`"/opt/rustwide/target/release/cppup" "--name" "cppcheck-project" "--project-type" "executable" "--quality-tools" "cppcheck" "--test-framework" "none" "--non-interactive" "--path" "/tmp/.tmpXdmNQz"`
[INFO] [stdout] code=1
[INFO] [stdout] stdout="Welcome to CPP Project Generator!\n"
[INFO] [stdout] stderr=```
[INFO] [stdout] Error: cppcheck is not installed
[INFO] [stdout] 
[INFO] [stdout] Stack backtrace:
[INFO] [stdout]    0: <anyhow::Error>::msg::<alloc::string::String>
[INFO] [stdout]    1: <cppup::project::validator::ProjectValidator>::check_prerequisites
[INFO] [stdout]    2: cppup::main
[INFO] [stdout]    3: std::sys::backtrace::__rust_begin_short_backtrace::<fn() -> core::result::Result<(), anyhow::Error>, core::result::Result<(), anyhow::Error>>
[INFO] [stdout]    4: std::rt::lang_start::<core::result::Result<(), anyhow::Error>>::{closure#0}
[INFO] [stdout]    5: std::rt::lang_start_internal
[INFO] [stdout]    6: main
[INFO] [stdout]    7: <unknown>
[INFO] [stdout]    8: __libc_start_main
[INFO] [stdout]    9: _start
[INFO] [stdout] ```
[INFO] [stdout] 
[INFO] [stdout] 
[INFO] [stdout] stack backtrace:
[INFO] [stdout]    0:     0x61a3fb4042f1 - <<std[70759c8f55707aa4]::sys::backtrace::BacktraceLock>::print::DisplayBacktrace as core[df12db4294e9bfd3]::fmt::Display>::fmt
[INFO] [stdout]    1:     0x61a3fb41b08a - core[df12db4294e9bfd3]::fmt::write
[INFO] [stdout]    2:     0x61a3fb409dfc - <alloc[2182bb758b4b3781]::vec::Vec<u8> as core[df12db4294e9bfd3]::io::write::Write>::write_fmt
[INFO] [stdout]    3:     0x61a3fb3de956 - std[70759c8f55707aa4]::panicking::default_hook::{closure#0}
[INFO] [stdout]    4:     0x61a3fb3fbe99 - std[70759c8f55707aa4]::panicking::default_hook
[INFO] [stdout]    5:     0x61a3fb3869a0 - test[9d35eded1c95d3be]::test_main_inner::<test[9d35eded1c95d3be]::test_main_static::{closure#0}>::{closure#0}
[INFO] [stdout]    6:     0x61a3fb3fc052 - std[70759c8f55707aa4]::panicking::panic_with_hook
[INFO] [stdout]    7:     0x61a3fb3dea02 - std[70759c8f55707aa4]::panicking::panic_handler::{closure#0}
[INFO] [stdout]    8:     0x61a3fb3d74d9 - std[70759c8f55707aa4]::sys::backtrace::__rust_end_short_backtrace::<std[70759c8f55707aa4]::panicking::panic_handler::{closure#0}, !>
[INFO] [stdout]    9:     0x61a3fb3df5fd - __rustc[8fa7c3cbc660c2b3]::rust_begin_unwind
[INFO] [stdout]   10:     0x61a3fb41b83c - core[df12db4294e9bfd3]::panicking::panic_fmt
[INFO] [stdout]   11:     0x61a3fb3bc323 - <assert_cmd[5bf2454dee432df6]::assert::AssertError>::panic::<assert_cmd[5bf2454dee432df6]::assert::Assert>
[INFO] [stdout]   12:     0x61a3fb3bca66 - <assert_cmd[5bf2454dee432df6]::assert::Assert>::success
[INFO] [stdout]   13:     0x61a3fb37301a - <integration_tests[57b5158d04fcfed0]::test_quality_tools_cppcheck::{closure#0} as core[df12db4294e9bfd3]::ops::function::FnOnce<()>>::call_once
[INFO] [stdout]   14:     0x61a3fb379c8b - test[9d35eded1c95d3be]::__rust_begin_short_backtrace::<core[df12db4294e9bfd3]::result::Result<(), alloc[2182bb758b4b3781]::string::String>, fn() -> core[df12db4294e9bfd3]::result::Result<(), alloc[2182bb758b4b3781]::string::String>>
[INFO] [stdout]   15:     0x61a3fb3872f5 - test[9d35eded1c95d3be]::run_test::{closure#0}
[INFO] [stdout]   16:     0x61a3fb380bb4 - std[70759c8f55707aa4]::sys::backtrace::__rust_begin_short_backtrace::<test[9d35eded1c95d3be]::run_test::{closure#1}, ()>
[INFO] [stdout]   17:     0x61a3fb38a452 - <std[70759c8f55707aa4]::thread::lifecycle::spawn_unchecked<test[9d35eded1c95d3be]::run_test::{closure#1}, ()>::{closure#1} as core[df12db4294e9bfd3]::ops::function::FnOnce<()>>::call_once::{shim:vtable#0}
[INFO] [stdout]   18:     0x61a3fb4037d9 - <std[70759c8f55707aa4]::sys::thread::unix::Thread>::new::thread_start
[INFO] [stdout]   19:     0x715ca5932dfa - <unknown>
[INFO] [stdout]   20:     0x715ca59c63d4 - clone
[INFO] [stdout]   21:                0x0 - <unknown>
[INFO] [stdout] 
[INFO] [stdout] 
[INFO] [stdout] failures:
[INFO] [stdout]     test_code_formatter_clang_format
[INFO] [stdout]     test_code_formatter_cmake_format
[INFO] [stdout]     test_conan_package_manager
[INFO] [stdout]     test_full_featured_project
[INFO] [stdout]     test_quality_tools_clang_tidy
[INFO] [stdout]     test_quality_tools_cppcheck
[INFO] [stdout]     test_vcpkg_package_manager
[INFO] [stdout] 
[INFO] [stdout] test result: FAILED. 25 passed; 7 failed; 0 ignored; 0 measured; 0 filtered out; finished in 0.22s
[INFO] [stdout] 
[INFO] [stderr] error: test failed, to rerun pass `--test integration_tests`
[INFO] running `Command { std: "docker" "inspect" "3f940316f487563135e443239b50011d2e44fb24933e39efdda86b8f311146c2", kill_on_drop: false }`
[INFO] running `Command { std: "docker" "rm" "-f" "3f940316f487563135e443239b50011d2e44fb24933e39efdda86b8f311146c2", kill_on_drop: false }`
[INFO] [stdout] 3f940316f487563135e443239b50011d2e44fb24933e39efdda86b8f311146c2
