[INFO] fetching crate cpp-include-insight 0.5.1...
[INFO] testing cpp-include-insight-0.5.1 against 1.100.0-beta.1+cargoflags=--release for beta-release-1.100-2
[INFO] extracting crate cpp-include-insight 0.5.1 into /workspace/builds/worker-6-tc2/source
[INFO] started tweaking crates.io crate cpp-include-insight 0.5.1
[INFO] removed 0 missing tests
[INFO] finished tweaking crates.io crate cpp-include-insight 0.5.1
[INFO] tweaked toml for crates.io crate cpp-include-insight 0.5.1 written to /workspace/builds/worker-6-tc2/source/Cargo.toml
[INFO] validating manifest of crates.io crate cpp-include-insight 0.5.1 on toolchain 1.100.0-beta.1
[INFO] running `Command { std: CARGO_HOME="/workspace/cargo-home" RUSTUP_HOME="/workspace/rustup-home" "/workspace/cargo-home/bin/cargo" "+1.100.0-beta.1" "metadata" "--manifest-path" "Cargo.toml" "--no-deps", kill_on_drop: false }`
[INFO] crate crates.io crate cpp-include-insight 0.5.1 already has a lockfile, it will not be regenerated
[INFO] running `Command { std: CARGO_HOME="/workspace/cargo-home" RUSTUP_HOME="/workspace/rustup-home" "/workspace/cargo-home/bin/cargo" "+1.100.0-beta.1" "fetch" "--manifest-path" "Cargo.toml", kill_on_drop: false }`
[INFO] running `Command { std: "docker" "create" "-v" "/var/lib/crater-agent-workspace/builds/worker-6-tc2/source:/opt/rustwide/workdir:ro,Z" "-v" "/var/lib/crater-agent-workspace/builds/worker-6-tc2/target:/opt/rustwide/target:rw,Z" "-v" "/var/lib/crater-agent-workspace/cargo-home:/opt/rustwide/cargo-home:ro,Z" "-v" "/var/lib/crater-agent-workspace/rustup-home:/opt/rustwide/rustup-home:ro,Z" "-m" "1610612736" "--network" "none" "ghcr.io/rust-lang/crates-build-env/linux@sha256:77db811e55d90add9212f6832c23229e3de5f1c1f9905e8cb07319ea15df73ac" "sleep" "infinity", kill_on_drop: false }`
[INFO] [stdout] 9d45744639fd5ef029d0d3523a9efd40aaf6a29a103995bd131fcf397d2938be
[INFO] running `Command { std: "docker" "start" "9d45744639fd5ef029d0d3523a9efd40aaf6a29a103995bd131fcf397d2938be", kill_on_drop: false }`
[INFO] running `Command { std: "docker" "inspect" "9d45744639fd5ef029d0d3523a9efd40aaf6a29a103995bd131fcf397d2938be", kill_on_drop: false }`
[INFO] running `Command { std: "docker" "exec" "-e" "SOURCE_DIR=/opt/rustwide/workdir" "-e" "CARGO_HOME=/opt/rustwide/cargo-home" "-e" "RUSTUP_HOME=/opt/rustwide/rustup-home" "-e" "CARGO_TARGET_DIR=/opt/rustwide/target" "-w" "/opt/rustwide/workdir" "--user" "0:0" "9d45744639fd5ef029d0d3523a9efd40aaf6a29a103995bd131fcf397d2938be" "/opt/rustwide/cargo-home/bin/cargo" "+1.100.0-beta.1" "metadata" "--no-deps" "--format-version=1", kill_on_drop: false }`
[INFO] running `Command { std: "docker" "inspect" "9d45744639fd5ef029d0d3523a9efd40aaf6a29a103995bd131fcf397d2938be", kill_on_drop: false }`
[INFO] running `Command { std: "docker" "exec" "-e" "SOURCE_DIR=/opt/rustwide/workdir" "-e" "CARGO_HOME=/opt/rustwide/cargo-home" "-e" "RUSTUP_HOME=/opt/rustwide/rustup-home" "-e" "CARGO_TARGET_DIR=/opt/rustwide/target" "-e" "CARGO_INCREMENTAL=0" "-e" "RUST_BACKTRACE=full" "-e" "RUSTFLAGS=--cap-lints=warn" "-e" "RUSTDOCFLAGS=--cap-lints=warn" "-w" "/opt/rustwide/workdir" "--user" "0:0" "9d45744639fd5ef029d0d3523a9efd40aaf6a29a103995bd131fcf397d2938be" "/opt/rustwide/cargo-home/bin/cargo" "+1.100.0-beta.1" "build" "--frozen" "--message-format=json" "--release", kill_on_drop: false }`
[INFO] [stderr]    Compiling aho-corasick v1.1.4
[INFO] [stderr]    Compiling regex-syntax v0.8.10
[INFO] [stderr]    Compiling bitflags v2.11.1
[INFO] [stderr]    Compiling once_cell v1.21.4
[INFO] [stderr]    Compiling syn v2.0.117
[INFO] [stderr]    Compiling serde_json v1.0.149
[INFO] [stderr]    Compiling getrandom v0.4.2
[INFO] [stderr]    Compiling rustix v1.1.4
[INFO] [stderr]    Compiling tempfile v3.27.0
[INFO] [stderr]    Compiling regex-automata v0.4.14
[INFO] [stderr]    Compiling thiserror-impl v2.0.18
[INFO] [stderr]    Compiling serde_derive v1.0.228
[INFO] [stderr]    Compiling clap_derive v4.6.1
[INFO] [stderr]    Compiling thiserror v2.0.18
[INFO] [stderr]    Compiling clap v4.6.1
[INFO] [stderr]    Compiling regex v1.12.3
[INFO] [stderr]    Compiling serde v1.0.228
[INFO] [stderr]    Compiling cpp-include-insight-core v0.5.1
[INFO] [stderr]    Compiling cpp-include-insight v0.5.1 (/opt/rustwide/workdir)
[INFO] [stderr]     Finished `release` profile [optimized] target(s) in 40.15s
[INFO] running `Command { std: "docker" "inspect" "9d45744639fd5ef029d0d3523a9efd40aaf6a29a103995bd131fcf397d2938be", kill_on_drop: false }`
[INFO] running `Command { std: "docker" "exec" "-e" "SOURCE_DIR=/opt/rustwide/workdir" "-e" "CARGO_HOME=/opt/rustwide/cargo-home" "-e" "RUSTUP_HOME=/opt/rustwide/rustup-home" "-e" "CARGO_TARGET_DIR=/opt/rustwide/target" "-e" "CARGO_INCREMENTAL=0" "-e" "RUST_BACKTRACE=full" "-e" "RUSTFLAGS=--cap-lints=warn" "-e" "RUSTDOCFLAGS=--cap-lints=warn" "-w" "/opt/rustwide/workdir" "--user" "0:0" "9d45744639fd5ef029d0d3523a9efd40aaf6a29a103995bd131fcf397d2938be" "/opt/rustwide/cargo-home/bin/cargo" "+1.100.0-beta.1" "test" "--frozen" "--no-run" "--message-format=json" "--release", kill_on_drop: false }`
[INFO] [stderr]    Compiling cpp-include-insight v0.5.1 (/opt/rustwide/workdir)
[INFO] [stderr]     Finished `release` profile [optimized] target(s) in 2.36s
[INFO] running `Command { std: "docker" "inspect" "9d45744639fd5ef029d0d3523a9efd40aaf6a29a103995bd131fcf397d2938be", kill_on_drop: false }`
[INFO] running `Command { std: "docker" "exec" "-e" "SOURCE_DIR=/opt/rustwide/workdir" "-e" "CARGO_HOME=/opt/rustwide/cargo-home" "-e" "RUSTUP_HOME=/opt/rustwide/rustup-home" "-e" "CARGO_TARGET_DIR=/opt/rustwide/target" "-e" "CARGO_INCREMENTAL=0" "-e" "RUST_BACKTRACE=full" "-e" "RUSTFLAGS=--cap-lints=warn" "-e" "RUSTDOCFLAGS=--cap-lints=warn" "-w" "/opt/rustwide/workdir" "--user" "0:0" "9d45744639fd5ef029d0d3523a9efd40aaf6a29a103995bd131fcf397d2938be" "/opt/rustwide/cargo-home/bin/cargo" "+1.100.0-beta.1" "test" "--frozen" "--release", kill_on_drop: false }`
[INFO] [stderr]     Finished `release` profile [optimized] target(s) in 0.08s
[INFO] [stderr]      Running unittests src/main.rs (/opt/rustwide/target/release/build/cpp-include-insight/b125c208df4c806c/out/cpp_include_insight-b125c208df4c806c)
[INFO] [stderr]      Running tests/graph_json.rs (/opt/rustwide/target/release/build/cpp-include-insight/c58aba419d9a5d05/out/graph_json-c58aba419d9a5d05)
[INFO] [stdout] 
[INFO] [stdout] running 0 tests
[INFO] [stdout] 
[INFO] [stdout] test result: ok. 0 passed; 0 failed; 0 ignored; 0 measured; 0 filtered out; finished in 0.00s
[INFO] [stdout] 
[INFO] [stdout] 
[INFO] [stdout] running 46 tests
[INFO] [stdout] test github_action_metadata_supports_pull_request_report_inputs ... FAILED
[INFO] [stdout] test cycles_reports_single_cycle_with_line_metadata ... FAILED
[INFO] [stdout] test graph_compile_commands_preserves_duplicate_file_contexts ... ok
[INFO] [stdout] test diff_reports_snapshot_dependency_changes_in_stable_order ... FAILED
[INFO] [stdout] test graph_json_outputs_files_edges_missing_and_external_for_simple_fixture ... FAILED
[INFO] [stdout] test diff_impact_reports_translation_unit_count_deltas ... FAILED
[INFO] [stdout] test cycles_reports_multiple_cycles_and_ignores_unresolved_targets ... FAILED
[INFO] [stdout] test cycles_reports_no_cycles ... FAILED
[INFO] [stdout] test graph_mermaid_outputs_basic_include_graph_from_root_file ... FAILED
[INFO] [stdout] test graph_mermaid_respects_depth_from_root_file ... FAILED
[INFO] [stdout] test graph_mermaid_can_omit_external_includes ... FAILED
[INFO] [stdout] test graph_json_reports_external_includes ... FAILED
[INFO] [stdout] test graph_json_reports_missing_includes ... FAILED
[INFO] [stdout] test include_insight_workflow_uses_full_checkout_and_comment_permissions ... FAILED
[INFO] [stdout] test impact_reports_direct_transitive_and_translation_unit_dependants ... FAILED
[INFO] [stdout] test diff_reports_new_cycles_without_repeating_unchanged_or_removed_cycles ... FAILED
[INFO] [stdout] test diff_fail_on_new_cycle_exits_with_failure ... FAILED
[INFO] [stdout] test rtree_marks_cycles_without_recursing_forever ... FAILED
[INFO] [stdout] test rtree_outputs_transitive_dependants ... FAILED
[INFO] [stdout] test rtree_outputs_direct_dependants ... FAILED
[INFO] [stdout] test rtree_marks_repeated_nodes ... FAILED
[INFO] [stdout] test scan_compile_commands_reads_arguments_and_command_forms ... ok
[INFO] [stdout] test graph_compile_commands_resolves_per_translation_unit_include_dirs ... ok
[INFO] [stdout] test tree_marks_cycles_without_recursing_forever ... FAILED
[INFO] [stdout] test graph_mermaid_includes_external_includes_by_default ... FAILED
[INFO] [stdout] test ci_fails_on_new_cycle ... FAILED
[INFO] [stdout] test tree_outputs_forward_include_tree ... FAILED
[INFO] [stdout] test snapshot_output_is_deterministic_and_includes_cycles ... FAILED
[INFO] [stdout] test tree_marks_repeated_nodes ... FAILED
[INFO] [stdout] test why_reports_multiple_dependency_paths ... FAILED
[INFO] [stdout] test why_reports_no_dependency_path ... FAILED
[INFO] [stdout] test scan_compile_commands_records_conditional_textual_includes_without_macro_expansion ... ok
[INFO] [stdout] test ci_fails_on_banned_include_rule ... FAILED
[INFO] [stdout] test snapshot_writes_project_relative_versioned_json ... FAILED
[INFO] [stdout] test why_respects_max_paths_bound ... FAILED
[INFO] [stdout] test why_reports_one_dependency_path ... FAILED
[INFO] [stdout] test scan_text_reports_resolution_counts ... FAILED
[INFO] [stdout] test why_shortest_reports_only_the_shortest_path ... FAILED
[INFO] [stdout] test ci_fails_on_newly_missing_include ... FAILED
[INFO] [stdout] test report_outputs_markdown_for_git_revision_diff ... FAILED
[INFO] [stdout] test report_outputs_no_changes_for_empty_git_revision_diff ... FAILED
[INFO] [stdout] test report_outputs_new_cycles_from_git_revision_diff ... FAILED
[INFO] [stdout] test ci_passes_when_configured_rules_are_within_thresholds ... FAILED
[INFO] [stdout] test ci_fails_on_max_new_edges ... FAILED
[INFO] [stdout] test ci_fails_on_max_impact_delta ... FAILED
[INFO] [stdout] test diff_reports_git_revision_dependency_changes ... ok
[INFO] [stdout] 
[INFO] [stdout] failures:
[INFO] [stdout] 
[INFO] [stdout] ---- github_action_metadata_supports_pull_request_report_inputs stdout ----
[INFO] [stdout] 
[INFO] [stdout] thread 'github_action_metadata_supports_pull_request_report_inputs' (683) panicked at tests/graph_json.rs:1382:50:
[INFO] [stdout] called `Result::unwrap()` on an `Err` value: Os { code: 2, kind: NotFound, message: "No such file or directory" }
[INFO] [stdout] stack backtrace:
[INFO] [stdout]    0:     0x5620ef8cd4a1 - <<std[617be2ca0a6fd877]::sys::backtrace::BacktraceLock>::print::DisplayBacktrace as core[a373ad73a504971]::fmt::Display>::fmt
[INFO] [stdout]    1:     0x5620ef8e242a - core[a373ad73a504971]::fmt::write
[INFO] [stdout]    2:     0x5620ef8d1b9c - <alloc[2e1b2a31b91974c5]::vec::Vec<u8> as core[a373ad73a504971]::io::write::Write>::write_fmt
[INFO] [stdout]    3:     0x5620ef8a6d06 - std[617be2ca0a6fd877]::panicking::default_hook::{closure#0}
[INFO] [stdout]    4:     0x5620ef8c3f19 - std[617be2ca0a6fd877]::panicking::default_hook
[INFO] [stdout]    5:     0x5620ef85a4b0 - test[aada8e7e76ba119b]::test_main_inner::{closure#0}
[INFO] [stdout]    6:     0x5620ef8c40d2 - std[617be2ca0a6fd877]::panicking::panic_with_hook
[INFO] [stdout]    7:     0x5620ef8a6db2 - std[617be2ca0a6fd877]::panicking::panic_handler::{closure#0}
[INFO] [stdout]    8:     0x5620ef89f779 - std[617be2ca0a6fd877]::sys::backtrace::__rust_end_short_backtrace::<std[617be2ca0a6fd877]::panicking::panic_handler::{closure#0}, !>
[INFO] [stdout]    9:     0x5620ef8a79bd - __rustc[ea4f61d10b84890b]::rust_begin_unwind
[INFO] [stdout]   10:     0x5620ef8e2b5c - core[a373ad73a504971]::panicking::panic_fmt
[INFO] [stdout]   11:     0x5620ef8e2932 - core[a373ad73a504971]::result::unwrap_failed
[INFO] [stdout]   12:     0x5620ef844471 - <graph_json[37bb10c2c7f48b34]::github_action_metadata_supports_pull_request_report_inputs::{closure#0} as core[a373ad73a504971]::ops::function::FnOnce<()>>::call_once
[INFO] [stdout]   13:     0x5620ef84d8fb - test[aada8e7e76ba119b]::__rust_begin_short_backtrace::<core[a373ad73a504971]::result::Result<(), alloc[2e1b2a31b91974c5]::string::String>, fn() -> core[a373ad73a504971]::result::Result<(), alloc[2e1b2a31b91974c5]::string::String>>
[INFO] [stdout]   14:     0x5620ef85aad5 - test[aada8e7e76ba119b]::run_test::{closure#0}
[INFO] [stdout]   15:     0x5620ef8543c4 - std[617be2ca0a6fd877]::sys::backtrace::__rust_begin_short_backtrace::<test[aada8e7e76ba119b]::run_test::{closure#1}, ()>
[INFO] [stdout]   16:     0x5620ef85db62 - <std[617be2ca0a6fd877]::thread::lifecycle::spawn_unchecked<test[aada8e7e76ba119b]::run_test::{closure#1}, ()>::{closure#1} as core[a373ad73a504971]::ops::function::FnOnce<()>>::call_once::{shim:vtable#0}
[INFO] [stdout]   17:     0x5620ef8cc6ff - <std[617be2ca0a6fd877]::sys::thread::unix::Thread>::new::thread_start
[INFO] [stdout]   18:     0x780cc9f0adfa - <unknown>
[INFO] [stdout]   19:     0x780cc9f9e3d4 - clone
[INFO] [stdout]   20:                0x0 - <unknown>
[INFO] [stdout] 
[INFO] [stdout] ---- cycles_reports_single_cycle_with_line_metadata stdout ----
[INFO] [stdout] 
[INFO] [stdout] thread 'cycles_reports_single_cycle_with_line_metadata' (677) panicked at tests/graph_json.rs:28:5:
[INFO] [stdout] command failed
[INFO] [stdout] status: exit status: 1
[INFO] [stdout] stdout:
[INFO] [stdout] 
[INFO] [stdout] stderr:
[INFO] [stdout] Error: IO error for operation on /opt/rustwide/workdir/../../tests/fixtures/tree-cycle: No such file or directory (os error 2)
[INFO] [stdout] 
[INFO] [stdout] Caused by:
[INFO] [stdout]     No such file or directory (os error 2)
[INFO] [stdout] 
[INFO] [stdout] Stack backtrace:
[INFO] [stdout]    0: <anyhow::Error as core::convert::From<walkdir::error::Error>>::from
[INFO] [stdout]    1: cpp_include_insight_core::scanner::scan_project::<&std::path::PathBuf>
[INFO] [stdout]    2: cpp_include_insight::main
[INFO] [stdout]    3: std::sys::backtrace::__rust_begin_short_backtrace::<fn() -> core::result::Result<(), anyhow::Error>, core::result::Result<(), anyhow::Error>>
[INFO] [stdout]    4: std::rt::lang_start::<core::result::Result<(), anyhow::Error>>::{closure#0}
[INFO] [stdout]    5: std::rt::lang_start_internal
[INFO] [stdout]    6: main
[INFO] [stdout]    7: <unknown>
[INFO] [stdout]    8: __libc_start_main
[INFO] [stdout]    9: _start
[INFO] [stdout] 
[INFO] [stdout] stack backtrace:
[INFO] [stdout]    0:     0x5620ef8cd4a1 - <<std[617be2ca0a6fd877]::sys::backtrace::BacktraceLock>::print::DisplayBacktrace as core[a373ad73a504971]::fmt::Display>::fmt
[INFO] [stdout]    1:     0x5620ef8e242a - core[a373ad73a504971]::fmt::write
[INFO] [stdout]    2:     0x5620ef8d1b9c - <alloc[2e1b2a31b91974c5]::vec::Vec<u8> as core[a373ad73a504971]::io::write::Write>::write_fmt
[INFO] [stdout]    3:     0x5620ef8a6d06 - std[617be2ca0a6fd877]::panicking::default_hook::{closure#0}
[INFO] [stdout]    4:     0x5620ef8c3f19 - std[617be2ca0a6fd877]::panicking::default_hook
[INFO] [stdout]    5:     0x5620ef85a4b0 - test[aada8e7e76ba119b]::test_main_inner::{closure#0}
[INFO] [stdout]    6:     0x5620ef8c40d2 - std[617be2ca0a6fd877]::panicking::panic_with_hook
[INFO] [stdout]    7:     0x5620ef8a6db2 - std[617be2ca0a6fd877]::panicking::panic_handler::{closure#0}
[INFO] [stdout]    8:     0x5620ef89f779 - std[617be2ca0a6fd877]::sys::backtrace::__rust_end_short_backtrace::<std[617be2ca0a6fd877]::panicking::panic_handler::{closure#0}, !>
[INFO] [stdout]    9:     0x5620ef8a79bd - __rustc[ea4f61d10b84890b]::rust_begin_unwind
[INFO] [stdout]   10:     0x5620ef8e2b5c - core[a373ad73a504971]::panicking::panic_fmt
[INFO] [stdout]   11:     0x5620ef839318 - graph_json[37bb10c2c7f48b34]::run_cli_in
[INFO] [stdout]   12:     0x5620ef83eeee - <graph_json[37bb10c2c7f48b34]::cycles_reports_single_cycle_with_line_metadata::{closure#0} as core[a373ad73a504971]::ops::function::FnOnce<()>>::call_once
[INFO] [stdout]   13:     0x5620ef84d8fb - test[aada8e7e76ba119b]::__rust_begin_short_backtrace::<core[a373ad73a504971]::result::Result<(), alloc[2e1b2a31b91974c5]::string::String>, fn() -> core[a373ad73a504971]::result::Result<(), alloc[2e1b2a31b91974c5]::string::String>>
[INFO] [stdout]   14:     0x5620ef85aad5 - test[aada8e7e76ba119b]::run_test::{closure#0}
[INFO] [stdout]   15:     0x5620ef8543c4 - std[617be2ca0a6fd877]::sys::backtrace::__rust_begin_short_backtrace::<test[aada8e7e76ba119b]::run_test::{closure#1}, ()>
[INFO] [stdout]   16:     0x5620ef85db62 - <std[617be2ca0a6fd877]::thread::lifecycle::spawn_unchecked<test[aada8e7e76ba119b]::run_test::{closure#1}, ()>::{closure#1} as core[a373ad73a504971]::ops::function::FnOnce<()>>::call_once::{shim:vtable#0}
[INFO] [stdout]   17:     0x5620ef8cc6ff - <std[617be2ca0a6fd877]::sys::thread::unix::Thread>::new::thread_start
[INFO] [stdout]   18:     0x780cc9f0adfa - <unknown>
[INFO] [stdout]   19:     0x780cc9f9e3d4 - clone
[INFO] [stdout]   20:                0x0 - <unknown>
[INFO] [stdout] 
[INFO] [stdout] ---- diff_reports_snapshot_dependency_changes_in_stable_order stdout ----
[INFO] [stdout] 
[INFO] [stdout] thread 'diff_reports_snapshot_dependency_changes_in_stable_order' (682) panicked at tests/graph_json.rs:28:5:
[INFO] [stdout] command failed
[INFO] [stdout] status: exit status: 1
[INFO] [stdout] stdout:
[INFO] [stdout] 
[INFO] [stdout] stderr:
[INFO] [stdout] Error: failed to read snapshot /opt/rustwide/workdir/../../tests/fixtures/snapshot-diff/old.json
[INFO] [stdout] 
[INFO] [stdout] Caused by:
[INFO] [stdout]     No such file or directory (os error 2)
[INFO] [stdout] 
[INFO] [stdout] Stack backtrace:
[INFO] [stdout]    0: <core::io::error::Error as anyhow::context::ext::StdError>::ext_context::<alloc::string::String>
[INFO] [stdout]    1: cpp_include_insight_core::output::diff::load_include_graph_snapshot::<&alloc::string::String>
[INFO] [stdout]    2: cpp_include_insight::main
[INFO] [stdout]    3: std::sys::backtrace::__rust_begin_short_backtrace::<fn() -> core::result::Result<(), anyhow::Error>, core::result::Result<(), anyhow::Error>>
[INFO] [stdout]    4: std::rt::lang_start::<core::result::Result<(), anyhow::Error>>::{closure#0}
[INFO] [stdout]    5: std::rt::lang_start_internal
[INFO] [stdout]    6: main
[INFO] [stdout]    7: <unknown>
[INFO] [stdout]    8: __libc_start_main
[INFO] [stdout]    9: _start
[INFO] [stdout] 
[INFO] [stdout] stack backtrace:
[INFO] [stdout]    0:     0x5620ef8cd4a1 - <<std[617be2ca0a6fd877]::sys::backtrace::BacktraceLock>::print::DisplayBacktrace as core[a373ad73a504971]::fmt::Display>::fmt
[INFO] [stdout]    1:     0x5620ef8e242a - core[a373ad73a504971]::fmt::write
[INFO] [stdout]    2:     0x5620ef8d1b9c - <alloc[2e1b2a31b91974c5]::vec::Vec<u8> as core[a373ad73a504971]::io::write::Write>::write_fmt
[INFO] [stdout]    3:     0x5620ef8a6d06 - std[617be2ca0a6fd877]::panicking::default_hook::{closure#0}
[INFO] [stdout]    4:     0x5620ef8c3f19 - std[617be2ca0a6fd877]::panicking::default_hook
[INFO] [stdout]    5:     0x5620ef85a4b0 - test[aada8e7e76ba119b]::test_main_inner::{closure#0}
[INFO] [stdout]    6:     0x5620ef8c40d2 - std[617be2ca0a6fd877]::panicking::panic_with_hook
[INFO] [stdout]    7:     0x5620ef8a6db2 - std[617be2ca0a6fd877]::panicking::panic_handler::{closure#0}
[INFO] [stdout]    8:     0x5620ef89f779 - std[617be2ca0a6fd877]::sys::backtrace::__rust_end_short_backtrace::<std[617be2ca0a6fd877]::panicking::panic_handler::{closure#0}, !>
[INFO] [stdout]    9:     0x5620ef8a79bd - __rustc[ea4f61d10b84890b]::rust_begin_unwind
[INFO] [stdout]   10:     0x5620ef8e2b5c - core[a373ad73a504971]::panicking::panic_fmt
[INFO] [stdout]   11:     0x5620ef839318 - graph_json[37bb10c2c7f48b34]::run_cli_in
[INFO] [stdout]   12:     0x5620ef8431d4 - <graph_json[37bb10c2c7f48b34]::diff_reports_snapshot_dependency_changes_in_stable_order::{closure#0} as core[a373ad73a504971]::ops::function::FnOnce<()>>::call_once
[INFO] [stdout]   13:     0x5620ef84d8fb - test[aada8e7e76ba119b]::__rust_begin_short_backtrace::<core[a373ad73a504971]::result::Result<(), alloc[2e1b2a31b91974c5]::string::String>, fn() -> core[a373ad73a504971]::result::Result<(), alloc[2e1b2a31b91974c5]::string::String>>
[INFO] [stdout]   14:     0x5620ef85aad5 - test[aada8e7e76ba119b]::run_test::{closure#0}
[INFO] [stdout]   15:     0x5620ef8543c4 - std[617be2ca0a6fd877]::sys::backtrace::__rust_begin_short_backtrace::<test[aada8e7e76ba119b]::run_test::{closure#1}, ()>
[INFO] [stdout]   16:     0x5620ef85db62 - <std[617be2ca0a6fd877]::thread::lifecycle::spawn_unchecked<test[aada8e7e76ba119b]::run_test::{closure#1}, ()>::{closure#1} as core[a373ad73a504971]::ops::function::FnOnce<()>>::call_once::{shim:vtable#0}
[INFO] [stdout]   17:     0x5620ef8cc6ff - <std[617be2ca0a6fd877]::sys::thread::unix::Thread>::new::thread_start
[INFO] [stdout]   18:     0x780cc9f0adfa - <unknown>
[INFO] [stdout]   19:     0x780cc9f9e3d4 - clone
[INFO] [stdout]   20:                0x0 - <unknown>
[INFO] [stdout] 
[INFO] [stdout] ---- graph_json_outputs_files_edges_missing_and_external_for_simple_fixture stdout ----
[INFO] [stdout] 
[INFO] [stdout] thread 'graph_json_outputs_files_edges_missing_and_external_for_simple_fixture' (697) panicked at tests/graph_json.rs:28:5:
[INFO] [stdout] command failed
[INFO] [stdout] status: exit status: 1
[INFO] [stdout] stdout:
[INFO] [stdout] 
[INFO] [stdout] stderr:
[INFO] [stdout] Error: IO error for operation on /opt/rustwide/workdir/../../tests/fixtures/simple: No such file or directory (os error 2)
[INFO] [stdout] 
[INFO] [stdout] Caused by:
[INFO] [stdout]     No such file or directory (os error 2)
[INFO] [stdout] 
[INFO] [stdout] Stack backtrace:
[INFO] [stdout]    0: <anyhow::Error as core::convert::From<walkdir::error::Error>>::from
[INFO] [stdout]    1: cpp_include_insight_core::scanner::scan_project::<&std::path::Path>
[INFO] [stdout]    2: cpp_include_insight::scan_and_resolver
[INFO] [stdout]    3: cpp_include_insight::scan_and_graph
[INFO] [stdout]    4: cpp_include_insight::main
[INFO] [stdout]    5: std::sys::backtrace::__rust_begin_short_backtrace::<fn() -> core::result::Result<(), anyhow::Error>, core::result::Result<(), anyhow::Error>>
[INFO] [stdout]    6: std::rt::lang_start::<core::result::Result<(), anyhow::Error>>::{closure#0}
[INFO] [stdout]    7: std::rt::lang_start_internal
[INFO] [stdout]    8: main
[INFO] [stdout]    9: <unknown>
[INFO] [stdout]   10: __libc_start_main
[INFO] [stdout]   11: _start
[INFO] [stdout] 
[INFO] [stdout] stack backtrace:
[INFO] [stdout]    0:     0x5620ef8cd4a1 - <<std[617be2ca0a6fd877]::sys::backtrace::BacktraceLock>::print::DisplayBacktrace as core[a373ad73a504971]::fmt::Display>::fmt
[INFO] [stdout]    1:     0x5620ef8e242a - core[a373ad73a504971]::fmt::write
[INFO] [stdout]    2:     0x5620ef8d1b9c - <alloc[2e1b2a31b91974c5]::vec::Vec<u8> as core[a373ad73a504971]::io::write::Write>::write_fmt
[INFO] [stdout]    3:     0x5620ef8a6d06 - std[617be2ca0a6fd877]::panicking::default_hook::{closure#0}
[INFO] [stdout]    4:     0x5620ef8c3f19 - std[617be2ca0a6fd877]::panicking::default_hook
[INFO] [stdout]    5:     0x5620ef85a4b0 - test[aada8e7e76ba119b]::test_main_inner::{closure#0}
[INFO] [stdout]    6:     0x5620ef8c40d2 - std[617be2ca0a6fd877]::panicking::panic_with_hook
[INFO] [stdout]    7:     0x5620ef8a6db2 - std[617be2ca0a6fd877]::panicking::panic_handler::{closure#0}
[INFO] [stdout]    8:     0x5620ef89f779 - std[617be2ca0a6fd877]::sys::backtrace::__rust_end_short_backtrace::<std[617be2ca0a6fd877]::panicking::panic_handler::{closure#0}, !>
[INFO] [stdout]    9:     0x5620ef8a79bd - __rustc[ea4f61d10b84890b]::rust_begin_unwind
[INFO] [stdout]   10:     0x5620ef8e2b5c - core[a373ad73a504971]::panicking::panic_fmt
[INFO] [stdout]   11:     0x5620ef839318 - graph_json[37bb10c2c7f48b34]::run_cli_in
[INFO] [stdout]   12:     0x5620ef845dce - <graph_json[37bb10c2c7f48b34]::graph_json_outputs_files_edges_missing_and_external_for_simple_fixture::{closure#0} as core[a373ad73a504971]::ops::function::FnOnce<()>>::call_once
[INFO] [stdout]   13:     0x5620ef84d8fb - test[aada8e7e76ba119b]::__rust_begin_short_backtrace::<core[a373ad73a504971]::result::Result<(), alloc[2e1b2a31b91974c5]::string::String>, fn() -> core[a373ad73a504971]::result::Result<(), alloc[2e1b2a31b91974c5]::string::String>>
[INFO] [stdout]   14:     0x5620ef85aad5 - test[aada8e7e76ba119b]::run_test::{closure#0}
[INFO] [stdout]   15:     0x5620ef8543c4 - std[617be2ca0a6fd877]::sys::backtrace::__rust_begin_short_backtrace::<test[aada8e7e76ba119b]::run_test::{closure#1}, ()>
[INFO] [stdout]   16:     0x5620ef85db62 - <std[617be2ca0a6fd877]::thread::lifecycle::spawn_unchecked<test[aada8e7e76ba119b]::run_test::{closure#1}, ()>::{closure#1} as core[a373ad73a504971]::ops::function::FnOnce<()>>::call_once::{shim:vtable#0}
[INFO] [stdout]   17:     0x5620ef8cc6ff - <std[617be2ca0a6fd877]::sys::thread::unix::Thread>::new::thread_start
[INFO] [stdout]   18:     0x780cc9f0adfa - <unknown>
[INFO] [stdout]   19:     0x780cc9f9e3d4 - clone
[INFO] [stdout]   20:                0x0 - <unknown>
[INFO] [stdout] 
[INFO] [stdout] ---- diff_impact_reports_translation_unit_count_deltas stdout ----
[INFO] [stdout] 
[INFO] [stdout] thread 'diff_impact_reports_translation_unit_count_deltas' (679) panicked at tests/graph_json.rs:28:5:
[INFO] [stdout] command failed
[INFO] [stdout] status: exit status: 1
[INFO] [stdout] stdout:
[INFO] [stdout] 
[INFO] [stdout] stderr:
[INFO] [stdout] Error: failed to read snapshot /opt/rustwide/workdir/../../tests/fixtures/snapshot-impact-diff/old.json
[INFO] [stdout] 
[INFO] [stdout] Caused by:
[INFO] [stdout]     No such file or directory (os error 2)
[INFO] [stdout] 
[INFO] [stdout] Stack backtrace:
[INFO] [stdout]    0: <core::io::error::Error as anyhow::context::ext::StdError>::ext_context::<alloc::string::String>
[INFO] [stdout]    1: cpp_include_insight_core::output::diff::load_include_graph_snapshot::<&alloc::string::String>
[INFO] [stdout]    2: cpp_include_insight::main
[INFO] [stdout]    3: std::sys::backtrace::__rust_begin_short_backtrace::<fn() -> core::result::Result<(), anyhow::Error>, core::result::Result<(), anyhow::Error>>
[INFO] [stdout]    4: std::rt::lang_start::<core::result::Result<(), anyhow::Error>>::{closure#0}
[INFO] [stdout]    5: std::rt::lang_start_internal
[INFO] [stdout]    6: main
[INFO] [stdout]    7: <unknown>
[INFO] [stdout]    8: __libc_start_main
[INFO] [stdout]    9: _start
[INFO] [stdout] 
[INFO] [stdout] stack backtrace:
[INFO] [stdout]    0:     0x5620ef8cd4a1 - <<std[617be2ca0a6fd877]::sys::backtrace::BacktraceLock>::print::DisplayBacktrace as core[a373ad73a504971]::fmt::Display>::fmt
[INFO] [stdout]    1:     0x5620ef8e242a - core[a373ad73a504971]::fmt::write
[INFO] [stdout]    2:     0x5620ef8d1b9c - <alloc[2e1b2a31b91974c5]::vec::Vec<u8> as core[a373ad73a504971]::io::write::Write>::write_fmt
[INFO] [stdout]    3:     0x5620ef8a6d06 - std[617be2ca0a6fd877]::panicking::default_hook::{closure#0}
[INFO] [stdout]    4:     0x5620ef8c3f19 - std[617be2ca0a6fd877]::panicking::default_hook
[INFO] [stdout]    5:     0x5620ef85a4b0 - test[aada8e7e76ba119b]::test_main_inner::{closure#0}
[INFO] [stdout]    6:     0x5620ef8c40d2 - std[617be2ca0a6fd877]::panicking::panic_with_hook
[INFO] [stdout]    7:     0x5620ef8a6db2 - std[617be2ca0a6fd877]::panicking::panic_handler::{closure#0}
[INFO] [stdout]    8:     0x5620ef89f779 - std[617be2ca0a6fd877]::sys::backtrace::__rust_end_short_backtrace::<std[617be2ca0a6fd877]::panicking::panic_handler::{closure#0}, !>
[INFO] [stdout]    9:     0x5620ef8a79bd - __rustc[ea4f61d10b84890b]::rust_begin_unwind
[INFO] [stdout]   10:     0x5620ef8e2b5c - core[a373ad73a504971]::panicking::panic_fmt
[INFO] [stdout]   11:     0x5620ef839318 - graph_json[37bb10c2c7f48b34]::run_cli_in
[INFO] [stdout]   12:     0x5620ef840da9 - <graph_json[37bb10c2c7f48b34]::diff_impact_reports_translation_unit_count_deltas::{closure#0} as core[a373ad73a504971]::ops::function::FnOnce<()>>::call_once
[INFO] [stdout]   13:     0x5620ef84d8fb - test[aada8e7e76ba119b]::__rust_begin_short_backtrace::<core[a373ad73a504971]::result::Result<(), alloc[2e1b2a31b91974c5]::string::String>, fn() -> core[a373ad73a504971]::result::Result<(), alloc[2e1b2a31b91974c5]::string::String>>
[INFO] [stdout]   14:     0x5620ef85aad5 - test[aada8e7e76ba119b]::run_test::{closure#0}
[INFO] [stdout]   15:     0x5620ef8543c4 - std[617be2ca0a6fd877]::sys::backtrace::__rust_begin_short_backtrace::<test[aada8e7e76ba119b]::run_test::{closure#1}, ()>
[INFO] [stdout]   16:     0x5620ef85db62 - <std[617be2ca0a6fd877]::thread::lifecycle::spawn_unchecked<test[aada8e7e76ba119b]::run_test::{closure#1}, ()>::{closure#1} as core[a373ad73a504971]::ops::function::FnOnce<()>>::call_once::{shim:vtable#0}
[INFO] [stdout]   17:     0x5620ef8cc6ff - <std[617be2ca0a6fd877]::sys::thread::unix::Thread>::new::thread_start
[INFO] [stdout]   18:     0x780cc9f0adfa - <unknown>
[INFO] [stdout]   19:     0x780cc9f9e3d4 - clone
[INFO] [stdout]   20:                0x0 - <unknown>
[INFO] [stdout] 
[INFO] [stdout] ---- cycles_reports_multiple_cycles_and_ignores_unresolved_targets stdout ----
[INFO] [stdout] 
[INFO] [stdout] thread 'cycles_reports_multiple_cycles_and_ignores_unresolved_targets' (675) panicked at tests/graph_json.rs:28:5:
[INFO] [stdout] command failed
[INFO] [stdout] status: exit status: 1
[INFO] [stdout] stdout:
[INFO] [stdout] 
[INFO] [stdout] stderr:
[INFO] [stdout] Error: IO error for operation on /opt/rustwide/workdir/../../tests/fixtures/cycles-multiple: No such file or directory (os error 2)
[INFO] [stdout] 
[INFO] [stdout] Caused by:
[INFO] [stdout]     No such file or directory (os error 2)
[INFO] [stdout] 
[INFO] [stdout] Stack backtrace:
[INFO] [stdout]    0: <anyhow::Error as core::convert::From<walkdir::error::Error>>::from
[INFO] [stdout]    1: cpp_include_insight_core::scanner::scan_project::<&std::path::PathBuf>
[INFO] [stdout]    2: cpp_include_insight::main
[INFO] [stdout]    3: std::sys::backtrace::__rust_begin_short_backtrace::<fn() -> core::result::Result<(), anyhow::Error>, core::result::Result<(), anyhow::Error>>
[INFO] [stdout]    4: std::rt::lang_start::<core::result::Result<(), anyhow::Error>>::{closure#0}
[INFO] [stdout]    5: std::rt::lang_start_internal
[INFO] [stdout]    6: main
[INFO] [stdout]    7: <unknown>
[INFO] [stdout]    8: __libc_start_main
[INFO] [stdout]    9: _start
[INFO] [stdout] 
[INFO] [stdout] stack backtrace:
[INFO] [stdout]    0:     0x5620ef8cd4a1 - <<std[617be2ca0a6fd877]::sys::backtrace::BacktraceLock>::print::DisplayBacktrace as core[a373ad73a504971]::fmt::Display>::fmt
[INFO] [stdout]    1:     0x5620ef8e242a - core[a373ad73a504971]::fmt::write
[INFO] [stdout]    2:     0x5620ef8d1b9c - <alloc[2e1b2a31b91974c5]::vec::Vec<u8> as core[a373ad73a504971]::io::write::Write>::write_fmt
[INFO] [stdout]    3:     0x5620ef8a6d06 - std[617be2ca0a6fd877]::panicking::default_hook::{closure#0}
[INFO] [stdout]    4:     0x5620ef8c3f19 - std[617be2ca0a6fd877]::panicking::default_hook
[INFO] [stdout]    5:     0x5620ef85a4b0 - test[aada8e7e76ba119b]::test_main_inner::{closure#0}
[INFO] [stdout]    6:     0x5620ef8c40d2 - std[617be2ca0a6fd877]::panicking::panic_with_hook
[INFO] [stdout]    7:     0x5620ef8a6db2 - std[617be2ca0a6fd877]::panicking::panic_handler::{closure#0}
[INFO] [stdout]    8:     0x5620ef89f779 - std[617be2ca0a6fd877]::sys::backtrace::__rust_end_short_backtrace::<std[617be2ca0a6fd877]::panicking::panic_handler::{closure#0}, !>
[INFO] [stdout]    9:     0x5620ef8a79bd - __rustc[ea4f61d10b84890b]::rust_begin_unwind
[INFO] [stdout]   10:     0x5620ef8e2b5c - core[a373ad73a504971]::panicking::panic_fmt
[INFO] [stdout]   11:     0x5620ef839318 - graph_json[37bb10c2c7f48b34]::run_cli_in
[INFO] [stdout]   12:     0x5620ef84480e - <graph_json[37bb10c2c7f48b34]::cycles_reports_multiple_cycles_and_ignores_unresolved_targets::{closure#0} as core[a373ad73a504971]::ops::function::FnOnce<()>>::call_once
[INFO] [stdout]   13:     0x5620ef84d8fb - test[aada8e7e76ba119b]::__rust_begin_short_backtrace::<core[a373ad73a504971]::result::Result<(), alloc[2e1b2a31b91974c5]::string::String>, fn() -> core[a373ad73a504971]::result::Result<(), alloc[2e1b2a31b91974c5]::string::String>>
[INFO] [stdout]   14:     0x5620ef85aad5 - test[aada8e7e76ba119b]::run_test::{closure#0}
[INFO] [stdout]   15:     0x5620ef8543c4 - std[617be2ca0a6fd877]::sys::backtrace::__rust_begin_short_backtrace::<test[aada8e7e76ba119b]::run_test::{closure#1}, ()>
[INFO] [stdout]   16:     0x5620ef85db62 - <std[617be2ca0a6fd877]::thread::lifecycle::spawn_unchecked<test[aada8e7e76ba119b]::run_test::{closure#1}, ()>::{closure#1} as core[a373ad73a504971]::ops::function::FnOnce<()>>::call_once::{shim:vtable#0}
[INFO] [stdout]   17:     0x5620ef8cc6ff - <std[617be2ca0a6fd877]::sys::thread::unix::Thread>::new::thread_start
[INFO] [stdout]   18:     0x780cc9f0adfa - <unknown>
[INFO] [stdout]   19:     0x780cc9f9e3d4 - clone
[INFO] [stdout]   20:                0x0 - <unknown>
[INFO] [stdout] 
[INFO] [stdout] ---- cycles_reports_no_cycles stdout ----
[INFO] [stdout] 
[INFO] [stdout] thread 'cycles_reports_no_cycles' (676) panicked at tests/graph_json.rs:28:5:
[INFO] [stdout] command failed
[INFO] [stdout] status: exit status: 1
[INFO] [stdout] stdout:
[INFO] [stdout] 
[INFO] [stdout] stderr:
[INFO] [stdout] Error: IO error for operation on /opt/rustwide/workdir/../../tests/fixtures/tree-normal: No such file or directory (os error 2)
[INFO] [stdout] 
[INFO] [stdout] Caused by:
[INFO] [stdout]     No such file or directory (os error 2)
[INFO] [stdout] 
[INFO] [stdout] Stack backtrace:
[INFO] [stdout]    0: <anyhow::Error as core::convert::From<walkdir::error::Error>>::from
[INFO] [stdout]    1: cpp_include_insight_core::scanner::scan_project::<&std::path::PathBuf>
[INFO] [stdout]    2: cpp_include_insight::main
[INFO] [stdout]    3: std::sys::backtrace::__rust_begin_short_backtrace::<fn() -> core::result::Result<(), anyhow::Error>, core::result::Result<(), anyhow::Error>>
[INFO] [stdout]    4: std::rt::lang_start::<core::result::Result<(), anyhow::Error>>::{closure#0}
[INFO] [stdout]    5: std::rt::lang_start_internal
[INFO] [stdout]    6: main
[INFO] [stdout]    7: <unknown>
[INFO] [stdout]    8: __libc_start_main
[INFO] [stdout]    9: _start
[INFO] [stdout] 
[INFO] [stdout] stack backtrace:
[INFO] [stdout]    0:     0x5620ef8cd4a1 - <<std[617be2ca0a6fd877]::sys::backtrace::BacktraceLock>::print::DisplayBacktrace as core[a373ad73a504971]::fmt::Display>::fmt
[INFO] [stdout]    1:     0x5620ef8e242a - core[a373ad73a504971]::fmt::write
[INFO] [stdout]    2:     0x5620ef8d1b9c - <alloc[2e1b2a31b91974c5]::vec::Vec<u8> as core[a373ad73a504971]::io::write::Write>::write_fmt
[INFO] [stdout]    3:     0x5620ef8a6d06 - std[617be2ca0a6fd877]::panicking::default_hook::{closure#0}
[INFO] [stdout]    4:     0x5620ef8c3f19 - std[617be2ca0a6fd877]::panicking::default_hook
[INFO] [stdout]    5:     0x5620ef85a4b0 - test[aada8e7e76ba119b]::test_main_inner::{closure#0}
[INFO] [stdout]    6:     0x5620ef8c40d2 - std[617be2ca0a6fd877]::panicking::panic_with_hook
[INFO] [stdout]    7:     0x5620ef8a6db2 - std[617be2ca0a6fd877]::panicking::panic_handler::{closure#0}
[INFO] [stdout]    8:     0x5620ef89f779 - std[617be2ca0a6fd877]::sys::backtrace::__rust_end_short_backtrace::<std[617be2ca0a6fd877]::panicking::panic_handler::{closure#0}, !>
[INFO] [stdout]    9:     0x5620ef8a79bd - __rustc[ea4f61d10b84890b]::rust_begin_unwind
[INFO] [stdout]   10:     0x5620ef8e2b5c - core[a373ad73a504971]::panicking::panic_fmt
[INFO] [stdout]   11:     0x5620ef839318 - graph_json[37bb10c2c7f48b34]::run_cli_in
[INFO] [stdout]   12:     0x5620ef83b890 - <graph_json[37bb10c2c7f48b34]::cycles_reports_no_cycles::{closure#0} as core[a373ad73a504971]::ops::function::FnOnce<()>>::call_once
[INFO] [stdout]   13:     0x5620ef84d8fb - test[aada8e7e76ba119b]::__rust_begin_short_backtrace::<core[a373ad73a504971]::result::Result<(), alloc[2e1b2a31b91974c5]::string::String>, fn() -> core[a373ad73a504971]::result::Result<(), alloc[2e1b2a31b91974c5]::string::String>>
[INFO] [stdout]   14:     0x5620ef85aad5 - test[aada8e7e76ba119b]::run_test::{closure#0}
[INFO] [stdout]   15:     0x5620ef8543c4 - std[617be2ca0a6fd877]::sys::backtrace::__rust_begin_short_backtrace::<test[aada8e7e76ba119b]::run_test::{closure#1}, ()>
[INFO] [stdout]   16:     0x5620ef85db62 - <std[617be2ca0a6fd877]::thread::lifecycle::spawn_unchecked<test[aada8e7e76ba119b]::run_test::{closure#1}, ()>::{closure#1} as core[a373ad73a504971]::ops::function::FnOnce<()>>::call_once::{shim:vtable#0}
[INFO] [stdout]   17:     0x5620ef8cc6ff - <std[617be2ca0a6fd877]::sys::thread::unix::Thread>::new::thread_start
[INFO] [stdout]   18:     0x780cc9f0adfa - <unknown>
[INFO] [stdout]   19:     0x780cc9f9e3d4 - clone
[INFO] [stdout]   20:                0x0 - <unknown>
[INFO] [stdout] 
[INFO] [stdout] ---- graph_mermaid_outputs_basic_include_graph_from_root_file stdout ----
[INFO] [stdout] 
[INFO] [stdout] thread 'graph_mermaid_outputs_basic_include_graph_from_root_file' (706) panicked at tests/graph_json.rs:26:35:
[INFO] [stdout] failed to run cpp-include-insight: Os { code: 2, kind: NotFound, message: "No such file or directory" }
[INFO] [stdout] stack backtrace:
[INFO] [stdout]    0:     0x5620ef8cd4a1 - <<std[617be2ca0a6fd877]::sys::backtrace::BacktraceLock>::print::DisplayBacktrace as core[a373ad73a504971]::fmt::Display>::fmt
[INFO] [stdout]    1:     0x5620ef8e242a - core[a373ad73a504971]::fmt::write
[INFO] [stdout]    2:     0x5620ef8d1b9c - <alloc[2e1b2a31b91974c5]::vec::Vec<u8> as core[a373ad73a504971]::io::write::Write>::write_fmt
[INFO] [stdout]    3:     0x5620ef8a6d06 - std[617be2ca0a6fd877]::panicking::default_hook::{closure#0}
[INFO] [stdout]    4:     0x5620ef8c3f19 - std[617be2ca0a6fd877]::panicking::default_hook
[INFO] [stdout]    5:     0x5620ef85a4b0 - test[aada8e7e76ba119b]::test_main_inner::{closure#0}
[INFO] [stdout]    6:     0x5620ef8c40d2 - std[617be2ca0a6fd877]::panicking::panic_with_hook
[INFO] [stdout]    7:     0x5620ef8a6db2 - std[617be2ca0a6fd877]::panicking::panic_handler::{closure#0}
[INFO] [stdout]    8:     0x5620ef89f779 - std[617be2ca0a6fd877]::sys::backtrace::__rust_end_short_backtrace::<std[617be2ca0a6fd877]::panicking::panic_handler::{closure#0}, !>
[INFO] [stdout]    9:     0x5620ef8a79bd - __rustc[ea4f61d10b84890b]::rust_begin_unwind
[INFO] [stdout]   10:     0x5620ef8e2b5c - core[a373ad73a504971]::panicking::panic_fmt
[INFO] [stdout]   11:     0x5620ef8e2932 - core[a373ad73a504971]::result::unwrap_failed
[INFO] [stdout]   12:     0x5620ef839250 - graph_json[37bb10c2c7f48b34]::run_cli_in
[INFO] [stdout]   13:     0x5620ef843fcc - <graph_json[37bb10c2c7f48b34]::graph_mermaid_outputs_basic_include_graph_from_root_file::{closure#0} as core[a373ad73a504971]::ops::function::FnOnce<()>>::call_once
[INFO] [stdout]   14:     0x5620ef84d8fb - test[aada8e7e76ba119b]::__rust_begin_short_backtrace::<core[a373ad73a504971]::result::Result<(), alloc[2e1b2a31b91974c5]::string::String>, fn() -> core[a373ad73a504971]::result::Result<(), alloc[2e1b2a31b91974c5]::string::String>>
[INFO] [stdout]   15:     0x5620ef85aad5 - test[aada8e7e76ba119b]::run_test::{closure#0}
[INFO] [stdout]   16:     0x5620ef8543c4 - std[617be2ca0a6fd877]::sys::backtrace::__rust_begin_short_backtrace::<test[aada8e7e76ba119b]::run_test::{closure#1}, ()>
[INFO] [stdout]   17:     0x5620ef85db62 - <std[617be2ca0a6fd877]::thread::lifecycle::spawn_unchecked<test[aada8e7e76ba119b]::run_test::{closure#1}, ()>::{closure#1} as core[a373ad73a504971]::ops::function::FnOnce<()>>::call_once::{shim:vtable#0}
[INFO] [stdout]   18:     0x5620ef8cc6ff - <std[617be2ca0a6fd877]::sys::thread::unix::Thread>::new::thread_start
[INFO] [stdout]   19:     0x780cc9f0adfa - <unknown>
[INFO] [stdout]   20:     0x780cc9f9e3d4 - clone
[INFO] [stdout]   21:                0x0 - <unknown>
[INFO] [stdout] 
[INFO] [stdout] ---- graph_mermaid_respects_depth_from_root_file stdout ----
[INFO] [stdout] 
[INFO] [stdout] thread 'graph_mermaid_respects_depth_from_root_file' (707) panicked at tests/graph_json.rs:26:35:
[INFO] [stdout] failed to run cpp-include-insight: Os { code: 2, kind: NotFound, message: "No such file or directory" }
[INFO] [stdout] stack backtrace:
[INFO] [stdout]    0:     0x5620ef8cd4a1 - <<std[617be2ca0a6fd877]::sys::backtrace::BacktraceLock>::print::DisplayBacktrace as core[a373ad73a504971]::fmt::Display>::fmt
[INFO] [stdout]    1:     0x5620ef8e242a - core[a373ad73a504971]::fmt::write
[INFO] [stdout]    2:     0x5620ef8d1b9c - <alloc[2e1b2a31b91974c5]::vec::Vec<u8> as core[a373ad73a504971]::io::write::Write>::write_fmt
[INFO] [stdout]    3:     0x5620ef8a6d06 - std[617be2ca0a6fd877]::panicking::default_hook::{closure#0}
[INFO] [stdout]    4:     0x5620ef8c3f19 - std[617be2ca0a6fd877]::panicking::default_hook
[INFO] [stdout]    5:     0x5620ef85a4b0 - test[aada8e7e76ba119b]::test_main_inner::{closure#0}
[INFO] [stdout]    6:     0x5620ef8c40d2 - std[617be2ca0a6fd877]::panicking::panic_with_hook
[INFO] [stdout]    7:     0x5620ef8a6db2 - std[617be2ca0a6fd877]::panicking::panic_handler::{closure#0}
[INFO] [stdout]    8:     0x5620ef89f779 - std[617be2ca0a6fd877]::sys::backtrace::__rust_end_short_backtrace::<std[617be2ca0a6fd877]::panicking::panic_handler::{closure#0}, !>
[INFO] [stdout]    9:     0x5620ef8a79bd - __rustc[ea4f61d10b84890b]::rust_begin_unwind
[INFO] [stdout]   10:     0x5620ef8e2b5c - core[a373ad73a504971]::panicking::panic_fmt
[INFO] [stdout]   11:     0x5620ef8e2932 - core[a373ad73a504971]::result::unwrap_failed
[INFO] [stdout]   12:     0x5620ef839250 - graph_json[37bb10c2c7f48b34]::run_cli_in
[INFO] [stdout]   13:     0x5620ef83e19c - <graph_json[37bb10c2c7f48b34]::graph_mermaid_respects_depth_from_root_file::{closure#0} as core[a373ad73a504971]::ops::function::FnOnce<()>>::call_once
[INFO] [stdout]   14:     0x5620ef84d8fb - test[aada8e7e76ba119b]::__rust_begin_short_backtrace::<core[a373ad73a504971]::result::Result<(), alloc[2e1b2a31b91974c5]::string::String>, fn() -> core[a373ad73a504971]::result::Result<(), alloc[2e1b2a31b91974c5]::string::String>>
[INFO] [stdout]   15:     0x5620ef85aad5 - test[aada8e7e76ba119b]::run_test::{closure#0}
[INFO] [stdout]   16:     0x5620ef8543c4 - std[617be2ca0a6fd877]::sys::backtrace::__rust_begin_short_backtrace::<test[aada8e7e76ba119b]::run_test::{closure#1}, ()>
[INFO] [stdout]   17:     0x5620ef85db62 - <std[617be2ca0a6fd877]::thread::lifecycle::spawn_unchecked<test[aada8e7e76ba119b]::run_test::{closure#1}, ()>::{closure#1} as core[a373ad73a504971]::ops::function::FnOnce<()>>::call_once::{shim:vtable#0}
[INFO] [stdout]   18:     0x5620ef8cc6ff - <std[617be2ca0a6fd877]::sys::thread::unix::Thread>::new::thread_start
[INFO] [stdout]   19:     0x780cc9f0adfa - <unknown>
[INFO] [stdout]   20:     0x780cc9f9e3d4 - clone
[INFO] [stdout]   21:                0x0 - <unknown>
[INFO] [stdout] 
[INFO] [stdout] ---- graph_mermaid_can_omit_external_includes stdout ----
[INFO] [stdout] 
[INFO] [stdout] thread 'graph_mermaid_can_omit_external_includes' (704) panicked at tests/graph_json.rs:26:35:
[INFO] [stdout] failed to run cpp-include-insight: Os { code: 2, kind: NotFound, message: "No such file or directory" }
[INFO] [stdout] stack backtrace:
[INFO] [stdout]    0:     0x5620ef8cd4a1 - <<std[617be2ca0a6fd877]::sys::backtrace::BacktraceLock>::print::DisplayBacktrace as core[a373ad73a504971]::fmt::Display>::fmt
[INFO] [stdout]    1:     0x5620ef8e242a - core[a373ad73a504971]::fmt::write
[INFO] [stdout]    2:     0x5620ef8d1b9c - <alloc[2e1b2a31b91974c5]::vec::Vec<u8> as core[a373ad73a504971]::io::write::Write>::write_fmt
[INFO] [stdout]    3:     0x5620ef8a6d06 - std[617be2ca0a6fd877]::panicking::default_hook::{closure#0}
[INFO] [stdout]    4:     0x5620ef8c3f19 - std[617be2ca0a6fd877]::panicking::default_hook
[INFO] [stdout]    5:     0x5620ef85a4b0 - test[aada8e7e76ba119b]::test_main_inner::{closure#0}
[INFO] [stdout]    6:     0x5620ef8c40d2 - std[617be2ca0a6fd877]::panicking::panic_with_hook
[INFO] [stdout]    7:     0x5620ef8a6db2 - std[617be2ca0a6fd877]::panicking::panic_handler::{closure#0}
[INFO] [stdout]    8:     0x5620ef89f779 - std[617be2ca0a6fd877]::sys::backtrace::__rust_end_short_backtrace::<std[617be2ca0a6fd877]::panicking::panic_handler::{closure#0}, !>
[INFO] [stdout]    9:     0x5620ef8a79bd - __rustc[ea4f61d10b84890b]::rust_begin_unwind
[INFO] [stdout]   10:     0x5620ef8e2b5c - core[a373ad73a504971]::panicking::panic_fmt
[INFO] [stdout]   11:     0x5620ef8e2932 - core[a373ad73a504971]::result::unwrap_failed
[INFO] [stdout]   12:     0x5620ef839250 - graph_json[37bb10c2c7f48b34]::run_cli_in
[INFO] [stdout]   13:     0x5620ef83dc9c - <graph_json[37bb10c2c7f48b34]::graph_mermaid_can_omit_external_includes::{closure#0} as core[a373ad73a504971]::ops::function::FnOnce<()>>::call_once
[INFO] [stdout]   14:     0x5620ef84d8fb - test[aada8e7e76ba119b]::__rust_begin_short_backtrace::<core[a373ad73a504971]::result::Result<(), alloc[2e1b2a31b91974c5]::string::String>, fn() -> core[a373ad73a504971]::result::Result<(), alloc[2e1b2a31b91974c5]::string::String>>
[INFO] [stdout]   15:     0x5620ef85aad5 - test[aada8e7e76ba119b]::run_test::{closure#0}
[INFO] [stdout]   16:     0x5620ef8543c4 - std[617be2ca0a6fd877]::sys::backtrace::__rust_begin_short_backtrace::<test[aada8e7e76ba119b]::run_test::{closure#1}, ()>
[INFO] [stdout]   17:     0x5620ef85db62 - <std[617be2ca0a6fd877]::thread::lifecycle::spawn_unchecked<test[aada8e7e76ba119b]::run_test::{closure#1}, ()>::{closure#1} as core[a373ad73a504971]::ops::function::FnOnce<()>>::call_once::{shim:vtable#0}
[INFO] [stdout]   18:     0x5620ef8cc6ff - <std[617be2ca0a6fd877]::sys::thread::unix::Thread>::new::thread_start
[INFO] [stdout]   19:     0x780cc9f0adfa - <unknown>
[INFO] [stdout]   20:     0x780cc9f9e3d4 - clone
[INFO] [stdout]   21:                0x0 - <unknown>
[INFO] [stdout] 
[INFO] [stdout] ---- graph_json_reports_external_includes stdout ----
[INFO] [stdout] 
[INFO] [stdout] thread 'graph_json_reports_external_includes' (702) panicked at tests/graph_json.rs:28:5:
[INFO] [stdout] command failed
[INFO] [stdout] status: exit status: 1
[INFO] [stdout] stdout:
[INFO] [stdout] 
[INFO] [stdout] stderr:
[INFO] [stdout] Error: IO error for operation on /opt/rustwide/workdir/../../tests/fixtures/external-includes: No such file or directory (os error 2)
[INFO] [stdout] 
[INFO] [stdout] Caused by:
[INFO] [stdout]     No such file or directory (os error 2)
[INFO] [stdout] 
[INFO] [stdout] Stack backtrace:
[INFO] [stdout]    0: <anyhow::Error as core::convert::From<walkdir::error::Error>>::from
[INFO] [stdout]    1: cpp_include_insight_core::scanner::scan_project::<&std::path::Path>
[INFO] [stdout]    2: cpp_include_insight::scan_and_resolver
[INFO] [stdout]    3: cpp_include_insight::scan_and_graph
[INFO] [stdout]    4: cpp_include_insight::main
[INFO] [stdout]    5: std::sys::backtrace::__rust_begin_short_backtrace::<fn() -> core::result::Result<(), anyhow::Error>, core::result::Result<(), anyhow::Error>>
[INFO] [stdout]    6: std::rt::lang_start::<core::result::Result<(), anyhow::Error>>::{closure#0}
[INFO] [stdout]    7: std::rt::lang_start_internal
[INFO] [stdout]    8: main
[INFO] [stdout]    9: <unknown>
[INFO] [stdout]   10: __libc_start_main
[INFO] [stdout]   11: _start
[INFO] [stdout] 
[INFO] [stdout] stack backtrace:
[INFO] [stdout]    0:     0x5620ef8cd4a1 - <<std[617be2ca0a6fd877]::sys::backtrace::BacktraceLock>::print::DisplayBacktrace as core[a373ad73a504971]::fmt::Display>::fmt
[INFO] [stdout]    1:     0x5620ef8e242a - core[a373ad73a504971]::fmt::write
[INFO] [stdout]    2:     0x5620ef8d1b9c - <alloc[2e1b2a31b91974c5]::vec::Vec<u8> as core[a373ad73a504971]::io::write::Write>::write_fmt
[INFO] [stdout]    3:     0x5620ef8a6d06 - std[617be2ca0a6fd877]::panicking::default_hook::{closure#0}
[INFO] [stdout]    4:     0x5620ef8c3f19 - std[617be2ca0a6fd877]::panicking::default_hook
[INFO] [stdout]    5:     0x5620ef85a4b0 - test[aada8e7e76ba119b]::test_main_inner::{closure#0}
[INFO] [stdout]    6:     0x5620ef8c40d2 - std[617be2ca0a6fd877]::panicking::panic_with_hook
[INFO] [stdout]    7:     0x5620ef8a6db2 - std[617be2ca0a6fd877]::panicking::panic_handler::{closure#0}
[INFO] [stdout]    8:     0x5620ef89f779 - std[617be2ca0a6fd877]::sys::backtrace::__rust_end_short_backtrace::<std[617be2ca0a6fd877]::panicking::panic_handler::{closure#0}, !>
[INFO] [stdout]    9:     0x5620ef8a79bd - __rustc[ea4f61d10b84890b]::rust_begin_unwind
[INFO] [stdout]   10:     0x5620ef8e2b5c - core[a373ad73a504971]::panicking::panic_fmt
[INFO] [stdout]   11:     0x5620ef839318 - graph_json[37bb10c2c7f48b34]::run_cli_in
[INFO] [stdout]   12:     0x5620ef83d59b - <graph_json[37bb10c2c7f48b34]::graph_json_reports_external_includes::{closure#0} as core[a373ad73a504971]::ops::function::FnOnce<()>>::call_once
[INFO] [stdout]   13:     0x5620ef84d8fb - test[aada8e7e76ba119b]::__rust_begin_short_backtrace::<core[a373ad73a504971]::result::Result<(), alloc[2e1b2a31b91974c5]::string::String>, fn() -> core[a373ad73a504971]::result::Result<(), alloc[2e1b2a31b91974c5]::string::String>>
[INFO] [stdout]   14:     0x5620ef85aad5 - test[aada8e7e76ba119b]::run_test::{closure#0}
[INFO] [stdout]   15:     0x5620ef8543c4 - std[617be2ca0a6fd877]::sys::backtrace::__rust_begin_short_backtrace::<test[aada8e7e76ba119b]::run_test::{closure#1}, ()>
[INFO] [stdout]   16:     0x5620ef85db62 - <std[617be2ca0a6fd877]::thread::lifecycle::spawn_unchecked<test[aada8e7e76ba119b]::run_test::{closure#1}, ()>::{closure#1} as core[a373ad73a504971]::ops::function::FnOnce<()>>::call_once::{shim:vtable#0}
[INFO] [stdout]   17:     0x5620ef8cc6ff - <std[617be2ca0a6fd877]::sys::thread::unix::Thread>::new::thread_start
[INFO] [stdout]   18:     0x780cc9f0adfa - <unknown>
[INFO] [stdout]   19:     0x780cc9f9e3d4 - clone
[INFO] [stdout]   20:                0x0 - <unknown>
[INFO] [stdout] 
[INFO] [stdout] ---- graph_json_reports_missing_includes stdout ----
[INFO] [stdout] 
[INFO] [stdout] thread 'graph_json_reports_missing_includes' (703) panicked at tests/graph_json.rs:28:5:
[INFO] [stdout] command failed
[INFO] [stdout] status: exit status: 1
[INFO] [stdout] stdout:
[INFO] [stdout] 
[INFO] [stdout] stderr:
[INFO] [stdout] Error: IO error for operation on /opt/rustwide/workdir/../../tests/fixtures/missing: No such file or directory (os error 2)
[INFO] [stdout] 
[INFO] [stdout] Caused by:
[INFO] [stdout]     No such file or directory (os error 2)
[INFO] [stdout] 
[INFO] [stdout] Stack backtrace:
[INFO] [stdout]    0: <anyhow::Error as core::convert::From<walkdir::error::Error>>::from
[INFO] [stdout]    1: cpp_include_insight_core::scanner::scan_project::<&std::path::Path>
[INFO] [stdout]    2: cpp_include_insight::scan_and_resolver
[INFO] [stdout]    3: cpp_include_insight::scan_and_graph
[INFO] [stdout]    4: cpp_include_insight::main
[INFO] [stdout]    5: std::sys::backtrace::__rust_begin_short_backtrace::<fn() -> core::result::Result<(), anyhow::Error>, core::result::Result<(), anyhow::Error>>
[INFO] [stdout]    6: std::rt::lang_start::<core::result::Result<(), anyhow::Error>>::{closure#0}
[INFO] [stdout]    7: std::rt::lang_start_internal
[INFO] [stdout]    8: main
[INFO] [stdout]    9: <unknown>
[INFO] [stdout]   10: __libc_start_main
[INFO] [stdout]   11: _start
[INFO] [stdout] 
[INFO] [stdout] stack backtrace:
[INFO] [stdout]    0:     0x5620ef8cd4a1 - <<std[617be2ca0a6fd877]::sys::backtrace::BacktraceLock>::print::DisplayBacktrace as core[a373ad73a504971]::fmt::Display>::fmt
[INFO] [stdout]    1:     0x5620ef8e242a - core[a373ad73a504971]::fmt::write
[INFO] [stdout]    2:     0x5620ef8d1b9c - <alloc[2e1b2a31b91974c5]::vec::Vec<u8> as core[a373ad73a504971]::io::write::Write>::write_fmt
[INFO] [stdout]    3:     0x5620ef8a6d06 - std[617be2ca0a6fd877]::panicking::default_hook::{closure#0}
[INFO] [stdout]    4:     0x5620ef8c3f19 - std[617be2ca0a6fd877]::panicking::default_hook
[INFO] [stdout]    5:     0x5620ef85a4b0 - test[aada8e7e76ba119b]::test_main_inner::{closure#0}
[INFO] [stdout]    6:     0x5620ef8c40d2 - std[617be2ca0a6fd877]::panicking::panic_with_hook
[INFO] [stdout]    7:     0x5620ef8a6db2 - std[617be2ca0a6fd877]::panicking::panic_handler::{closure#0}
[INFO] [stdout]    8:     0x5620ef89f779 - std[617be2ca0a6fd877]::sys::backtrace::__rust_end_short_backtrace::<std[617be2ca0a6fd877]::panicking::panic_handler::{closure#0}, !>
[INFO] [stdout]    9:     0x5620ef8a79bd - __rustc[ea4f61d10b84890b]::rust_begin_unwind
[INFO] [stdout]   10:     0x5620ef8e2b5c - core[a373ad73a504971]::panicking::panic_fmt
[INFO] [stdout]   11:     0x5620ef839318 - graph_json[37bb10c2c7f48b34]::run_cli_in
[INFO] [stdout]   12:     0x5620ef83cb46 - <graph_json[37bb10c2c7f48b34]::graph_json_reports_missing_includes::{closure#0} as core[a373ad73a504971]::ops::function::FnOnce<()>>::call_once
[INFO] [stdout]   13:     0x5620ef84d8fb - test[aada8e7e76ba119b]::__rust_begin_short_backtrace::<core[a373ad73a504971]::result::Result<(), alloc[2e1b2a31b91974c5]::string::String>, fn() -> core[a373ad73a504971]::result::Result<(), alloc[2e1b2a31b91974c5]::string::String>>
[INFO] [stdout]   14:     0x5620ef85aad5 - test[aada8e7e76ba119b]::run_test::{closure#0}
[INFO] [stdout]   15:     0x5620ef8543c4 - std[617be2ca0a6fd877]::sys::backtrace::__rust_begin_short_backtrace::<test[aada8e7e76ba119b]::run_test::{closure#1}, ()>
[INFO] [stdout]   16:     0x5620ef85db62 - <std[617be2ca0a6fd877]::thread::lifecycle::spawn_unchecked<test[aada8e7e76ba119b]::run_test::{closure#1}, ()>::{closure#1} as core[a373ad73a504971]::ops::function::FnOnce<()>>::call_once::{shim:vtable#0}
[INFO] [stdout]   17:     0x5620ef8cc6ff - <std[617be2ca0a6fd877]::sys::thread::unix::Thread>::new::thread_start
[INFO] [stdout]   18:     0x780cc9f0adfa - <unknown>
[INFO] [stdout]   19:     0x780cc9f9e3d4 - clone
[INFO] [stdout]   20:                0x0 - <unknown>
[INFO] [stdout] 
[INFO] [stdout] ---- include_insight_workflow_uses_full_checkout_and_comment_permissions stdout ----
[INFO] [stdout] 
[INFO] [stdout] thread 'include_insight_workflow_uses_full_checkout_and_comment_permissions' (718) panicked at tests/graph_json.rs:1415:54:
[INFO] [stdout] called `Result::unwrap()` on an `Err` value: Os { code: 2, kind: NotFound, message: "No such file or directory" }
[INFO] [stdout] stack backtrace:
[INFO] [stdout]    0:     0x5620ef8cd4a1 - <<std[617be2ca0a6fd877]::sys::backtrace::BacktraceLock>::print::DisplayBacktrace as core[a373ad73a504971]::fmt::Display>::fmt
[INFO] [stdout]    1:     0x5620ef8e242a - core[a373ad73a504971]::fmt::write
[INFO] [stdout]    2:     0x5620ef8d1b9c - <alloc[2e1b2a31b91974c5]::vec::Vec<u8> as core[a373ad73a504971]::io::write::Write>::write_fmt
[INFO] [stdout]    3:     0x5620ef8a6d06 - std[617be2ca0a6fd877]::panicking::default_hook::{closure#0}
[INFO] [stdout]    4:     0x5620ef8c3f19 - std[617be2ca0a6fd877]::panicking::default_hook
[INFO] [stdout]    5:     0x5620ef85a4b0 - test[aada8e7e76ba119b]::test_main_inner::{closure#0}
[INFO] [stdout]    6:     0x5620ef8c40d2 - std[617be2ca0a6fd877]::panicking::panic_with_hook
[INFO] [stdout]    7:     0x5620ef8a6db2 - std[617be2ca0a6fd877]::panicking::panic_handler::{closure#0}
[INFO] [stdout]    8:     0x5620ef89f779 - std[617be2ca0a6fd877]::sys::backtrace::__rust_end_short_backtrace::<std[617be2ca0a6fd877]::panicking::panic_handler::{closure#0}, !>
[INFO] [stdout]    9:     0x5620ef8a79bd - __rustc[ea4f61d10b84890b]::rust_begin_unwind
[INFO] [stdout]   10:     0x5620ef8e2b5c - core[a373ad73a504971]::panicking::panic_fmt
[INFO] [stdout]   11:     0x5620ef8e2932 - core[a373ad73a504971]::result::unwrap_failed
[INFO] [stdout]   12:     0x5620ef8458c8 - <graph_json[37bb10c2c7f48b34]::include_insight_workflow_uses_full_checkout_and_comment_permissions::{closure#0} as core[a373ad73a504971]::ops::function::FnOnce<()>>::call_once
[INFO] [stdout]   13:     0x5620ef84d8fb - test[aada8e7e76ba119b]::__rust_begin_short_backtrace::<core[a373ad73a504971]::result::Result<(), alloc[2e1b2a31b91974c5]::string::String>, fn() -> core[a373ad73a504971]::result::Result<(), alloc[2e1b2a31b91974c5]::string::String>>
[INFO] [stdout]   14:     0x5620ef85aad5 - test[aada8e7e76ba119b]::run_test::{closure#0}
[INFO] [stdout]   15:     0x5620ef8543c4 - std[617be2ca0a6fd877]::sys::backtrace::__rust_begin_short_backtrace::<test[aada8e7e76ba119b]::run_test::{closure#1}, ()>
[INFO] [stdout]   16:     0x5620ef85db62 - <std[617be2ca0a6fd877]::thread::lifecycle::spawn_unchecked<test[aada8e7e76ba119b]::run_test::{closure#1}, ()>::{closure#1} as core[a373ad73a504971]::ops::function::FnOnce<()>>::call_once::{shim:vtable#0}
[INFO] [stdout]   17:     0x5620ef8cc6ff - <std[617be2ca0a6fd877]::sys::thread::unix::Thread>::new::thread_start
[INFO] [stdout]   18:     0x780cc9f0adfa - <unknown>
[INFO] [stdout]   19:     0x780cc9f9e3d4 - clone
[INFO] [stdout]   20:                0x0 - <unknown>
[INFO] [stdout] 
[INFO] [stdout] ---- impact_reports_direct_transitive_and_translation_unit_dependants stdout ----
[INFO] [stdout] 
[INFO] [stdout] thread 'impact_reports_direct_transitive_and_translation_unit_dependants' (715) panicked at tests/graph_json.rs:26:35:
[INFO] [stdout] failed to run cpp-include-insight: Os { code: 2, kind: NotFound, message: "No such file or directory" }
[INFO] [stdout] stack backtrace:
[INFO] [stdout]    0:     0x5620ef8cd4a1 - <<std[617be2ca0a6fd877]::sys::backtrace::BacktraceLock>::print::DisplayBacktrace as core[a373ad73a504971]::fmt::Display>::fmt
[INFO] [stdout]    1:     0x5620ef8e242a - core[a373ad73a504971]::fmt::write
[INFO] [stdout]    2:     0x5620ef8d1b9c - <alloc[2e1b2a31b91974c5]::vec::Vec<u8> as core[a373ad73a504971]::io::write::Write>::write_fmt
[INFO] [stdout]    3:     0x5620ef8a6d06 - std[617be2ca0a6fd877]::panicking::default_hook::{closure#0}
[INFO] [stdout]    4:     0x5620ef8c3f19 - std[617be2ca0a6fd877]::panicking::default_hook
[INFO] [stdout]    5:     0x5620ef85a4b0 - test[aada8e7e76ba119b]::test_main_inner::{closure#0}
[INFO] [stdout]    6:     0x5620ef8c40d2 - std[617be2ca0a6fd877]::panicking::panic_with_hook
[INFO] [stdout]    7:     0x5620ef8a6db2 - std[617be2ca0a6fd877]::panicking::panic_handler::{closure#0}
[INFO] [stdout]    8:     0x5620ef89f779 - std[617be2ca0a6fd877]::sys::backtrace::__rust_end_short_backtrace::<std[617be2ca0a6fd877]::panicking::panic_handler::{closure#0}, !>
[INFO] [stdout]    9:     0x5620ef8a79bd - __rustc[ea4f61d10b84890b]::rust_begin_unwind
[INFO] [stdout]   10:     0x5620ef8e2b5c - core[a373ad73a504971]::panicking::panic_fmt
[INFO] [stdout]   11:     0x5620ef8e2932 - core[a373ad73a504971]::result::unwrap_failed
[INFO] [stdout]   12:     0x5620ef839250 - graph_json[37bb10c2c7f48b34]::run_cli_in
[INFO] [stdout]   13:     0x5620ef84497c - <graph_json[37bb10c2c7f48b34]::impact_reports_direct_transitive_and_translation_unit_dependants::{closure#0} as core[a373ad73a504971]::ops::function::FnOnce<()>>::call_once
[INFO] [stdout]   14:     0x5620ef84d8fb - test[aada8e7e76ba119b]::__rust_begin_short_backtrace::<core[a373ad73a504971]::result::Result<(), alloc[2e1b2a31b91974c5]::string::String>, fn() -> core[a373ad73a504971]::result::Result<(), alloc[2e1b2a31b91974c5]::string::String>>
[INFO] [stdout]   15:     0x5620ef85aad5 - test[aada8e7e76ba119b]::run_test::{closure#0}
[INFO] [stdout]   16:     0x5620ef8543c4 - std[617be2ca0a6fd877]::sys::backtrace::__rust_begin_short_backtrace::<test[aada8e7e76ba119b]::run_test::{closure#1}, ()>
[INFO] [stdout]   17:     0x5620ef85db62 - <std[617be2ca0a6fd877]::thread::lifecycle::spawn_unchecked<test[aada8e7e76ba119b]::run_test::{closure#1}, ()>::{closure#1} as core[a373ad73a504971]::ops::function::FnOnce<()>>::call_once::{shim:vtable#0}
[INFO] [stdout]   18:     0x5620ef8cc6ff - <std[617be2ca0a6fd877]::sys::thread::unix::Thread>::new::thread_start
[INFO] [stdout]   19:     0x780cc9f0adfa - <unknown>
[INFO] [stdout]   20:     0x780cc9f9e3d4 - clone
[INFO] [stdout]   21:                0x0 - <unknown>
[INFO] [stdout] 
[INFO] [stdout] ---- diff_reports_new_cycles_without_repeating_unchanged_or_removed_cycles stdout ----
[INFO] [stdout] 
[INFO] [stdout] thread 'diff_reports_new_cycles_without_repeating_unchanged_or_removed_cycles' (681) panicked at tests/graph_json.rs:28:5:
[INFO] [stdout] command failed
[INFO] [stdout] status: exit status: 1
[INFO] [stdout] stdout:
[INFO] [stdout] 
[INFO] [stdout] stderr:
[INFO] [stdout] Error: failed to read snapshot /opt/rustwide/workdir/../../tests/fixtures/snapshot-cycle-diff/old.json
[INFO] [stdout] 
[INFO] [stdout] Caused by:
[INFO] [stdout]     No such file or directory (os error 2)
[INFO] [stdout] 
[INFO] [stdout] Stack backtrace:
[INFO] [stdout]    0: <core::io::error::Error as anyhow::context::ext::StdError>::ext_context::<alloc::string::String>
[INFO] [stdout]    1: cpp_include_insight_core::output::diff::load_include_graph_snapshot::<&alloc::string::String>
[INFO] [stdout]    2: cpp_include_insight::main
[INFO] [stdout]    3: std::sys::backtrace::__rust_begin_short_backtrace::<fn() -> core::result::Result<(), anyhow::Error>, core::result::Result<(), anyhow::Error>>
[INFO] [stdout]    4: std::rt::lang_start::<core::result::Result<(), anyhow::Error>>::{closure#0}
[INFO] [stdout]    5: std::rt::lang_start_internal
[INFO] [stdout]    6: main
[INFO] [stdout]    7: <unknown>
[INFO] [stdout]    8: __libc_start_main
[INFO] [stdout]    9: _start
[INFO] [stdout] 
[INFO] [stdout] stack backtrace:
[INFO] [stdout]    0:     0x5620ef8cd4a1 - <<std[617be2ca0a6fd877]::sys::backtrace::BacktraceLock>::print::DisplayBacktrace as core[a373ad73a504971]::fmt::Display>::fmt
[INFO] [stdout]    1:     0x5620ef8e242a - core[a373ad73a504971]::fmt::write
[INFO] [stdout]    2:     0x5620ef8d1b9c - <alloc[2e1b2a31b91974c5]::vec::Vec<u8> as core[a373ad73a504971]::io::write::Write>::write_fmt
[INFO] [stdout]    3:     0x5620ef8a6d06 - std[617be2ca0a6fd877]::panicking::default_hook::{closure#0}
[INFO] [stdout]    4:     0x5620ef8c3f19 - std[617be2ca0a6fd877]::panicking::default_hook
[INFO] [stdout]    5:     0x5620ef85a4b0 - test[aada8e7e76ba119b]::test_main_inner::{closure#0}
[INFO] [stdout]    6:     0x5620ef8c40d2 - std[617be2ca0a6fd877]::panicking::panic_with_hook
[INFO] [stdout]    7:     0x5620ef8a6db2 - std[617be2ca0a6fd877]::panicking::panic_handler::{closure#0}
[INFO] [stdout]    8:     0x5620ef89f779 - std[617be2ca0a6fd877]::sys::backtrace::__rust_end_short_backtrace::<std[617be2ca0a6fd877]::panicking::panic_handler::{closure#0}, !>
[INFO] [stdout]    9:     0x5620ef8a79bd - __rustc[ea4f61d10b84890b]::rust_begin_unwind
[INFO] [stdout]   10:     0x5620ef8e2b5c - core[a373ad73a504971]::panicking::panic_fmt
[INFO] [stdout]   11:     0x5620ef839318 - graph_json[37bb10c2c7f48b34]::run_cli_in
[INFO] [stdout]   12:     0x5620ef845b24 - <graph_json[37bb10c2c7f48b34]::diff_reports_new_cycles_without_repeating_unchanged_or_removed_cycles::{closure#0} as core[a373ad73a504971]::ops::function::FnOnce<()>>::call_once
[INFO] [stdout]   13:     0x5620ef84d8fb - test[aada8e7e76ba119b]::__rust_begin_short_backtrace::<core[a373ad73a504971]::result::Result<(), alloc[2e1b2a31b91974c5]::string::String>, fn() -> core[a373ad73a504971]::result::Result<(), alloc[2e1b2a31b91974c5]::string::String>>
[INFO] [stdout]   14:     0x5620ef85aad5 - test[aada8e7e76ba119b]::run_test::{closure#0}
[INFO] [stdout]   15:     0x5620ef8543c4 - std[617be2ca0a6fd877]::sys::backtrace::__rust_begin_short_backtrace::<test[aada8e7e76ba119b]::run_test::{closure#1}, ()>
[INFO] [stdout]   16:     0x5620ef85db62 - <std[617be2ca0a6fd877]::thread::lifecycle::spawn_unchecked<test[aada8e7e76ba119b]::run_test::{closure#1}, ()>::{closure#1} as core[a373ad73a504971]::ops::function::FnOnce<()>>::call_once::{shim:vtable#0}
[INFO] [stdout]   17:     0x5620ef8cc6ff - <std[617be2ca0a6fd877]::sys::thread::unix::Thread>::new::thread_start
[INFO] [stdout]   18:     0x780cc9f0adfa - <unknown>
[INFO] [stdout]   19:     0x780cc9f9e3d4 - clone
[INFO] [stdout]   20:                0x0 - <unknown>
[INFO] [stdout] 
[INFO] [stdout] ---- diff_fail_on_new_cycle_exits_with_failure stdout ----
[INFO] [stdout] 
[INFO] [stdout] thread 'diff_fail_on_new_cycle_exits_with_failure' (678) panicked at tests/graph_json.rs:1127:5:
[INFO] [stdout] assertion failed: stdout.contains("New include cycles (1):")
[INFO] [stdout] stack backtrace:
[INFO] [stdout]    0:     0x5620ef8cd4a1 - <<std[617be2ca0a6fd877]::sys::backtrace::BacktraceLock>::print::DisplayBacktrace as core[a373ad73a504971]::fmt::Display>::fmt
[INFO] [stdout]    1:     0x5620ef8e242a - core[a373ad73a504971]::fmt::write
[INFO] [stdout]    2:     0x5620ef8d1b9c - <alloc[2e1b2a31b91974c5]::vec::Vec<u8> as core[a373ad73a504971]::io::write::Write>::write_fmt
[INFO] [stdout]    3:     0x5620ef8a6d06 - std[617be2ca0a6fd877]::panicking::default_hook::{closure#0}
[INFO] [stdout]    4:     0x5620ef8c3f19 - std[617be2ca0a6fd877]::panicking::default_hook
[INFO] [stdout]    5:     0x5620ef85a4b0 - test[aada8e7e76ba119b]::test_main_inner::{closure#0}
[INFO] [stdout]    6:     0x5620ef8c40d2 - std[617be2ca0a6fd877]::panicking::panic_with_hook
[INFO] [stdout]    7:     0x5620ef8a6de4 - std[617be2ca0a6fd877]::panicking::panic_handler::{closure#0}
[INFO] [stdout]    8:     0x5620ef89f779 - std[617be2ca0a6fd877]::sys::backtrace::__rust_end_short_backtrace::<std[617be2ca0a6fd877]::panicking::panic_handler::{closure#0}, !>
[INFO] [stdout]    9:     0x5620ef8a79bd - __rustc[ea4f61d10b84890b]::rust_begin_unwind
[INFO] [stdout]   10:     0x5620ef8e2b5c - core[a373ad73a504971]::panicking::panic_fmt
[INFO] [stdout]   11:     0x5620ef8e2b22 - core[a373ad73a504971]::panicking::panic
[INFO] [stdout]   12:     0x5620ef83e03e - <graph_json[37bb10c2c7f48b34]::diff_fail_on_new_cycle_exits_with_failure::{closure#0} as core[a373ad73a504971]::ops::function::FnOnce<()>>::call_once
[INFO] [stdout]   13:     0x5620ef84d8fb - test[aada8e7e76ba119b]::__rust_begin_short_backtrace::<core[a373ad73a504971]::result::Result<(), alloc[2e1b2a31b91974c5]::string::String>, fn() -> core[a373ad73a504971]::result::Result<(), alloc[2e1b2a31b91974c5]::string::String>>
[INFO] [stdout]   14:     0x5620ef85aad5 - test[aada8e7e76ba119b]::run_test::{closure#0}
[INFO] [stdout]   15:     0x5620ef8543c4 - std[617be2ca0a6fd877]::sys::backtrace::__rust_begin_short_backtrace::<test[aada8e7e76ba119b]::run_test::{closure#1}, ()>
[INFO] [stdout]   16:     0x5620ef85db62 - <std[617be2ca0a6fd877]::thread::lifecycle::spawn_unchecked<test[aada8e7e76ba119b]::run_test::{closure#1}, ()>::{closure#1} as core[a373ad73a504971]::ops::function::FnOnce<()>>::call_once::{shim:vtable#0}
[INFO] [stdout]   17:     0x5620ef8cc6ff - <std[617be2ca0a6fd877]::sys::thread::unix::Thread>::new::thread_start
[INFO] [stdout]   18:     0x780cc9f0adfa - <unknown>
[INFO] [stdout]   19:     0x780cc9f9e3d4 - clone
[INFO] [stdout]   20:                0x0 - <unknown>
[INFO] [stdout] 
[INFO] [stdout] ---- rtree_marks_cycles_without_recursing_forever stdout ----
[INFO] [stdout] 
[INFO] [stdout] thread 'rtree_marks_cycles_without_recursing_forever' (725) panicked at tests/graph_json.rs:26:35:
[INFO] [stdout] failed to run cpp-include-insight: Os { code: 2, kind: NotFound, message: "No such file or directory" }
[INFO] [stdout] stack backtrace:
[INFO] [stdout]    0:     0x5620ef8cd4a1 - <<std[617be2ca0a6fd877]::sys::backtrace::BacktraceLock>::print::DisplayBacktrace as core[a373ad73a504971]::fmt::Display>::fmt
[INFO] [stdout]    1:     0x5620ef8e242a - core[a373ad73a504971]::fmt::write
[INFO] [stdout]    2:     0x5620ef8d1b9c - <alloc[2e1b2a31b91974c5]::vec::Vec<u8> as core[a373ad73a504971]::io::write::Write>::write_fmt
[INFO] [stdout]    3:     0x5620ef8a6d06 - std[617be2ca0a6fd877]::panicking::default_hook::{closure#0}
[INFO] [stdout]    4:     0x5620ef8c3f19 - std[617be2ca0a6fd877]::panicking::default_hook
[INFO] [stdout]    5:     0x5620ef85a4b0 - test[aada8e7e76ba119b]::test_main_inner::{closure#0}
[INFO] [stdout]    6:     0x5620ef8c40d2 - std[617be2ca0a6fd877]::panicking::panic_with_hook
[INFO] [stdout]    7:     0x5620ef8a6db2 - std[617be2ca0a6fd877]::panicking::panic_handler::{closure#0}
[INFO] [stdout]    8:     0x5620ef89f779 - std[617be2ca0a6fd877]::sys::backtrace::__rust_end_short_backtrace::<std[617be2ca0a6fd877]::panicking::panic_handler::{closure#0}, !>
[INFO] [stdout]    9:     0x5620ef8a79bd - __rustc[ea4f61d10b84890b]::rust_begin_unwind
[INFO] [stdout]   10:     0x5620ef8e2b5c - core[a373ad73a504971]::panicking::panic_fmt
[INFO] [stdout]   11:     0x5620ef8e2932 - core[a373ad73a504971]::result::unwrap_failed
[INFO] [stdout]   12:     0x5620ef839250 - graph_json[37bb10c2c7f48b34]::run_cli_in
[INFO] [stdout]   13:     0x5620ef83ebec - <graph_json[37bb10c2c7f48b34]::rtree_marks_cycles_without_recursing_forever::{closure#0} as core[a373ad73a504971]::ops::function::FnOnce<()>>::call_once
[INFO] [stdout]   14:     0x5620ef84d8fb - test[aada8e7e76ba119b]::__rust_begin_short_backtrace::<core[a373ad73a504971]::result::Result<(), alloc[2e1b2a31b91974c5]::string::String>, fn() -> core[a373ad73a504971]::result::Result<(), alloc[2e1b2a31b91974c5]::string::String>>
[INFO] [stdout]   15:     0x5620ef85aad5 - test[aada8e7e76ba119b]::run_test::{closure#0}
[INFO] [stdout]   16:     0x5620ef8543c4 - std[617be2ca0a6fd877]::sys::backtrace::__rust_begin_short_backtrace::<test[aada8e7e76ba119b]::run_test::{closure#1}, ()>
[INFO] [stdout]   17:     0x5620ef85db62 - <std[617be2ca0a6fd877]::thread::lifecycle::spawn_unchecked<test[aada8e7e76ba119b]::run_test::{closure#1}, ()>::{closure#1} as core[a373ad73a504971]::ops::function::FnOnce<()>>::call_once::{shim:vtable#0}
[INFO] [stdout]   18:     0x5620ef8cc6ff - <std[617be2ca0a6fd877]::sys::thread::unix::Thread>::new::thread_start
[INFO] [stdout]   19:     0x780cc9f0adfa - <unknown>
[INFO] [stdout]   20:     0x780cc9f9e3d4 - clone
[INFO] [stdout]   21:                0x0 - <unknown>
[INFO] [stdout] 
[INFO] [stdout] ---- rtree_outputs_transitive_dependants stdout ----
[INFO] [stdout] 
[INFO] [stdout] thread 'rtree_outputs_transitive_dependants' (728) panicked at tests/graph_json.rs:26:35:
[INFO] [stdout] failed to run cpp-include-insight: Os { code: 2, kind: NotFound, message: "No such file or directory" }
[INFO] [stdout] stack backtrace:
[INFO] [stdout]    0:     0x5620ef8cd4a1 - <<std[617be2ca0a6fd877]::sys::backtrace::BacktraceLock>::print::DisplayBacktrace as core[a373ad73a504971]::fmt::Display>::fmt
[INFO] [stdout]    1:     0x5620ef8e242a - core[a373ad73a504971]::fmt::write
[INFO] [stdout]    2:     0x5620ef8d1b9c - <alloc[2e1b2a31b91974c5]::vec::Vec<u8> as core[a373ad73a504971]::io::write::Write>::write_fmt
[INFO] [stdout]    3:     0x5620ef8a6d06 - std[617be2ca0a6fd877]::panicking::default_hook::{closure#0}
[INFO] [stdout]    4:     0x5620ef8c3f19 - std[617be2ca0a6fd877]::panicking::default_hook
[INFO] [stdout]    5:     0x5620ef85a4b0 - test[aada8e7e76ba119b]::test_main_inner::{closure#0}
[INFO] [stdout]    6:     0x5620ef8c40d2 - std[617be2ca0a6fd877]::panicking::panic_with_hook
[INFO] [stdout]    7:     0x5620ef8a6db2 - std[617be2ca0a6fd877]::panicking::panic_handler::{closure#0}
[INFO] [stdout]    8:     0x5620ef89f779 - std[617be2ca0a6fd877]::sys::backtrace::__rust_end_short_backtrace::<std[617be2ca0a6fd877]::panicking::panic_handler::{closure#0}, !>
[INFO] [stdout]    9:     0x5620ef8a79bd - __rustc[ea4f61d10b84890b]::rust_begin_unwind
[INFO] [stdout]   10:     0x5620ef8e2b5c - core[a373ad73a504971]::panicking::panic_fmt
[INFO] [stdout]   11:     0x5620ef8e2932 - core[a373ad73a504971]::result::unwrap_failed
[INFO] [stdout]   12:     0x5620ef839250 - graph_json[37bb10c2c7f48b34]::run_cli_in
[INFO] [stdout]   13:     0x5620ef83d11c - <graph_json[37bb10c2c7f48b34]::rtree_outputs_transitive_dependants::{closure#0} as core[a373ad73a504971]::ops::function::FnOnce<()>>::call_once
[INFO] [stdout]   14:     0x5620ef84d8fb - test[aada8e7e76ba119b]::__rust_begin_short_backtrace::<core[a373ad73a504971]::result::Result<(), alloc[2e1b2a31b91974c5]::string::String>, fn() -> core[a373ad73a504971]::result::Result<(), alloc[2e1b2a31b91974c5]::string::String>>
[INFO] [stdout]   15:     0x5620ef85aad5 - test[aada8e7e76ba119b]::run_test::{closure#0}
[INFO] [stdout]   16:     0x5620ef8543c4 - std[617be2ca0a6fd877]::sys::backtrace::__rust_begin_short_backtrace::<test[aada8e7e76ba119b]::run_test::{closure#1}, ()>
[INFO] [stdout]   17:     0x5620ef85db62 - <std[617be2ca0a6fd877]::thread::lifecycle::spawn_unchecked<test[aada8e7e76ba119b]::run_test::{closure#1}, ()>::{closure#1} as core[a373ad73a504971]::ops::function::FnOnce<()>>::call_once::{shim:vtable#0}
[INFO] [stdout]   18:     0x5620ef8cc6ff - <std[617be2ca0a6fd877]::sys::thread::unix::Thread>::new::thread_start
[INFO] [stdout]   19:     0x780cc9f0adfa - <unknown>
[INFO] [stdout]   20:     0x780cc9f9e3d4 - clone
[INFO] [stdout]   21:                0x0 - <unknown>
[INFO] [stdout] 
[INFO] [stdout] ---- rtree_outputs_direct_dependants stdout ----
[INFO] [stdout] 
[INFO] [stdout] thread 'rtree_outputs_direct_dependants' (727) panicked at tests/graph_json.rs:26:35:
[INFO] [stdout] failed to run cpp-include-insight: Os { code: 2, kind: NotFound, message: "No such file or directory" }
[INFO] [stdout] stack backtrace:
[INFO] [stdout]    0:     0x5620ef8cd4a1 - <<std[617be2ca0a6fd877]::sys::backtrace::BacktraceLock>::print::DisplayBacktrace as core[a373ad73a504971]::fmt::Display>::fmt
[INFO] [stdout]    1:     0x5620ef8e242a - core[a373ad73a504971]::fmt::write
[INFO] [stdout]    2:     0x5620ef8d1b9c - <alloc[2e1b2a31b91974c5]::vec::Vec<u8> as core[a373ad73a504971]::io::write::Write>::write_fmt
[INFO] [stdout]    3:     0x5620ef8a6d06 - std[617be2ca0a6fd877]::panicking::default_hook::{closure#0}
[INFO] [stdout]    4:     0x5620ef8c3f19 - std[617be2ca0a6fd877]::panicking::default_hook
[INFO] [stdout]    5:     0x5620ef85a4b0 - test[aada8e7e76ba119b]::test_main_inner::{closure#0}
[INFO] [stdout]    6:     0x5620ef8c40d2 - std[617be2ca0a6fd877]::panicking::panic_with_hook
[INFO] [stdout]    7:     0x5620ef8a6db2 - std[617be2ca0a6fd877]::panicking::panic_handler::{closure#0}
[INFO] [stdout]    8:     0x5620ef89f779 - std[617be2ca0a6fd877]::sys::backtrace::__rust_end_short_backtrace::<std[617be2ca0a6fd877]::panicking::panic_handler::{closure#0}, !>
[INFO] [stdout]    9:     0x5620ef8a79bd - __rustc[ea4f61d10b84890b]::rust_begin_unwind
[INFO] [stdout]   10:     0x5620ef8e2b5c - core[a373ad73a504971]::panicking::panic_fmt
[INFO] [stdout]   11:     0x5620ef8e2932 - core[a373ad73a504971]::result::unwrap_failed
[INFO] [stdout]   12:     0x5620ef839250 - graph_json[37bb10c2c7f48b34]::run_cli_in
[INFO] [stdout]   13:     0x5620ef83c50c - <graph_json[37bb10c2c7f48b34]::rtree_outputs_direct_dependants::{closure#0} as core[a373ad73a504971]::ops::function::FnOnce<()>>::call_once
[INFO] [stdout]   14:     0x5620ef84d8fb - test[aada8e7e76ba119b]::__rust_begin_short_backtrace::<core[a373ad73a504971]::result::Result<(), alloc[2e1b2a31b91974c5]::string::String>, fn() -> core[a373ad73a504971]::result::Result<(), alloc[2e1b2a31b91974c5]::string::String>>
[INFO] [stdout]   15:     0x5620ef85aad5 - test[aada8e7e76ba119b]::run_test::{closure#0}
[INFO] [stdout]   16:     0x5620ef8543c4 - std[617be2ca0a6fd877]::sys::backtrace::__rust_begin_short_backtrace::<test[aada8e7e76ba119b]::run_test::{closure#1}, ()>
[INFO] [stdout]   17:     0x5620ef85db62 - <std[617be2ca0a6fd877]::thread::lifecycle::spawn_unchecked<test[aada8e7e76ba119b]::run_test::{closure#1}, ()>::{closure#1} as core[a373ad73a504971]::ops::function::FnOnce<()>>::call_once::{shim:vtable#0}
[INFO] [stdout]   18:     0x5620ef8cc6ff - <std[617be2ca0a6fd877]::sys::thread::unix::Thread>::new::thread_start
[INFO] [stdout]   19:     0x780cc9f0adfa - <unknown>
[INFO] [stdout]   20:     0x780cc9f9e3d4 - clone
[INFO] [stdout]   21:                0x0 - <unknown>
[INFO] [stdout] 
[INFO] [stdout] ---- rtree_marks_repeated_nodes stdout ----
[INFO] [stdout] 
[INFO] [stdout] thread 'rtree_marks_repeated_nodes' (726) panicked at tests/graph_json.rs:26:35:
[INFO] [stdout] failed to run cpp-include-insight: Os { code: 2, kind: NotFound, message: "No such file or directory" }
[INFO] [stdout] stack backtrace:
[INFO] [stdout]    0:     0x5620ef8cd4a1 - <<std[617be2ca0a6fd877]::sys::backtrace::BacktraceLock>::print::DisplayBacktrace as core[a373ad73a504971]::fmt::Display>::fmt
[INFO] [stdout]    1:     0x5620ef8e242a - core[a373ad73a504971]::fmt::write
[INFO] [stdout]    2:     0x5620ef8d1b9c - <alloc[2e1b2a31b91974c5]::vec::Vec<u8> as core[a373ad73a504971]::io::write::Write>::write_fmt
[INFO] [stdout]    3:     0x5620ef8a6d06 - std[617be2ca0a6fd877]::panicking::default_hook::{closure#0}
[INFO] [stdout]    4:     0x5620ef8c3f19 - std[617be2ca0a6fd877]::panicking::default_hook
[INFO] [stdout]    5:     0x5620ef85a4b0 - test[aada8e7e76ba119b]::test_main_inner::{closure#0}
[INFO] [stdout]    6:     0x5620ef8c40d2 - std[617be2ca0a6fd877]::panicking::panic_with_hook
[INFO] [stdout]    7:     0x5620ef8a6db2 - std[617be2ca0a6fd877]::panicking::panic_handler::{closure#0}
[INFO] [stdout]    8:     0x5620ef89f779 - std[617be2ca0a6fd877]::sys::backtrace::__rust_end_short_backtrace::<std[617be2ca0a6fd877]::panicking::panic_handler::{closure#0}, !>
[INFO] [stdout]    9:     0x5620ef8a79bd - __rustc[ea4f61d10b84890b]::rust_begin_unwind
[INFO] [stdout]   10:     0x5620ef8e2b5c - core[a373ad73a504971]::panicking::panic_fmt
[INFO] [stdout]   11:     0x5620ef8e2932 - core[a373ad73a504971]::result::unwrap_failed
[INFO] [stdout]   12:     0x5620ef839250 - graph_json[37bb10c2c7f48b34]::run_cli_in
[INFO] [stdout]   13:     0x5620ef83bd0c - <graph_json[37bb10c2c7f48b34]::rtree_marks_repeated_nodes::{closure#0} as core[a373ad73a504971]::ops::function::FnOnce<()>>::call_once
[INFO] [stdout]   14:     0x5620ef84d8fb - test[aada8e7e76ba119b]::__rust_begin_short_backtrace::<core[a373ad73a504971]::result::Result<(), alloc[2e1b2a31b91974c5]::string::String>, fn() -> core[a373ad73a504971]::result::Result<(), alloc[2e1b2a31b91974c5]::string::String>>
[INFO] [stdout]   15:     0x5620ef85aad5 - test[aada8e7e76ba119b]::run_test::{closure#0}
[INFO] [stdout]   16:     0x5620ef8543c4 - std[617be2ca0a6fd877]::sys::backtrace::__rust_begin_short_backtrace::<test[aada8e7e76ba119b]::run_test::{closure#1}, ()>
[INFO] [stdout]   17:     0x5620ef85db62 - <std[617be2ca0a6fd877]::thread::lifecycle::spawn_unchecked<test[aada8e7e76ba119b]::run_test::{closure#1}, ()>::{closure#1} as core[a373ad73a504971]::ops::function::FnOnce<()>>::call_once::{shim:vtable#0}
[INFO] [stdout]   18:     0x5620ef8cc6ff - <std[617be2ca0a6fd877]::sys::thread::unix::Thread>::new::thread_start
[INFO] [stdout]   19:     0x780cc9f0adfa - <unknown>
[INFO] [stdout]   20:     0x780cc9f9e3d4 - clone
[INFO] [stdout]   21:                0x0 - <unknown>
[INFO] [stdout] 
[INFO] [stdout] ---- tree_marks_cycles_without_recursing_forever stdout ----
[INFO] [stdout] 
[INFO] [stdout] thread 'tree_marks_cycles_without_recursing_forever' (754) panicked at tests/graph_json.rs:26:35:
[INFO] [stdout] failed to run cpp-include-insight: Os { code: 2, kind: NotFound, message: "No such file or directory" }
[INFO] [stdout] stack backtrace:
[INFO] [stdout]    0:     0x5620ef8cd4a1 - <<std[617be2ca0a6fd877]::sys::backtrace::BacktraceLock>::print::DisplayBacktrace as core[a373ad73a504971]::fmt::Display>::fmt
[INFO] [stdout]    1:     0x5620ef8e242a - core[a373ad73a504971]::fmt::write
[INFO] [stdout]    2:     0x5620ef8d1b9c - <alloc[2e1b2a31b91974c5]::vec::Vec<u8> as core[a373ad73a504971]::io::write::Write>::write_fmt
[INFO] [stdout]    3:     0x5620ef8a6d06 - std[617be2ca0a6fd877]::panicking::default_hook::{closure#0}
[INFO] [stdout]    4:     0x5620ef8c3f19 - std[617be2ca0a6fd877]::panicking::default_hook
[INFO] [stdout]    5:     0x5620ef85a4b0 - test[aada8e7e76ba119b]::test_main_inner::{closure#0}
[INFO] [stdout]    6:     0x5620ef8c40d2 - std[617be2ca0a6fd877]::panicking::panic_with_hook
[INFO] [stdout]    7:     0x5620ef8a6db2 - std[617be2ca0a6fd877]::panicking::panic_handler::{closure#0}
[INFO] [stdout]    8:     0x5620ef89f779 - std[617be2ca0a6fd877]::sys::backtrace::__rust_end_short_backtrace::<std[617be2ca0a6fd877]::panicking::panic_handler::{closure#0}, !>
[INFO] [stdout]    9:     0x5620ef8a79bd - __rustc[ea4f61d10b84890b]::rust_begin_unwind
[INFO] [stdout]   10:     0x5620ef8e2b5c - core[a373ad73a504971]::panicking::panic_fmt
[INFO] [stdout]   11:     0x5620ef8e2932 - core[a373ad73a504971]::result::unwrap_failed
[INFO] [stdout]   12:     0x5620ef839250 - graph_json[37bb10c2c7f48b34]::run_cli_in
[INFO] [stdout]   13:     0x5620ef83e2fc - <graph_json[37bb10c2c7f48b34]::tree_marks_cycles_without_recursing_forever::{closure#0} as core[a373ad73a504971]::ops::function::FnOnce<()>>::call_once
[INFO] [stdout]   14:     0x5620ef84d8fb - test[aada8e7e76ba119b]::__rust_begin_short_backtrace::<core[a373ad73a504971]::result::Result<(), alloc[2e1b2a31b91974c5]::string::String>, fn() -> core[a373ad73a504971]::result::Result<(), alloc[2e1b2a31b91974c5]::string::String>>
[INFO] [stdout]   15:     0x5620ef85aad5 - test[aada8e7e76ba119b]::run_test::{closure#0}
[INFO] [stdout]   16:     0x5620ef8543c4 - std[617be2ca0a6fd877]::sys::backtrace::__rust_begin_short_backtrace::<test[aada8e7e76ba119b]::run_test::{closure#1}, ()>
[INFO] [stdout]   17:     0x5620ef85db62 - <std[617be2ca0a6fd877]::thread::lifecycle::spawn_unchecked<test[aada8e7e76ba119b]::run_test::{closure#1}, ()>::{closure#1} as core[a373ad73a504971]::ops::function::FnOnce<()>>::call_once::{shim:vtable#0}
[INFO] [stdout]   18:     0x5620ef8cc6ff - <std[617be2ca0a6fd877]::sys::thread::unix::Thread>::new::thread_start
[INFO] [stdout]   19:     0x780cc9f0adfa - <unknown>
[INFO] [stdout]   20:     0x780cc9f9e3d4 - clone
[INFO] [stdout]   21:                0x0 - <unknown>
[INFO] [stdout] 
[INFO] [stdout] ---- graph_mermaid_includes_external_includes_by_default stdout ----
[INFO] [stdout] 
[INFO] [stdout] thread 'graph_mermaid_includes_external_includes_by_default' (705) panicked at tests/graph_json.rs:26:35:
[INFO] [stdout] failed to run cpp-include-insight: Os { code: 2, kind: NotFound, message: "No such file or directory" }
[INFO] [stdout] stack backtrace:
[INFO] [stdout]    0:     0x5620ef8cd4a1 - <<std[617be2ca0a6fd877]::sys::backtrace::BacktraceLock>::print::DisplayBacktrace as core[a373ad73a504971]::fmt::Display>::fmt
[INFO] [stdout]    1:     0x5620ef8e242a - core[a373ad73a504971]::fmt::write
[INFO] [stdout]    2:     0x5620ef8d1b9c - <alloc[2e1b2a31b91974c5]::vec::Vec<u8> as core[a373ad73a504971]::io::write::Write>::write_fmt
[INFO] [stdout]    3:     0x5620ef8a6d06 - std[617be2ca0a6fd877]::panicking::default_hook::{closure#0}
[INFO] [stdout]    4:     0x5620ef8c3f19 - std[617be2ca0a6fd877]::panicking::default_hook
[INFO] [stdout]    5:     0x5620ef85a4b0 - test[aada8e7e76ba119b]::test_main_inner::{closure#0}
[INFO] [stdout]    6:     0x5620ef8c40d2 - std[617be2ca0a6fd877]::panicking::panic_with_hook
[INFO] [stdout]    7:     0x5620ef8a6db2 - std[617be2ca0a6fd877]::panicking::panic_handler::{closure#0}
[INFO] [stdout]    8:     0x5620ef89f779 - std[617be2ca0a6fd877]::sys::backtrace::__rust_end_short_backtrace::<std[617be2ca0a6fd877]::panicking::panic_handler::{closure#0}, !>
[INFO] [stdout]    9:     0x5620ef8a79bd - __rustc[ea4f61d10b84890b]::rust_begin_unwind
[INFO] [stdout]   10:     0x5620ef8e2b5c - core[a373ad73a504971]::panicking::panic_fmt
[INFO] [stdout]   11:     0x5620ef8e2932 - core[a373ad73a504971]::result::unwrap_failed
[INFO] [stdout]   12:     0x5620ef839250 - graph_json[37bb10c2c7f48b34]::run_cli_in
[INFO] [stdout]   13:     0x5620ef840ff3 - <graph_json[37bb10c2c7f48b34]::graph_mermaid_includes_external_includes_by_default::{closure#0} as core[a373ad73a504971]::ops::function::FnOnce<()>>::call_once
[INFO] [stdout]   14:     0x5620ef84d8fb - test[aada8e7e76ba119b]::__rust_begin_short_backtrace::<core[a373ad73a504971]::result::Result<(), alloc[2e1b2a31b91974c5]::string::String>, fn() -> core[a373ad73a504971]::result::Result<(), alloc[2e1b2a31b91974c5]::string::String>>
[INFO] [stdout]   15:     0x5620ef85aad5 - test[aada8e7e76ba119b]::run_test::{closure#0}
[INFO] [stdout]   16:     0x5620ef8543c4 - std[617be2ca0a6fd877]::sys::backtrace::__rust_begin_short_backtrace::<test[aada8e7e76ba119b]::run_test::{closure#1}, ()>
[INFO] [stdout]   17:     0x5620ef85db62 - <std[617be2ca0a6fd877]::thread::lifecycle::spawn_unchecked<test[aada8e7e76ba119b]::run_test::{closure#1}, ()>::{closure#1} as core[a373ad73a504971]::ops::function::FnOnce<()>>::call_once::{shim:vtable#0}
[INFO] [stdout]   18:     0x5620ef8cc6ff - <std[617be2ca0a6fd877]::sys::thread::unix::Thread>::new::thread_start
[INFO] [stdout]   19:     0x780cc9f0adfa - <unknown>
[INFO] [stdout]   20:     0x780cc9f9e3d4 - clone
[INFO] [stdout]   21:                0x0 - <unknown>
[INFO] [stdout] 
[INFO] [stdout] ---- ci_fails_on_new_cycle stdout ----
[INFO] [stdout] 
[INFO] [stdout] thread 'ci_fails_on_new_cycle' (672) panicked at tests/graph_json.rs:114:37:
[INFO] [stdout] called `Result::unwrap()` on an `Err` value: Os { code: 2, kind: NotFound, message: "No such file or directory" }
[INFO] [stdout] stack backtrace:
[INFO] [stdout]    0:     0x5620ef8cd4a1 - <<std[617be2ca0a6fd877]::sys::backtrace::BacktraceLock>::print::DisplayBacktrace as core[a373ad73a504971]::fmt::Display>::fmt
[INFO] [stdout]    1:     0x5620ef8e242a - core[a373ad73a504971]::fmt::write
[INFO] [stdout]    2:     0x5620ef8d1b9c - <alloc[2e1b2a31b91974c5]::vec::Vec<u8> as core[a373ad73a504971]::io::write::Write>::write_fmt
[INFO] [stdout]    3:     0x5620ef8a6d06 - std[617be2ca0a6fd877]::panicking::default_hook::{closure#0}
[INFO] [stdout]    4:     0x5620ef8c3f19 - std[617be2ca0a6fd877]::panicking::default_hook
[INFO] [stdout]    5:     0x5620ef85a4b0 - test[aada8e7e76ba119b]::test_main_inner::{closure#0}
[INFO] [stdout]    6:     0x5620ef8c40d2 - std[617be2ca0a6fd877]::panicking::panic_with_hook
[INFO] [stdout]    7:     0x5620ef8a6db2 - std[617be2ca0a6fd877]::panicking::panic_handler::{closure#0}
[INFO] [stdout]    8:     0x5620ef89f779 - std[617be2ca0a6fd877]::sys::backtrace::__rust_end_short_backtrace::<std[617be2ca0a6fd877]::panicking::panic_handler::{closure#0}, !>
[INFO] [stdout]    9:     0x5620ef8a79bd - __rustc[ea4f61d10b84890b]::rust_begin_unwind
[INFO] [stdout]   10:     0x5620ef8e2b5c - core[a373ad73a504971]::panicking::panic_fmt
[INFO] [stdout]   11:     0x5620ef8e2932 - core[a373ad73a504971]::result::unwrap_failed
[INFO] [stdout]   12:     0x5620ef839754 - graph_json[37bb10c2c7f48b34]::copy_fixture_tree
[INFO] [stdout]   13:     0x5620ef839e55 - graph_json[37bb10c2c7f48b34]::replace_worktree_with_fixture
[INFO] [stdout]   14:     0x5620ef83a138 - graph_json[37bb10c2c7f48b34]::init_git_repo_with_fixture_pair
[INFO] [stdout]   15:     0x5620ef83b5d7 - <graph_json[37bb10c2c7f48b34]::ci_fails_on_new_cycle::{closure#0} as core[a373ad73a504971]::ops::function::FnOnce<()>>::call_once
[INFO] [stdout]   16:     0x5620ef84d8fb - test[aada8e7e76ba119b]::__rust_begin_short_backtrace::<core[a373ad73a504971]::result::Result<(), alloc[2e1b2a31b91974c5]::string::String>, fn() -> core[a373ad73a504971]::result::Result<(), alloc[2e1b2a31b91974c5]::string::String>>
[INFO] [stdout]   17:     0x5620ef85aad5 - test[aada8e7e76ba119b]::run_test::{closure#0}
[INFO] [stdout]   18:     0x5620ef8543c4 - std[617be2ca0a6fd877]::sys::backtrace::__rust_begin_short_backtrace::<test[aada8e7e76ba119b]::run_test::{closure#1}, ()>
[INFO] [stdout]   19:     0x5620ef85db62 - <std[617be2ca0a6fd877]::thread::lifecycle::spawn_unchecked<test[aada8e7e76ba119b]::run_test::{closure#1}, ()>::{closure#1} as core[a373ad73a504971]::ops::function::FnOnce<()>>::call_once::{shim:vtable#0}
[INFO] [stdout]   20:     0x5620ef8cc6ff - <std[617be2ca0a6fd877]::sys::thread::unix::Thread>::new::thread_start
[INFO] [stdout]   21:     0x780cc9f0adfa - <unknown>
[INFO] [stdout]   22:     0x780cc9f9e3d4 - clone
[INFO] [stdout]   23:                0x0 - <unknown>
[INFO] [stdout] 
[INFO] [stdout] ---- tree_outputs_forward_include_tree stdout ----
[INFO] [stdout] 
[INFO] [stdout] thread 'tree_outputs_forward_include_tree' (758) panicked at tests/graph_json.rs:26:35:
[INFO] [stdout] failed to run cpp-include-insight: Os { code: 2, kind: NotFound, message: "No such file or directory" }
[INFO] [stdout] stack backtrace:
[INFO] [stdout]    0:     0x5620ef8cd4a1 - <<std[617be2ca0a6fd877]::sys::backtrace::BacktraceLock>::print::DisplayBacktrace as core[a373ad73a504971]::fmt::Display>::fmt
[INFO] [stdout]    1:     0x5620ef8e242a - core[a373ad73a504971]::fmt::write
[INFO] [stdout]    2:     0x5620ef8d1b9c - <alloc[2e1b2a31b91974c5]::vec::Vec<u8> as core[a373ad73a504971]::io::write::Write>::write_fmt
[INFO] [stdout]    3:     0x5620ef8a6d06 - std[617be2ca0a6fd877]::panicking::default_hook::{closure#0}
[INFO] [stdout]    4:     0x5620ef8c3f19 - std[617be2ca0a6fd877]::panicking::default_hook
[INFO] [stdout]    5:     0x5620ef85a4b0 - test[aada8e7e76ba119b]::test_main_inner::{closure#0}
[INFO] [stdout]    6:     0x5620ef8c40d2 - std[617be2ca0a6fd877]::panicking::panic_with_hook
[INFO] [stdout]    7:     0x5620ef8a6db2 - std[617be2ca0a6fd877]::panicking::panic_handler::{closure#0}
[INFO] [stdout]    8:     0x5620ef89f779 - std[617be2ca0a6fd877]::sys::backtrace::__rust_end_short_backtrace::<std[617be2ca0a6fd877]::panicking::panic_handler::{closure#0}, !>
[INFO] [stdout]    9:     0x5620ef8a79bd - __rustc[ea4f61d10b84890b]::rust_begin_unwind
[INFO] [stdout]   10:     0x5620ef8e2b5c - core[a373ad73a504971]::panicking::panic_fmt
[INFO] [stdout]   11:     0x5620ef8e2932 - core[a373ad73a504971]::result::unwrap_failed
[INFO] [stdout]   12:     0x5620ef839250 - graph_json[37bb10c2c7f48b34]::run_cli_in
[INFO] [stdout]   13:     0x5620ef83c96c - <graph_json[37bb10c2c7f48b34]::tree_outputs_forward_include_tree::{closure#0} as core[a373ad73a504971]::ops::function::FnOnce<()>>::call_once
[INFO] [stdout]   14:     0x5620ef84d8fb - test[aada8e7e76ba119b]::__rust_begin_short_backtrace::<core[a373ad73a504971]::result::Result<(), alloc[2e1b2a31b91974c5]::string::String>, fn() -> core[a373ad73a504971]::result::Result<(), alloc[2e1b2a31b91974c5]::string::String>>
[INFO] [stdout]   15:     0x5620ef85aad5 - test[aada8e7e76ba119b]::run_test::{closure#0}
[INFO] [stdout]   16:     0x5620ef8543c4 - std[617be2ca0a6fd877]::sys::backtrace::__rust_begin_short_backtrace::<test[aada8e7e76ba119b]::run_test::{closure#1}, ()>
[INFO] [stdout]   17:     0x5620ef85db62 - <std[617be2ca0a6fd877]::thread::lifecycle::spawn_unchecked<test[aada8e7e76ba119b]::run_test::{closure#1}, ()>::{closure#1} as core[a373ad73a504971]::ops::function::FnOnce<()>>::call_once::{shim:vtable#0}
[INFO] [stdout]   18:     0x5620ef8cc6ff - <std[617be2ca0a6fd877]::sys::thread::unix::Thread>::new::thread_start
[INFO] [stdout]   19:     0x780cc9f0adfa - <unknown>
[INFO] [stdout]   20:     0x780cc9f9e3d4 - clone
[INFO] [stdout]   21:                0x0 - <unknown>
[INFO] [stdout] 
[INFO] [stdout] ---- snapshot_output_is_deterministic_and_includes_cycles stdout ----
[INFO] [stdout] 
[INFO] [stdout] thread 'snapshot_output_is_deterministic_and_includes_cycles' (739) panicked at tests/graph_json.rs:28:5:
[INFO] [stdout] command failed
[INFO] [stdout] status: exit status: 1
[INFO] [stdout] stdout:
[INFO] [stdout] 
[INFO] [stdout] stderr:
[INFO] [stdout] Error: IO error for operation on /opt/rustwide/workdir/../../tests/fixtures/tree-cycle: No such file or directory (os error 2)
[INFO] [stdout] 
[INFO] [stdout] Caused by:
[INFO] [stdout]     No such file or directory (os error 2)
[INFO] [stdout] 
[INFO] [stdout] Stack backtrace:
[INFO] [stdout]    0: <anyhow::Error as core::convert::From<walkdir::error::Error>>::from
[INFO] [stdout]    1: cpp_include_insight_core::scanner::scan_project::<&std::path::Path>
[INFO] [stdout]    2: cpp_include_insight::scan_and_resolver
[INFO] [stdout]    3: cpp_include_insight::scan_and_graph
[INFO] [stdout]    4: cpp_include_insight::main
[INFO] [stdout]    5: std::sys::backtrace::__rust_begin_short_backtrace::<fn() -> core::result::Result<(), anyhow::Error>, core::result::Result<(), anyhow::Error>>
[INFO] [stdout]    6: std::rt::lang_start::<core::result::Result<(), anyhow::Error>>::{closure#0}
[INFO] [stdout]    7: std::rt::lang_start_internal
[INFO] [stdout]    8: main
[INFO] [stdout]    9: <unknown>
[INFO] [stdout]   10: __libc_start_main
[INFO] [stdout]   11: _start
[INFO] [stdout] 
[INFO] [stdout] stack backtrace:
[INFO] [stdout]    0:     0x5620ef8cd4a1 - <<std[617be2ca0a6fd877]::sys::backtrace::BacktraceLock>::print::DisplayBacktrace as core[a373ad73a504971]::fmt::Display>::fmt
[INFO] [stdout]    1:     0x5620ef8e242a - core[a373ad73a504971]::fmt::write
[INFO] [stdout]    2:     0x5620ef8d1b9c - <alloc[2e1b2a31b91974c5]::vec::Vec<u8> as core[a373ad73a504971]::io::write::Write>::write_fmt
[INFO] [stdout]    3:     0x5620ef8a6d06 - std[617be2ca0a6fd877]::panicking::default_hook::{closure#0}
[INFO] [stdout]    4:     0x5620ef8c3f19 - std[617be2ca0a6fd877]::panicking::default_hook
[INFO] [stdout]    5:     0x5620ef85a4b0 - test[aada8e7e76ba119b]::test_main_inner::{closure#0}
[INFO] [stdout]    6:     0x5620ef8c40d2 - std[617be2ca0a6fd877]::panicking::panic_with_hook
[INFO] [stdout]    7:     0x5620ef8a6db2 - std[617be2ca0a6fd877]::panicking::panic_handler::{closure#0}
[INFO] [stdout]    8:     0x5620ef89f779 - std[617be2ca0a6fd877]::sys::backtrace::__rust_end_short_backtrace::<std[617be2ca0a6fd877]::panicking::panic_handler::{closure#0}, !>
[INFO] [stdout]    9:     0x5620ef8a79bd - __rustc[ea4f61d10b84890b]::rust_begin_unwind
[INFO] [stdout]   10:     0x5620ef8e2b5c - core[a373ad73a504971]::panicking::panic_fmt
[INFO] [stdout]   11:     0x5620ef839318 - graph_json[37bb10c2c7f48b34]::run_cli_in
[INFO] [stdout]   12:     0x5620ef841307 - <graph_json[37bb10c2c7f48b34]::snapshot_output_is_deterministic_and_includes_cycles::{closure#0} as core[a373ad73a504971]::ops::function::FnOnce<()>>::call_once
[INFO] [stdout]   13:     0x5620ef84d8fb - test[aada8e7e76ba119b]::__rust_begin_short_backtrace::<core[a373ad73a504971]::result::Result<(), alloc[2e1b2a31b91974c5]::string::String>, fn() -> core[a373ad73a504971]::result::Result<(), alloc[2e1b2a31b91974c5]::string::String>>
[INFO] [stdout]   14:     0x5620ef85aad5 - test[aada8e7e76ba119b]::run_test::{closure#0}
[INFO] [stdout]   15:     0x5620ef8543c4 - std[617be2ca0a6fd877]::sys::backtrace::__rust_begin_short_backtrace::<test[aada8e7e76ba119b]::run_test::{closure#1}, ()>
[INFO] [stdout]   16:     0x5620ef85db62 - <std[617be2ca0a6fd877]::thread::lifecycle::spawn_unchecked<test[aada8e7e76ba119b]::run_test::{closure#1}, ()>::{closure#1} as core[a373ad73a504971]::ops::function::FnOnce<()>>::call_once::{shim:vtable#0}
[INFO] [stdout]   17:     0x5620ef8cc6ff - <std[617be2ca0a6fd877]::sys::thread::unix::Thread>::new::thread_start
[INFO] [stdout]   18:     0x780cc9f0adfa - <unknown>
[INFO] [stdout]   19:     0x780cc9f9e3d4 - clone
[INFO] [stdout]   20:                0x0 - <unknown>
[INFO] [stdout] 
[INFO] [stdout] ---- tree_marks_repeated_nodes stdout ----
[INFO] [stdout] 
[INFO] [stdout] thread 'tree_marks_repeated_nodes' (757) panicked at tests/graph_json.rs:26:35:
[INFO] [stdout] failed to run cpp-include-insight: Os { code: 2, kind: NotFound, message: "No such file or directory" }
[INFO] [stdout] stack backtrace:
[INFO] [stdout]    0:     0x5620ef8cd4a1 - <<std[617be2ca0a6fd877]::sys::backtrace::BacktraceLock>::print::DisplayBacktrace as core[a373ad73a504971]::fmt::Display>::fmt
[INFO] [stdout]    1:     0x5620ef8e242a - core[a373ad73a504971]::fmt::write
[INFO] [stdout]    2:     0x5620ef8d1b9c - <alloc[2e1b2a31b91974c5]::vec::Vec<u8> as core[a373ad73a504971]::io::write::Write>::write_fmt
[INFO] [stdout]    3:     0x5620ef8a6d06 - std[617be2ca0a6fd877]::panicking::default_hook::{closure#0}
[INFO] [stdout]    4:     0x5620ef8c3f19 - std[617be2ca0a6fd877]::panicking::default_hook
[INFO] [stdout]    5:     0x5620ef85a4b0 - test[aada8e7e76ba119b]::test_main_inner::{closure#0}
[INFO] [stdout]    6:     0x5620ef8c40d2 - std[617be2ca0a6fd877]::panicking::panic_with_hook
[INFO] [stdout]    7:     0x5620ef8a6db2 - std[617be2ca0a6fd877]::panicking::panic_handler::{closure#0}
[INFO] [stdout]    8:     0x5620ef89f779 - std[617be2ca0a6fd877]::sys::backtrace::__rust_end_short_backtrace::<std[617be2ca0a6fd877]::panicking::panic_handler::{closure#0}, !>
[INFO] [stdout]    9:     0x5620ef8a79bd - __rustc[ea4f61d10b84890b]::rust_begin_unwind
[INFO] [stdout]   10:     0x5620ef8e2b5c - core[a373ad73a504971]::panicking::panic_fmt
[INFO] [stdout]   11:     0x5620ef8e2932 - core[a373ad73a504971]::result::unwrap_failed
[INFO] [stdout]   12:     0x5620ef839250 - graph_json[37bb10c2c7f48b34]::run_cli_in
[INFO] [stdout]   13:     0x5620ef83bbac - <graph_json[37bb10c2c7f48b34]::tree_marks_repeated_nodes::{closure#0} as core[a373ad73a504971]::ops::function::FnOnce<()>>::call_once
[INFO] [stdout]   14:     0x5620ef84d8fb - test[aada8e7e76ba119b]::__rust_begin_short_backtrace::<core[a373ad73a504971]::result::Result<(), alloc[2e1b2a31b91974c5]::string::String>, fn() -> core[a373ad73a504971]::result::Result<(), alloc[2e1b2a31b91974c5]::string::String>>
[INFO] [stderr] error: test failed, to rerun pass `--test graph_json`
[INFO] [stdout]   15:     0x5620ef85aad5 - test[aada8e7e76ba119b]::run_test::{closure#0}
[INFO] [stdout]   16:     0x5620ef8543c4 - std[617be2ca0a6fd877]::sys::backtrace::__rust_begin_short_backtrace::<test[aada8e7e76ba119b]::run_test::{closure#1}, ()>
[INFO] [stdout]   17:     0x5620ef85db62 - <std[617be2ca0a6fd877]::thread::lifecycle::spawn_unchecked<test[aada8e7e76ba119b]::run_test::{closure#1}, ()>::{closure#1} as core[a373ad73a504971]::ops::function::FnOnce<()>>::call_once::{shim:vtable#0}
[INFO] [stdout]   18:     0x5620ef8cc6ff - <std[617be2ca0a6fd877]::sys::thread::unix::Thread>::new::thread_start
[INFO] [stdout]   19:     0x780cc9f0adfa - <unknown>
[INFO] [stdout]   20:     0x780cc9f9e3d4 - clone
[INFO] [stdout]   21:                0x0 - <unknown>
[INFO] [stdout] 
[INFO] [stdout] ---- why_reports_multiple_dependency_paths stdout ----
[INFO] [stdout] 
[INFO] [stdout] thread 'why_reports_multiple_dependency_paths' (763) panicked at tests/graph_json.rs:26:35:
[INFO] [stdout] failed to run cpp-include-insight: Os { code: 2, kind: NotFound, message: "No such file or directory" }
[INFO] [stdout] stack backtrace:
[INFO] [stdout]    0:     0x5620ef8cd4a1 - <<std[617be2ca0a6fd877]::sys::backtrace::BacktraceLock>::print::DisplayBacktrace as core[a373ad73a504971]::fmt::Display>::fmt
[INFO] [stdout]    1:     0x5620ef8e242a - core[a373ad73a504971]::fmt::write
[INFO] [stdout]    2:     0x5620ef8d1b9c - <alloc[2e1b2a31b91974c5]::vec::Vec<u8> as core[a373ad73a504971]::io::write::Write>::write_fmt
[INFO] [stdout]    3:     0x5620ef8a6d06 - std[617be2ca0a6fd877]::panicking::default_hook::{closure#0}
[INFO] [stdout]    4:     0x5620ef8c3f19 - std[617be2ca0a6fd877]::panicking::default_hook
[INFO] [stdout]    5:     0x5620ef85a4b0 - test[aada8e7e76ba119b]::test_main_inner::{closure#0}
[INFO] [stdout]    6:     0x5620ef8c40d2 - std[617be2ca0a6fd877]::panicking::panic_with_hook
[INFO] [stdout]    7:     0x5620ef8a6db2 - std[617be2ca0a6fd877]::panicking::panic_handler::{closure#0}
[INFO] [stdout]    8:     0x5620ef89f779 - std[617be2ca0a6fd877]::sys::backtrace::__rust_end_short_backtrace::<std[617be2ca0a6fd877]::panicking::panic_handler::{closure#0}, !>
[INFO] [stdout]    9:     0x5620ef8a79bd - __rustc[ea4f61d10b84890b]::rust_begin_unwind
[INFO] [stdout]   10:     0x5620ef8e2b5c - core[a373ad73a504971]::panicking::panic_fmt
[INFO] [stdout]   11:     0x5620ef8e2932 - core[a373ad73a504971]::result::unwrap_failed
[INFO] [stdout]   12:     0x5620ef839250 - graph_json[37bb10c2c7f48b34]::run_cli_in
[INFO] [stdout]   13:     0x5620ef83db3c - <graph_json[37bb10c2c7f48b34]::why_reports_multiple_dependency_paths::{closure#0} as core[a373ad73a504971]::ops::function::FnOnce<()>>::call_once
[INFO] [stdout]   14:     0x5620ef84d8fb - test[aada8e7e76ba119b]::__rust_begin_short_backtrace::<core[a373ad73a504971]::result::Result<(), alloc[2e1b2a31b91974c5]::string::String>, fn() -> core[a373ad73a504971]::result::Result<(), alloc[2e1b2a31b91974c5]::string::String>>
[INFO] [stdout]   15:     0x5620ef85aad5 - test[aada8e7e76ba119b]::run_test::{closure#0}
[INFO] [stdout]   16:     0x5620ef8543c4 - std[617be2ca0a6fd877]::sys::backtrace::__rust_begin_short_backtrace::<test[aada8e7e76ba119b]::run_test::{closure#1}, ()>
[INFO] [stdout]   17:     0x5620ef85db62 - <std[617be2ca0a6fd877]::thread::lifecycle::spawn_unchecked<test[aada8e7e76ba119b]::run_test::{closure#1}, ()>::{closure#1} as core[a373ad73a504971]::ops::function::FnOnce<()>>::call_once::{shim:vtable#0}
[INFO] [stdout]   18:     0x5620ef8cc6ff - <std[617be2ca0a6fd877]::sys::thread::unix::Thread>::new::thread_start
[INFO] [stdout]   19:     0x780cc9f0adfa - <unknown>
[INFO] [stdout]   20:     0x780cc9f9e3d4 - clone
[INFO] [stdout]   21:                0x0 - <unknown>
[INFO] [stdout] 
[INFO] [stdout] ---- why_reports_no_dependency_path stdout ----
[INFO] [stdout] 
[INFO] [stdout] thread 'why_reports_no_dependency_path' (764) panicked at tests/graph_json.rs:26:35:
[INFO] [stdout] failed to run cpp-include-insight: Os { code: 2, kind: NotFound, message: "No such file or directory" }
[INFO] [stdout] stack backtrace:
[INFO] [stdout]    0:     0x5620ef8cd4a1 - <<std[617be2ca0a6fd877]::sys::backtrace::BacktraceLock>::print::DisplayBacktrace as core[a373ad73a504971]::fmt::Display>::fmt
[INFO] [stdout]    1:     0x5620ef8e242a - core[a373ad73a504971]::fmt::write
[INFO] [stdout]    2:     0x5620ef8d1b9c - <alloc[2e1b2a31b91974c5]::vec::Vec<u8> as core[a373ad73a504971]::io::write::Write>::write_fmt
[INFO] [stdout]    3:     0x5620ef8a6d06 - std[617be2ca0a6fd877]::panicking::default_hook::{closure#0}
[INFO] [stdout]    4:     0x5620ef8c3f19 - std[617be2ca0a6fd877]::panicking::default_hook
[INFO] [stdout]    5:     0x5620ef85a4b0 - test[aada8e7e76ba119b]::test_main_inner::{closure#0}
[INFO] [stdout]    6:     0x5620ef8c40d2 - std[617be2ca0a6fd877]::panicking::panic_with_hook
[INFO] [stdout]    7:     0x5620ef8a6db2 - std[617be2ca0a6fd877]::panicking::panic_handler::{closure#0}
[INFO] [stdout]    8:     0x5620ef89f779 - std[617be2ca0a6fd877]::sys::backtrace::__rust_end_short_backtrace::<std[617be2ca0a6fd877]::panicking::panic_handler::{closure#0}, !>
[INFO] [stdout]    9:     0x5620ef8a79bd - __rustc[ea4f61d10b84890b]::rust_begin_unwind
[INFO] [stdout]   10:     0x5620ef8e2b5c - core[a373ad73a504971]::panicking::panic_fmt
[INFO] [stdout]   11:     0x5620ef8e2932 - core[a373ad73a504971]::result::unwrap_failed
[INFO] [stdout]   12:     0x5620ef839250 - graph_json[37bb10c2c7f48b34]::run_cli_in
[INFO] [stdout]   13:     0x5620ef83c1bc - <graph_json[37bb10c2c7f48b34]::why_reports_no_dependency_path::{closure#0} as core[a373ad73a504971]::ops::function::FnOnce<()>>::call_once
[INFO] [stdout]   14:     0x5620ef84d8fb - test[aada8e7e76ba119b]::__rust_begin_short_backtrace::<core[a373ad73a504971]::result::Result<(), alloc[2e1b2a31b91974c5]::string::String>, fn() -> core[a373ad73a504971]::result::Result<(), alloc[2e1b2a31b91974c5]::string::String>>
[INFO] [stdout]   15:     0x5620ef85aad5 - test[aada8e7e76ba119b]::run_test::{closure#0}
[INFO] [stdout]   16:     0x5620ef8543c4 - std[617be2ca0a6fd877]::sys::backtrace::__rust_begin_short_backtrace::<test[aada8e7e76ba119b]::run_test::{closure#1}, ()>
[INFO] [stdout]   17:     0x5620ef85db62 - <std[617be2ca0a6fd877]::thread::lifecycle::spawn_unchecked<test[aada8e7e76ba119b]::run_test::{closure#1}, ()>::{closure#1} as core[a373ad73a504971]::ops::function::FnOnce<()>>::call_once::{shim:vtable#0}
[INFO] [stdout]   18:     0x5620ef8cc6ff - <std[617be2ca0a6fd877]::sys::thread::unix::Thread>::new::thread_start
[INFO] [stdout]   19:     0x780cc9f0adfa - <unknown>
[INFO] [stdout]   20:     0x780cc9f9e3d4 - clone
[INFO] [stdout]   21:                0x0 - <unknown>
[INFO] [stdout] 
[INFO] [stdout] ---- ci_fails_on_banned_include_rule stdout ----
[INFO] [stdout] 
[INFO] [stdout] thread 'ci_fails_on_banned_include_rule' (669) panicked at tests/graph_json.rs:114:37:
[INFO] [stdout] called `Result::unwrap()` on an `Err` value: Os { code: 2, kind: NotFound, message: "No such file or directory" }
[INFO] [stdout] stack backtrace:
[INFO] [stdout]    0:     0x5620ef8cd4a1 - <<std[617be2ca0a6fd877]::sys::backtrace::BacktraceLock>::print::DisplayBacktrace as core[a373ad73a504971]::fmt::Display>::fmt
[INFO] [stdout]    1:     0x5620ef8e242a - core[a373ad73a504971]::fmt::write
[INFO] [stdout]    2:     0x5620ef8d1b9c - <alloc[2e1b2a31b91974c5]::vec::Vec<u8> as core[a373ad73a504971]::io::write::Write>::write_fmt
[INFO] [stdout]    3:     0x5620ef8a6d06 - std[617be2ca0a6fd877]::panicking::default_hook::{closure#0}
[INFO] [stdout]    4:     0x5620ef8c3f19 - std[617be2ca0a6fd877]::panicking::default_hook
[INFO] [stdout]    5:     0x5620ef85a4b0 - test[aada8e7e76ba119b]::test_main_inner::{closure#0}
[INFO] [stdout]    6:     0x5620ef8c40d2 - std[617be2ca0a6fd877]::panicking::panic_with_hook
[INFO] [stdout]    7:     0x5620ef8a6db2 - std[617be2ca0a6fd877]::panicking::panic_handler::{closure#0}
[INFO] [stdout]    8:     0x5620ef89f779 - std[617be2ca0a6fd877]::sys::backtrace::__rust_end_short_backtrace::<std[617be2ca0a6fd877]::panicking::panic_handler::{closure#0}, !>
[INFO] [stdout]    9:     0x5620ef8a79bd - __rustc[ea4f61d10b84890b]::rust_begin_unwind
[INFO] [stdout]   10:     0x5620ef8e2b5c - core[a373ad73a504971]::panicking::panic_fmt
[INFO] [stdout]   11:     0x5620ef8e2932 - core[a373ad73a504971]::result::unwrap_failed
[INFO] [stdout]   12:     0x5620ef839754 - graph_json[37bb10c2c7f48b34]::copy_fixture_tree
[INFO] [stdout]   13:     0x5620ef839e55 - graph_json[37bb10c2c7f48b34]::replace_worktree_with_fixture
[INFO] [stdout]   14:     0x5620ef83a138 - graph_json[37bb10c2c7f48b34]::init_git_repo_with_fixture_pair
[INFO] [stdout]   15:     0x5620ef83c2b7 - <graph_json[37bb10c2c7f48b34]::ci_fails_on_banned_include_rule::{closure#0} as core[a373ad73a504971]::ops::function::FnOnce<()>>::call_once
[INFO] [stdout]   16:     0x5620ef84d8fb - test[aada8e7e76ba119b]::__rust_begin_short_backtrace::<core[a373ad73a504971]::result::Result<(), alloc[2e1b2a31b91974c5]::string::String>, fn() -> core[a373ad73a504971]::result::Result<(), alloc[2e1b2a31b91974c5]::string::String>>
[INFO] [stdout]   17:     0x5620ef85aad5 - test[aada8e7e76ba119b]::run_test::{closure#0}
[INFO] [stdout]   18:     0x5620ef8543c4 - std[617be2ca0a6fd877]::sys::backtrace::__rust_begin_short_backtrace::<test[aada8e7e76ba119b]::run_test::{closure#1}, ()>
[INFO] [stdout]   19:     0x5620ef85db62 - <std[617be2ca0a6fd877]::thread::lifecycle::spawn_unchecked<test[aada8e7e76ba119b]::run_test::{closure#1}, ()>::{closure#1} as core[a373ad73a504971]::ops::function::FnOnce<()>>::call_once::{shim:vtable#0}
[INFO] [stdout]   20:     0x5620ef8cc6ff - <std[617be2ca0a6fd877]::sys::thread::unix::Thread>::new::thread_start
[INFO] [stdout]   21:     0x780cc9f0adfa - <unknown>
[INFO] [stdout]   22:     0x780cc9f9e3d4 - clone
[INFO] [stdout]   23:                0x0 - <unknown>
[INFO] [stdout] 
[INFO] [stdout] ---- snapshot_writes_project_relative_versioned_json stdout ----
[INFO] [stdout] 
[INFO] [stdout] thread 'snapshot_writes_project_relative_versioned_json' (741) panicked at tests/graph_json.rs:28:5:
[INFO] [stdout] command failed
[INFO] [stdout] status: exit status: 1
[INFO] [stdout] stdout:
[INFO] [stdout] 
[INFO] [stdout] stderr:
[INFO] [stdout] Error: IO error for operation on /opt/rustwide/workdir/../../tests/fixtures/simple: No such file or directory (os error 2)
[INFO] [stdout] 
[INFO] [stdout] Caused by:
[INFO] [stdout]     No such file or directory (os error 2)
[INFO] [stdout] 
[INFO] [stdout] Stack backtrace:
[INFO] [stdout]    0: <anyhow::Error as core::convert::From<walkdir::error::Error>>::from
[INFO] [stdout]    1: cpp_include_insight_core::scanner::scan_project::<&std::path::Path>
[INFO] [stdout]    2: cpp_include_insight::scan_and_resolver
[INFO] [stdout]    3: cpp_include_insight::scan_and_graph
[INFO] [stdout]    4: cpp_include_insight::main
[INFO] [stdout]    5: std::sys::backtrace::__rust_begin_short_backtrace::<fn() -> core::result::Result<(), anyhow::Error>, core::result::Result<(), anyhow::Error>>
[INFO] [stdout]    6: std::rt::lang_start::<core::result::Result<(), anyhow::Error>>::{closure#0}
[INFO] [stdout]    7: std::rt::lang_start_internal
[INFO] [stdout]    8: main
[INFO] [stdout]    9: <unknown>
[INFO] [stdout]   10: __libc_start_main
[INFO] [stdout]   11: _start
[INFO] [stdout] 
[INFO] [stdout] stack backtrace:
[INFO] [stdout]    0:     0x5620ef8cd4a1 - <<std[617be2ca0a6fd877]::sys::backtrace::BacktraceLock>::print::DisplayBacktrace as core[a373ad73a504971]::fmt::Display>::fmt
[INFO] [stdout]    1:     0x5620ef8e242a - core[a373ad73a504971]::fmt::write
[INFO] [stdout]    2:     0x5620ef8d1b9c - <alloc[2e1b2a31b91974c5]::vec::Vec<u8> as core[a373ad73a504971]::io::write::Write>::write_fmt
[INFO] [stdout]    3:     0x5620ef8a6d06 - std[617be2ca0a6fd877]::panicking::default_hook::{closure#0}
[INFO] [stdout]    4:     0x5620ef8c3f19 - std[617be2ca0a6fd877]::panicking::default_hook
[INFO] [stdout]    5:     0x5620ef85a4b0 - test[aada8e7e76ba119b]::test_main_inner::{closure#0}
[INFO] [stdout]    6:     0x5620ef8c40d2 - std[617be2ca0a6fd877]::panicking::panic_with_hook
[INFO] [stdout]    7:     0x5620ef8a6db2 - std[617be2ca0a6fd877]::panicking::panic_handler::{closure#0}
[INFO] [stdout]    8:     0x5620ef89f779 - std[617be2ca0a6fd877]::sys::backtrace::__rust_end_short_backtrace::<std[617be2ca0a6fd877]::panicking::panic_handler::{closure#0}, !>
[INFO] [stdout]    9:     0x5620ef8a79bd - __rustc[ea4f61d10b84890b]::rust_begin_unwind
[INFO] [stdout]   10:     0x5620ef8e2b5c - core[a373ad73a504971]::panicking::panic_fmt
[INFO] [stdout]   11:     0x5620ef839318 - graph_json[37bb10c2c7f48b34]::run_cli_in
[INFO] [stdout]   12:     0x5620ef83f1bf - <graph_json[37bb10c2c7f48b34]::snapshot_writes_project_relative_versioned_json::{closure#0} as core[a373ad73a504971]::ops::function::FnOnce<()>>::call_once
[INFO] [stdout]   13:     0x5620ef84d8fb - test[aada8e7e76ba119b]::__rust_begin_short_backtrace::<core[a373ad73a504971]::result::Result<(), alloc[2e1b2a31b91974c5]::string::String>, fn() -> core[a373ad73a504971]::result::Result<(), alloc[2e1b2a31b91974c5]::string::String>>
[INFO] [stdout]   14:     0x5620ef85aad5 - test[aada8e7e76ba119b]::run_test::{closure#0}
[INFO] [stdout]   15:     0x5620ef8543c4 - std[617be2ca0a6fd877]::sys::backtrace::__rust_begin_short_backtrace::<test[aada8e7e76ba119b]::run_test::{closure#1}, ()>
[INFO] [stdout]   16:     0x5620ef85db62 - <std[617be2ca0a6fd877]::thread::lifecycle::spawn_unchecked<test[aada8e7e76ba119b]::run_test::{closure#1}, ()>::{closure#1} as core[a373ad73a504971]::ops::function::FnOnce<()>>::call_once::{shim:vtable#0}
[INFO] [stdout]   17:     0x5620ef8cc6ff - <std[617be2ca0a6fd877]::sys::thread::unix::Thread>::new::thread_start
[INFO] [stdout]   18:     0x780cc9f0adfa - <unknown>
[INFO] [stdout]   19:     0x780cc9f9e3d4 - clone
[INFO] [stdout]   20:                0x0 - <unknown>
[INFO] [stdout] 
[INFO] [stdout] ---- why_respects_max_paths_bound stdout ----
[INFO] [stdout] 
[INFO] [stdout] thread 'why_respects_max_paths_bound' (768) panicked at tests/graph_json.rs:26:35:
[INFO] [stdout] failed to run cpp-include-insight: Os { code: 2, kind: NotFound, message: "No such file or directory" }
[INFO] [stdout] stack backtrace:
[INFO] [stdout]    0:     0x5620ef8cd4a1 - <<std[617be2ca0a6fd877]::sys::backtrace::BacktraceLock>::print::DisplayBacktrace as core[a373ad73a504971]::fmt::Display>::fmt
[INFO] [stdout]    1:     0x5620ef8e242a - core[a373ad73a504971]::fmt::write
[INFO] [stdout]    2:     0x5620ef8d1b9c - <alloc[2e1b2a31b91974c5]::vec::Vec<u8> as core[a373ad73a504971]::io::write::Write>::write_fmt
[INFO] [stdout]    3:     0x5620ef8a6d06 - std[617be2ca0a6fd877]::panicking::default_hook::{closure#0}
[INFO] [stdout]    4:     0x5620ef8c3f19 - std[617be2ca0a6fd877]::panicking::default_hook
[INFO] [stdout]    5:     0x5620ef85a4b0 - test[aada8e7e76ba119b]::test_main_inner::{closure#0}
[INFO] [stdout]    6:     0x5620ef8c40d2 - std[617be2ca0a6fd877]::panicking::panic_with_hook
[INFO] [stdout]    7:     0x5620ef8a6db2 - std[617be2ca0a6fd877]::panicking::panic_handler::{closure#0}
[INFO] [stdout]    8:     0x5620ef89f779 - std[617be2ca0a6fd877]::sys::backtrace::__rust_end_short_backtrace::<std[617be2ca0a6fd877]::panicking::panic_handler::{closure#0}, !>
[INFO] [stdout]    9:     0x5620ef8a79bd - __rustc[ea4f61d10b84890b]::rust_begin_unwind
[INFO] [stdout]   10:     0x5620ef8e2b5c - core[a373ad73a504971]::panicking::panic_fmt
[INFO] [stdout]   11:     0x5620ef8e2932 - core[a373ad73a504971]::result::unwrap_failed
[INFO] [stdout]   12:     0x5620ef839250 - graph_json[37bb10c2c7f48b34]::run_cli_in
[INFO] [stdout]   13:     0x5620ef83c05c - <graph_json[37bb10c2c7f48b34]::why_respects_max_paths_bound::{closure#0} as core[a373ad73a504971]::ops::function::FnOnce<()>>::call_once
[INFO] [stdout]   14:     0x5620ef84d8fb - test[aada8e7e76ba119b]::__rust_begin_short_backtrace::<core[a373ad73a504971]::result::Result<(), alloc[2e1b2a31b91974c5]::string::String>, fn() -> core[a373ad73a504971]::result::Result<(), alloc[2e1b2a31b91974c5]::string::String>>
[INFO] [stdout]   15:     0x5620ef85aad5 - test[aada8e7e76ba119b]::run_test::{closure#0}
[INFO] [stdout]   16:     0x5620ef8543c4 - std[617be2ca0a6fd877]::sys::backtrace::__rust_begin_short_backtrace::<test[aada8e7e76ba119b]::run_test::{closure#1}, ()>
[INFO] [stdout]   17:     0x5620ef85db62 - <std[617be2ca0a6fd877]::thread::lifecycle::spawn_unchecked<test[aada8e7e76ba119b]::run_test::{closure#1}, ()>::{closure#1} as core[a373ad73a504971]::ops::function::FnOnce<()>>::call_once::{shim:vtable#0}
[INFO] [stdout]   18:     0x5620ef8cc6ff - <std[617be2ca0a6fd877]::sys::thread::unix::Thread>::new::thread_start
[INFO] [stdout]   19:     0x780cc9f0adfa - <unknown>
[INFO] [stdout]   20:     0x780cc9f9e3d4 - clone
[INFO] [stdout]   21:                0x0 - <unknown>
[INFO] [stdout] 
[INFO] [stdout] ---- why_reports_one_dependency_path stdout ----
[INFO] [stdout] 
[INFO] [stdout] thread 'why_reports_one_dependency_path' (767) panicked at tests/graph_json.rs:26:35:
[INFO] [stdout] failed to run cpp-include-insight: Os { code: 2, kind: NotFound, message: "No such file or directory" }
[INFO] [stdout] stack backtrace:
[INFO] [stdout]    0:     0x5620ef8cd4a1 - <<std[617be2ca0a6fd877]::sys::backtrace::BacktraceLock>::print::DisplayBacktrace as core[a373ad73a504971]::fmt::Display>::fmt
[INFO] [stdout]    1:     0x5620ef8e242a - core[a373ad73a504971]::fmt::write
[INFO] [stdout]    2:     0x5620ef8d1b9c - <alloc[2e1b2a31b91974c5]::vec::Vec<u8> as core[a373ad73a504971]::io::write::Write>::write_fmt
[INFO] [stdout]    3:     0x5620ef8a6d06 - std[617be2ca0a6fd877]::panicking::default_hook::{closure#0}
[INFO] [stdout]    4:     0x5620ef8c3f19 - std[617be2ca0a6fd877]::panicking::default_hook
[INFO] [stdout]    5:     0x5620ef85a4b0 - test[aada8e7e76ba119b]::test_main_inner::{closure#0}
[INFO] [stdout]    6:     0x5620ef8c40d2 - std[617be2ca0a6fd877]::panicking::panic_with_hook
[INFO] [stdout]    7:     0x5620ef8a6db2 - std[617be2ca0a6fd877]::panicking::panic_handler::{closure#0}
[INFO] [stdout]    8:     0x5620ef89f779 - std[617be2ca0a6fd877]::sys::backtrace::__rust_end_short_backtrace::<std[617be2ca0a6fd877]::panicking::panic_handler::{closure#0}, !>
[INFO] [stdout]    9:     0x5620ef8a79bd - __rustc[ea4f61d10b84890b]::rust_begin_unwind
[INFO] [stdout]   10:     0x5620ef8e2b5c - core[a373ad73a504971]::panicking::panic_fmt
[INFO] [stdout]   11:     0x5620ef8e2932 - core[a373ad73a504971]::result::unwrap_failed
[INFO] [stdout]   12:     0x5620ef839250 - graph_json[37bb10c2c7f48b34]::run_cli_in
[INFO] [stdout]   13:     0x5620ef83c66c - <graph_json[37bb10c2c7f48b34]::why_reports_one_dependency_path::{closure#0} as core[a373ad73a504971]::ops::function::FnOnce<()>>::call_once
[INFO] [stdout]   14:     0x5620ef84d8fb - test[aada8e7e76ba119b]::__rust_begin_short_backtrace::<core[a373ad73a504971]::result::Result<(), alloc[2e1b2a31b91974c5]::string::String>, fn() -> core[a373ad73a504971]::result::Result<(), alloc[2e1b2a31b91974c5]::string::String>>
[INFO] [stdout]   15:     0x5620ef85aad5 - test[aada8e7e76ba119b]::run_test::{closure#0}
[INFO] [stdout]   16:     0x5620ef8543c4 - std[617be2ca0a6fd877]::sys::backtrace::__rust_begin_short_backtrace::<test[aada8e7e76ba119b]::run_test::{closure#1}, ()>
[INFO] [stdout]   17:     0x5620ef85db62 - <std[617be2ca0a6fd877]::thread::lifecycle::spawn_unchecked<test[aada8e7e76ba119b]::run_test::{closure#1}, ()>::{closure#1} as core[a373ad73a504971]::ops::function::FnOnce<()>>::call_once::{shim:vtable#0}
[INFO] [stdout]   18:     0x5620ef8cc6ff - <std[617be2ca0a6fd877]::sys::thread::unix::Thread>::new::thread_start
[INFO] [stdout]   19:     0x780cc9f0adfa - <unknown>
[INFO] [stdout]   20:     0x780cc9f9e3d4 - clone
[INFO] [stdout]   21:                0x0 - <unknown>
[INFO] [stdout] 
[INFO] [stdout] ---- scan_text_reports_resolution_counts stdout ----
[INFO] [stdout] 
[INFO] [stdout] thread 'scan_text_reports_resolution_counts' (738) panicked at tests/graph_json.rs:28:5:
[INFO] [stdout] command failed
[INFO] [stdout] status: exit status: 1
[INFO] [stdout] stdout:
[INFO] [stdout] 
[INFO] [stdout] stderr:
[INFO] [stdout] Error: IO error for operation on /opt/rustwide/workdir/../../tests/fixtures/simple: No such file or directory (os error 2)
[INFO] [stdout] 
[INFO] [stdout] Caused by:
[INFO] [stdout]     No such file or directory (os error 2)
[INFO] [stdout] 
[INFO] [stdout] Stack backtrace:
[INFO] [stdout]    0: <anyhow::Error as core::convert::From<walkdir::error::Error>>::from
[INFO] [stdout]    1: cpp_include_insight_core::scanner::scan_project::<&std::path::Path>
[INFO] [stdout]    2: cpp_include_insight::scan_and_resolver
[INFO] [stdout]    3: cpp_include_insight::scan_and_graph
[INFO] [stdout]    4: cpp_include_insight::main
[INFO] [stdout]    5: std::sys::backtrace::__rust_begin_short_backtrace::<fn() -> core::result::Result<(), anyhow::Error>, core::result::Result<(), anyhow::Error>>
[INFO] [stdout]    6: std::rt::lang_start::<core::result::Result<(), anyhow::Error>>::{closure#0}
[INFO] [stdout]    7: std::rt::lang_start_internal
[INFO] [stdout]    8: main
[INFO] [stdout]    9: <unknown>
[INFO] [stdout]   10: __libc_start_main
[INFO] [stdout]   11: _start
[INFO] [stdout] 
[INFO] [stdout] stack backtrace:
[INFO] [stdout]    0:     0x5620ef8cd4a1 - <<std[617be2ca0a6fd877]::sys::backtrace::BacktraceLock>::print::DisplayBacktrace as core[a373ad73a504971]::fmt::Display>::fmt
[INFO] [stdout]    1:     0x5620ef8e242a - core[a373ad73a504971]::fmt::write
[INFO] [stdout]    2:     0x5620ef8d1b9c - <alloc[2e1b2a31b91974c5]::vec::Vec<u8> as core[a373ad73a504971]::io::write::Write>::write_fmt
[INFO] [stdout]    3:     0x5620ef8a6d06 - std[617be2ca0a6fd877]::panicking::default_hook::{closure#0}
[INFO] [stdout]    4:     0x5620ef8c3f19 - std[617be2ca0a6fd877]::panicking::default_hook
[INFO] [stdout]    5:     0x5620ef85a4b0 - test[aada8e7e76ba119b]::test_main_inner::{closure#0}
[INFO] [stdout]    6:     0x5620ef8c40d2 - std[617be2ca0a6fd877]::panicking::panic_with_hook
[INFO] [stdout]    7:     0x5620ef8a6db2 - std[617be2ca0a6fd877]::panicking::panic_handler::{closure#0}
[INFO] [stdout]    8:     0x5620ef89f779 - std[617be2ca0a6fd877]::sys::backtrace::__rust_end_short_backtrace::<std[617be2ca0a6fd877]::panicking::panic_handler::{closure#0}, !>
[INFO] [stdout]    9:     0x5620ef8a79bd - __rustc[ea4f61d10b84890b]::rust_begin_unwind
[INFO] [stdout]   10:     0x5620ef8e2b5c - core[a373ad73a504971]::panicking::panic_fmt
[INFO] [stdout]   11:     0x5620ef839318 - graph_json[37bb10c2c7f48b34]::run_cli_in
[INFO] [stdout]   12:     0x5620ef83d2e2 - <graph_json[37bb10c2c7f48b34]::scan_text_reports_resolution_counts::{closure#0} as core[a373ad73a504971]::ops::function::FnOnce<()>>::call_once
[INFO] [stdout]   13:     0x5620ef84d8fb - test[aada8e7e76ba119b]::__rust_begin_short_backtrace::<core[a373ad73a504971]::result::Result<(), alloc[2e1b2a31b91974c5]::string::String>, fn() -> core[a373ad73a504971]::result::Result<(), alloc[2e1b2a31b91974c5]::string::String>>
[INFO] [stdout]   14:     0x5620ef85aad5 - test[aada8e7e76ba119b]::run_test::{closure#0}
[INFO] [stdout]   15:     0x5620ef8543c4 - std[617be2ca0a6fd877]::sys::backtrace::__rust_begin_short_backtrace::<test[aada8e7e76ba119b]::run_test::{closure#1}, ()>
[INFO] [stdout]   16:     0x5620ef85db62 - <std[617be2ca0a6fd877]::thread::lifecycle::spawn_unchecked<test[aada8e7e76ba119b]::run_test::{closure#1}, ()>::{closure#1} as core[a373ad73a504971]::ops::function::FnOnce<()>>::call_once::{shim:vtable#0}
[INFO] [stdout]   17:     0x5620ef8cc6ff - <std[617be2ca0a6fd877]::sys::thread::unix::Thread>::new::thread_start
[INFO] [stdout]   18:     0x780cc9f0adfa - <unknown>
[INFO] [stdout]   19:     0x780cc9f9e3d4 - clone
[INFO] [stdout]   20:                0x0 - <unknown>
[INFO] [stdout] 
[INFO] [stdout] ---- why_shortest_reports_only_the_shortest_path stdout ----
[INFO] [stdout] 
[INFO] [stdout] thread 'why_shortest_reports_only_the_shortest_path' (770) panicked at tests/graph_json.rs:26:35:
[INFO] [stdout] failed to run cpp-include-insight: Os { code: 2, kind: NotFound, message: "No such file or directory" }
[INFO] [stdout] stack backtrace:
[INFO] [stdout]    0:     0x5620ef8cd4a1 - <<std[617be2ca0a6fd877]::sys::backtrace::BacktraceLock>::print::DisplayBacktrace as core[a373ad73a504971]::fmt::Display>::fmt
[INFO] [stdout]    1:     0x5620ef8e242a - core[a373ad73a504971]::fmt::write
[INFO] [stdout]    2:     0x5620ef8d1b9c - <alloc[2e1b2a31b91974c5]::vec::Vec<u8> as core[a373ad73a504971]::io::write::Write>::write_fmt
[INFO] [stdout]    3:     0x5620ef8a6d06 - std[617be2ca0a6fd877]::panicking::default_hook::{closure#0}
[INFO] [stdout]    4:     0x5620ef8c3f19 - std[617be2ca0a6fd877]::panicking::default_hook
[INFO] [stdout]    5:     0x5620ef85a4b0 - test[aada8e7e76ba119b]::test_main_inner::{closure#0}
[INFO] [stdout]    6:     0x5620ef8c40d2 - std[617be2ca0a6fd877]::panicking::panic_with_hook
[INFO] [stdout]    7:     0x5620ef8a6db2 - std[617be2ca0a6fd877]::panicking::panic_handler::{closure#0}
[INFO] [stdout]    8:     0x5620ef89f779 - std[617be2ca0a6fd877]::sys::backtrace::__rust_end_short_backtrace::<std[617be2ca0a6fd877]::panicking::panic_handler::{closure#0}, !>
[INFO] [stdout]    9:     0x5620ef8a79bd - __rustc[ea4f61d10b84890b]::rust_begin_unwind
[INFO] [stdout]   10:     0x5620ef8e2b5c - core[a373ad73a504971]::panicking::panic_fmt
[INFO] [stdout]   11:     0x5620ef8e2932 - core[a373ad73a504971]::result::unwrap_failed
[INFO] [stdout]   12:     0x5620ef839250 - graph_json[37bb10c2c7f48b34]::run_cli_in
[INFO] [stdout]   13:     0x5620ef83e45c - <graph_json[37bb10c2c7f48b34]::why_shortest_reports_only_the_shortest_path::{closure#0} as core[a373ad73a504971]::ops::function::FnOnce<()>>::call_once
[INFO] [stdout]   14:     0x5620ef84d8fb - test[aada8e7e76ba119b]::__rust_begin_short_backtrace::<core[a373ad73a504971]::result::Result<(), alloc[2e1b2a31b91974c5]::string::String>, fn() -> core[a373ad73a504971]::result::Result<(), alloc[2e1b2a31b91974c5]::string::String>>
[INFO] [stdout]   15:     0x5620ef85aad5 - test[aada8e7e76ba119b]::run_test::{closure#0}
[INFO] [stdout]   16:     0x5620ef8543c4 - std[617be2ca0a6fd877]::sys::backtrace::__rust_begin_short_backtrace::<test[aada8e7e76ba119b]::run_test::{closure#1}, ()>
[INFO] [stdout]   17:     0x5620ef85db62 - <std[617be2ca0a6fd877]::thread::lifecycle::spawn_unchecked<test[aada8e7e76ba119b]::run_test::{closure#1}, ()>::{closure#1} as core[a373ad73a504971]::ops::function::FnOnce<()>>::call_once::{shim:vtable#0}
[INFO] [stdout]   18:     0x5620ef8cc6ff - <std[617be2ca0a6fd877]::sys::thread::unix::Thread>::new::thread_start
[INFO] [stdout]   19:     0x780cc9f0adfa - <unknown>
[INFO] [stdout]   20:     0x780cc9f9e3d4 - clone
[INFO] [stdout]   21:                0x0 - <unknown>
[INFO] [stdout] 
[INFO] [stdout] ---- ci_fails_on_newly_missing_include stdout ----
[INFO] [stdout] 
[INFO] [stdout] thread 'ci_fails_on_newly_missing_include' (673) panicked at tests/graph_json.rs:114:37:
[INFO] [stdout] called `Result::unwrap()` on an `Err` value: Os { code: 2, kind: NotFound, message: "No such file or directory" }
[INFO] [stdout] stack backtrace:
[INFO] [stdout]    0:     0x5620ef8cd4a1 - <<std[617be2ca0a6fd877]::sys::backtrace::BacktraceLock>::print::DisplayBacktrace as core[a373ad73a504971]::fmt::Display>::fmt
[INFO] [stdout]    1:     0x5620ef8e242a - core[a373ad73a504971]::fmt::write
[INFO] [stdout]    2:     0x5620ef8d1b9c - <alloc[2e1b2a31b91974c5]::vec::Vec<u8> as core[a373ad73a504971]::io::write::Write>::write_fmt
[INFO] [stdout]    3:     0x5620ef8a6d06 - std[617be2ca0a6fd877]::panicking::default_hook::{closure#0}
[INFO] [stdout]    4:     0x5620ef8c3f19 - std[617be2ca0a6fd877]::panicking::default_hook
[INFO] [stdout]    5:     0x5620ef85a4b0 - test[aada8e7e76ba119b]::test_main_inner::{closure#0}
[INFO] [stdout]    6:     0x5620ef8c40d2 - std[617be2ca0a6fd877]::panicking::panic_with_hook
[INFO] [stdout]    7:     0x5620ef8a6db2 - std[617be2ca0a6fd877]::panicking::panic_handler::{closure#0}
[INFO] [stdout]    8:     0x5620ef89f779 - std[617be2ca0a6fd877]::sys::backtrace::__rust_end_short_backtrace::<std[617be2ca0a6fd877]::panicking::panic_handler::{closure#0}, !>
[INFO] [stdout]    9:     0x5620ef8a79bd - __rustc[ea4f61d10b84890b]::rust_begin_unwind
[INFO] [stdout]   10:     0x5620ef8e2b5c - core[a373ad73a504971]::panicking::panic_fmt
[INFO] [stdout]   11:     0x5620ef8e2932 - core[a373ad73a504971]::result::unwrap_failed
[INFO] [stdout]   12:     0x5620ef839754 - graph_json[37bb10c2c7f48b34]::copy_fixture_tree
[INFO] [stdout]   13:     0x5620ef839e55 - graph_json[37bb10c2c7f48b34]::replace_worktree_with_fixture
[INFO] [stdout]   14:     0x5620ef83a138 - graph_json[37bb10c2c7f48b34]::init_git_repo_with_fixture_pair
[INFO] [stdout]   15:     0x5620ef83c765 - <graph_json[37bb10c2c7f48b34]::ci_fails_on_newly_missing_include::{closure#0} as core[a373ad73a504971]::ops::function::FnOnce<()>>::call_once
[INFO] [stdout]   16:     0x5620ef84d8fb - test[aada8e7e76ba119b]::__rust_begin_short_backtrace::<core[a373ad73a504971]::result::Result<(), alloc[2e1b2a31b91974c5]::string::String>, fn() -> core[a373ad73a504971]::result::Result<(), alloc[2e1b2a31b91974c5]::string::String>>
[INFO] [stdout]   17:     0x5620ef85aad5 - test[aada8e7e76ba119b]::run_test::{closure#0}
[INFO] [stdout]   18:     0x5620ef8543c4 - std[617be2ca0a6fd877]::sys::backtrace::__rust_begin_short_backtrace::<test[aada8e7e76ba119b]::run_test::{closure#1}, ()>
[INFO] [stdout]   19:     0x5620ef85db62 - <std[617be2ca0a6fd877]::thread::lifecycle::spawn_unchecked<test[aada8e7e76ba119b]::run_test::{closure#1}, ()>::{closure#1} as core[a373ad73a504971]::ops::function::FnOnce<()>>::call_once::{shim:vtable#0}
[INFO] [stdout]   20:     0x5620ef8cc6ff - <std[617be2ca0a6fd877]::sys::thread::unix::Thread>::new::thread_start
[INFO] [stdout]   21:     0x780cc9f0adfa - <unknown>
[INFO] [stdout]   22:     0x780cc9f9e3d4 - clone
[INFO] [stdout]   23:                0x0 - <unknown>
[INFO] [stdout] 
[INFO] [stdout] ---- report_outputs_markdown_for_git_revision_diff stdout ----
[INFO] [stdout] 
[INFO] [stdout] thread 'report_outputs_markdown_for_git_revision_diff' (720) panicked at tests/graph_json.rs:114:37:
[INFO] [stdout] called `Result::unwrap()` on an `Err` value: Os { code: 2, kind: NotFound, message: "No such file or directory" }
[INFO] [stdout] stack backtrace:
[INFO] [stdout]    0:     0x5620ef8cd4a1 - <<std[617be2ca0a6fd877]::sys::backtrace::BacktraceLock>::print::DisplayBacktrace as core[a373ad73a504971]::fmt::Display>::fmt
[INFO] [stdout]    1:     0x5620ef8e242a - core[a373ad73a504971]::fmt::write
[INFO] [stdout]    2:     0x5620ef8d1b9c - <alloc[2e1b2a31b91974c5]::vec::Vec<u8> as core[a373ad73a504971]::io::write::Write>::write_fmt
[INFO] [stdout]    3:     0x5620ef8a6d06 - std[617be2ca0a6fd877]::panicking::default_hook::{closure#0}
[INFO] [stdout]    4:     0x5620ef8c3f19 - std[617be2ca0a6fd877]::panicking::default_hook
[INFO] [stdout]    5:     0x5620ef85a4b0 - test[aada8e7e76ba119b]::test_main_inner::{closure#0}
[INFO] [stdout]    6:     0x5620ef8c40d2 - std[617be2ca0a6fd877]::panicking::panic_with_hook
[INFO] [stdout]    7:     0x5620ef8a6db2 - std[617be2ca0a6fd877]::panicking::panic_handler::{closure#0}
[INFO] [stdout]    8:     0x5620ef89f779 - std[617be2ca0a6fd877]::sys::backtrace::__rust_end_short_backtrace::<std[617be2ca0a6fd877]::panicking::panic_handler::{closure#0}, !>
[INFO] [stdout]    9:     0x5620ef8a79bd - __rustc[ea4f61d10b84890b]::rust_begin_unwind
[INFO] [stdout]   10:     0x5620ef8e2b5c - core[a373ad73a504971]::panicking::panic_fmt
[INFO] [stdout]   11:     0x5620ef8e2932 - core[a373ad73a504971]::result::unwrap_failed
[INFO] [stdout]   12:     0x5620ef839754 - graph_json[37bb10c2c7f48b34]::copy_fixture_tree
[INFO] [stdout]   13:     0x5620ef839e55 - graph_json[37bb10c2c7f48b34]::replace_worktree_with_fixture
[INFO] [stdout]   14:     0x5620ef83a138 - graph_json[37bb10c2c7f48b34]::init_git_repo_with_fixture_pair
[INFO] [stdout]   15:     0x5620ef83ece0 - <graph_json[37bb10c2c7f48b34]::report_outputs_markdown_for_git_revision_diff::{closure#0} as core[a373ad73a504971]::ops::function::FnOnce<()>>::call_once
[INFO] [stdout]   16:     0x5620ef84d8fb - test[aada8e7e76ba119b]::__rust_begin_short_backtrace::<core[a373ad73a504971]::result::Result<(), alloc[2e1b2a31b91974c5]::string::String>, fn() -> core[a373ad73a504971]::result::Result<(), alloc[2e1b2a31b91974c5]::string::String>>
[INFO] [stdout]   17:     0x5620ef85aad5 - test[aada8e7e76ba119b]::run_test::{closure#0}
[INFO] [stdout]   18:     0x5620ef8543c4 - std[617be2ca0a6fd877]::sys::backtrace::__rust_begin_short_backtrace::<test[aada8e7e76ba119b]::run_test::{closure#1}, ()>
[INFO] [stdout]   19:     0x5620ef85db62 - <std[617be2ca0a6fd877]::thread::lifecycle::spawn_unchecked<test[aada8e7e76ba119b]::run_test::{closure#1}, ()>::{closure#1} as core[a373ad73a504971]::ops::function::FnOnce<()>>::call_once::{shim:vtable#0}
[INFO] [stdout]   20:     0x5620ef8cc6ff - <std[617be2ca0a6fd877]::sys::thread::unix::Thread>::new::thread_start
[INFO] [stdout]   21:     0x780cc9f0adfa - <unknown>
[INFO] [stdout]   22:     0x780cc9f9e3d4 - clone
[INFO] [stdout]   23:                0x0 - <unknown>
[INFO] [stdout] 
[INFO] [stdout] ---- report_outputs_no_changes_for_empty_git_revision_diff stdout ----
[INFO] [stdout] 
[INFO] [stdout] thread 'report_outputs_no_changes_for_empty_git_revision_diff' (724) panicked at tests/graph_json.rs:114:37:
[INFO] [stdout] called `Result::unwrap()` on an `Err` value: Os { code: 2, kind: NotFound, message: "No such file or directory" }
[INFO] [stdout] stack backtrace:
[INFO] [stdout]    0:     0x5620ef8cd4a1 - <<std[617be2ca0a6fd877]::sys::backtrace::BacktraceLock>::print::DisplayBacktrace as core[a373ad73a504971]::fmt::Display>::fmt
[INFO] [stdout]    1:     0x5620ef8e242a - core[a373ad73a504971]::fmt::write
[INFO] [stdout]    2:     0x5620ef8d1b9c - <alloc[2e1b2a31b91974c5]::vec::Vec<u8> as core[a373ad73a504971]::io::write::Write>::write_fmt
[INFO] [stdout]    3:     0x5620ef8a6d06 - std[617be2ca0a6fd877]::panicking::default_hook::{closure#0}
[INFO] [stdout]    4:     0x5620ef8c3f19 - std[617be2ca0a6fd877]::panicking::default_hook
[INFO] [stdout]    5:     0x5620ef85a4b0 - test[aada8e7e76ba119b]::test_main_inner::{closure#0}
[INFO] [stdout]    6:     0x5620ef8c40d2 - std[617be2ca0a6fd877]::panicking::panic_with_hook
[INFO] [stdout]    7:     0x5620ef8a6db2 - std[617be2ca0a6fd877]::panicking::panic_handler::{closure#0}
[INFO] [stdout]    8:     0x5620ef89f779 - std[617be2ca0a6fd877]::sys::backtrace::__rust_end_short_backtrace::<std[617be2ca0a6fd877]::panicking::panic_handler::{closure#0}, !>
[INFO] [stdout]    9:     0x5620ef8a79bd - __rustc[ea4f61d10b84890b]::rust_begin_unwind
[INFO] [stdout]   10:     0x5620ef8e2b5c - core[a373ad73a504971]::panicking::panic_fmt
[INFO] [stdout]   11:     0x5620ef8e2932 - core[a373ad73a504971]::result::unwrap_failed
[INFO] [stdout]   12:     0x5620ef839754 - graph_json[37bb10c2c7f48b34]::copy_fixture_tree
[INFO] [stdout]   13:     0x5620ef839e55 - graph_json[37bb10c2c7f48b34]::replace_worktree_with_fixture
[INFO] [stdout]   14:     0x5620ef83a138 - graph_json[37bb10c2c7f48b34]::init_git_repo_with_fixture_pair
[INFO] [stdout]   15:     0x5620ef842560 - <graph_json[37bb10c2c7f48b34]::report_outputs_no_changes_for_empty_git_revision_diff::{closure#0} as core[a373ad73a504971]::ops::function::FnOnce<()>>::call_once
[INFO] [stdout]   16:     0x5620ef84d8fb - test[aada8e7e76ba119b]::__rust_begin_short_backtrace::<core[a373ad73a504971]::result::Result<(), alloc[2e1b2a31b91974c5]::string::String>, fn() -> core[a373ad73a504971]::result::Result<(), alloc[2e1b2a31b91974c5]::string::String>>
[INFO] [stdout]   17:     0x5620ef85aad5 - test[aada8e7e76ba119b]::run_test::{closure#0}
[INFO] [stdout]   18:     0x5620ef8543c4 - std[617be2ca0a6fd877]::sys::backtrace::__rust_begin_short_backtrace::<test[aada8e7e76ba119b]::run_test::{closure#1}, ()>
[INFO] [stdout]   19:     0x5620ef85db62 - <std[617be2ca0a6fd877]::thread::lifecycle::spawn_unchecked<test[aada8e7e76ba119b]::run_test::{closure#1}, ()>::{closure#1} as core[a373ad73a504971]::ops::function::FnOnce<()>>::call_once::{shim:vtable#0}
[INFO] [stdout]   20:     0x5620ef8cc6ff - <std[617be2ca0a6fd877]::sys::thread::unix::Thread>::new::thread_start
[INFO] [stdout]   21:     0x780cc9f0adfa - <unknown>
[INFO] [stdout]   22:     0x780cc9f9e3d4 - clone
[INFO] [stdout]   23:                0x0 - <unknown>
[INFO] [stdout] 
[INFO] [stdout] ---- report_outputs_new_cycles_from_git_revision_diff stdout ----
[INFO] [stdout] 
[INFO] [stdout] thread 'report_outputs_new_cycles_from_git_revision_diff' (722) panicked at tests/graph_json.rs:114:37:
[INFO] [stdout] called `Result::unwrap()` on an `Err` value: Os { code: 2, kind: NotFound, message: "No such file or directory" }
[INFO] [stdout] stack backtrace:
[INFO] [stdout]    0:     0x5620ef8cd4a1 - <<std[617be2ca0a6fd877]::sys::backtrace::BacktraceLock>::print::DisplayBacktrace as core[a373ad73a504971]::fmt::Display>::fmt
[INFO] [stdout]    1:     0x5620ef8e242a - core[a373ad73a504971]::fmt::write
[INFO] [stdout]    2:     0x5620ef8d1b9c - <alloc[2e1b2a31b91974c5]::vec::Vec<u8> as core[a373ad73a504971]::io::write::Write>::write_fmt
[INFO] [stdout]    3:     0x5620ef8a6d06 - std[617be2ca0a6fd877]::panicking::default_hook::{closure#0}
[INFO] [stdout]    4:     0x5620ef8c3f19 - std[617be2ca0a6fd877]::panicking::default_hook
[INFO] [stdout]    5:     0x5620ef85a4b0 - test[aada8e7e76ba119b]::test_main_inner::{closure#0}
[INFO] [stdout]    6:     0x5620ef8c40d2 - std[617be2ca0a6fd877]::panicking::panic_with_hook
[INFO] [stdout]    7:     0x5620ef8a6db2 - std[617be2ca0a6fd877]::panicking::panic_handler::{closure#0}
[INFO] [stdout]    8:     0x5620ef89f779 - std[617be2ca0a6fd877]::sys::backtrace::__rust_end_short_backtrace::<std[617be2ca0a6fd877]::panicking::panic_handler::{closure#0}, !>
[INFO] [stdout]    9:     0x5620ef8a79bd - __rustc[ea4f61d10b84890b]::rust_begin_unwind
[INFO] [stdout]   10:     0x5620ef8e2b5c - core[a373ad73a504971]::panicking::panic_fmt
[INFO] [stdout]   11:     0x5620ef8e2932 - core[a373ad73a504971]::result::unwrap_failed
[INFO] [stdout]   12:     0x5620ef839754 - graph_json[37bb10c2c7f48b34]::copy_fixture_tree
[INFO] [stdout]   13:     0x5620ef839e55 - graph_json[37bb10c2c7f48b34]::replace_worktree_with_fixture
[INFO] [stdout]   14:     0x5620ef83a138 - graph_json[37bb10c2c7f48b34]::init_git_repo_with_fixture_pair
[INFO] [stdout]   15:     0x5620ef840ad0 - <graph_json[37bb10c2c7f48b34]::report_outputs_new_cycles_from_git_revision_diff::{closure#0} as core[a373ad73a504971]::ops::function::FnOnce<()>>::call_once
[INFO] [stdout]   16:     0x5620ef84d8fb - test[aada8e7e76ba119b]::__rust_begin_short_backtrace::<core[a373ad73a504971]::result::Result<(), alloc[2e1b2a31b91974c5]::string::String>, fn() -> core[a373ad73a504971]::result::Result<(), alloc[2e1b2a31b91974c5]::string::String>>
[INFO] [stdout]   17:     0x5620ef85aad5 - test[aada8e7e76ba119b]::run_test::{closure#0}
[INFO] [stdout]   18:     0x5620ef8543c4 - std[617be2ca0a6fd877]::sys::backtrace::__rust_begin_short_backtrace::<test[aada8e7e76ba119b]::run_test::{closure#1}, ()>
[INFO] [stdout]   19:     0x5620ef85db62 - <std[617be2ca0a6fd877]::thread::lifecycle::spawn_unchecked<test[aada8e7e76ba119b]::run_test::{closure#1}, ()>::{closure#1} as core[a373ad73a504971]::ops::function::FnOnce<()>>::call_once::{shim:vtable#0}
[INFO] [stdout]   20:     0x5620ef8cc6ff - <std[617be2ca0a6fd877]::sys::thread::unix::Thread>::new::thread_start
[INFO] [stdout]   21:     0x780cc9f0adfa - <unknown>
[INFO] [stdout]   22:     0x780cc9f9e3d4 - clone
[INFO] [stdout]   23:                0x0 - <unknown>
[INFO] [stdout] 
[INFO] [stdout] ---- ci_passes_when_configured_rules_are_within_thresholds stdout ----
[INFO] [stdout] 
[INFO] [stdout] thread 'ci_passes_when_configured_rules_are_within_thresholds' (674) panicked at tests/graph_json.rs:114:37:
[INFO] [stdout] called `Result::unwrap()` on an `Err` value: Os { code: 2, kind: NotFound, message: "No such file or directory" }
[INFO] [stdout] stack backtrace:
[INFO] [stdout]    0:     0x5620ef8cd4a1 - <<std[617be2ca0a6fd877]::sys::backtrace::BacktraceLock>::print::DisplayBacktrace as core[a373ad73a504971]::fmt::Display>::fmt
[INFO] [stdout]    1:     0x5620ef8e242a - core[a373ad73a504971]::fmt::write
[INFO] [stdout]    2:     0x5620ef8d1b9c - <alloc[2e1b2a31b91974c5]::vec::Vec<u8> as core[a373ad73a504971]::io::write::Write>::write_fmt
[INFO] [stdout]    3:     0x5620ef8a6d06 - std[617be2ca0a6fd877]::panicking::default_hook::{closure#0}
[INFO] [stdout]    4:     0x5620ef8c3f19 - std[617be2ca0a6fd877]::panicking::default_hook
[INFO] [stdout]    5:     0x5620ef85a4b0 - test[aada8e7e76ba119b]::test_main_inner::{closure#0}
[INFO] [stdout]    6:     0x5620ef8c40d2 - std[617be2ca0a6fd877]::panicking::panic_with_hook
[INFO] [stdout]    7:     0x5620ef8a6db2 - std[617be2ca0a6fd877]::panicking::panic_handler::{closure#0}
[INFO] [stdout]    8:     0x5620ef89f779 - std[617be2ca0a6fd877]::sys::backtrace::__rust_end_short_backtrace::<std[617be2ca0a6fd877]::panicking::panic_handler::{closure#0}, !>
[INFO] [stdout]    9:     0x5620ef8a79bd - __rustc[ea4f61d10b84890b]::rust_begin_unwind
[INFO] [stdout]   10:     0x5620ef8e2b5c - core[a373ad73a504971]::panicking::panic_fmt
[INFO] [stdout]   11:     0x5620ef8e2932 - core[a373ad73a504971]::result::unwrap_failed
[INFO] [stdout]   12:     0x5620ef839754 - graph_json[37bb10c2c7f48b34]::copy_fixture_tree
[INFO] [stdout]   13:     0x5620ef839e55 - graph_json[37bb10c2c7f48b34]::replace_worktree_with_fixture
[INFO] [stdout]   14:     0x5620ef83a138 - graph_json[37bb10c2c7f48b34]::init_git_repo_with_fixture_pair
[INFO] [stdout]   15:     0x5620ef842420 - <graph_json[37bb10c2c7f48b34]::ci_passes_when_configured_rules_are_within_thresholds::{closure#0} as core[a373ad73a504971]::ops::function::FnOnce<()>>::call_once
[INFO] [stdout]   16:     0x5620ef84d8fb - test[aada8e7e76ba119b]::__rust_begin_short_backtrace::<core[a373ad73a504971]::result::Result<(), alloc[2e1b2a31b91974c5]::string::String>, fn() -> core[a373ad73a504971]::result::Result<(), alloc[2e1b2a31b91974c5]::string::String>>
[INFO] [stdout]   17:     0x5620ef85aad5 - test[aada8e7e76ba119b]::run_test::{closure#0}
[INFO] [stdout]   18:     0x5620ef8543c4 - std[617be2ca0a6fd877]::sys::backtrace::__rust_begin_short_backtrace::<test[aada8e7e76ba119b]::run_test::{closure#1}, ()>
[INFO] [stdout]   19:     0x5620ef85db62 - <std[617be2ca0a6fd877]::thread::lifecycle::spawn_unchecked<test[aada8e7e76ba119b]::run_test::{closure#1}, ()>::{closure#1} as core[a373ad73a504971]::ops::function::FnOnce<()>>::call_once::{shim:vtable#0}
[INFO] [stdout]   20:     0x5620ef8cc6ff - <std[617be2ca0a6fd877]::sys::thread::unix::Thread>::new::thread_start
[INFO] [stdout]   21:     0x780cc9f0adfa - <unknown>
[INFO] [stdout]   22:     0x780cc9f9e3d4 - clone
[INFO] [stdout]   23:                0x0 - <unknown>
[INFO] [stdout] 
[INFO] [stdout] ---- ci_fails_on_max_new_edges stdout ----
[INFO] [stdout] 
[INFO] [stdout] thread 'ci_fails_on_max_new_edges' (671) panicked at tests/graph_json.rs:114:37:
[INFO] [stdout] called `Result::unwrap()` on an `Err` value: Os { code: 2, kind: NotFound, message: "No such file or directory" }
[INFO] [stdout] stack backtrace:
[INFO] [stdout]    0:     0x5620ef8cd4a1 - <<std[617be2ca0a6fd877]::sys::backtrace::BacktraceLock>::print::DisplayBacktrace as core[a373ad73a504971]::fmt::Display>::fmt
[INFO] [stdout]    1:     0x5620ef8e242a - core[a373ad73a504971]::fmt::write
[INFO] [stdout]    2:     0x5620ef8d1b9c - <alloc[2e1b2a31b91974c5]::vec::Vec<u8> as core[a373ad73a504971]::io::write::Write>::write_fmt
[INFO] [stdout]    3:     0x5620ef8a6d06 - std[617be2ca0a6fd877]::panicking::default_hook::{closure#0}
[INFO] [stdout]    4:     0x5620ef8c3f19 - std[617be2ca0a6fd877]::panicking::default_hook
[INFO] [stdout]    5:     0x5620ef85a4b0 - test[aada8e7e76ba119b]::test_main_inner::{closure#0}
[INFO] [stdout]    6:     0x5620ef8c40d2 - std[617be2ca0a6fd877]::panicking::panic_with_hook
[INFO] [stdout]    7:     0x5620ef8a6db2 - std[617be2ca0a6fd877]::panicking::panic_handler::{closure#0}
[INFO] [stdout]    8:     0x5620ef89f779 - std[617be2ca0a6fd877]::sys::backtrace::__rust_end_short_backtrace::<std[617be2ca0a6fd877]::panicking::panic_handler::{closure#0}, !>
[INFO] [stdout]    9:     0x5620ef8a79bd - __rustc[ea4f61d10b84890b]::rust_begin_unwind
[INFO] [stdout]   10:     0x5620ef8e2b5c - core[a373ad73a504971]::panicking::panic_fmt
[INFO] [stdout]   11:     0x5620ef8e2932 - core[a373ad73a504971]::result::unwrap_failed
[INFO] [stdout]   12:     0x5620ef839754 - graph_json[37bb10c2c7f48b34]::copy_fixture_tree
[INFO] [stdout]   13:     0x5620ef839e55 - graph_json[37bb10c2c7f48b34]::replace_worktree_with_fixture
[INFO] [stdout]   14:     0x5620ef83a138 - graph_json[37bb10c2c7f48b34]::init_git_repo_with_fixture_pair
[INFO] [stdout]   15:     0x5620ef83b9a5 - <graph_json[37bb10c2c7f48b34]::ci_fails_on_max_new_edges::{closure#0} as core[a373ad73a504971]::ops::function::FnOnce<()>>::call_once
[INFO] [stdout]   16:     0x5620ef84d8fb - test[aada8e7e76ba119b]::__rust_begin_short_backtrace::<core[a373ad73a504971]::result::Result<(), alloc[2e1b2a31b91974c5]::string::String>, fn() -> core[a373ad73a504971]::result::Result<(), alloc[2e1b2a31b91974c5]::string::String>>
[INFO] [stdout]   17:     0x5620ef85aad5 - test[aada8e7e76ba119b]::run_test::{closure#0}
[INFO] [stdout]   18:     0x5620ef8543c4 - std[617be2ca0a6fd877]::sys::backtrace::__rust_begin_short_backtrace::<test[aada8e7e76ba119b]::run_test::{closure#1}, ()>
[INFO] [stdout]   19:     0x5620ef85db62 - <std[617be2ca0a6fd877]::thread::lifecycle::spawn_unchecked<test[aada8e7e76ba119b]::run_test::{closure#1}, ()>::{closure#1} as core[a373ad73a504971]::ops::function::FnOnce<()>>::call_once::{shim:vtable#0}
[INFO] [stdout]   20:     0x5620ef8cc6ff - <std[617be2ca0a6fd877]::sys::thread::unix::Thread>::new::thread_start
[INFO] [stdout]   21:     0x780cc9f0adfa - <unknown>
[INFO] [stdout]   22:     0x780cc9f9e3d4 - clone
[INFO] [stdout]   23:                0x0 - <unknown>
[INFO] [stdout] 
[INFO] [stdout] ---- ci_fails_on_max_impact_delta stdout ----
[INFO] [stdout] 
[INFO] [stdout] thread 'ci_fails_on_max_impact_delta' (670) panicked at tests/graph_json.rs:114:37:
[INFO] [stdout] called `Result::unwrap()` on an `Err` value: Os { code: 2, kind: NotFound, message: "No such file or directory" }
[INFO] [stdout] stack backtrace:
[INFO] [stdout]    0:     0x5620ef8cd4a1 - <<std[617be2ca0a6fd877]::sys::backtrace::BacktraceLock>::print::DisplayBacktrace as core[a373ad73a504971]::fmt::Display>::fmt
[INFO] [stdout]    1:     0x5620ef8e242a - core[a373ad73a504971]::fmt::write
[INFO] [stdout]    2:     0x5620ef8d1b9c - <alloc[2e1b2a31b91974c5]::vec::Vec<u8> as core[a373ad73a504971]::io::write::Write>::write_fmt
[INFO] [stdout]    3:     0x5620ef8a6d06 - std[617be2ca0a6fd877]::panicking::default_hook::{closure#0}
[INFO] [stdout]    4:     0x5620ef8c3f19 - std[617be2ca0a6fd877]::panicking::default_hook
[INFO] [stdout]    5:     0x5620ef85a4b0 - test[aada8e7e76ba119b]::test_main_inner::{closure#0}
[INFO] [stdout]    6:     0x5620ef8c40d2 - std[617be2ca0a6fd877]::panicking::panic_with_hook
[INFO] [stdout]    7:     0x5620ef8a6db2 - std[617be2ca0a6fd877]::panicking::panic_handler::{closure#0}
[INFO] [stdout]    8:     0x5620ef89f779 - std[617be2ca0a6fd877]::sys::backtrace::__rust_end_short_backtrace::<std[617be2ca0a6fd877]::panicking::panic_handler::{closure#0}, !>
[INFO] [stdout]    9:     0x5620ef8a79bd - __rustc[ea4f61d10b84890b]::rust_begin_unwind
[INFO] [stdout]   10:     0x5620ef8e2b5c - core[a373ad73a504971]::panicking::panic_fmt
[INFO] [stdout]   11:     0x5620ef8e2932 - core[a373ad73a504971]::result::unwrap_failed
[INFO] [stdout]   12:     0x5620ef839754 - graph_json[37bb10c2c7f48b34]::copy_fixture_tree
[INFO] [stdout]   13:     0x5620ef839e55 - graph_json[37bb10c2c7f48b34]::replace_worktree_with_fixture
[INFO] [stdout]   14:     0x5620ef83a138 - graph_json[37bb10c2c7f48b34]::init_git_repo_with_fixture_pair
[INFO] [stdout]   15:     0x5620ef83be07 - <graph_json[37bb10c2c7f48b34]::ci_fails_on_max_impact_delta::{closure#0} as core[a373ad73a504971]::ops::function::FnOnce<()>>::call_once
[INFO] [stdout]   16:     0x5620ef84d8fb - test[aada8e7e76ba119b]::__rust_begin_short_backtrace::<core[a373ad73a504971]::result::Result<(), alloc[2e1b2a31b91974c5]::string::String>, fn() -> core[a373ad73a504971]::result::Result<(), alloc[2e1b2a31b91974c5]::string::String>>
[INFO] [stdout]   17:     0x5620ef85aad5 - test[aada8e7e76ba119b]::run_test::{closure#0}
[INFO] [stdout]   18:     0x5620ef8543c4 - std[617be2ca0a6fd877]::sys::backtrace::__rust_begin_short_backtrace::<test[aada8e7e76ba119b]::run_test::{closure#1}, ()>
[INFO] [stdout]   19:     0x5620ef85db62 - <std[617be2ca0a6fd877]::thread::lifecycle::spawn_unchecked<test[aada8e7e76ba119b]::run_test::{closure#1}, ()>::{closure#1} as core[a373ad73a504971]::ops::function::FnOnce<()>>::call_once::{shim:vtable#0}
[INFO] [stdout]   20:     0x5620ef8cc6ff - <std[617be2ca0a6fd877]::sys::thread::unix::Thread>::new::thread_start
[INFO] [stdout]   21:     0x780cc9f0adfa - <unknown>
[INFO] [stdout]   22:     0x780cc9f9e3d4 - clone
[INFO] [stdout]   23:                0x0 - <unknown>
[INFO] [stdout] 
[INFO] [stdout] 
[INFO] [stdout] failures:
[INFO] [stdout]     ci_fails_on_banned_include_rule
[INFO] [stdout]     ci_fails_on_max_impact_delta
[INFO] [stdout]     ci_fails_on_max_new_edges
[INFO] [stdout]     ci_fails_on_new_cycle
[INFO] [stdout]     ci_fails_on_newly_missing_include
[INFO] [stdout]     ci_passes_when_configured_rules_are_within_thresholds
[INFO] [stdout]     cycles_reports_multiple_cycles_and_ignores_unresolved_targets
[INFO] [stdout]     cycles_reports_no_cycles
[INFO] [stdout]     cycles_reports_single_cycle_with_line_metadata
[INFO] [stdout]     diff_fail_on_new_cycle_exits_with_failure
[INFO] [stdout]     diff_impact_reports_translation_unit_count_deltas
[INFO] [stdout]     diff_reports_new_cycles_without_repeating_unchanged_or_removed_cycles
[INFO] [stdout]     diff_reports_snapshot_dependency_changes_in_stable_order
[INFO] [stdout]     github_action_metadata_supports_pull_request_report_inputs
[INFO] [stdout]     graph_json_outputs_files_edges_missing_and_external_for_simple_fixture
[INFO] [stdout]     graph_json_reports_external_includes
[INFO] [stdout]     graph_json_reports_missing_includes
[INFO] [stdout]     graph_mermaid_can_omit_external_includes
[INFO] [stdout]     graph_mermaid_includes_external_includes_by_default
[INFO] [stdout]     graph_mermaid_outputs_basic_include_graph_from_root_file
[INFO] [stdout]     graph_mermaid_respects_depth_from_root_file
[INFO] [stdout]     impact_reports_direct_transitive_and_translation_unit_dependants
[INFO] [stdout]     include_insight_workflow_uses_full_checkout_and_comment_permissions
[INFO] [stdout]     report_outputs_markdown_for_git_revision_diff
[INFO] [stdout]     report_outputs_new_cycles_from_git_revision_diff
[INFO] [stdout]     report_outputs_no_changes_for_empty_git_revision_diff
[INFO] [stdout]     rtree_marks_cycles_without_recursing_forever
[INFO] [stdout]     rtree_marks_repeated_nodes
[INFO] [stdout]     rtree_outputs_direct_dependants
[INFO] [stdout]     rtree_outputs_transitive_dependants
[INFO] [stdout]     scan_text_reports_resolution_counts
[INFO] [stdout]     snapshot_output_is_deterministic_and_includes_cycles
[INFO] [stdout]     snapshot_writes_project_relative_versioned_json
[INFO] [stdout]     tree_marks_cycles_without_recursing_forever
[INFO] [stdout]     tree_marks_repeated_nodes
[INFO] [stdout]     tree_outputs_forward_include_tree
[INFO] [stdout]     why_reports_multiple_dependency_paths
[INFO] [stdout]     why_reports_no_dependency_path
[INFO] [stdout]     why_reports_one_dependency_path
[INFO] [stdout]     why_respects_max_paths_bound
[INFO] [stdout]     why_shortest_reports_only_the_shortest_path
[INFO] [stdout] 
[INFO] [stdout] test result: FAILED. 5 passed; 41 failed; 0 ignored; 0 measured; 0 filtered out; finished in 0.21s
[INFO] [stdout] 
[INFO] running `Command { std: "docker" "inspect" "9d45744639fd5ef029d0d3523a9efd40aaf6a29a103995bd131fcf397d2938be", kill_on_drop: false }`
[INFO] running `Command { std: "docker" "rm" "-f" "9d45744639fd5ef029d0d3523a9efd40aaf6a29a103995bd131fcf397d2938be", kill_on_drop: false }`
[INFO] [stdout] 9d45744639fd5ef029d0d3523a9efd40aaf6a29a103995bd131fcf397d2938be
