[INFO] fetching crate cpo_analyzer 0.1.0...
[INFO] testing cpo_analyzer-0.1.0 against 1.100.0-beta.1+cargoflags=--release for beta-release-1.100-2
[INFO] extracting crate cpo_analyzer 0.1.0 into /workspace/builds/worker-3-tc2/source
[INFO] started tweaking crates.io crate cpo_analyzer 0.1.0
[INFO] finished tweaking crates.io crate cpo_analyzer 0.1.0
[INFO] tweaked toml for crates.io crate cpo_analyzer 0.1.0 written to /workspace/builds/worker-3-tc2/source/Cargo.toml
[INFO] validating manifest of crates.io crate cpo_analyzer 0.1.0 on toolchain 1.100.0-beta.1
[INFO] running `Command { std: CARGO_HOME="/workspace/cargo-home" RUSTUP_HOME="/workspace/rustup-home" "/workspace/cargo-home/bin/cargo" "+1.100.0-beta.1" "metadata" "--manifest-path" "Cargo.toml" "--no-deps", kill_on_drop: false }`
[INFO] crate crates.io crate cpo_analyzer 0.1.0 already has a lockfile, it will not be regenerated
[INFO] running `Command { std: CARGO_HOME="/workspace/cargo-home" RUSTUP_HOME="/workspace/rustup-home" "/workspace/cargo-home/bin/cargo" "+1.100.0-beta.1" "fetch" "--manifest-path" "Cargo.toml", kill_on_drop: false }`
[INFO] [stderr] warning: `package.homepage` is redundant with `package.repository`
[INFO] [stderr]   --> Cargo.toml:47:12
[INFO] [stderr]    |
[INFO] [stderr] 47 | homepage = "https://github.com/MFraters/cpo_analyzer"
[INFO] [stderr]    |            ^^^^^^^^^^^^^^^^^^^^^^^^^^^^^^^^^^^^^^^^^^
[INFO] [stderr] ...
[INFO] [stderr] 52 | repository = "https://github.com/MFraters/cpo_analyzer"
[INFO] [stderr]    |              ------------------------------------------
[INFO] [stderr]    |
[INFO] [stderr]    = note: `cargo::redundant_homepage` is set to `warn` by default
[INFO] [stderr] help: consider removing `package.homepage`
[INFO] [stderr] warning: `cpo_analyzer` (manifest) generated 1 warning
[INFO] running `Command { std: "docker" "create" "-v" "/var/lib/crater-agent-workspace/builds/worker-3-tc2/source:/opt/rustwide/workdir:ro,Z" "-v" "/var/lib/crater-agent-workspace/builds/worker-3-tc2/target:/opt/rustwide/target:rw,Z" "-v" "/var/lib/crater-agent-workspace/cargo-home:/opt/rustwide/cargo-home:ro,Z" "-v" "/var/lib/crater-agent-workspace/rustup-home:/opt/rustwide/rustup-home:ro,Z" "-m" "1610612736" "--network" "none" "ghcr.io/rust-lang/crates-build-env/linux@sha256:77db811e55d90add9212f6832c23229e3de5f1c1f9905e8cb07319ea15df73ac" "sleep" "infinity", kill_on_drop: false }`
[INFO] [stdout] f830e3482f4c12df5f853dc65e7709644d86aee1fda832a082b05ce08c0316a6
[INFO] running `Command { std: "docker" "start" "f830e3482f4c12df5f853dc65e7709644d86aee1fda832a082b05ce08c0316a6", kill_on_drop: false }`
[INFO] running `Command { std: "docker" "inspect" "f830e3482f4c12df5f853dc65e7709644d86aee1fda832a082b05ce08c0316a6", kill_on_drop: false }`
[INFO] running `Command { std: "docker" "exec" "-e" "SOURCE_DIR=/opt/rustwide/workdir" "-e" "CARGO_HOME=/opt/rustwide/cargo-home" "-e" "RUSTUP_HOME=/opt/rustwide/rustup-home" "-e" "CARGO_TARGET_DIR=/opt/rustwide/target" "-w" "/opt/rustwide/workdir" "--user" "0:0" "f830e3482f4c12df5f853dc65e7709644d86aee1fda832a082b05ce08c0316a6" "/opt/rustwide/cargo-home/bin/cargo" "+1.100.0-beta.1" "metadata" "--no-deps" "--format-version=1", kill_on_drop: false }`
[INFO] running `Command { std: "docker" "inspect" "f830e3482f4c12df5f853dc65e7709644d86aee1fda832a082b05ce08c0316a6", kill_on_drop: false }`
[INFO] running `Command { std: "docker" "exec" "-e" "SOURCE_DIR=/opt/rustwide/workdir" "-e" "CARGO_HOME=/opt/rustwide/cargo-home" "-e" "RUSTUP_HOME=/opt/rustwide/rustup-home" "-e" "CARGO_TARGET_DIR=/opt/rustwide/target" "-e" "CARGO_INCREMENTAL=0" "-e" "RUST_BACKTRACE=full" "-e" "RUSTFLAGS=--cap-lints=warn" "-e" "RUSTDOCFLAGS=--cap-lints=warn" "-w" "/opt/rustwide/workdir" "--user" "0:0" "f830e3482f4c12df5f853dc65e7709644d86aee1fda832a082b05ce08c0316a6" "/opt/rustwide/cargo-home/bin/cargo" "+1.100.0-beta.1" "build" "--frozen" "--message-format=json" "--release", kill_on_drop: false }`
[INFO] [stderr] warning: `package.homepage` is redundant with `package.repository`
[INFO] [stderr]   --> Cargo.toml:47:12
[INFO] [stderr]    |
[INFO] [stderr] 47 | homepage = "https://github.com/MFraters/cpo_analyzer"
[INFO] [stderr]    |            ^^^^^^^^^^^^^^^^^^^^^^^^^^^^^^^^^^^^^^^^^^
[INFO] [stderr] ...
[INFO] [stderr] 52 | repository = "https://github.com/MFraters/cpo_analyzer"
[INFO] [stderr]    |              ------------------------------------------
[INFO] [stderr]    |
[INFO] [stderr]    = note: `cargo::redundant_homepage` is set to `warn` by default
[INFO] [stderr] help: consider removing `package.homepage`
[INFO] [stderr] warning: `cpo_analyzer` (manifest) generated 1 warning
[INFO] [stderr]    Compiling libc v0.2.85
[INFO] [stderr]    Compiling num-traits v0.2.14
[INFO] [stderr]    Compiling byteorder v1.4.2
[INFO] [stderr]    Compiling proc-macro2 v1.0.24
[INFO] [stderr]    Compiling cc v1.0.66
[INFO] [stderr]    Compiling unicode-xid v0.2.1
[INFO] [stderr]    Compiling num-integer v0.1.44
[INFO] [stderr]    Compiling getrandom v0.1.16
[INFO] [stderr]    Compiling adler32 v1.2.0
[INFO] [stderr]    Compiling bitflags v1.2.1
[INFO] [stderr]    Compiling syn v1.0.60
[INFO] [stderr]    Compiling crc32fast v1.2.1
[INFO] [stderr]    Compiling crossbeam-utils v0.8.1
[INFO] [stderr]    Compiling version_check v0.9.2
[INFO] [stderr]    Compiling memoffset v0.6.1
[INFO] [stderr]    Compiling ppv-lite86 v0.2.10
[INFO] [stderr]    Compiling const_fn v0.4.5
[INFO] [stderr]    Compiling num-iter v0.1.42
[INFO] [stderr]    Compiling serde v1.0.123
[INFO] [stderr]    Compiling siphasher v0.3.3
[INFO] [stderr]    Compiling pathfinder_simd v0.5.0
[INFO] [stderr]    Compiling servo-fontconfig-sys v4.0.9
[INFO] [stderr]    Compiling num-rational v0.2.4
[INFO] [stderr]    Compiling rayon-core v1.9.0
[INFO] [stderr]    Compiling memchr v2.3.4
[INFO] [stderr]    Compiling phf_shared v0.8.0
[INFO] [stderr]    Compiling unicode-segmentation v1.7.1
[INFO] [stderr]    Compiling proc-macro-error-attr v1.0.4
[INFO] [stderr]    Compiling proc-macro-error v1.0.4
[INFO] [stderr]    Compiling deflate v0.7.20
[INFO] [stderr]    Compiling cmake v0.1.45
[INFO] [stderr]    Compiling inflate v0.4.5
[INFO] [stderr]    Compiling num-rational v0.3.2
[INFO] [stderr]    Compiling jpeg-decoder v0.1.22
[INFO] [stderr]    Compiling color_quant v1.1.0
[INFO] [stderr]    Compiling deflate v0.8.6
[INFO] [stderr]    Compiling quote v1.0.8
[INFO] [stderr]    Compiling rand_core v0.5.1
[INFO] [stderr]    Compiling heck v0.3.2
[INFO] [stderr]    Compiling servo-freetype-sys v4.0.5
[INFO] [stderr]    Compiling expat-sys v2.1.6
[INFO] [stderr]    Compiling crossbeam-epoch v0.9.1
[INFO] [stderr]    Compiling dirs-sys v0.3.5
[INFO] [stderr]    Compiling png v0.15.3
[INFO] [stderr]    Compiling rand_pcg v0.2.1
[INFO] [stderr]    Compiling rand_chacha v0.2.2
[INFO] [stderr]    Compiling num_cpus v1.13.0
[INFO] [stderr]    Compiling approx v0.3.2
[INFO] [stderr]    Compiling rand v0.7.3
[INFO] [stderr]    Compiling crossbeam-channel v0.5.0
[INFO] [stderr]    Compiling miniz_oxide v0.3.7
[INFO] [stderr]    Compiling num-complex v0.2.4
[INFO] [stderr]    Compiling rayon v1.5.0
[INFO] [stderr]    Compiling lzw v0.10.0
[INFO] [stderr]    Compiling crossbeam-deque v0.8.0
[INFO] [stderr]    Compiling cfg-if v0.1.10
[INFO] [stderr]    Compiling plotters-backend v0.3.0
[INFO] [stderr]    Compiling phf_generator v0.8.0
[INFO] [stderr]    Compiling unicode-width v0.1.8
[INFO] [stderr]    Compiling dirs v2.0.2
[INFO] [stderr]    Compiling phf_codegen v0.8.0
[INFO] [stderr]    Compiling textwrap v0.11.0
[INFO] [stderr]    Compiling image v0.22.5
[INFO] [stderr]    Compiling gif v0.10.3
[INFO] [stderr]    Compiling palette v0.5.0
[INFO] [stderr]    Compiling walkdir v2.3.1
[INFO] [stderr]    Compiling png v0.16.8
[INFO] [stderr]    Compiling servo-fontconfig v0.4.0
[INFO] [stderr]    Compiling pathfinder_geometry v0.5.1
[INFO] [stderr]    Compiling freetype v0.4.1
[INFO] [stderr]    Compiling atty v0.2.14
[INFO] [stderr]    Compiling time v0.1.44
[INFO] [stderr]    Compiling ordered-float v1.1.1
[INFO] [stderr]    Compiling stb_truetype v0.3.1
[INFO] [stderr]    Compiling regex-automata v0.1.9
[INFO] [stderr]    Compiling rawpointer v0.2.1
[INFO] [stderr]    Compiling bytemuck v1.5.0
[INFO] [stderr]    Compiling vec_map v0.8.2
[INFO] [stderr]    Compiling ansi_term v0.11.0
[INFO] [stderr]    Compiling ndarray v0.13.1
[INFO] [stderr]    Compiling either v1.6.1
[INFO] [stderr]    Compiling float-ord v0.2.0
[INFO] [stderr]    Compiling strsim v0.8.0
[INFO] [stderr]    Compiling serde_derive v1.0.123
[INFO] [stderr]    Compiling clap v2.33.3
[INFO] [stderr]    Compiling font-kit v0.7.1
[INFO] [stderr]    Compiling rusttype v0.8.3
[INFO] [stderr]    Compiling chrono v0.4.19
[INFO] [stderr]    Compiling matrixmultiply v0.2.4
[INFO] [stderr]    Compiling phf v0.8.0
[INFO] [stderr]    Compiling plotters-svg v0.3.0
[INFO] [stderr]    Compiling csv-core v0.1.10
[INFO] [stderr]    Compiling image v0.23.13
[INFO] [stderr]    Compiling libflate_lz77 v1.0.0
[INFO] [stderr]    Compiling rle-decode-fast v1.0.1
[INFO] [stderr]    Compiling libflate v1.0.3
[INFO] [stderr]    Compiling plotters-bitmap v0.3.0
[INFO] [stderr]    Compiling bstr v0.2.14
[INFO] [stderr]    Compiling toml v0.5.8
[INFO] [stderr]    Compiling serde_bytes v0.11.5
[INFO] [stderr]    Compiling plotters v0.3.0
[INFO] [stderr]    Compiling csv v1.1.5
[INFO] [stderr]    Compiling palette_derive v0.5.0
[INFO] [stderr]    Compiling structopt-derive v0.4.14
[INFO] [stderr]    Compiling strum_macros v0.20.1
[INFO] [stderr]    Compiling structopt v0.3.21
[INFO] [stderr]    Compiling strum v0.20.0
[INFO] [stderr]    Compiling cpo_analyzer v0.1.0 (/opt/rustwide/workdir)
[INFO] [stdout] warning: use of deprecated constant `std::f64::EPSILON`: replaced by the `EPSILON` associated constant on `f64`
[INFO] [stdout]   --> src/pole_figures/lambert.rs:69:83
[INFO] [stdout]    |
[INFO] [stdout] 69 |             *a = if 1. - (x_plane * x_plane + z_plane * z_plane) / 4. > std::f64::EPSILON {
[INFO] [stdout]    |                                                                                   ^^^^^^^
[INFO] [stdout]    |
[INFO] [stdout]    = note: `#[warn(deprecated)]` on by default
[INFO] [stdout] 
[INFO] [stdout] 
[INFO] [stdout] warning: use of deprecated constant `std::f64::NAN`: replaced by the `NAN` associated constant on `f64`
[INFO] [stdout]   --> src/pole_figures/make_pole_figures.rs:65:32
[INFO] [stdout]    |
[INFO] [stdout] 65 |                 *a = std::f64::NAN
[INFO] [stdout]    |                                ^^^
[INFO] [stdout] 
[INFO] [stdout] 
[INFO] [stdout] warning: use of deprecated constant `std::f64::NAN`: replaced by the `NAN` associated constant on `f64`
[INFO] [stdout]    --> src/pole_figures/make_pole_figures.rs:475:56
[INFO] [stdout]     |
[INFO] [stdout] 475 |                         total_mask[[i, j]] = std::f64::NAN;
[INFO] [stdout]     |                                                        ^^^
[INFO] [stdout] 
[INFO] [stdout] 
[INFO] [stderr] warning: unused dependency `serde_bytes`
[INFO] [stderr]   --> Cargo.toml:23:15
[INFO] [stderr]    |
[INFO] [stderr] 23 | [dependencies.serde_bytes]
[INFO] [stderr]    |               ^^^^^^^^^^^^
[INFO] [stderr]    |
[INFO] [stderr]    = note: `cargo::unused_dependencies` is set to `warn` by default
[INFO] [stderr] help: consider removing the dependency on `serde_bytes`
[INFO] [stderr] warning: `cpo_analyzer` (manifest) generated 1 warning
[INFO] [stderr]     Finished `release` profile [optimized] target(s) in 55.95s
[INFO] running `Command { std: "docker" "inspect" "f830e3482f4c12df5f853dc65e7709644d86aee1fda832a082b05ce08c0316a6", kill_on_drop: false }`
[INFO] running `Command { std: "docker" "exec" "-e" "SOURCE_DIR=/opt/rustwide/workdir" "-e" "CARGO_HOME=/opt/rustwide/cargo-home" "-e" "RUSTUP_HOME=/opt/rustwide/rustup-home" "-e" "CARGO_TARGET_DIR=/opt/rustwide/target" "-e" "CARGO_INCREMENTAL=0" "-e" "RUST_BACKTRACE=full" "-e" "RUSTFLAGS=--cap-lints=warn" "-e" "RUSTDOCFLAGS=--cap-lints=warn" "-w" "/opt/rustwide/workdir" "--user" "0:0" "f830e3482f4c12df5f853dc65e7709644d86aee1fda832a082b05ce08c0316a6" "/opt/rustwide/cargo-home/bin/cargo" "+1.100.0-beta.1" "test" "--frozen" "--no-run" "--message-format=json" "--release", kill_on_drop: false }`
[INFO] [stderr] warning: `package.homepage` is redundant with `package.repository`
[INFO] [stderr]   --> Cargo.toml:47:12
[INFO] [stderr]    |
[INFO] [stderr] 47 | homepage = "https://github.com/MFraters/cpo_analyzer"
[INFO] [stderr]    |            ^^^^^^^^^^^^^^^^^^^^^^^^^^^^^^^^^^^^^^^^^^
[INFO] [stderr] ...
[INFO] [stderr] 52 | repository = "https://github.com/MFraters/cpo_analyzer"
[INFO] [stderr]    |              ------------------------------------------
[INFO] [stderr]    |
[INFO] [stderr]    = note: `cargo::redundant_homepage` is set to `warn` by default
[INFO] [stderr] help: consider removing `package.homepage`
[INFO] [stderr] warning: `cpo_analyzer` (manifest) generated 1 warning
[INFO] [stderr]    Compiling predicates-core v1.0.2
[INFO] [stderr]    Compiling difference v2.0.0
[INFO] [stderr]    Compiling treeline v0.1.0
[INFO] [stderr]    Compiling wait-timeout v0.2.0
[INFO] [stdout] warning: use of deprecated constant `std::f64::EPSILON`: replaced by the `EPSILON` associated constant on `f64`
[INFO] [stdout]   --> src/pole_figures/lambert.rs:69:83
[INFO] [stdout]    |
[INFO] [stdout] 69 |             *a = if 1. - (x_plane * x_plane + z_plane * z_plane) / 4. > std::f64::EPSILON {
[INFO] [stdout]    |                                                                                   ^^^^^^^
[INFO] [stdout]    |
[INFO] [stdout]    = note: `#[warn(deprecated)]` on by default
[INFO] [stdout] 
[INFO] [stdout] 
[INFO] [stdout] warning: use of deprecated constant `std::f64::NAN`: replaced by the `NAN` associated constant on `f64`
[INFO] [stdout]   --> src/pole_figures/make_pole_figures.rs:65:32
[INFO] [stdout]    |
[INFO] [stdout] 65 |                 *a = std::f64::NAN
[INFO] [stdout]    |                                ^^^
[INFO] [stdout] 
[INFO] [stdout] 
[INFO] [stdout] warning: use of deprecated constant `std::f64::NAN`: replaced by the `NAN` associated constant on `f64`
[INFO] [stdout]    --> src/pole_figures/make_pole_figures.rs:475:56
[INFO] [stdout]     |
[INFO] [stdout] 475 |                         total_mask[[i, j]] = std::f64::NAN;
[INFO] [stdout]     |                                                        ^^^
[INFO] [stdout] 
[INFO] [stdout] 
[INFO] [stderr]    Compiling predicates-tree v1.0.2
[INFO] [stderr]    Compiling predicates v1.0.7
[INFO] [stderr]    Compiling assert_cmd v1.0.3
[INFO] [stderr]    Compiling cpo_analyzer v0.1.0 (/opt/rustwide/workdir)
[INFO] [stdout] warning: use of deprecated constant `std::f64::EPSILON`: replaced by the `EPSILON` associated constant on `f64`
[INFO] [stdout]   --> src/pole_figures/lambert.rs:69:83
[INFO] [stdout]    |
[INFO] [stdout] 69 |             *a = if 1. - (x_plane * x_plane + z_plane * z_plane) / 4. > std::f64::EPSILON {
[INFO] [stdout]    |                                                                                   ^^^^^^^
[INFO] [stdout]    |
[INFO] [stdout]    = note: `#[warn(deprecated)]` on by default
[INFO] [stdout] 
[INFO] [stdout] 
[INFO] [stdout] warning: use of deprecated constant `std::f64::NAN`: replaced by the `NAN` associated constant on `f64`
[INFO] [stdout]   --> src/pole_figures/make_pole_figures.rs:65:32
[INFO] [stdout]    |
[INFO] [stdout] 65 |                 *a = std::f64::NAN
[INFO] [stdout]    |                                ^^^
[INFO] [stdout] 
[INFO] [stdout] 
[INFO] [stdout] warning: use of deprecated constant `std::f64::NAN`: replaced by the `NAN` associated constant on `f64`
[INFO] [stdout]    --> src/pole_figures/make_pole_figures.rs:475:56
[INFO] [stdout]     |
[INFO] [stdout] 475 |                         total_mask[[i, j]] = std::f64::NAN;
[INFO] [stdout]     |                                                        ^^^
[INFO] [stdout] 
[INFO] [stdout] 
[INFO] [stderr] warning: unused dependency `serde_bytes`
[INFO] [stderr]   --> Cargo.toml:23:15
[INFO] [stderr]    |
[INFO] [stderr] 23 | [dependencies.serde_bytes]
[INFO] [stderr]    |               ^^^^^^^^^^^^
[INFO] [stderr]    |
[INFO] [stderr]    = note: `cargo::unused_dependencies` is set to `warn` by default
[INFO] [stderr] help: consider removing the dependency on `serde_bytes`
[INFO] [stderr] warning: `cpo_analyzer` (manifest) generated 1 warning
[INFO] [stderr]     Finished `release` profile [optimized] target(s) in 5.39s
[INFO] running `Command { std: "docker" "inspect" "f830e3482f4c12df5f853dc65e7709644d86aee1fda832a082b05ce08c0316a6", kill_on_drop: false }`
[INFO] running `Command { std: "docker" "exec" "-e" "SOURCE_DIR=/opt/rustwide/workdir" "-e" "CARGO_HOME=/opt/rustwide/cargo-home" "-e" "RUSTUP_HOME=/opt/rustwide/rustup-home" "-e" "CARGO_TARGET_DIR=/opt/rustwide/target" "-e" "CARGO_INCREMENTAL=0" "-e" "RUST_BACKTRACE=full" "-e" "RUSTFLAGS=--cap-lints=warn" "-e" "RUSTDOCFLAGS=--cap-lints=warn" "-w" "/opt/rustwide/workdir" "--user" "0:0" "f830e3482f4c12df5f853dc65e7709644d86aee1fda832a082b05ce08c0316a6" "/opt/rustwide/cargo-home/bin/cargo" "+1.100.0-beta.1" "test" "--frozen" "--release", kill_on_drop: false }`
[INFO] [stderr] warning: `package.homepage` is redundant with `package.repository`
[INFO] [stderr]   --> Cargo.toml:47:12
[INFO] [stderr]    |
[INFO] [stderr] 47 | homepage = "https://github.com/MFraters/cpo_analyzer"
[INFO] [stderr]    |            ^^^^^^^^^^^^^^^^^^^^^^^^^^^^^^^^^^^^^^^^^^
[INFO] [stderr] ...
[INFO] [stderr] 52 | repository = "https://github.com/MFraters/cpo_analyzer"
[INFO] [stderr]    |              ------------------------------------------
[INFO] [stderr]    |
[INFO] [stderr]    = note: `cargo::redundant_homepage` is set to `warn` by default
[INFO] [stderr] help: consider removing `package.homepage`
[INFO] [stderr] warning: `cpo_analyzer` (manifest) generated 1 warning
[INFO] [stderr] warning: use of deprecated constant `std::f64::EPSILON`: replaced by the `EPSILON` associated constant on `f64`
[INFO] [stderr]   --> src/pole_figures/lambert.rs:69:83
[INFO] [stderr]    |
[INFO] [stderr] 69 |             *a = if 1. - (x_plane * x_plane + z_plane * z_plane) / 4. > std::f64::EPSILON {
[INFO] [stderr]    |                                                                                   ^^^^^^^
[INFO] [stderr]    |
[INFO] [stderr]    = note: `#[warn(deprecated)]` on by default
[INFO] [stderr] 
[INFO] [stderr] warning: use of deprecated constant `std::f64::NAN`: replaced by the `NAN` associated constant on `f64`
[INFO] [stderr]   --> src/pole_figures/make_pole_figures.rs:65:32
[INFO] [stderr]    |
[INFO] [stderr] 65 |                 *a = std::f64::NAN
[INFO] [stderr]    |                                ^^^
[INFO] [stderr] 
[INFO] [stderr] warning: use of deprecated constant `std::f64::NAN`: replaced by the `NAN` associated constant on `f64`
[INFO] [stderr]    --> src/pole_figures/make_pole_figures.rs:475:56
[INFO] [stderr]     |
[INFO] [stderr] 475 |                         total_mask[[i, j]] = std::f64::NAN;
[INFO] [stderr]     |                                                        ^^^
[INFO] [stderr] 
[INFO] [stderr] warning: `cpo_analyzer` (lib) generated 3 warnings
[INFO] [stderr] warning: `cpo_analyzer` (lib test) generated 3 warnings (3 duplicates)
[INFO] [stderr] warning: unused dependency `serde_bytes`
[INFO] [stderr]   --> Cargo.toml:23:15
[INFO] [stderr]    |
[INFO] [stderr] 23 | [dependencies.serde_bytes]
[INFO] [stderr]    |               ^^^^^^^^^^^^
[INFO] [stderr]    |
[INFO] [stderr]    = note: `cargo::unused_dependencies` is set to `warn` by default
[INFO] [stderr] help: consider removing the dependency on `serde_bytes`
[INFO] [stderr] warning: `cpo_analyzer` (manifest) generated 1 warning
[INFO] [stderr]     Finished `release` profile [optimized] target(s) in 0.26s
[INFO] [stderr]      Running unittests src/lib.rs (/opt/rustwide/target/release/build/cpo_analyzer/ef05a3a847b6c6c7/out/cpo_analyzer-ef05a3a847b6c6c7)
[INFO] [stdout] 
[INFO] [stdout] running 4 tests
[INFO] [stdout] test pole_figures::percentage::tests::test_percentage_strucutre ... ok
[INFO] [stdout] test tests::test_euler_angle_and_rotation_matrix_functions_part_2 ... ok
[INFO] [stdout] test tests::test_euler_angle_and_rotation_matrix_functions_part_1 ... ok
[INFO] [stdout] test color_gradients::tests::test_colors ... ok
[INFO] [stdout] 
[INFO] [stdout] test result: ok. 4 passed; 0 failed; 0 ignored; 0 measured; 0 filtered out; finished in 0.01s
[INFO] [stdout] 
[INFO] [stderr]      Running unittests src/main.rs (/opt/rustwide/target/release/build/cpo_analyzer/b40655bf10b174ca/out/cpo_analyzer-b40655bf10b174ca)
[INFO] [stderr]      Running tests/run_test_example_1.rs (/opt/rustwide/target/release/build/cpo_analyzer/114fb3d93c14d3e0/out/run_test_example_1-114fb3d93c14d3e0)
[INFO] [stdout] 
[INFO] [stdout] running 0 tests
[INFO] [stdout] 
[INFO] [stdout] test result: ok. 0 passed; 0 failed; 0 ignored; 0 measured; 0 filtered out; finished in 0.00s
[INFO] [stdout] 
[INFO] [stdout] 
[INFO] [stdout] running 2 tests
[INFO] [stdout] test test_binary ... FAILED
[INFO] [stdout] test test_library_run ... FAILED
[INFO] [stdout] 
[INFO] [stdout] failures:
[INFO] [stdout] 
[INFO] [stdout] ---- test_binary stdout ----
[INFO] [stdout] Error: CargoError { cause: Some(NotFoundError { path: "/opt/rustwide/target/release/build/cpo_analyzer/114fb3d93c14d3e0/out/cpo_analyzer" }) }
[INFO] [stdout] 
[INFO] [stdout] ---- test_library_run stdout ----
[INFO] [stdout] Processing experiment example_experiment_1/
[INFO] [stdout] time data file:examples/example_experiment_1/statistics
[INFO] [stdout] Processing time 0.5 (requested time: 0.6), located in timestep : 1
[INFO] [stdout] 
[INFO] [stdout] thread 'test_library_run' (2638) panicked at src/lib.rs:301:18:
[INFO] [stdout] called `Result::unwrap()` on an `Err` value: Os { code: 30, kind: ReadOnlyFilesystem, message: "Read-only file system" }
[INFO] [stdout] stack backtrace:
[INFO] [stdout]    0:     0x5969773be611 - <<std[617be2ca0a6fd877]::sys::backtrace::BacktraceLock>::print::DisplayBacktrace as core[a373ad73a504971]::fmt::Display>::fmt
[INFO] [stdout]    1:     0x5969773d61fa - core[a373ad73a504971]::fmt::write
[INFO] [stdout]    2:     0x5969773c3c7c - <alloc[2e1b2a31b91974c5]::vec::Vec<u8> as core[a373ad73a504971]::io::write::Write>::write_fmt
[INFO] [stdout]    3:     0x596977399806 - std[617be2ca0a6fd877]::panicking::default_hook::{closure#0}
[INFO] [stdout]    4:     0x5969773b6a29 - std[617be2ca0a6fd877]::panicking::default_hook
[INFO] [stdout]    5:     0x596977292eb0 - test[aada8e7e76ba119b]::test_main_inner::{closure#0}
[INFO] [stdout]    6:     0x5969773b6d52 - std[617be2ca0a6fd877]::panicking::panic_with_hook
[INFO] [stdout]    7:     0x5969773998b2 - std[617be2ca0a6fd877]::panicking::panic_handler::{closure#0}
[INFO] [stdout]    8:     0x596977392479 - std[617be2ca0a6fd877]::sys::backtrace::__rust_end_short_backtrace::<std[617be2ca0a6fd877]::panicking::panic_handler::{closure#0}, !>
[INFO] [stdout]    9:     0x59697739a4bd - __rustc[ea4f61d10b84890b]::rust_begin_unwind
[INFO] [stdout]   10:     0x5969773d695c - core[a373ad73a504971]::panicking::panic_fmt
[INFO] [stdout]   11:     0x5969773d6732 - core[a373ad73a504971]::result::unwrap_failed
[INFO] [stdout]   12:     0x5969772ce1f1 - cpo_analyzer[7f6809e67bf2c7b3]::process_configuration::{closure#0}
[INFO] [stdout]   13:     0x5969772f157c - <rayon[2277c6fcbf3fb636]::iter::plumbing::bridge::Callback<rayon[2277c6fcbf3fb636]::iter::for_each::ForEachConsumer<cpo_analyzer[7f6809e67bf2c7b3]::process_configuration::{closure#0}>> as rayon[2277c6fcbf3fb636]::iter::plumbing::ProducerCallback<&alloc[2e1b2a31b91974c5]::string::String>>::callback::<rayon[2277c6fcbf3fb636]::slice::IterProducer<alloc[2e1b2a31b91974c5]::string::String>>
[INFO] [stdout]   14:     0x5969772cfbd1 - cpo_analyzer[7f6809e67bf2c7b3]::process_configuration
[INFO] [stdout]   15:     0x596977285f1b - <run_test_example_1[e7a48447041f5f19]::test_library_run::{closure#0} as core[a373ad73a504971]::ops::function::FnOnce<()>>::call_once
[INFO] [stdout]   16:     0x5969772862fb - test[aada8e7e76ba119b]::__rust_begin_short_backtrace::<core[a373ad73a504971]::result::Result<(), alloc[2e1b2a31b91974c5]::string::String>, fn() -> core[a373ad73a504971]::result::Result<(), alloc[2e1b2a31b91974c5]::string::String>>
[INFO] [stdout]   17:     0x5969772934d5 - test[aada8e7e76ba119b]::run_test::{closure#0}
[INFO] [stdout]   18:     0x59697728cdc4 - std[617be2ca0a6fd877]::sys::backtrace::__rust_begin_short_backtrace::<test[aada8e7e76ba119b]::run_test::{closure#1}, ()>
[INFO] [stdout]   19:     0x596977296562 - <std[617be2ca0a6fd877]::thread::lifecycle::spawn_unchecked<test[aada8e7e76ba119b]::run_test::{closure#1}, ()>::{closure#1} as core[a373ad73a504971]::ops::function::FnOnce<()>>::call_once::{shim:vtable#0}
[INFO] [stdout]   20:     0x5969773bdddf - <std[617be2ca0a6fd877]::sys::thread::unix::Thread>::new::thread_start
[INFO] [stdout]   21:     0x76d822e77dfa - <unknown>
[INFO] [stdout]   22:     0x76d822f0b3d4 - clone
[INFO] [stdout]   23:                0x0 - <unknown>
[INFO] [stdout] 
[INFO] [stdout] 
[INFO] [stdout] failures:
[INFO] [stdout]     test_binary
[INFO] [stdout]     test_library_run
[INFO] [stdout] 
[INFO] [stdout] test result: FAILED. 0 passed; 2 failed; 0 ignored; 0 measured; 0 filtered out; finished in 0.01s
[INFO] [stdout] 
[INFO] [stderr] error: test failed, to rerun pass `--test run_test_example_1`
[INFO] running `Command { std: "docker" "inspect" "f830e3482f4c12df5f853dc65e7709644d86aee1fda832a082b05ce08c0316a6", kill_on_drop: false }`
[INFO] running `Command { std: "docker" "rm" "-f" "f830e3482f4c12df5f853dc65e7709644d86aee1fda832a082b05ce08c0316a6", kill_on_drop: false }`
[INFO] [stdout] f830e3482f4c12df5f853dc65e7709644d86aee1fda832a082b05ce08c0316a6
