[INFO] fetching crate cpeak 0.3.0...
[INFO] testing cpeak-0.3.0 against 1.100.0-beta.1+cargoflags=--release for beta-release-1.100-2
[INFO] extracting crate cpeak 0.3.0 into /workspace/builds/worker-5-tc2/source
[INFO] started tweaking crates.io crate cpeak 0.3.0
[INFO] removed 0 missing examples
[INFO] removed 0 missing tests
[INFO] finished tweaking crates.io crate cpeak 0.3.0
[INFO] tweaked toml for crates.io crate cpeak 0.3.0 written to /workspace/builds/worker-5-tc2/source/Cargo.toml
[INFO] validating manifest of crates.io crate cpeak 0.3.0 on toolchain 1.100.0-beta.1
[INFO] running `Command { std: CARGO_HOME="/workspace/cargo-home" RUSTUP_HOME="/workspace/rustup-home" "/workspace/cargo-home/bin/cargo" "+1.100.0-beta.1" "metadata" "--manifest-path" "Cargo.toml" "--no-deps", kill_on_drop: false }`
[INFO] crate crates.io crate cpeak 0.3.0 already has a lockfile, it will not be regenerated
[INFO] running `Command { std: CARGO_HOME="/workspace/cargo-home" RUSTUP_HOME="/workspace/rustup-home" "/workspace/cargo-home/bin/cargo" "+1.100.0-beta.1" "fetch" "--manifest-path" "Cargo.toml", kill_on_drop: false }`
[INFO] running `Command { std: "docker" "create" "-v" "/var/lib/crater-agent-workspace/builds/worker-5-tc2/source:/opt/rustwide/workdir:ro,Z" "-v" "/var/lib/crater-agent-workspace/builds/worker-5-tc2/target:/opt/rustwide/target:rw,Z" "-v" "/var/lib/crater-agent-workspace/cargo-home:/opt/rustwide/cargo-home:ro,Z" "-v" "/var/lib/crater-agent-workspace/rustup-home:/opt/rustwide/rustup-home:ro,Z" "-m" "1610612736" "--network" "none" "ghcr.io/rust-lang/crates-build-env/linux@sha256:77db811e55d90add9212f6832c23229e3de5f1c1f9905e8cb07319ea15df73ac" "sleep" "infinity", kill_on_drop: false }`
[INFO] [stdout] 8fda1a08abfeb131c41ff9b97f9eac5359d74886605328271cc6419093aa6c30
[INFO] running `Command { std: "docker" "start" "8fda1a08abfeb131c41ff9b97f9eac5359d74886605328271cc6419093aa6c30", kill_on_drop: false }`
[INFO] running `Command { std: "docker" "inspect" "8fda1a08abfeb131c41ff9b97f9eac5359d74886605328271cc6419093aa6c30", kill_on_drop: false }`
[INFO] running `Command { std: "docker" "exec" "-e" "SOURCE_DIR=/opt/rustwide/workdir" "-e" "CARGO_HOME=/opt/rustwide/cargo-home" "-e" "RUSTUP_HOME=/opt/rustwide/rustup-home" "-e" "CARGO_TARGET_DIR=/opt/rustwide/target" "-w" "/opt/rustwide/workdir" "--user" "0:0" "8fda1a08abfeb131c41ff9b97f9eac5359d74886605328271cc6419093aa6c30" "/opt/rustwide/cargo-home/bin/cargo" "+1.100.0-beta.1" "metadata" "--no-deps" "--format-version=1", kill_on_drop: false }`
[INFO] running `Command { std: "docker" "inspect" "8fda1a08abfeb131c41ff9b97f9eac5359d74886605328271cc6419093aa6c30", kill_on_drop: false }`
[INFO] running `Command { std: "docker" "exec" "-e" "SOURCE_DIR=/opt/rustwide/workdir" "-e" "CARGO_HOME=/opt/rustwide/cargo-home" "-e" "RUSTUP_HOME=/opt/rustwide/rustup-home" "-e" "CARGO_TARGET_DIR=/opt/rustwide/target" "-e" "CARGO_INCREMENTAL=0" "-e" "RUST_BACKTRACE=full" "-e" "RUSTFLAGS=--cap-lints=warn" "-e" "RUSTDOCFLAGS=--cap-lints=warn" "-w" "/opt/rustwide/workdir" "--user" "0:0" "8fda1a08abfeb131c41ff9b97f9eac5359d74886605328271cc6419093aa6c30" "/opt/rustwide/cargo-home/bin/cargo" "+1.100.0-beta.1" "build" "--frozen" "--message-format=json" "--release", kill_on_drop: false }`
[INFO] [stderr]    Compiling quote v1.0.46
[INFO] [stderr]    Compiling typenum v1.20.1
[INFO] [stderr]    Compiling cc v1.5.1
[INFO] [stderr]    Compiling bytes v1.12.0
[INFO] [stderr]    Compiling serde_core v1.0.228
[INFO] [stderr]    Compiling zerocopy v0.8.59
[INFO] [stderr]    Compiling memchr v2.8.2
[INFO] [stderr]    Compiling mio v1.2.1
[INFO] [stderr]    Compiling syn v2.0.118
[INFO] [stderr]    Compiling syn v3.0.6
[INFO] [stderr]    Compiling socket2 v0.6.4
[INFO] [stderr]    Compiling generic-array v0.14.7
[INFO] [stderr]    Compiling http v1.4.2
[INFO] [stderr]    Compiling ahash v0.8.12
[INFO] [stderr]    Compiling ref-cast v1.0.27
[INFO] [stderr]    Compiling alloc-no-stdlib v2.0.4
[INFO] [stderr]    Compiling ring v0.17.14
[INFO] [stderr]    Compiling libmimalloc-sys v0.1.49
[INFO] [stderr]    Compiling block-buffer v0.10.4
[INFO] [stderr]    Compiling crypto-common v0.1.7
[INFO] [stderr]    Compiling libdeflate-sys v1.26.1
[INFO] [stderr]    Compiling digest v0.10.7
[INFO] [stderr]    Compiling zeroize v1.9.1
[INFO] [stderr]    Compiling rustls-pki-types v1.15.1
[INFO] [stderr]    Compiling http-body v1.0.1
[INFO] [stderr]    Compiling ref-cast-impl v1.0.27
[INFO] [stderr]    Compiling thiserror-impl v2.0.21
[INFO] [stderr]    Compiling alloc-stdlib v0.2.4
[INFO] [stderr]    Compiling aho-corasick v1.1.5
[INFO] [stderr]    Compiling getrandom v0.3.4
[INFO] [stderr]    Compiling regex-syntax v0.8.11
[INFO] [stderr]    Compiling rustls v0.23.45
[INFO] [stderr]    Compiling simdutf8 v0.1.5
[INFO] [stderr]    Compiling thiserror v2.0.21
[INFO] [stderr]    Compiling serde_derive v1.0.228
[INFO] [stderr]    Compiling tokio-macros v2.7.0
[INFO] [stderr]    Compiling tokio v1.52.3
[INFO] [stderr]    Compiling serde v1.0.228
[INFO] [stderr]    Compiling regex-automata v0.4.18
[INFO] [stderr]    Compiling faststr v0.2.34
[INFO] [stderr]    Compiling brotli-decompressor v5.0.3
[INFO] [stderr]    Compiling hmac v0.12.1
[INFO] [stderr]    Compiling sonic-number v0.1.3
[INFO] [stderr]    Compiling sonic-simd v0.1.4
[INFO] [stderr]    Compiling bumpalo v3.20.3
[INFO] [stderr]    Compiling zlib-rs v0.6.8
[INFO] [stderr]    Compiling brotli v8.0.4
[INFO] [stderr]    Compiling hyper v1.10.1
[INFO] [stderr]    Compiling flate2 v1.1.9
[INFO] [stderr]    Compiling hyper-util v0.1.20
[INFO] [stderr]    Compiling libdeflater v1.26.1
[INFO] [stderr]    Compiling regex v1.13.1
[INFO] [stderr]    Compiling rustls-webpki v0.103.15
[INFO] [stderr]    Compiling sonic-rs v0.5.10
[INFO] [stderr]    Compiling sha2 v0.10.9
[INFO] [stderr]    Compiling pbkdf2 v0.12.2
[INFO] [stderr]    Compiling mimalloc v0.1.52
[INFO] [stderr]    Compiling serde_json v1.0.150
[INFO] [stderr]    Compiling cpeak v0.3.0 (/opt/rustwide/workdir)
[INFO] [stderr] warning: unused dependency `hyper-util`
[INFO] [stderr]   --> Cargo.toml:25:15
[INFO] [stderr]    |
[INFO] [stderr] 25 | [dependencies.hyper-util]
[INFO] [stderr]    |               ^^^^^^^^^^^
[INFO] [stderr]    |
[INFO] [stderr]    = note: `cargo::unused_dependencies` is set to `warn` by default
[INFO] [stderr] help: consider removing the dependency on `hyper-util`
[INFO] [stderr] warning: `cpeak` (manifest) generated 1 warning
[INFO] [stderr]     Finished `release` profile [optimized] target(s) in 3m 15s
[INFO] running `Command { std: "docker" "inspect" "8fda1a08abfeb131c41ff9b97f9eac5359d74886605328271cc6419093aa6c30", kill_on_drop: false }`
[INFO] running `Command { std: "docker" "exec" "-e" "SOURCE_DIR=/opt/rustwide/workdir" "-e" "CARGO_HOME=/opt/rustwide/cargo-home" "-e" "RUSTUP_HOME=/opt/rustwide/rustup-home" "-e" "CARGO_TARGET_DIR=/opt/rustwide/target" "-e" "CARGO_INCREMENTAL=0" "-e" "RUST_BACKTRACE=full" "-e" "RUSTFLAGS=--cap-lints=warn" "-e" "RUSTDOCFLAGS=--cap-lints=warn" "-w" "/opt/rustwide/workdir" "--user" "0:0" "8fda1a08abfeb131c41ff9b97f9eac5359d74886605328271cc6419093aa6c30" "/opt/rustwide/cargo-home/bin/cargo" "+1.100.0-beta.1" "test" "--frozen" "--no-run" "--message-format=json" "--release", kill_on_drop: false }`
[INFO] [stderr]    Compiling tokio v1.52.3
[INFO] [stderr]    Compiling hyper v1.10.1
[INFO] [stderr]    Compiling hyper-util v0.1.20
[INFO] [stderr]    Compiling cpeak v0.3.0 (/opt/rustwide/workdir)
[INFO] [stderr] warning: unused dependency `hyper-util`
[INFO] [stderr]   --> Cargo.toml:25:15
[INFO] [stderr]    |
[INFO] [stderr] 25 | [dependencies.hyper-util]
[INFO] [stderr]    |               ^^^^^^^^^^^
[INFO] [stderr]    |
[INFO] [stderr]    = note: `cargo::unused_dependencies` is set to `warn` by default
[INFO] [stderr] help: consider removing the dependency on `hyper-util`
[INFO] [stderr] warning: `cpeak` (manifest) generated 1 warning
[INFO] [stderr]     Finished `release` profile [optimized] target(s) in 3m 06s
[INFO] running `Command { std: "docker" "inspect" "8fda1a08abfeb131c41ff9b97f9eac5359d74886605328271cc6419093aa6c30", kill_on_drop: false }`
[INFO] running `Command { std: "docker" "exec" "-e" "SOURCE_DIR=/opt/rustwide/workdir" "-e" "CARGO_HOME=/opt/rustwide/cargo-home" "-e" "RUSTUP_HOME=/opt/rustwide/rustup-home" "-e" "CARGO_TARGET_DIR=/opt/rustwide/target" "-e" "CARGO_INCREMENTAL=0" "-e" "RUST_BACKTRACE=full" "-e" "RUSTFLAGS=--cap-lints=warn" "-e" "RUSTDOCFLAGS=--cap-lints=warn" "-w" "/opt/rustwide/workdir" "--user" "0:0" "8fda1a08abfeb131c41ff9b97f9eac5359d74886605328271cc6419093aa6c30" "/opt/rustwide/cargo-home/bin/cargo" "+1.100.0-beta.1" "test" "--frozen" "--release", kill_on_drop: false }`
[INFO] [stderr] warning: unused dependency `hyper-util`
[INFO] [stderr]   --> Cargo.toml:25:15
[INFO] [stderr]    |
[INFO] [stderr] 25 | [dependencies.hyper-util]
[INFO] [stderr]    |               ^^^^^^^^^^^
[INFO] [stderr]    |
[INFO] [stderr]    = note: `cargo::unused_dependencies` is set to `warn` by default
[INFO] [stderr] help: consider removing the dependency on `hyper-util`
[INFO] [stderr] warning: `cpeak` (manifest) generated 1 warning
[INFO] [stderr]     Finished `release` profile [optimized] target(s) in 0.15s
[INFO] [stderr]      Running unittests src/lib.rs (/opt/rustwide/target/release/build/cpeak/896b9dd5de5ca0c8/out/cpeak-896b9dd5de5ca0c8)
[INFO] [stdout] 
[INFO] [stdout] running 0 tests
[INFO] [stdout] 
[INFO] [stdout] test result: ok. 0 passed; 0 failed; 0 ignored; 0 measured; 0 filtered out; finished in 0.00s
[INFO] [stdout] 
[INFO] [stderr]      Running tests/auth.rs (/opt/rustwide/target/release/build/cpeak/a8c67ce5a9f37b76/out/auth-a8c67ce5a9f37b76)
[INFO] [stdout] 
[INFO] [stdout] running 25 tests
[INFO] [stdout] test hash_password_returns_a_string_in_pbkdf2_iter_keylen_digest_salt_hex_hash_hex_format ... ok
[INFO] [stdout] test hash_password_embeds_the_correct_custom_options_in_the_hash_string ... ok
[INFO] [stdout] test hash_password_resulting_hash_verifies_correctly_with_verify_password ... ok
[INFO] [stdout] test hash_password_produces_different_hashes_for_the_same_password_due_to_random_salt ... ok
[INFO] [stdout] test logout_returns_401_when_no_authorization_header_is_provided ... ok
[INFO] [stdout] test auth_throws_weak_secret_when_secret_is_missing - should panic ... ok
[INFO] [stdout] test auth_throws_weak_secret_when_secret_is_31_characters - should panic ... ok
[INFO] [stdout] test profile_returns_401_for_a_token_without_a_dot_separator ... ok
[INFO] [stdout] test auth_does_not_throw_when_secret_is_exactly_32_characters ... ok
[INFO] [stdout] test profile_returns_401_when_no_authorization_header_is_present ... ok
[INFO] [stdout] test logout_returns_401_when_a_tampered_token_is_provided ... ok
[INFO] [stdout] test profile_returns_401_when_the_token_has_expired ... ok
[INFO] [stdout] test logout_returns_200_on_successful_logout_and_subsequent_requests_with_the_revoked_token_return_401 ... ok
[INFO] [stdout] test req_logout_is_not_available_when_revoke_token_is_not_provided ... ok
[INFO] [stdout] test login_returns_200_with_a_signed_token_for_correct_credentials ... ok
[INFO] [stdout] test verify_password_returns_false_for_malformed_hashes ... ok
[INFO] [stdout] test login_returns_401_for_wrong_password ... ok
[INFO] [stdout] test verify_password_accepts_hashes_made_by_the_node_js_version ... ok
[INFO] [stdout] test verify_password_returns_false_for_the_wrong_password ... ok
[INFO] [stdout] test verify_password_returns_true_for_the_correct_password ... ok
[INFO] [stdout] test profile_returns_401_for_a_tampered_token_modified_signature ... ok
[INFO] [stdout] test profile_returns_401_when_the_token_has_been_removed_from_the_store ... ok
[INFO] [stdout] test profile_allows_access_and_returns_the_correct_user_id_with_a_valid_token ... ok
[INFO] [stdout] test register_returns_201_with_a_signed_token_in_token_id_dot_signature_format ... ok
[INFO] [stdout] test register_produces_unique_tokens_for_different_registrations ... ok
[INFO] [stdout] 
[INFO] [stdout] test result: ok. 25 passed; 0 failed; 0 ignored; 0 measured; 0 filtered out; finished in 2.93s
[INFO] [stdout] 
[INFO] [stderr]      Running tests/compression.rs (/opt/rustwide/target/release/build/cpeak/c4b8a3253f59f01f/out/compression-c4b8a3253f59f01f)
[INFO] [stdout] 
[INFO] [stdout] running 18 tests
[INFO] [stdout] test should_compress_files_sent_with_send_file ... FAILED
[INFO] [stdout] test should_compress_with_gzip_and_tell_the_client_the_final_content_length ... ok
[INFO] [stdout] test should_compress_a_large_streamed_body_via_res_compress ... ok
[INFO] [stdout] test should_fall_back_to_deflate_when_client_only_accepts_deflate ... ok
[INFO] [stdout] test should_append_accept_encoding_to_an_existing_vary_header ... ok
[INFO] [stdout] test should_not_compress_or_set_vary_for_non_compressible_content_types ... ok
[INFO] [stdout] test should_send_identity_response_when_client_only_accepts_identity ... ok
[INFO] [stdout] test should_compress_a_big_body_with_gzip_when_the_client_only_accepts_gzip ... ok
[INFO] [stdout] test should_respect_q_0_to_explicitly_disable_all_encodings ... ok
[INFO] [stdout] test should_respect_cache_control_no_transform ... ok
[INFO] [stdout] test should_skip_compression_for_head_requests ... ok
[INFO] [stdout] test should_use_brotli_for_a_small_body_when_the_client_only_accepts_brotli ... ok
[INFO] [stdout] test should_prefer_gzip_over_brotli_for_a_small_body_when_both_are_accepted ... ok
[INFO] [stdout] test should_throw_compression_not_enabled_for_res_compress_without_the_option ... ok
[INFO] [stdout] test should_prefer_brotli_over_gzip_for_a_big_body_when_both_are_accepted ... ok
[INFO] [stdout] test should_not_double_encode_a_response_that_is_already_compressed ... ok
[INFO] [stdout] test should_skip_compression_but_still_set_vary_when_body_is_below_threshold ... ok
[INFO] [stdout] test should_handle_backpressure_on_a_huge_streamed_body_without_hanging ... ok
[INFO] [stdout] 
[INFO] [stdout] failures:
[INFO] [stdout] 
[INFO] [stdout] ---- should_compress_files_sent_with_send_file stdout ----
[INFO] [stdout] 
[INFO] [stdout] thread 'should_compress_files_sent_with_send_file' (2642) panicked at tests/compression.rs:301:5:
[INFO] [stdout] assertion `left == right` failed
[INFO] [stdout]   left: 500
[INFO] [stdout]  right: 200
[INFO] [stdout] stack backtrace:
[INFO] [stdout]    0:     0x5b2ab772f901 - <<std[617be2ca0a6fd877]::sys::backtrace::BacktraceLock>::print::DisplayBacktrace as core[a373ad73a504971]::fmt::Display>::fmt
[INFO] [stdout]    1:     0x5b2ab774716a - core[a373ad73a504971]::fmt::write
[INFO] [stdout]    2:     0x5b2ab773435c - <alloc[2e1b2a31b91974c5]::vec::Vec<u8> as core[a373ad73a504971]::io::write::Write>::write_fmt
[INFO] [stdout]    3:     0x5b2ab770a916 - std[617be2ca0a6fd877]::panicking::default_hook::{closure#0}
[INFO] [stdout]    4:     0x5b2ab77273a9 - std[617be2ca0a6fd877]::panicking::default_hook
[INFO] [stdout]    5:     0x5b2ab74b7f80 - test[aada8e7e76ba119b]::test_main_inner::{closure#0}
[INFO] [stdout]    6:     0x5b2ab77276d2 - std[617be2ca0a6fd877]::panicking::panic_with_hook
[INFO] [stdout]    7:     0x5b2ab770a9c2 - std[617be2ca0a6fd877]::panicking::panic_handler::{closure#0}
[INFO] [stdout]    8:     0x5b2ab7703469 - std[617be2ca0a6fd877]::sys::backtrace::__rust_end_short_backtrace::<std[617be2ca0a6fd877]::panicking::panic_handler::{closure#0}, !>
[INFO] [stdout]    9:     0x5b2ab770b69d - __rustc[ea4f61d10b84890b]::rust_begin_unwind
[INFO] [stdout]   10:     0x5b2ab77478cc - core[a373ad73a504971]::panicking::panic_fmt
[INFO] [stdout]   11:     0x5b2ab77477e3 - core[a373ad73a504971]::panicking::assert_failed_inner
[INFO] [stdout]   12:     0x5b2ab75ab1dc - core[a373ad73a504971]::panicking::assert_failed::<u16, u16>
[INFO] [stdout]   13:     0x5b2ab74451ee - <compression[62f6a6911a0e81dd]::should_compress_files_sent_with_send_file::{closure#0} as core[a373ad73a504971]::ops::function::FnOnce<()>>::call_once
[INFO] [stdout]   14:     0x5b2ab74ab3cb - test[aada8e7e76ba119b]::__rust_begin_short_backtrace::<core[a373ad73a504971]::result::Result<(), alloc[2e1b2a31b91974c5]::string::String>, fn() -> core[a373ad73a504971]::result::Result<(), alloc[2e1b2a31b91974c5]::string::String>>
[INFO] [stdout]   15:     0x5b2ab74b85a5 - test[aada8e7e76ba119b]::run_test::{closure#0}
[INFO] [stdout]   16:     0x5b2ab74b1e94 - std[617be2ca0a6fd877]::sys::backtrace::__rust_begin_short_backtrace::<test[aada8e7e76ba119b]::run_test::{closure#1}, ()>
[INFO] [stdout]   17:     0x5b2ab74bb632 - <std[617be2ca0a6fd877]::thread::lifecycle::spawn_unchecked<test[aada8e7e76ba119b]::run_test::{closure#1}, ()>::{closure#1} as core[a373ad73a504971]::ops::function::FnOnce<()>>::call_once::{shim:vtable#0}
[INFO] [stdout]   18:     0x5b2ab772e73f - <std[617be2ca0a6fd877]::sys::thread::unix::Thread>::new::thread_start
[INFO] [stdout]   19:     0x7bc5ab3dcdfa - <unknown>
[INFO] [stdout]   20:     0x7bc5ab4703d4 - clone
[INFO] [stdout]   21:                0x0 - <unknown>
[INFO] [stdout] 
[INFO] [stdout] 
[INFO] [stdout] failures:
[INFO] [stdout]     should_compress_files_sent_with_send_file
[INFO] [stdout] 
[INFO] [stdout] test result: FAILED. 17 passed; 1 failed; 0 ignored; 0 measured; 0 filtered out; finished in 0.46s
[INFO] [stdout] 
[INFO] [stderr] error: test failed, to rerun pass `--test compression`
[INFO] running `Command { std: "docker" "inspect" "8fda1a08abfeb131c41ff9b97f9eac5359d74886605328271cc6419093aa6c30", kill_on_drop: false }`
[INFO] running `Command { std: "docker" "rm" "-f" "8fda1a08abfeb131c41ff9b97f9eac5359d74886605328271cc6419093aa6c30", kill_on_drop: false }`
[INFO] [stdout] 8fda1a08abfeb131c41ff9b97f9eac5359d74886605328271cc6419093aa6c30
